Aug 25 10:12:09.094075 np0000008063 nova-scheduler[96796]: DEBUG cotyledon.oslo_config_glue [-] workarounds.disable_libvirt_livesnapshot = False {{(pid=96796) log_opt_values /opt/stack/data/venv/lib/python3.12/site-packages/oslo_config/cfg.py:3560}}
Aug 25 10:12:09.094075 np0000008063 nova-scheduler[96796]: DEBUG cotyledon.oslo_config_glue [-] workarounds.disable_rootwrap = False {{(pid=96796) log_opt_values /opt/stack/data/venv/lib/python3.12/site-packages/oslo_config/cfg.py:3560}}
Aug 25 10:12:09.094075 np0000008063 nova-scheduler[96796]: DEBUG cotyledon.oslo_config_glue [-] workarounds.enable_numa_live_migration = False {{(pid=96796) log_opt_values /opt/stack/data/venv/lib/python3.12/site-packages/oslo_config/cfg.py:3560}}
Aug 25 10:12:09.094075 np0000008063 nova-scheduler[96796]: DEBUG cotyledon.oslo_config_glue [-] workarounds.enable_qemu_monitor_announce_self = False {{(pid=96796) log_opt_values /opt/stack/data/venv/lib/python3.12/site-packages/oslo_config/cfg.py:3560}}
Aug 25 10:12:09.094506 np0000008063 nova-scheduler[96796]: DEBUG cotyledon.oslo_config_glue [-] workarounds.ensure_libvirt_rbd_instance_dir_cleanup = False {{(pid=96796) log_opt_values /opt/stack/data/venv/lib/python3.12/site-packages/oslo_config/cfg.py:3560}}
Aug 25 10:12:09.094506 np0000008063 nova-scheduler[96796]: DEBUG cotyledon.oslo_config_glue [-] workarounds.handle_virt_lifecycle_events = True {{(pid=96796) log_opt_values /opt/stack/data/venv/lib/python3.12/site-packages/oslo_config/cfg.py:3560}}
Aug 25 10:12:09.094506 np0000008063 nova-scheduler[96796]: DEBUG cotyledon.oslo_config_glue [-] workarounds.libvirt_disable_apic = False {{(pid=96796) log_opt_values /opt/stack/data/venv/lib/python3.12/site-packages/oslo_config/cfg.py:3560}}
Aug 25 10:12:09.094506 np0000008063 nova-scheduler[96796]: DEBUG cotyledon.oslo_config_glue [-] workarounds.never_download_image_if_on_rbd = False {{(pid=96796) log_opt_values /opt/stack/data/venv/lib/python3.12/site-packages/oslo_config/cfg.py:3560}}
Aug 25 10:12:09.094506 np0000008063 nova-scheduler[96796]: DEBUG cotyledon.oslo_config_glue [-] workarounds.qemu_monitor_announce_self_count = 3 {{(pid=96796) log_opt_values /opt/stack/data/venv/lib/python3.12/site-packages/oslo_config/cfg.py:3560}}
Aug 25 10:12:09.094506 np0000008063 nova-scheduler[96796]: DEBUG cotyledon.oslo_config_glue [-] workarounds.qemu_monitor_announce_self_interval = 1 {{(pid=96796) log_opt_values /opt/stack/data/venv/lib/python3.12/site-packages/oslo_config/cfg.py:3560}}
Aug 25 10:12:09.094506 np0000008063 nova-scheduler[96796]: DEBUG cotyledon.oslo_config_glue [-] workarounds.reserve_disk_resource_for_image_cache = False {{(pid=96796) log_opt_values /opt/stack/data/venv/lib/python3.12/site-packages/oslo_config/cfg.py:3560}}
Aug 25 10:12:09.094506 np0000008063 nova-scheduler[96796]: DEBUG cotyledon.oslo_config_glue [-] workarounds.skip_cpu_compare_at_startup = False {{(pid=96796) log_opt_values /opt/stack/data/venv/lib/python3.12/site-packages/oslo_config/cfg.py:3560}}
Aug 25 10:12:09.094506 np0000008063 nova-scheduler[96796]: DEBUG cotyledon.oslo_config_glue [-] workarounds.skip_cpu_compare_on_dest = False {{(pid=96796) log_opt_values /opt/stack/data/venv/lib/python3.12/site-packages/oslo_config/cfg.py:3560}}
Aug 25 10:12:09.094837 np0000008063 nova-scheduler[96796]: DEBUG cotyledon.oslo_config_glue [-] workarounds.skip_hypervisor_version_check_on_lm = False {{(pid=96796) log_opt_values /opt/stack/data/venv/lib/python3.12/site-packages/oslo_config/cfg.py:3560}}
Aug 25 10:12:09.094837 np0000008063 nova-scheduler[96796]: DEBUG cotyledon.oslo_config_glue [-] workarounds.skip_reserve_in_use_ironic_nodes = False {{(pid=96796) log_opt_values /opt/stack/data/venv/lib/python3.12/site-packages/oslo_config/cfg.py:3560}}
Aug 25 10:12:09.094837 np0000008063 nova-scheduler[96796]: DEBUG cotyledon.oslo_config_glue [-] workarounds.unified_limits_count_pcpu_as_vcpu = False {{(pid=96796) log_opt_values /opt/stack/data/venv/lib/python3.12/site-packages/oslo_config/cfg.py:3560}}
Aug 25 10:12:09.094837 np0000008063 nova-scheduler[96796]: DEBUG cotyledon.oslo_config_glue [-] workarounds.wait_for_vif_plugged_event_during_hard_reboot = [] {{(pid=96796) log_opt_values /opt/stack/data/venv/lib/python3.12/site-packages/oslo_config/cfg.py:3560}}
Aug 25 10:12:09.094837 np0000008063 nova-scheduler[96796]: DEBUG cotyledon.oslo_config_glue [-] wsgi.api_paste_config = /etc/nova/api-paste.ini {{(pid=96796) log_opt_values /opt/stack/data/venv/lib/python3.12/site-packages/oslo_config/cfg.py:3560}}
Aug 25 10:12:09.094837 np0000008063 nova-scheduler[96796]: DEBUG cotyledon.oslo_config_glue [-] wsgi.secure_proxy_ssl_header = None {{(pid=96796) log_opt_values /opt/stack/data/venv/lib/python3.12/site-packages/oslo_config/cfg.py:3560}}
Aug 25 10:12:09.094837 np0000008063 nova-scheduler[96796]: DEBUG cotyledon.oslo_config_glue [-] zvm.ca_file = None {{(pid=96796) log_opt_values /opt/stack/data/venv/lib/python3.12/site-packages/oslo_config/cfg.py:3560}}
Aug 25 10:12:09.094837 np0000008063 nova-scheduler[96796]: DEBUG cotyledon.oslo_config_glue [-] zvm.cloud_connector_url = None {{(pid=96796) log_opt_values /opt/stack/data/venv/lib/python3.12/site-packages/oslo_config/cfg.py:3560}}
Aug 25 10:12:09.094837 np0000008063 nova-scheduler[96796]: DEBUG cotyledon.oslo_config_glue [-] zvm.image_tmp_path = /opt/stack/data/nova/images {{(pid=96796) log_opt_values /opt/stack/data/venv/lib/python3.12/site-packages/oslo_config/cfg.py:3560}}
Aug 25 10:12:09.095157 np0000008063 nova-scheduler[96796]: DEBUG cotyledon.oslo_config_glue [-] zvm.reachable_timeout = 300 {{(pid=96796) log_opt_values /opt/stack/data/venv/lib/python3.12/site-packages/oslo_config/cfg.py:3560}}
Aug 25 10:12:09.095157 np0000008063 nova-scheduler[96796]: DEBUG cotyledon.oslo_config_glue [-] oslo_versionedobjects.fatal_exception_format_errors = False {{(pid=96796) log_opt_values /opt/stack/data/venv/lib/python3.12/site-packages/oslo_config/cfg.py:3560}}
Aug 25 10:12:09.095157 np0000008063 nova-scheduler[96796]: DEBUG cotyledon.oslo_config_glue [-] oslo_middleware.http_basic_auth_user_file = /etc/htpasswd {{(pid=96796) log_opt_values /opt/stack/data/venv/lib/python3.12/site-packages/oslo_config/cfg.py:3560}}
Aug 25 10:12:09.095157 np0000008063 nova-scheduler[96796]: DEBUG cotyledon.oslo_config_glue [-] oslo_messaging_metrics.metrics_buffer_size = 1000 {{(pid=96796) log_opt_values /opt/stack/data/venv/lib/python3.12/site-packages/oslo_config/cfg.py:3560}}
Aug 25 10:12:09.095157 np0000008063 nova-scheduler[96796]: DEBUG cotyledon.oslo_config_glue [-] oslo_messaging_metrics.metrics_enabled = False {{(pid=96796) log_opt_values /opt/stack/data/venv/lib/python3.12/site-packages/oslo_config/cfg.py:3560}}
Aug 25 10:12:09.095157 np0000008063 nova-scheduler[96796]: DEBUG cotyledon.oslo_config_glue [-] oslo_messaging_metrics.metrics_process_name = {{(pid=96796) log_opt_values /opt/stack/data/venv/lib/python3.12/site-packages/oslo_config/cfg.py:3560}}
Aug 25 10:12:09.095157 np0000008063 nova-scheduler[96796]: DEBUG cotyledon.oslo_config_glue [-] oslo_messaging_metrics.metrics_socket_file = /var/tmp/metrics_collector.sock {{(pid=96796) log_opt_values /opt/stack/data/venv/lib/python3.12/site-packages/oslo_config/cfg.py:3560}}
Aug 25 10:12:09.095157 np0000008063 nova-scheduler[96796]: DEBUG cotyledon.oslo_config_glue [-] oslo_messaging_metrics.metrics_thread_stop_timeout = 10 {{(pid=96796) log_opt_values /opt/stack/data/venv/lib/python3.12/site-packages/oslo_config/cfg.py:3560}}
Aug 25 10:12:09.095428 np0000008063 nova-scheduler[96796]: DEBUG cotyledon.oslo_config_glue [-] profiler.connection_string = messaging:// {{(pid=96796) log_opt_values /opt/stack/data/venv/lib/python3.12/site-packages/oslo_config/cfg.py:3560}}
Aug 25 10:12:09.095428 np0000008063 nova-scheduler[96796]: DEBUG cotyledon.oslo_config_glue [-] profiler.enabled = False {{(pid=96796) log_opt_values /opt/stack/data/venv/lib/python3.12/site-packages/oslo_config/cfg.py:3560}}
Aug 25 10:12:09.095428 np0000008063 nova-scheduler[96796]: DEBUG cotyledon.oslo_config_glue [-] profiler.es_doc_type = notification {{(pid=96796) log_opt_values /opt/stack/data/venv/lib/python3.12/site-packages/oslo_config/cfg.py:3560}}
Aug 25 10:12:09.095428 np0000008063 nova-scheduler[96796]: DEBUG cotyledon.oslo_config_glue [-] profiler.es_scroll_size = 10000 {{(pid=96796) log_opt_values /opt/stack/data/venv/lib/python3.12/site-packages/oslo_config/cfg.py:3560}}
Aug 25 10:12:09.095428 np0000008063 nova-scheduler[96796]: DEBUG cotyledon.oslo_config_glue [-] profiler.es_scroll_time = 2m {{(pid=96796) log_opt_values /opt/stack/data/venv/lib/python3.12/site-packages/oslo_config/cfg.py:3560}}
Aug 25 10:12:09.095428 np0000008063 nova-scheduler[96796]: DEBUG cotyledon.oslo_config_glue [-] profiler.filter_error_trace = False {{(pid=96796) log_opt_values /opt/stack/data/venv/lib/python3.12/site-packages/oslo_config/cfg.py:3560}}
Aug 25 10:12:09.095428 np0000008063 nova-scheduler[96796]: DEBUG cotyledon.oslo_config_glue [-] profiler.hmac_keys = **** {{(pid=96796) log_opt_values /opt/stack/data/venv/lib/python3.12/site-packages/oslo_config/cfg.py:3560}}
Aug 25 10:12:09.095428 np0000008063 nova-scheduler[96796]: DEBUG cotyledon.oslo_config_glue [-] profiler.sentinel_service_name = mymaster {{(pid=96796) log_opt_values /opt/stack/data/venv/lib/python3.12/site-packages/oslo_config/cfg.py:3560}}
Aug 25 10:12:09.095428 np0000008063 nova-scheduler[96796]: DEBUG cotyledon.oslo_config_glue [-] profiler.socket_timeout = 0.1 {{(pid=96796) log_opt_values /opt/stack/data/venv/lib/python3.12/site-packages/oslo_config/cfg.py:3560}}
Aug 25 10:12:09.095748 np0000008063 nova-scheduler[96796]: DEBUG cotyledon.oslo_config_glue [-] profiler.trace_requests = False {{(pid=96796) log_opt_values /opt/stack/data/venv/lib/python3.12/site-packages/oslo_config/cfg.py:3560}}
Aug 25 10:12:09.095748 np0000008063 nova-scheduler[96796]: DEBUG cotyledon.oslo_config_glue [-] profiler.trace_sqlalchemy = False {{(pid=96796) log_opt_values /opt/stack/data/venv/lib/python3.12/site-packages/oslo_config/cfg.py:3560}}
Aug 25 10:12:09.095748 np0000008063 nova-scheduler[96796]: DEBUG cotyledon.oslo_config_glue [-] profiler_jaeger.process_tags = {} {{(pid=96796) log_opt_values /opt/stack/data/venv/lib/python3.12/site-packages/oslo_config/cfg.py:3560}}
Aug 25 10:12:09.095748 np0000008063 nova-scheduler[96796]: DEBUG cotyledon.oslo_config_glue [-] profiler_jaeger.service_name_prefix = None {{(pid=96796) log_opt_values /opt/stack/data/venv/lib/python3.12/site-packages/oslo_config/cfg.py:3560}}
Aug 25 10:12:09.095748 np0000008063 nova-scheduler[96796]: DEBUG cotyledon.oslo_config_glue [-] profiler_otlp.service_name_prefix = None {{(pid=96796) log_opt_values /opt/stack/data/venv/lib/python3.12/site-packages/oslo_config/cfg.py:3560}}
Aug 25 10:12:09.095748 np0000008063 nova-scheduler[96796]: DEBUG cotyledon.oslo_config_glue [-] oslo_messaging_rabbit.amqp_auto_delete = False {{(pid=96796) log_opt_values /opt/stack/data/venv/lib/python3.12/site-packages/oslo_config/cfg.py:3560}}
Aug 25 10:12:09.095748 np0000008063 nova-scheduler[96796]: DEBUG cotyledon.oslo_config_glue [-] oslo_messaging_rabbit.amqp_durable_queues = False {{(pid=96796) log_opt_values /opt/stack/data/venv/lib/python3.12/site-packages/oslo_config/cfg.py:3560}}
Aug 25 10:12:09.095748 np0000008063 nova-scheduler[96796]: DEBUG cotyledon.oslo_config_glue [-] oslo_messaging_rabbit.conn_pool_min_size = 2 {{(pid=96796) log_opt_values /opt/stack/data/venv/lib/python3.12/site-packages/oslo_config/cfg.py:3560}}
Aug 25 10:12:09.095748 np0000008063 nova-scheduler[96796]: DEBUG cotyledon.oslo_config_glue [-] oslo_messaging_rabbit.conn_pool_ttl = 1200 {{(pid=96796) log_opt_values /opt/stack/data/venv/lib/python3.12/site-packages/oslo_config/cfg.py:3560}}
Aug 25 10:12:09.096068 np0000008063 nova-scheduler[96796]: DEBUG cotyledon.oslo_config_glue [-] oslo_messaging_rabbit.direct_mandatory_flag = True {{(pid=96796) log_opt_values /opt/stack/data/venv/lib/python3.12/site-packages/oslo_config/cfg.py:3560}}
Aug 25 10:12:09.096068 np0000008063 nova-scheduler[96796]: DEBUG cotyledon.oslo_config_glue [-] oslo_messaging_rabbit.enable_cancel_on_failover = False {{(pid=96796) log_opt_values /opt/stack/data/venv/lib/python3.12/site-packages/oslo_config/cfg.py:3560}}
Aug 25 10:12:09.096068 np0000008063 nova-scheduler[96796]: DEBUG cotyledon.oslo_config_glue [-] oslo_messaging_rabbit.heartbeat_rate = 3 {{(pid=96796) log_opt_values /opt/stack/data/venv/lib/python3.12/site-packages/oslo_config/cfg.py:3560}}
Aug 25 10:12:09.096068 np0000008063 nova-scheduler[96796]: DEBUG cotyledon.oslo_config_glue [-] oslo_messaging_rabbit.heartbeat_timeout_threshold = 60 {{(pid=96796) log_opt_values /opt/stack/data/venv/lib/python3.12/site-packages/oslo_config/cfg.py:3560}}
Aug 25 10:12:09.096068 np0000008063 nova-scheduler[96796]: DEBUG cotyledon.oslo_config_glue [-] oslo_messaging_rabbit.hostname = np0000008063 {{(pid=96796) log_opt_values /opt/stack/data/venv/lib/python3.12/site-packages/oslo_config/cfg.py:3560}}
Aug 25 10:12:09.096068 np0000008063 nova-scheduler[96796]: DEBUG cotyledon.oslo_config_glue [-] oslo_messaging_rabbit.kombu_compression = None {{(pid=96796) log_opt_values /opt/stack/data/venv/lib/python3.12/site-packages/oslo_config/cfg.py:3560}}
Aug 25 10:12:09.096068 np0000008063 nova-scheduler[96796]: DEBUG cotyledon.oslo_config_glue [-] oslo_messaging_rabbit.kombu_failover_strategy = round-robin {{(pid=96796) log_opt_values /opt/stack/data/venv/lib/python3.12/site-packages/oslo_config/cfg.py:3560}}
Aug 25 10:12:09.096068 np0000008063 nova-scheduler[96796]: DEBUG cotyledon.oslo_config_glue [-] oslo_messaging_rabbit.kombu_missing_consumer_retry_timeout = 60 {{(pid=96796) log_opt_values /opt/stack/data/venv/lib/python3.12/site-packages/oslo_config/cfg.py:3560}}
Aug 25 10:12:09.096068 np0000008063 nova-scheduler[96796]: DEBUG cotyledon.oslo_config_glue [-] oslo_messaging_rabbit.kombu_reconnect_delay = 1.0 {{(pid=96796) log_opt_values /opt/stack/data/venv/lib/python3.12/site-packages/oslo_config/cfg.py:3560}}
Aug 25 10:12:09.096389 np0000008063 nova-scheduler[96790]: DEBUG oslo_db.sqlalchemy.engines [None req-f1095cc6-92d4-4ca4-bb6d-8fee58af7dfb None None] MySQL server mode set to STRICT_TRANS_TABLES,STRICT_ALL_TABLES,NO_ZERO_IN_DATE,NO_ZERO_DATE,ERROR_FOR_DIVISION_BY_ZERO,TRADITIONAL,NO_ENGINE_SUBSTITUTION {{(pid=96790) _check_effective_sql_mode /opt/stack/data/venv/lib/python3.12/site-packages/oslo_db/sqlalchemy/engines.py:325}}
Aug 25 10:12:09.096441 np0000008063 nova-scheduler[96796]: DEBUG cotyledon.oslo_config_glue [-] oslo_messaging_rabbit.kombu_reconnect_splay = 0.0 {{(pid=96796) log_opt_values /opt/stack/data/venv/lib/python3.12/site-packages/oslo_config/cfg.py:3560}}
Aug 25 10:12:09.096441 np0000008063 nova-scheduler[96796]: DEBUG cotyledon.oslo_config_glue [-] oslo_messaging_rabbit.processname = nova-scheduler {{(pid=96796) log_opt_values /opt/stack/data/venv/lib/python3.12/site-packages/oslo_config/cfg.py:3560}}
Aug 25 10:12:09.096441 np0000008063 nova-scheduler[96796]: DEBUG cotyledon.oslo_config_glue [-] oslo_messaging_rabbit.rabbit_ha_queues = False {{(pid=96796) log_opt_values /opt/stack/data/venv/lib/python3.12/site-packages/oslo_config/cfg.py:3560}}
Aug 25 10:12:09.096441 np0000008063 nova-scheduler[96796]: DEBUG cotyledon.oslo_config_glue [-] oslo_messaging_rabbit.rabbit_interval_max = 30 {{(pid=96796) log_opt_values /opt/stack/data/venv/lib/python3.12/site-packages/oslo_config/cfg.py:3560}}
Aug 25 10:12:09.096441 np0000008063 nova-scheduler[96796]: DEBUG cotyledon.oslo_config_glue [-] oslo_messaging_rabbit.rabbit_login_method = AMQPLAIN {{(pid=96796) log_opt_values /opt/stack/data/venv/lib/python3.12/site-packages/oslo_config/cfg.py:3560}}
Aug 25 10:12:09.096441 np0000008063 nova-scheduler[96796]: DEBUG cotyledon.oslo_config_glue [-] oslo_messaging_rabbit.rabbit_qos_prefetch_count = 0 {{(pid=96796) log_opt_values /opt/stack/data/venv/lib/python3.12/site-packages/oslo_config/cfg.py:3560}}
Aug 25 10:12:09.096441 np0000008063 nova-scheduler[96796]: DEBUG cotyledon.oslo_config_glue [-] oslo_messaging_rabbit.rabbit_quorum_delivery_limit = 0 {{(pid=96796) log_opt_values /opt/stack/data/venv/lib/python3.12/site-packages/oslo_config/cfg.py:3560}}
Aug 25 10:12:09.096441 np0000008063 nova-scheduler[96796]: DEBUG cotyledon.oslo_config_glue [-] oslo_messaging_rabbit.rabbit_quorum_max_memory_bytes = 0 {{(pid=96796) log_opt_values /opt/stack/data/venv/lib/python3.12/site-packages/oslo_config/cfg.py:3560}}
Aug 25 10:12:09.096441 np0000008063 nova-scheduler[96796]: DEBUG cotyledon.oslo_config_glue [-] oslo_messaging_rabbit.rabbit_quorum_max_memory_length = 0 {{(pid=96796) log_opt_values /opt/stack/data/venv/lib/python3.12/site-packages/oslo_config/cfg.py:3560}}
Aug 25 10:12:09.096781 np0000008063 nova-scheduler[96796]: DEBUG cotyledon.oslo_config_glue [-] oslo_messaging_rabbit.rabbit_quorum_queue = False {{(pid=96796) log_opt_values /opt/stack/data/venv/lib/python3.12/site-packages/oslo_config/cfg.py:3560}}
Aug 25 10:12:09.096781 np0000008063 nova-scheduler[96796]: DEBUG cotyledon.oslo_config_glue [-] oslo_messaging_rabbit.rabbit_retry_backoff = 2 {{(pid=96796) log_opt_values /opt/stack/data/venv/lib/python3.12/site-packages/oslo_config/cfg.py:3560}}
Aug 25 10:12:09.096781 np0000008063 nova-scheduler[96796]: DEBUG cotyledon.oslo_config_glue [-] oslo_messaging_rabbit.rabbit_retry_interval = 1 {{(pid=96796) log_opt_values /opt/stack/data/venv/lib/python3.12/site-packages/oslo_config/cfg.py:3560}}
Aug 25 10:12:09.096781 np0000008063 nova-scheduler[96796]: DEBUG cotyledon.oslo_config_glue [-] oslo_messaging_rabbit.rabbit_stream_fanout = False {{(pid=96796) log_opt_values /opt/stack/data/venv/lib/python3.12/site-packages/oslo_config/cfg.py:3560}}
Aug 25 10:12:09.096781 np0000008063 nova-scheduler[96796]: DEBUG cotyledon.oslo_config_glue [-] oslo_messaging_rabbit.rabbit_transient_queues_ttl = 1800 {{(pid=96796) log_opt_values /opt/stack/data/venv/lib/python3.12/site-packages/oslo_config/cfg.py:3560}}
Aug 25 10:12:09.096781 np0000008063 nova-scheduler[96796]: DEBUG cotyledon.oslo_config_glue [-] oslo_messaging_rabbit.rabbit_transient_quorum_queue = False {{(pid=96796) log_opt_values /opt/stack/data/venv/lib/python3.12/site-packages/oslo_config/cfg.py:3560}}
Aug 25 10:12:09.096781 np0000008063 nova-scheduler[96796]: DEBUG cotyledon.oslo_config_glue [-] oslo_messaging_rabbit.rpc_conn_pool_size = 30 {{(pid=96796) log_opt_values /opt/stack/data/venv/lib/python3.12/site-packages/oslo_config/cfg.py:3560}}
Aug 25 10:12:09.096781 np0000008063 nova-scheduler[96796]: DEBUG cotyledon.oslo_config_glue [-] oslo_messaging_rabbit.ssl = False {{(pid=96796) log_opt_values /opt/stack/data/venv/lib/python3.12/site-packages/oslo_config/cfg.py:3560}}
Aug 25 10:12:09.096781 np0000008063 nova-scheduler[96796]: DEBUG cotyledon.oslo_config_glue [-] oslo_messaging_rabbit.ssl_ca_file = {{(pid=96796) log_opt_values /opt/stack/data/venv/lib/python3.12/site-packages/oslo_config/cfg.py:3560}}
Aug 25 10:12:09.097032 np0000008063 nova-scheduler[96796]: DEBUG cotyledon.oslo_config_glue [-] oslo_messaging_rabbit.ssl_cert_file = {{(pid=96796) log_opt_values /opt/stack/data/venv/lib/python3.12/site-packages/oslo_config/cfg.py:3560}}
Aug 25 10:12:09.097032 np0000008063 nova-scheduler[96796]: DEBUG cotyledon.oslo_config_glue [-] oslo_messaging_rabbit.ssl_enforce_fips_mode = False {{(pid=96796) log_opt_values /opt/stack/data/venv/lib/python3.12/site-packages/oslo_config/cfg.py:3560}}
Aug 25 10:12:09.097032 np0000008063 nova-scheduler[96796]: DEBUG cotyledon.oslo_config_glue [-] oslo_messaging_rabbit.ssl_enforce_hostname_verification = True {{(pid=96796) log_opt_values /opt/stack/data/venv/lib/python3.12/site-packages/oslo_config/cfg.py:3560}}
Aug 25 10:12:09.097032 np0000008063 nova-scheduler[96796]: DEBUG cotyledon.oslo_config_glue [-] oslo_messaging_rabbit.ssl_key_file = {{(pid=96796) log_opt_values /opt/stack/data/venv/lib/python3.12/site-packages/oslo_config/cfg.py:3560}}
Aug 25 10:12:09.097032 np0000008063 nova-scheduler[96796]: DEBUG cotyledon.oslo_config_glue [-] oslo_messaging_rabbit.ssl_version = {{(pid=96796) log_opt_values /opt/stack/data/venv/lib/python3.12/site-packages/oslo_config/cfg.py:3560}}
Aug 25 10:12:09.097032 np0000008063 nova-scheduler[96796]: DEBUG cotyledon.oslo_config_glue [-] oslo_messaging_rabbit.use_queue_manager = False {{(pid=96796) log_opt_values /opt/stack/data/venv/lib/python3.12/site-packages/oslo_config/cfg.py:3560}}
Aug 25 10:12:09.097032 np0000008063 nova-scheduler[96796]: DEBUG cotyledon.oslo_config_glue [-] oslo_messaging_notifications.driver = ['messagingv2'] {{(pid=96796) log_opt_values /opt/stack/data/venv/lib/python3.12/site-packages/oslo_config/cfg.py:3560}}
Aug 25 10:12:09.097032 np0000008063 nova-scheduler[96796]: DEBUG cotyledon.oslo_config_glue [-] oslo_messaging_notifications.retry = -1 {{(pid=96796) log_opt_values /opt/stack/data/venv/lib/python3.12/site-packages/oslo_config/cfg.py:3560}}
Aug 25 10:12:09.097032 np0000008063 nova-scheduler[96796]: DEBUG cotyledon.oslo_config_glue [-] oslo_messaging_notifications.topics = ['notifications'] {{(pid=96796) log_opt_values /opt/stack/data/venv/lib/python3.12/site-packages/oslo_config/cfg.py:3560}}
Aug 25 10:12:09.097236 np0000008063 nova-scheduler[96796]: DEBUG cotyledon.oslo_config_glue [-] oslo_messaging_notifications.transport_url = **** {{(pid=96796) log_opt_values /opt/stack/data/venv/lib/python3.12/site-packages/oslo_config/cfg.py:3560}}
Aug 25 10:12:09.097236 np0000008063 nova-scheduler[96796]: DEBUG cotyledon.oslo_config_glue [-] oslo_limit.auth_section = None {{(pid=96796) log_opt_values /opt/stack/data/venv/lib/python3.12/site-packages/oslo_config/cfg.py:3560}}
Aug 25 10:12:09.097236 np0000008063 nova-scheduler[96796]: DEBUG cotyledon.oslo_config_glue [-] oslo_limit.auth_type = None {{(pid=96796) log_opt_values /opt/stack/data/venv/lib/python3.12/site-packages/oslo_config/cfg.py:3560}}
Aug 25 10:12:09.097236 np0000008063 nova-scheduler[96796]: DEBUG cotyledon.oslo_config_glue [-] oslo_limit.cafile = None {{(pid=96796) log_opt_values /opt/stack/data/venv/lib/python3.12/site-packages/oslo_config/cfg.py:3560}}
Aug 25 10:12:09.097236 np0000008063 nova-scheduler[96796]: DEBUG cotyledon.oslo_config_glue [-] oslo_limit.certfile = None {{(pid=96796) log_opt_values /opt/stack/data/venv/lib/python3.12/site-packages/oslo_config/cfg.py:3560}}
Aug 25 10:12:09.097236 np0000008063 nova-scheduler[96796]: DEBUG cotyledon.oslo_config_glue [-] oslo_limit.collect_timing = False {{(pid=96796) log_opt_values /opt/stack/data/venv/lib/python3.12/site-packages/oslo_config/cfg.py:3560}}
Aug 25 10:12:09.097236 np0000008063 nova-scheduler[96796]: DEBUG cotyledon.oslo_config_glue [-] oslo_limit.connect_retries = None {{(pid=96796) log_opt_values /opt/stack/data/venv/lib/python3.12/site-packages/oslo_config/cfg.py:3560}}
Aug 25 10:12:09.097236 np0000008063 nova-scheduler[96796]: DEBUG cotyledon.oslo_config_glue [-] oslo_limit.connect_retry_delay = None {{(pid=96796) log_opt_values /opt/stack/data/venv/lib/python3.12/site-packages/oslo_config/cfg.py:3560}}
Aug 25 10:12:09.097236 np0000008063 nova-scheduler[96796]: DEBUG cotyledon.oslo_config_glue [-] oslo_limit.endpoint_id = None {{(pid=96796) log_opt_values /opt/stack/data/venv/lib/python3.12/site-packages/oslo_config/cfg.py:3560}}
Aug 25 10:12:09.097406 np0000008063 nova-scheduler[96796]: DEBUG cotyledon.oslo_config_glue [-] oslo_limit.endpoint_interface = public {{(pid=96796) log_opt_values /opt/stack/data/venv/lib/python3.12/site-packages/oslo_config/cfg.py:3560}}
Aug 25 10:12:09.097406 np0000008063 nova-scheduler[96796]: DEBUG cotyledon.oslo_config_glue [-] oslo_limit.endpoint_override = None {{(pid=96796) log_opt_values /opt/stack/data/venv/lib/python3.12/site-packages/oslo_config/cfg.py:3560}}
Aug 25 10:12:09.097406 np0000008063 nova-scheduler[96796]: DEBUG cotyledon.oslo_config_glue [-] oslo_limit.endpoint_region_name = None {{(pid=96796) log_opt_values /opt/stack/data/venv/lib/python3.12/site-packages/oslo_config/cfg.py:3560}}
Aug 25 10:12:09.097406 np0000008063 nova-scheduler[96796]: DEBUG cotyledon.oslo_config_glue [-] oslo_limit.endpoint_service_name = None {{(pid=96796) log_opt_values /opt/stack/data/venv/lib/python3.12/site-packages/oslo_config/cfg.py:3560}}
Aug 25 10:12:09.097406 np0000008063 nova-scheduler[96796]: DEBUG cotyledon.oslo_config_glue [-] oslo_limit.endpoint_service_type = None {{(pid=96796) log_opt_values /opt/stack/data/venv/lib/python3.12/site-packages/oslo_config/cfg.py:3560}}
Aug 25 10:12:09.097406 np0000008063 nova-scheduler[96796]: DEBUG cotyledon.oslo_config_glue [-] oslo_limit.insecure = False {{(pid=96796) log_opt_values /opt/stack/data/venv/lib/python3.12/site-packages/oslo_config/cfg.py:3560}}
Aug 25 10:12:09.097406 np0000008063 nova-scheduler[96796]: DEBUG cotyledon.oslo_config_glue [-] oslo_limit.keyfile = None {{(pid=96796) log_opt_values /opt/stack/data/venv/lib/python3.12/site-packages/oslo_config/cfg.py:3560}}
Aug 25 10:12:09.097406 np0000008063 nova-scheduler[96796]: DEBUG cotyledon.oslo_config_glue [-] oslo_limit.max_version = None {{(pid=96796) log_opt_values /opt/stack/data/venv/lib/python3.12/site-packages/oslo_config/cfg.py:3560}}
Aug 25 10:12:09.097406 np0000008063 nova-scheduler[96796]: DEBUG cotyledon.oslo_config_glue [-] oslo_limit.min_version = None {{(pid=96796) log_opt_values /opt/stack/data/venv/lib/python3.12/site-packages/oslo_config/cfg.py:3560}}
Aug 25 10:12:09.097571 np0000008063 nova-scheduler[96796]: DEBUG cotyledon.oslo_config_glue [-] oslo_limit.region_name = None {{(pid=96796) log_opt_values /opt/stack/data/venv/lib/python3.12/site-packages/oslo_config/cfg.py:3560}}
Aug 25 10:12:09.097571 np0000008063 nova-scheduler[96796]: DEBUG cotyledon.oslo_config_glue [-] oslo_limit.retriable_status_codes = None {{(pid=96796) log_opt_values /opt/stack/data/venv/lib/python3.12/site-packages/oslo_config/cfg.py:3560}}
Aug 25 10:12:09.097571 np0000008063 nova-scheduler[96796]: DEBUG cotyledon.oslo_config_glue [-] oslo_limit.service_name = None {{(pid=96796) log_opt_values /opt/stack/data/venv/lib/python3.12/site-packages/oslo_config/cfg.py:3560}}
Aug 25 10:12:09.097571 np0000008063 nova-scheduler[96796]: DEBUG cotyledon.oslo_config_glue [-] oslo_limit.service_type = None {{(pid=96796) log_opt_values /opt/stack/data/venv/lib/python3.12/site-packages/oslo_config/cfg.py:3560}}
Aug 25 10:12:09.097571 np0000008063 nova-scheduler[96796]: DEBUG cotyledon.oslo_config_glue [-] oslo_limit.split_loggers = False {{(pid=96796) log_opt_values /opt/stack/data/venv/lib/python3.12/site-packages/oslo_config/cfg.py:3560}}
Aug 25 10:12:09.097571 np0000008063 nova-scheduler[96796]: DEBUG cotyledon.oslo_config_glue [-] oslo_limit.status_code_retries = None {{(pid=96796) log_opt_values /opt/stack/data/venv/lib/python3.12/site-packages/oslo_config/cfg.py:3560}}
Aug 25 10:12:09.097571 np0000008063 nova-scheduler[96796]: DEBUG cotyledon.oslo_config_glue [-] oslo_limit.status_code_retry_delay = None {{(pid=96796) log_opt_values /opt/stack/data/venv/lib/python3.12/site-packages/oslo_config/cfg.py:3560}}
Aug 25 10:12:09.097571 np0000008063 nova-scheduler[96796]: DEBUG cotyledon.oslo_config_glue [-] oslo_limit.timeout = None {{(pid=96796) log_opt_values /opt/stack/data/venv/lib/python3.12/site-packages/oslo_config/cfg.py:3560}}
Aug 25 10:12:09.097571 np0000008063 nova-scheduler[96796]: DEBUG cotyledon.oslo_config_glue [-] oslo_limit.valid_interfaces = None {{(pid=96796) log_opt_values /opt/stack/data/venv/lib/python3.12/site-packages/oslo_config/cfg.py:3560}}
Aug 25 10:12:09.097757 np0000008063 nova-scheduler[96796]: DEBUG cotyledon.oslo_config_glue [-] oslo_limit.version = None {{(pid=96796) log_opt_values /opt/stack/data/venv/lib/python3.12/site-packages/oslo_config/cfg.py:3560}}
Aug 25 10:12:09.097757 np0000008063 nova-scheduler[96796]: DEBUG cotyledon.oslo_config_glue [-] oslo_reports.file_event_handler = None {{(pid=96796) log_opt_values /opt/stack/data/venv/lib/python3.12/site-packages/oslo_config/cfg.py:3560}}
Aug 25 10:12:09.097757 np0000008063 nova-scheduler[96796]: DEBUG cotyledon.oslo_config_glue [-] oslo_reports.file_event_handler_interval = 1 {{(pid=96796) log_opt_values /opt/stack/data/venv/lib/python3.12/site-packages/oslo_config/cfg.py:3560}}
Aug 25 10:12:09.097757 np0000008063 nova-scheduler[96796]: DEBUG cotyledon.oslo_config_glue [-] oslo_reports.log_dir = None {{(pid=96796) log_opt_values /opt/stack/data/venv/lib/python3.12/site-packages/oslo_config/cfg.py:3560}}
Aug 25 10:12:09.097757 np0000008063 nova-scheduler[96796]: DEBUG cotyledon.oslo_config_glue [-] ******************************************************************************** {{(pid=96796) log_opt_values /opt/stack/data/venv/lib/python3.12/site-packages/oslo_config/cfg.py:3567}}
Aug 25 10:12:09.097852 np0000008063 nova-scheduler[96794]: DEBUG oslo_db.sqlalchemy.engines [None req-26dcdcba-8b17-4adf-8b9d-279cb4f7f5c5 None None] MySQL server mode set to STRICT_TRANS_TABLES,STRICT_ALL_TABLES,NO_ZERO_IN_DATE,NO_ZERO_DATE,ERROR_FOR_DIVISION_BY_ZERO,TRADITIONAL,NO_ENGINE_SUBSTITUTION {{(pid=96794) _check_effective_sql_mode /opt/stack/data/venv/lib/python3.12/site-packages/oslo_db/sqlalchemy/engines.py:325}}
Aug 25 10:12:09.097888 np0000008063 nova-scheduler[96796]: DEBUG cotyledon._service_worker [-] Run service ServiceWrapper(3) [96796] {{(pid=96796) wait_forever /opt/stack/data/venv/lib/python3.12/site-packages/cotyledon/_service_worker.py:218}}
Aug 25 10:12:09.097888 np0000008063 nova-scheduler[96796]: INFO nova.service [-] Starting scheduler node (version 33.1.0)
Aug 25 10:12:09.097888 np0000008063 nova-scheduler[96796]: INFO dbcounter [None req-38a7a26f-4aed-4ca6-bd7d-6ce12177e03c None None] Registered counter for database nova_cell0
Aug 25 10:12:09.097954 np0000008063 nova-scheduler[96790]: DEBUG dbcounter [-] [96790] Writer thread running {{(pid=96790) stat_writer /opt/stack/data/venv/lib/python3.12/site-packages/dbcounter.py:102}}
Aug 25 10:12:09.098435 np0000008063 nova-scheduler[96794]: DEBUG dbcounter [-] [96794] Writer thread running {{(pid=96794) stat_writer /opt/stack/data/venv/lib/python3.12/site-packages/dbcounter.py:102}}
Aug 25 10:12:09.108569 np0000008063 nova-scheduler[96792]: DEBUG oslo_db.sqlalchemy.engines [None req-6a42a074-bc08-4c94-ab37-cb22c633ea66 None None] MySQL server mode set to STRICT_TRANS_TABLES,STRICT_ALL_TABLES,NO_ZERO_IN_DATE,NO_ZERO_DATE,ERROR_FOR_DIVISION_BY_ZERO,TRADITIONAL,NO_ENGINE_SUBSTITUTION {{(pid=96792) _check_effective_sql_mode /opt/stack/data/venv/lib/python3.12/site-packages/oslo_db/sqlalchemy/engines.py:325}}
Aug 25 10:12:09.116004 np0000008063 nova-scheduler[96790]: DEBUG nova.service [None req-f1095cc6-92d4-4ca4-bb6d-8fee58af7dfb None None] Creating RPC server for service: nova-scheduler on topic: scheduler {{(pid=96790) start /opt/stack/nova/nova/service.py:262}}
Aug 25 10:12:09.120639 np0000008063 nova-scheduler[96794]: DEBUG nova.service [None req-26dcdcba-8b17-4adf-8b9d-279cb4f7f5c5 None None] Creating RPC server for service: nova-scheduler on topic: scheduler {{(pid=96794) start /opt/stack/nova/nova/service.py:262}}
Aug 25 10:12:09.121681 np0000008063 nova-scheduler[96792]: DEBUG dbcounter [-] [96792] Writer thread running {{(pid=96792) stat_writer /opt/stack/data/venv/lib/python3.12/site-packages/dbcounter.py:102}}
Aug 25 10:12:09.126508 np0000008063 nova-scheduler[96792]: DEBUG nova.service [None req-6a42a074-bc08-4c94-ab37-cb22c633ea66 None None] Creating RPC server for service: nova-scheduler on topic: scheduler {{(pid=96792) start /opt/stack/nova/nova/service.py:262}}
Aug 25 10:12:09.136497 np0000008063 nova-scheduler[96796]: DEBUG oslo_db.sqlalchemy.engines [None req-38a7a26f-4aed-4ca6-bd7d-6ce12177e03c None None] MySQL server mode set to STRICT_TRANS_TABLES,STRICT_ALL_TABLES,NO_ZERO_IN_DATE,NO_ZERO_DATE,ERROR_FOR_DIVISION_BY_ZERO,TRADITIONAL,NO_ENGINE_SUBSTITUTION {{(pid=96796) _check_effective_sql_mode /opt/stack/data/venv/lib/python3.12/site-packages/oslo_db/sqlalchemy/engines.py:325}}
Aug 25 10:12:09.140634 np0000008063 nova-scheduler[96794]: DEBUG nova.service [None req-26dcdcba-8b17-4adf-8b9d-279cb4f7f5c5 None None] Join ServiceGroup membership for this service scheduler {{(pid=96794) start /opt/stack/nova/nova/service.py:288}}
Aug 25 10:12:09.140909 np0000008063 nova-scheduler[96794]: DEBUG nova.servicegroup.drivers.db [None req-26dcdcba-8b17-4adf-8b9d-279cb4f7f5c5 None None] DB_Driver: join new ServiceGroup member np0000008063 to the scheduler group, service = {{(pid=96794) join /opt/stack/nova/nova/servicegroup/drivers/db.py:44}}
Aug 25 10:12:09.144314 np0000008063 nova-scheduler[96790]: DEBUG nova.service [None req-f1095cc6-92d4-4ca4-bb6d-8fee58af7dfb None None] Join ServiceGroup membership for this service scheduler {{(pid=96790) start /opt/stack/nova/nova/service.py:288}}
Aug 25 10:12:09.144698 np0000008063 nova-scheduler[96790]: DEBUG nova.servicegroup.drivers.db [None req-f1095cc6-92d4-4ca4-bb6d-8fee58af7dfb None None] DB_Driver: join new ServiceGroup member np0000008063 to the scheduler group, service = {{(pid=96790) join /opt/stack/nova/nova/servicegroup/drivers/db.py:44}}
Aug 25 10:12:09.147282 np0000008063 nova-scheduler[96796]: DEBUG dbcounter [-] [96796] Writer thread running {{(pid=96796) stat_writer /opt/stack/data/venv/lib/python3.12/site-packages/dbcounter.py:102}}
Aug 25 10:12:09.150104 np0000008063 nova-scheduler[96796]: DEBUG nova.service [None req-38a7a26f-4aed-4ca6-bd7d-6ce12177e03c None None] Creating RPC server for service: nova-scheduler on topic: scheduler {{(pid=96796) start /opt/stack/nova/nova/service.py:262}}
Aug 25 10:12:09.151642 np0000008063 nova-scheduler[96792]: DEBUG nova.service [None req-6a42a074-bc08-4c94-ab37-cb22c633ea66 None None] Join ServiceGroup membership for this service scheduler {{(pid=96792) start /opt/stack/nova/nova/service.py:288}}
Aug 25 10:12:09.152019 np0000008063 nova-scheduler[96792]: DEBUG nova.servicegroup.drivers.db [None req-6a42a074-bc08-4c94-ab37-cb22c633ea66 None None] DB_Driver: join new ServiceGroup member np0000008063 to the scheduler group, service = {{(pid=96792) join /opt/stack/nova/nova/servicegroup/drivers/db.py:44}}
Aug 25 10:12:09.165372 np0000008063 nova-scheduler[96796]: DEBUG nova.service [None req-38a7a26f-4aed-4ca6-bd7d-6ce12177e03c None None] Join ServiceGroup membership for this service scheduler {{(pid=96796) start /opt/stack/nova/nova/service.py:288}}
Aug 25 10:12:09.165601 np0000008063 nova-scheduler[96796]: DEBUG nova.servicegroup.drivers.db [None req-38a7a26f-4aed-4ca6-bd7d-6ce12177e03c None None] DB_Driver: join new ServiceGroup member np0000008063 to the scheduler group, service = {{(pid=96796) join /opt/stack/nova/nova/servicegroup/drivers/db.py:44}}
Aug 25 10:12:13.142879 np0000008063 nova-scheduler[96794]: DEBUG oslo.service.backend._threading.loopingcall [None req-84a3e57d-178e-4fcc-9f42-629bc71c7fad None None] Dynamic interval looping call 'nova.service.Service.periodic_tasks' sleeping for 60.00 seconds {{(pid=96794) _run_loop /opt/stack/data/venv/lib/python3.12/site-packages/oslo_service/backend/_threading/loopingcall.py:125}}
Aug 25 10:12:13.167457 np0000008063 nova-scheduler[96796]: DEBUG oslo.service.backend._threading.loopingcall [None req-293bec1f-0d20-4b0a-8f77-4c991beb22c8 None None] Dynamic interval looping call 'nova.service.Service.periodic_tasks' sleeping for 60.00 seconds {{(pid=96796) _run_loop /opt/stack/data/venv/lib/python3.12/site-packages/oslo_service/backend/_threading/loopingcall.py:125}}
Aug 25 10:12:14.154036 np0000008063 nova-scheduler[96794]: DEBUG oslo.service.backend._threading.loopingcall [-] Fixed interval looping call 'nova.servicegroup.drivers.db.DbDriver._report_state' sleeping for 119.99 seconds {{(pid=96794) _run_loop /opt/stack/data/venv/lib/python3.12/site-packages/oslo_service/backend/_threading/loopingcall.py:125}}
Aug 25 10:12:14.156394 np0000008063 nova-scheduler[96790]: DEBUG oslo.service.backend._threading.loopingcall [-] Fixed interval looping call 'nova.servicegroup.drivers.db.DbDriver._report_state' sleeping for 119.99 seconds {{(pid=96790) _run_loop /opt/stack/data/venv/lib/python3.12/site-packages/oslo_service/backend/_threading/loopingcall.py:125}}
Aug 25 10:12:14.164124 np0000008063 nova-scheduler[96792]: DEBUG oslo.service.backend._threading.loopingcall [-] Fixed interval looping call 'nova.servicegroup.drivers.db.DbDriver._report_state' sleeping for 119.99 seconds {{(pid=96792) _run_loop /opt/stack/data/venv/lib/python3.12/site-packages/oslo_service/backend/_threading/loopingcall.py:125}}
Aug 25 10:12:14.175508 np0000008063 nova-scheduler[96796]: DEBUG oslo.service.backend._threading.loopingcall [-] Fixed interval looping call 'nova.servicegroup.drivers.db.DbDriver._report_state' sleeping for 119.99 seconds {{(pid=96796) _run_loop /opt/stack/data/venv/lib/python3.12/site-packages/oslo_service/backend/_threading/loopingcall.py:125}}
Aug 25 10:12:17.720728 np0000008063 nova-scheduler[95529]: DEBUG dbcounter [-] [95529] Writing DB stats nova_api:SELECT=3 {{(pid=95529) stat_writer /opt/stack/data/venv/lib/python3.12/site-packages/dbcounter.py:115}}
Aug 25 10:12:17.841993 np0000008063 nova-scheduler[95529]: DEBUG dbcounter [-] [95529] Writing DB stats nova_cell0:SELECT=1 {{(pid=95529) stat_writer /opt/stack/data/venv/lib/python3.12/site-packages/dbcounter.py:115}}
Aug 25 10:12:17.846174 np0000008063 nova-scheduler[95529]: DEBUG dbcounter [-] [95529] Writing DB stats nova_cell1:SELECT=1 {{(pid=95529) stat_writer /opt/stack/data/venv/lib/python3.12/site-packages/dbcounter.py:115}}
Aug 25 10:12:24.146971 np0000008063 nova-scheduler[96790]: DEBUG oslo.service.backend._threading.loopingcall [None req-a792dcd8-b9d3-4bac-891f-5d7d34c4a13a None None] Dynamic interval looping call 'nova.service.Service.periodic_tasks' sleeping for 60.00 seconds {{(pid=96790) _run_loop /opt/stack/data/venv/lib/python3.12/site-packages/oslo_service/backend/_threading/loopingcall.py:125}}
Aug 25 10:12:24.149768 np0000008063 nova-scheduler[96794]: DEBUG dbcounter [-] [96794] Writing DB stats nova_cell0:SELECT=5,nova_cell0:INSERT=1,nova_cell0:UPDATE=1 {{(pid=96794) stat_writer /opt/stack/data/venv/lib/python3.12/site-packages/dbcounter.py:115}}
Aug 25 10:12:24.154895 np0000008063 nova-scheduler[96790]: DEBUG dbcounter [-] [96790] Writing DB stats nova_cell0:SELECT=4,nova_cell0:INSERT=1,nova_cell0:UPDATE=1 {{(pid=96790) stat_writer /opt/stack/data/venv/lib/python3.12/site-packages/dbcounter.py:115}}
Aug 25 10:12:24.161400 np0000008063 nova-scheduler[96792]: DEBUG dbcounter [-] [96792] Writing DB stats nova_cell0:SELECT=3 {{(pid=96792) stat_writer /opt/stack/data/venv/lib/python3.12/site-packages/dbcounter.py:115}}
Aug 25 10:12:24.173002 np0000008063 nova-scheduler[96796]: DEBUG dbcounter [-] [96796] Writing DB stats nova_cell0:SELECT=3 {{(pid=96796) stat_writer /opt/stack/data/venv/lib/python3.12/site-packages/dbcounter.py:115}}
Aug 25 10:12:42.154356 np0000008063 nova-scheduler[96792]: DEBUG oslo.service.backend._threading.loopingcall [None req-6615eb3d-ac71-4712-9556-0da005238103 None None] Dynamic interval looping call 'nova.service.Service.periodic_tasks' sleeping for 60.00 seconds {{(pid=96792) _run_loop /opt/stack/data/venv/lib/python3.12/site-packages/oslo_service/backend/_threading/loopingcall.py:125}}
Aug 25 10:13:13.143482 np0000008063 nova-scheduler[96794]: DEBUG oslo.service.backend._threading.loopingcall [None req-84a3e57d-178e-4fcc-9f42-629bc71c7fad None None] Dynamic interval looping call 'nova.service.Service.periodic_tasks' sleeping for 60.00 seconds {{(pid=96794) _run_loop /opt/stack/data/venv/lib/python3.12/site-packages/oslo_service/backend/_threading/loopingcall.py:125}}
Aug 25 10:13:13.168008 np0000008063 nova-scheduler[96796]: DEBUG oslo.service.backend._threading.loopingcall [None req-293bec1f-0d20-4b0a-8f77-4c991beb22c8 None None] Dynamic interval looping call 'nova.service.Service.periodic_tasks' sleeping for 60.00 seconds {{(pid=96796) _run_loop /opt/stack/data/venv/lib/python3.12/site-packages/oslo_service/backend/_threading/loopingcall.py:125}}
Aug 25 10:13:24.147498 np0000008063 nova-scheduler[96790]: DEBUG oslo.service.backend._threading.loopingcall [None req-a792dcd8-b9d3-4bac-891f-5d7d34c4a13a None None] Dynamic interval looping call 'nova.service.Service.periodic_tasks' sleeping for 60.00 seconds {{(pid=96790) _run_loop /opt/stack/data/venv/lib/python3.12/site-packages/oslo_service/backend/_threading/loopingcall.py:125}}
Aug 25 10:13:42.154844 np0000008063 nova-scheduler[96792]: DEBUG oslo.service.backend._threading.loopingcall [None req-6615eb3d-ac71-4712-9556-0da005238103 None None] Dynamic interval looping call 'nova.service.Service.periodic_tasks' sleeping for 60.00 seconds {{(pid=96792) _run_loop /opt/stack/data/venv/lib/python3.12/site-packages/oslo_service/backend/_threading/loopingcall.py:125}}
Aug 25 10:14:13.143956 np0000008063 nova-scheduler[96794]: DEBUG oslo.service.backend._threading.loopingcall [None req-84a3e57d-178e-4fcc-9f42-629bc71c7fad None None] Dynamic interval looping call 'nova.service.Service.periodic_tasks' sleeping for 60.00 seconds {{(pid=96794) _run_loop /opt/stack/data/venv/lib/python3.12/site-packages/oslo_service/backend/_threading/loopingcall.py:125}}
Aug 25 10:14:13.168946 np0000008063 nova-scheduler[96796]: DEBUG oslo.service.backend._threading.loopingcall [None req-293bec1f-0d20-4b0a-8f77-4c991beb22c8 None None] Dynamic interval looping call 'nova.service.Service.periodic_tasks' sleeping for 60.00 seconds {{(pid=96796) _run_loop /opt/stack/data/venv/lib/python3.12/site-packages/oslo_service/backend/_threading/loopingcall.py:125}}
Aug 25 10:14:14.159716 np0000008063 nova-scheduler[96794]: DEBUG oslo.service.backend._threading.loopingcall [-] Fixed interval looping call 'nova.servicegroup.drivers.db.DbDriver._report_state' sleeping for 119.98 seconds {{(pid=96794) _run_loop /opt/stack/data/venv/lib/python3.12/site-packages/oslo_service/backend/_threading/loopingcall.py:125}}
Aug 25 10:14:14.161677 np0000008063 nova-scheduler[96790]: DEBUG oslo.service.backend._threading.loopingcall [-] Fixed interval looping call 'nova.servicegroup.drivers.db.DbDriver._report_state' sleeping for 119.99 seconds {{(pid=96790) _run_loop /opt/stack/data/venv/lib/python3.12/site-packages/oslo_service/backend/_threading/loopingcall.py:125}}
Aug 25 10:14:14.165664 np0000008063 nova-scheduler[96792]: DEBUG oslo.service.backend._threading.loopingcall [-] Fixed interval looping call 'nova.servicegroup.drivers.db.DbDriver._report_state' sleeping for 119.99 seconds {{(pid=96792) _run_loop /opt/stack/data/venv/lib/python3.12/site-packages/oslo_service/backend/_threading/loopingcall.py:125}}
Aug 25 10:14:14.169449 np0000008063 nova-scheduler[96796]: DEBUG oslo.service.backend._threading.loopingcall [-] Fixed interval looping call 'nova.servicegroup.drivers.db.DbDriver._report_state' sleeping for 120.00 seconds {{(pid=96796) _run_loop /opt/stack/data/venv/lib/python3.12/site-packages/oslo_service/backend/_threading/loopingcall.py:125}}
Aug 25 10:14:24.148964 np0000008063 nova-scheduler[96790]: DEBUG oslo.service.backend._threading.loopingcall [None req-a792dcd8-b9d3-4bac-891f-5d7d34c4a13a None None] Dynamic interval looping call 'nova.service.Service.periodic_tasks' sleeping for 60.00 seconds {{(pid=96790) _run_loop /opt/stack/data/venv/lib/python3.12/site-packages/oslo_service/backend/_threading/loopingcall.py:125}}
Aug 25 10:14:24.150596 np0000008063 nova-scheduler[96794]: DEBUG dbcounter [-] [96794] Writing DB stats nova_cell0:SELECT=1,nova_cell0:UPDATE=1 {{(pid=96794) stat_writer /opt/stack/data/venv/lib/python3.12/site-packages/dbcounter.py:115}}
Aug 25 10:14:24.151691 np0000008063 nova-scheduler[96790]: DEBUG dbcounter [-] [96790] Writing DB stats nova_cell0:SELECT=1,nova_cell0:UPDATE=1 {{(pid=96790) stat_writer /opt/stack/data/venv/lib/python3.12/site-packages/dbcounter.py:115}}
Aug 25 10:14:24.161149 np0000008063 nova-scheduler[96792]: DEBUG dbcounter [-] [96792] Writing DB stats nova_cell0:SELECT=1 {{(pid=96792) stat_writer /opt/stack/data/venv/lib/python3.12/site-packages/dbcounter.py:115}}
Aug 25 10:14:24.167892 np0000008063 nova-scheduler[96796]: DEBUG dbcounter [-] [96796] Writing DB stats nova_cell0:SELECT=1 {{(pid=96796) stat_writer /opt/stack/data/venv/lib/python3.12/site-packages/dbcounter.py:115}}
Aug 25 10:14:33.263817 np0000008063 nova-scheduler[96794]: DEBUG nova.scheduler.manager [None req-ee624019-2e1c-4baf-afb9-9a0db1aa707e tempest-ServerRescueNegativeTestJSON-847962270 tempest-ServerRescueNegativeTestJSON-847962270-project-member] Starting to schedule for instances: ['314140e9-252c-4fb5-8f46-08d37ab330d0'] {{(pid=96794) select_destinations /opt/stack/nova/nova/scheduler/manager.py:197}}
Aug 25 10:14:33.266862 np0000008063 nova-scheduler[96794]: DEBUG nova.scheduler.request_filter [None req-ee624019-2e1c-4baf-afb9-9a0db1aa707e tempest-ServerRescueNegativeTestJSON-847962270 tempest-ServerRescueNegativeTestJSON-847962270-project-member] compute_status_filter request filter added forbidden trait COMPUTE_STATUS_DISABLED {{(pid=96794) compute_status_filter /opt/stack/nova/nova/scheduler/request_filter.py:258}}
Aug 25 10:14:33.267980 np0000008063 nova-scheduler[96794]: DEBUG nova.scheduler.request_filter [None req-ee624019-2e1c-4baf-afb9-9a0db1aa707e tempest-ServerRescueNegativeTestJSON-847962270 tempest-ServerRescueNegativeTestJSON-847962270-project-member] Request filter 'compute_status_filter' took 0.0 seconds {{(pid=96794) wrapper /opt/stack/nova/nova/scheduler/request_filter.py:51}}
Aug 25 10:14:33.267980 np0000008063 nova-scheduler[96794]: DEBUG nova.scheduler.request_filter [None req-ee624019-2e1c-4baf-afb9-9a0db1aa707e tempest-ServerRescueNegativeTestJSON-847962270 tempest-ServerRescueNegativeTestJSON-847962270-project-member] Request filter 'accelerators_filter' took 0.0 seconds {{(pid=96794) wrapper /opt/stack/nova/nova/scheduler/request_filter.py:51}}
Aug 25 10:14:33.268610 np0000008063 nova-scheduler[96794]: DEBUG nova.scheduler.request_filter [None req-ee624019-2e1c-4baf-afb9-9a0db1aa707e tempest-ServerRescueNegativeTestJSON-847962270 tempest-ServerRescueNegativeTestJSON-847962270-project-member] Request filter 'packed_virtqueue_filter' took 0.0 seconds {{(pid=96794) wrapper /opt/stack/nova/nova/scheduler/request_filter.py:51}}
Aug 25 10:14:33.268610 np0000008063 nova-scheduler[96794]: DEBUG nova.scheduler.request_filter [None req-ee624019-2e1c-4baf-afb9-9a0db1aa707e tempest-ServerRescueNegativeTestJSON-847962270 tempest-ServerRescueNegativeTestJSON-847962270-project-member] Request filter 'remote_managed_ports_filter' took 0.0 seconds {{(pid=96794) wrapper /opt/stack/nova/nova/scheduler/request_filter.py:51}}
Aug 25 10:14:33.268610 np0000008063 nova-scheduler[96794]: DEBUG nova.scheduler.request_filter [None req-ee624019-2e1c-4baf-afb9-9a0db1aa707e tempest-ServerRescueNegativeTestJSON-847962270 tempest-ServerRescueNegativeTestJSON-847962270-project-member] ephemeral_encryption_filter skipped {{(pid=96794) ephemeral_encryption_filter /opt/stack/nova/nova/scheduler/request_filter.py:431}}
Aug 25 10:14:33.268822 np0000008063 nova-scheduler[96794]: DEBUG nova.scheduler.request_filter [None req-ee624019-2e1c-4baf-afb9-9a0db1aa707e tempest-ServerRescueNegativeTestJSON-847962270 tempest-ServerRescueNegativeTestJSON-847962270-project-member] virtio_sound_filter skipped {{(pid=96794) virtio_sound_filter /opt/stack/nova/nova/scheduler/request_filter.py:465}}
Aug 25 10:14:33.268910 np0000008063 nova-scheduler[96794]: DEBUG nova.scheduler.request_filter [None req-ee624019-2e1c-4baf-afb9-9a0db1aa707e tempest-ServerRescueNegativeTestJSON-847962270 tempest-ServerRescueNegativeTestJSON-847962270-project-member] tpm_secret_security_filter skipped {{(pid=96794) tpm_secret_security_filter /opt/stack/nova/nova/scheduler/request_filter.py:482}}
Aug 25 10:14:33.269681 np0000008063 nova-scheduler[96794]: DEBUG oslo_concurrency.lockutils [None req-ee624019-2e1c-4baf-afb9-9a0db1aa707e tempest-ServerRescueNegativeTestJSON-847962270 tempest-ServerRescueNegativeTestJSON-847962270-project-member] Acquiring lock "00000000-0000-0000-0000-000000000000" by "nova.context.set_target_cell..get_or_set_cached_cell_and_set_connections" {{(pid=96794) inner /opt/stack/data/venv/lib/python3.12/site-packages/oslo_concurrency/lockutils.py:512}}
Aug 25 10:14:33.269840 np0000008063 nova-scheduler[96794]: DEBUG oslo_concurrency.lockutils [None req-ee624019-2e1c-4baf-afb9-9a0db1aa707e tempest-ServerRescueNegativeTestJSON-847962270 tempest-ServerRescueNegativeTestJSON-847962270-project-member] Lock "00000000-0000-0000-0000-000000000000" acquired by "nova.context.set_target_cell..get_or_set_cached_cell_and_set_connections" :: waited 0.000s {{(pid=96794) inner /opt/stack/data/venv/lib/python3.12/site-packages/oslo_concurrency/lockutils.py:525}}
Aug 25 10:14:33.272287 np0000008063 nova-scheduler[96794]: DEBUG oslo_concurrency.lockutils [None req-ee624019-2e1c-4baf-afb9-9a0db1aa707e tempest-ServerRescueNegativeTestJSON-847962270 tempest-ServerRescueNegativeTestJSON-847962270-project-member] Lock "00000000-0000-0000-0000-000000000000" "released" by "nova.context.set_target_cell..get_or_set_cached_cell_and_set_connections" :: held 0.002s {{(pid=96794) inner /opt/stack/data/venv/lib/python3.12/site-packages/oslo_concurrency/lockutils.py:544}}
Aug 25 10:14:33.272550 np0000008063 nova-scheduler[96794]: INFO nova.thread_pool_factory [None req-ee624019-2e1c-4baf-afb9-9a0db1aa707e tempest-ServerRescueNegativeTestJSON-847962270 tempest-ServerRescueNegativeTestJSON-847962270-project-member] The cell_worker thread pool ForkProcess-3.cell_worker is initialized
