Aug 25 10:11:44.183553 np0000008063 devstack@neutron-api.service[90949]: DEBUG neutron.api.extensions [None req-e63dfa5e-212f-4282-9dce-45f3a08cb8f4 None None] Loading extension file: subnetpool_prefix_ops.py {{(pid=90949) _load_all_extensions_from_path /opt/stack/neutron/neutron/api/extensions.py:449}}
Aug 25 10:11:44.183796 np0000008063 devstack@neutron-api.service[90951]: DEBUG neutron.api.extensions [None req-16db3614-7a56-425e-b4ae-f210cf112df1 None None] Extended resource: network-ip-availabilities {{(pid=90951) __init__ /opt/stack/neutron/neutron/api/extensions.py:156}}
Aug 25 10:11:44.183865 np0000008063 devstack@neutron-api.service[90950]: DEBUG neutron.api.extensions [None req-0fa6aeaf-56f9-4a5e-8157-6d0e174d41cb None None] Extended resource: tags {{(pid=90950) __init__ /opt/stack/neutron/neutron/api/extensions.py:156}}
Aug 25 10:11:44.183932 np0000008063 devstack@neutron-api.service[90949]: DEBUG neutron.api.extensions [None req-e63dfa5e-212f-4282-9dce-45f3a08cb8f4 None None] Ext name="Subnet Pool Prefix Operations" alias="subnetpool-prefix-ops" description="Provides support for adjusting the prefix list of subnet pools" updated="2019-02-08T10:00:00-00:00" {{(pid=90949) _check_extension /opt/stack/neutron/neutron/api/extensions.py:415}}
Aug 25 10:11:44.184184 np0000008063 devstack@neutron-api.service[90949]: INFO neutron.api.extensions [None req-e63dfa5e-212f-4282-9dce-45f3a08cb8f4 None None] Loaded extension: subnetpool-prefix-ops
Aug 25 10:11:44.184255 np0000008063 devstack@neutron-api.service[90949]: DEBUG neutron.api.extensions [None req-e63dfa5e-212f-4282-9dce-45f3a08cb8f4 None None] Loading extension file: tag_creation.py {{(pid=90949) _load_all_extensions_from_path /opt/stack/neutron/neutron/api/extensions.py:449}}
Aug 25 10:11:44.184500 np0000008063 devstack@neutron-api.service[90950]: DEBUG neutron.api.extensions [None req-0fa6aeaf-56f9-4a5e-8157-6d0e174d41cb None None] Extended resource: tags {{(pid=90950) __init__ /opt/stack/neutron/neutron/api/extensions.py:156}}
Aug 25 10:11:44.184566 np0000008063 devstack@neutron-api.service[90949]: DEBUG neutron.api.extensions [None req-e63dfa5e-212f-4282-9dce-45f3a08cb8f4 None None] Ext name="Tag creation extension" alias="tag-creation" description="Allow to create multiple tags for a resource" updated="2024-23-07T10:00:00-00:00" {{(pid=90949) _check_extension /opt/stack/neutron/neutron/api/extensions.py:415}}
Aug 25 10:11:44.184631 np0000008063 devstack@neutron-api.service[90951]: DEBUG neutron.api.extensions [None req-16db3614-7a56-425e-b4ae-f210cf112df1 None None] Extended resource: network-ip-availabilities {{(pid=90951) __init__ /opt/stack/neutron/neutron/api/extensions.py:156}}
Aug 25 10:11:44.184788 np0000008063 devstack@neutron-api.service[90949]: INFO neutron.api.extensions [None req-e63dfa5e-212f-4282-9dce-45f3a08cb8f4 None None] Loaded extension: tag-creation
Aug 25 10:11:44.184922 np0000008063 devstack@neutron-api.service[90949]: DEBUG neutron.api.extensions [None req-e63dfa5e-212f-4282-9dce-45f3a08cb8f4 None None] Loading extension file: tag_ports_during_bulk_creation.py {{(pid=90949) _load_all_extensions_from_path /opt/stack/neutron/neutron/api/extensions.py:449}}
Aug 25 10:11:44.185233 np0000008063 devstack@neutron-api.service[90950]: DEBUG neutron.api.extensions [None req-0fa6aeaf-56f9-4a5e-8157-6d0e174d41cb None None] Extended resource: tags {{(pid=90950) __init__ /opt/stack/neutron/neutron/api/extensions.py:156}}
Aug 25 10:11:44.185300 np0000008063 devstack@neutron-api.service[90949]: DEBUG neutron.api.extensions [None req-e63dfa5e-212f-4282-9dce-45f3a08cb8f4 None None] Ext name="Tag Ports During Bulk Creation" alias="tag-ports-during-bulk-creation" description="Allow to tag ports during bulk creation" updated="2019-12-29T19:00:00-00:00" {{(pid=90949) _check_extension /opt/stack/neutron/neutron/api/extensions.py:415}}
Aug 25 10:11:44.185367 np0000008063 devstack@neutron-api.service[90951]: DEBUG neutron.api.extensions [None req-16db3614-7a56-425e-b4ae-f210cf112df1 None None] Extended resource: bindings {{(pid=90951) __init__ /opt/stack/neutron/neutron/api/extensions.py:156}}
Aug 25 10:11:44.185720 np0000008063 devstack@neutron-api.service[90949]: INFO neutron.api.extensions [None req-e63dfa5e-212f-4282-9dce-45f3a08cb8f4 None None] Extension tag-ports-during-bulk-creation not supported by any of loaded plugins
Aug 25 10:11:44.185720 np0000008063 devstack@neutron-api.service[90949]: DEBUG neutron.api.extensions [None req-e63dfa5e-212f-4282-9dce-45f3a08cb8f4 None None] Loading extension file: tagging.py {{(pid=90949) _load_all_extensions_from_path /opt/stack/neutron/neutron/api/extensions.py:449}}
Aug 25 10:11:44.185845 np0000008063 devstack@neutron-api.service[90950]: DEBUG neutron.api.extensions [None req-0fa6aeaf-56f9-4a5e-8157-6d0e174d41cb None None] Extended resource: tags {{(pid=90950) __init__ /opt/stack/neutron/neutron/api/extensions.py:156}}
Aug 25 10:11:44.186207 np0000008063 devstack@neutron-api.service[90951]: DEBUG neutron.api.extensions [None req-16db3614-7a56-425e-b4ae-f210cf112df1 None None] Extended resource: quotas {{(pid=90951) __init__ /opt/stack/neutron/neutron/api/extensions.py:156}}
Aug 25 10:11:44.186579 np0000008063 devstack@neutron-api.service[90950]: DEBUG neutron.api.extensions [None req-0fa6aeaf-56f9-4a5e-8157-6d0e174d41cb None None] Extended resource: tags {{(pid=90950) __init__ /opt/stack/neutron/neutron/api/extensions.py:156}}
Aug 25 10:11:44.186791 np0000008063 devstack@neutron-api.service[90949]: DEBUG neutron.api.extensions [None req-e63dfa5e-212f-4282-9dce-45f3a08cb8f4 None None] Ext name="Tag support for resources with standard attribute: port, subnet, subnetpool, network, security_group, router, floatingip, policy, trunk, network_segment_range" alias="standard-attr-tag" description="Enables to set tag on resources with standard attribute." updated="2017-01-01T00:00:00-00:00" {{(pid=90949) _check_extension /opt/stack/neutron/neutron/api/extensions.py:415}}
Aug 25 10:11:44.186974 np0000008063 devstack@neutron-api.service[90949]: INFO neutron.api.extensions [None req-e63dfa5e-212f-4282-9dce-45f3a08cb8f4 None None] Loaded extension: standard-attr-tag
Aug 25 10:11:44.187070 np0000008063 devstack@neutron-api.service[90949]: DEBUG neutron.api.extensions [None req-e63dfa5e-212f-4282-9dce-45f3a08cb8f4 None None] Loading extension file: timestamp.py {{(pid=90949) _load_all_extensions_from_path /opt/stack/neutron/neutron/api/extensions.py:449}}
Aug 25 10:11:44.187261 np0000008063 devstack@neutron-api.service[90951]: DEBUG neutron.api.extensions [None req-16db3614-7a56-425e-b4ae-f210cf112df1 None None] Extended resource: quotas {{(pid=90951) __init__ /opt/stack/neutron/neutron/api/extensions.py:156}}
Aug 25 10:11:44.187405 np0000008063 devstack@neutron-api.service[90949]: DEBUG neutron.api.extensions [None req-e63dfa5e-212f-4282-9dce-45f3a08cb8f4 None None] Ext name="Resource timestamps" alias="standard-attr-timestamp" description="Adds created_at and updated_at fields to all Neutron resources that have Neutron standard attributes." updated="2016-09-12T10:00:00-00:00" {{(pid=90949) _check_extension /opt/stack/neutron/neutron/api/extensions.py:415}}
Aug 25 10:11:44.187551 np0000008063 devstack@neutron-api.service[90949]: INFO neutron.api.extensions [None req-e63dfa5e-212f-4282-9dce-45f3a08cb8f4 None None] Loaded extension: standard-attr-timestamp
Aug 25 10:11:44.187628 np0000008063 devstack@neutron-api.service[90949]: DEBUG neutron.api.extensions [None req-e63dfa5e-212f-4282-9dce-45f3a08cb8f4 None None] Loading extension file: trunk.py {{(pid=90949) _load_all_extensions_from_path /opt/stack/neutron/neutron/api/extensions.py:449}}
Aug 25 10:11:44.187906 np0000008063 devstack@neutron-api.service[90949]: DEBUG neutron.api.extensions [None req-e63dfa5e-212f-4282-9dce-45f3a08cb8f4 None None] Ext name="Trunk Extension" alias="trunk" description="Provides support for trunk ports" updated="2016-01-01T10:00:00-00:00" {{(pid=90949) _check_extension /opt/stack/neutron/neutron/api/extensions.py:415}}
Aug 25 10:11:44.188038 np0000008063 devstack@neutron-api.service[90949]: INFO neutron.api.extensions [None req-e63dfa5e-212f-4282-9dce-45f3a08cb8f4 None None] Extension trunk not supported by any of loaded plugins
Aug 25 10:11:44.188113 np0000008063 devstack@neutron-api.service[90951]: DEBUG neutron.api.extensions [None req-16db3614-7a56-425e-b4ae-f210cf112df1 None None] Extended resource: rbac-policies {{(pid=90951) __init__ /opt/stack/neutron/neutron/api/extensions.py:156}}
Aug 25 10:11:44.188208 np0000008063 devstack@neutron-api.service[90949]: DEBUG neutron.api.extensions [None req-e63dfa5e-212f-4282-9dce-45f3a08cb8f4 None None] Loading extension file: trunk_details.py {{(pid=90949) _load_all_extensions_from_path /opt/stack/neutron/neutron/api/extensions.py:449}}
Aug 25 10:11:44.188401 np0000008063 devstack@neutron-api.service[90949]: DEBUG neutron.api.extensions [None req-e63dfa5e-212f-4282-9dce-45f3a08cb8f4 None None] Ext name="Trunk port details" alias="trunk-details" description="Expose trunk port details" updated="2016-01-01T10:00:00-00:00" {{(pid=90949) _check_extension /opt/stack/neutron/neutron/api/extensions.py:415}}
Aug 25 10:11:44.188546 np0000008063 devstack@neutron-api.service[90949]: INFO neutron.api.extensions [None req-e63dfa5e-212f-4282-9dce-45f3a08cb8f4 None None] Extension trunk-details not supported by any of loaded plugins
Aug 25 10:11:44.188620 np0000008063 devstack@neutron-api.service[90949]: DEBUG neutron.api.extensions [None req-e63dfa5e-212f-4282-9dce-45f3a08cb8f4 None None] Loading extension file: uplink_status_propagation.py {{(pid=90949) _load_all_extensions_from_path /opt/stack/neutron/neutron/api/extensions.py:449}}
Aug 25 10:11:44.188752 np0000008063 devstack@neutron-api.service[90951]: DEBUG neutron.api.extensions [None req-16db3614-7a56-425e-b4ae-f210cf112df1 None None] Extended resource: default-security-group-rules {{(pid=90951) __init__ /opt/stack/neutron/neutron/api/extensions.py:156}}
Aug 25 10:11:44.188828 np0000008063 devstack@neutron-api.service[90949]: DEBUG neutron.api.extensions [None req-e63dfa5e-212f-4282-9dce-45f3a08cb8f4 None None] Ext name="Uplink status propagation extension" alias="uplink-status-propagation" description="Provides ability to propagate port uplink status." updated="2018-05-31T18:00:00-00:00" {{(pid=90949) _check_extension /opt/stack/neutron/neutron/api/extensions.py:415}}
Aug 25 10:11:44.188978 np0000008063 devstack@neutron-api.service[90949]: INFO neutron.api.extensions [None req-e63dfa5e-212f-4282-9dce-45f3a08cb8f4 None None] Extension uplink-status-propagation not supported by any of loaded plugins
Aug 25 10:11:44.189045 np0000008063 devstack@neutron-api.service[90949]: DEBUG neutron.api.extensions [None req-e63dfa5e-212f-4282-9dce-45f3a08cb8f4 None None] Loading extension file: uplink_status_propagation_updatable.py {{(pid=90949) _load_all_extensions_from_path /opt/stack/neutron/neutron/api/extensions.py:449}}
Aug 25 10:11:44.189305 np0000008063 devstack@neutron-api.service[90949]: DEBUG neutron.api.extensions [None req-e63dfa5e-212f-4282-9dce-45f3a08cb8f4 None None] Ext name="Uplink status propagation updatable extension" alias="uplink-status-propagation-updatable" description="Provides ability to update the port uplink status." updated="2024-09-03T18:00:00-00:00" {{(pid=90949) _check_extension /opt/stack/neutron/neutron/api/extensions.py:415}}
Aug 25 10:11:44.189435 np0000008063 devstack@neutron-api.service[90949]: INFO neutron.api.extensions [None req-e63dfa5e-212f-4282-9dce-45f3a08cb8f4 None None] Extension uplink-status-propagation-updatable not supported by any of loaded plugins
Aug 25 10:11:44.189605 np0000008063 devstack@neutron-api.service[90949]: DEBUG neutron.api.extensions [None req-e63dfa5e-212f-4282-9dce-45f3a08cb8f4 None None] Loading extension file: vlantransparent.py {{(pid=90949) _load_all_extensions_from_path /opt/stack/neutron/neutron/api/extensions.py:449}}
Aug 25 10:11:44.189684 np0000008063 devstack@neutron-api.service[90951]: DEBUG neutron.api.extensions [None req-16db3614-7a56-425e-b4ae-f210cf112df1 None None] Extended resource: security-groups-default-statefulness {{(pid=90951) __init__ /opt/stack/neutron/neutron/api/extensions.py:156}}
Aug 25 10:11:44.189750 np0000008063 devstack@neutron-api.service[90949]: DEBUG neutron.api.extensions [None req-e63dfa5e-212f-4282-9dce-45f3a08cb8f4 None None] Ext name="Vlantransparent" alias="vlan-transparent" description="Provides Vlan Transparent Networks" updated="2015-03-23T09:00:00-00:00" {{(pid=90949) _check_extension /opt/stack/neutron/neutron/api/extensions.py:415}}
Aug 25 10:11:44.189894 np0000008063 devstack@neutron-api.service[90949]: INFO neutron.api.extensions [None req-e63dfa5e-212f-4282-9dce-45f3a08cb8f4 None None] Loaded extension: vlan-transparent
Aug 25 10:11:44.190643 np0000008063 devstack@neutron-api.service[90951]: DEBUG neutron.api.extensions [None req-16db3614-7a56-425e-b4ae-f210cf112df1 None None] Extended resource: security-groups {{(pid=90951) __init__ /opt/stack/neutron/neutron/api/extensions.py:156}}
Aug 25 10:11:44.191112 np0000008063 devstack@neutron-api.service[90951]: DEBUG neutron.api.extensions [None req-16db3614-7a56-425e-b4ae-f210cf112df1 None None] Extended resource: security-group-rules {{(pid=90951) __init__ /opt/stack/neutron/neutron/api/extensions.py:156}}
Aug 25 10:11:44.191575 np0000008063 devstack@neutron-api.service[90949]: INFO neutron.quota.resource_registry [None req-e63dfa5e-212f-4282-9dce-45f3a08cb8f4 None None] Creating instance of TrackedResource for resource:network
Aug 25 10:11:44.191838 np0000008063 devstack@neutron-api.service[90951]: DEBUG neutron.api.extensions [None req-16db3614-7a56-425e-b4ae-f210cf112df1 None None] Extended resource: service-providers {{(pid=90951) __init__ /opt/stack/neutron/neutron/api/extensions.py:156}}
Aug 25 10:11:44.191922 np0000008063 devstack@neutron-api.service[90949]: INFO neutron.quota.resource_registry [None req-e63dfa5e-212f-4282-9dce-45f3a08cb8f4 None None] Creating instance of TrackedResource for resource:subnet
Aug 25 10:11:44.192090 np0000008063 devstack@neutron-api.service[90949]: INFO neutron.quota.resource_registry [None req-e63dfa5e-212f-4282-9dce-45f3a08cb8f4 None None] Creating instance of TrackedResource for resource:subnetpool
Aug 25 10:11:44.192254 np0000008063 devstack@neutron-api.service[90949]: INFO neutron.quota.resource_registry [None req-e63dfa5e-212f-4282-9dce-45f3a08cb8f4 None None] Creating instance of TrackedResource for resource:port
Aug 25 10:11:44.192613 np0000008063 devstack@neutron-api.service[90951]: DEBUG neutron.api.extensions [None req-16db3614-7a56-425e-b4ae-f210cf112df1 None None] Extended resource: subnetpools {{(pid=90951) __init__ /opt/stack/neutron/neutron/api/extensions.py:156}}
Aug 25 10:11:44.193421 np0000008063 devstack@neutron-api.service[90951]: DEBUG neutron.api.extensions [None req-16db3614-7a56-425e-b4ae-f210cf112df1 None None] Extended resource: subnetpools {{(pid=90951) __init__ /opt/stack/neutron/neutron/api/extensions.py:156}}
Aug 25 10:11:44.194186 np0000008063 devstack@neutron-api.service[90949]: INFO neutron.quota.resource_registry [None req-e63dfa5e-212f-4282-9dce-45f3a08cb8f4 None None] Creating instance of CountableResource for resource:router_route
Aug 25 10:11:44.194295 np0000008063 devstack@neutron-api.service[90951]: DEBUG neutron.api.extensions [None req-16db3614-7a56-425e-b4ae-f210cf112df1 None None] Extended resource: tags {{(pid=90951) __init__ /opt/stack/neutron/neutron/api/extensions.py:156}}
Aug 25 10:11:44.194367 np0000008063 devstack@neutron-api.service[90949]: DEBUG neutron.api.v2.resource_helper [None req-e63dfa5e-212f-4282-9dce-45f3a08cb8f4 None None] Service L3_ROUTER_NAT assigned prefix: {{(pid=90949) build_resource_info /opt/stack/neutron/neutron/api/v2/resource_helper.py:77}}
Aug 25 10:11:44.194861 np0000008063 devstack@neutron-api.service[90949]: DEBUG neutron.api.v2.resource_helper [None req-e63dfa5e-212f-4282-9dce-45f3a08cb8f4 None None] Service FLAVORS assigned prefix: {{(pid=90949) build_resource_info /opt/stack/neutron/neutron/api/v2/resource_helper.py:77}}
Aug 25 10:11:44.195346 np0000008063 devstack@neutron-api.service[90951]: DEBUG neutron.api.extensions [None req-16db3614-7a56-425e-b4ae-f210cf112df1 None None] Extended resource: tags {{(pid=90951) __init__ /opt/stack/neutron/neutron/api/extensions.py:156}}
Aug 25 10:11:44.195606 np0000008063 devstack@neutron-api.service[90950]: DEBUG neutron_lib.callbacks.manager [None req-0fa6aeaf-56f9-4a5e-8157-6d0e174d41cb None None] Publish callbacks ['neutron.plugins.ml2.drivers.ovn.mech_driver.mech_driver.OVNMechanismDriver.pre_fork_initialize-504664'] for process (None), before_spawn {{(pid=90950) _notify_loop /opt/stack/data/venv/lib/python3.12/site-packages/neutron_lib/callbacks/manager.py:184}}
Aug 25 10:11:44.196047 np0000008063 devstack@neutron-api.service[90949]: DEBUG neutron.api.v2.resource_helper [None req-e63dfa5e-212f-4282-9dce-45f3a08cb8f4 None None] Service L3_ROUTER_NAT assigned prefix: {{(pid=90949) build_resource_info /opt/stack/neutron/neutron/api/v2/resource_helper.py:77}}
Aug 25 10:11:44.196222 np0000008063 devstack@neutron-api.service[90950]: DEBUG oslo_concurrency.processutils [None req-0fa6aeaf-56f9-4a5e-8157-6d0e174d41cb None None] Running cmd (subprocess): ovsdb-client transact ssl:10.4.3.119:6641 --timeout 180 -p /opt/stack/data/CA/int-ca/private/devstack-cert.key -c /opt/stack/data/CA/int-ca/devstack-cert.crt -C /opt/stack/data/CA/int-ca/ca-chain.pem ["OVN_Northbound", {"op": "wait", "timeout": 0, "table": "Port_Group", "where": [["name", "==", "neutron_pg_drop"]], "until": "==", "rows": []}, {"op": "insert", "table": "ACL", "row": {"action": "drop", "direction": "to-lport", "match": "outport == @neutron_pg_drop && ip", "priority": 1000}, "uuid-name": "droptoport"}, {"op": "insert", "table": "ACL", "row": {"action": "drop", "direction": "from-lport", "match": "inport == @neutron_pg_drop && ip", "priority": 1000}, "uuid-name": "dropfromport"}, {"op": "insert", "table": "Port_Group", "row": {"name": "neutron_pg_drop", "acls": ["set", [["named-uuid", "droptoport"], ["named-uuid", "dropfromport"]]]}}] {{(pid=90950) execute /opt/stack/data/venv/lib/python3.12/site-packages/oslo_concurrency/processutils.py:440}}
Aug 25 10:11:44.196352 np0000008063 devstack@neutron-api.service[90951]: DEBUG neutron.api.extensions [None req-16db3614-7a56-425e-b4ae-f210cf112df1 None None] Extended resource: tags {{(pid=90951) __init__ /opt/stack/neutron/neutron/api/extensions.py:156}}
Aug 25 10:11:44.196620 np0000008063 devstack@neutron-api.service[90949]: DEBUG neutron.api.v2.resource_helper [None req-e63dfa5e-212f-4282-9dce-45f3a08cb8f4 None None] Service L3_ROUTER_NAT assigned prefix: {{(pid=90949) build_resource_info /opt/stack/neutron/neutron/api/v2/resource_helper.py:77}}
Aug 25 10:11:44.196830 np0000008063 devstack@neutron-api.service[90949]: INFO neutron.quota.resource_registry [None req-e63dfa5e-212f-4282-9dce-45f3a08cb8f4 None None] Creating instance of TrackedResource for resource:router
Aug 25 10:11:44.197169 np0000008063 devstack@neutron-api.service[90949]: INFO neutron.quota.resource_registry [None req-e63dfa5e-212f-4282-9dce-45f3a08cb8f4 None None] Creating instance of TrackedResource for resource:floatingip
Aug 25 10:11:44.197464 np0000008063 devstack@neutron-api.service[90951]: DEBUG neutron.api.extensions [None req-16db3614-7a56-425e-b4ae-f210cf112df1 None None] Extended resource: tags {{(pid=90951) __init__ /opt/stack/neutron/neutron/api/extensions.py:156}}
Aug 25 10:11:44.198404 np0000008063 devstack@neutron-api.service[90951]: DEBUG neutron.api.extensions [None req-16db3614-7a56-425e-b4ae-f210cf112df1 None None] Extended resource: tags {{(pid=90951) __init__ /opt/stack/neutron/neutron/api/extensions.py:156}}
Aug 25 10:11:44.198548 np0000008063 devstack@neutron-api.service[90949]: INFO neutron.quota.resource_registry [None req-e63dfa5e-212f-4282-9dce-45f3a08cb8f4 None None] Creating instance of CountableResource for resource:rbac_policy
Aug 25 10:11:44.199471 np0000008063 devstack@neutron-api.service[90949]: INFO neutron.quota.resource_registry [None req-e63dfa5e-212f-4282-9dce-45f3a08cb8f4 None None] Creating instance of TrackedResource for resource:security_group
Aug 25 10:11:44.199541 np0000008063 devstack@neutron-api.service[90951]: DEBUG neutron.api.extensions [None req-16db3614-7a56-425e-b4ae-f210cf112df1 None None] Extended resource: tags {{(pid=90951) __init__ /opt/stack/neutron/neutron/api/extensions.py:156}}
Aug 25 10:11:44.199837 np0000008063 devstack@neutron-api.service[90949]: INFO neutron.quota.resource_registry [None req-e63dfa5e-212f-4282-9dce-45f3a08cb8f4 None None] Creating instance of TrackedResource for resource:security_group_rule
Aug 25 10:11:44.200296 np0000008063 devstack@neutron-api.service[90951]: DEBUG neutron.api.extensions [None req-16db3614-7a56-425e-b4ae-f210cf112df1 None None] Extended resource: tags {{(pid=90951) __init__ /opt/stack/neutron/neutron/api/extensions.py:156}}
Aug 25 10:11:44.200580 np0000008063 devstack@neutron-api.service[90949]: DEBUG neutron.api.v2.resource_helper [None req-e63dfa5e-212f-4282-9dce-45f3a08cb8f4 None None] Service CORE assigned prefix: {{(pid=90949) build_resource_info /opt/stack/neutron/neutron/api/v2/resource_helper.py:77}}
Aug 25 10:11:44.200738 np0000008063 devstack@neutron-api.service[90949]: INFO neutron.quota.resource_registry [None req-e63dfa5e-212f-4282-9dce-45f3a08cb8f4 None None] Creating instance of TrackedResource for resource:subnetpool
Aug 25 10:11:44.200921 np0000008063 devstack@neutron-api.service[90949]: WARNING neutron.quota.resource_registry [None req-e63dfa5e-212f-4282-9dce-45f3a08cb8f4 None None] subnetpool is already registered
Aug 25 10:11:44.201038 np0000008063 devstack@neutron-api.service[90951]: DEBUG neutron.api.extensions [None req-16db3614-7a56-425e-b4ae-f210cf112df1 None None] Extended resource: tags {{(pid=90951) __init__ /opt/stack/neutron/neutron/api/extensions.py:156}}
Aug 25 10:11:44.201418 np0000008063 devstack@neutron-api.service[90949]: DEBUG neutron.api.v2.resource_helper [None req-e63dfa5e-212f-4282-9dce-45f3a08cb8f4 None None] Service CORE assigned prefix: {{(pid=90949) build_resource_info /opt/stack/neutron/neutron/api/v2/resource_helper.py:77}}
Aug 25 10:11:44.202024 np0000008063 devstack@neutron-api.service[90949]: INFO neutron.quota.resource_registry [None req-e63dfa5e-212f-4282-9dce-45f3a08cb8f4 None None] Creating instance of TrackedResource for resource:subnetpool
Aug 25 10:11:44.202024 np0000008063 devstack@neutron-api.service[90949]: WARNING neutron.quota.resource_registry [None req-e63dfa5e-212f-4282-9dce-45f3a08cb8f4 None None] subnetpool is already registered
Aug 25 10:11:44.202572 np0000008063 devstack@neutron-api.service[90951]: DEBUG neutron.api.extensions [None req-16db3614-7a56-425e-b4ae-f210cf112df1 None None] Extended resource: tags {{(pid=90951) __init__ /opt/stack/neutron/neutron/api/extensions.py:156}}
Aug 25 10:11:44.202948 np0000008063 devstack@neutron-api.service[90951]: DEBUG neutron.api.extensions [None req-16db3614-7a56-425e-b4ae-f210cf112df1 None None] Extended resource: tags {{(pid=90951) __init__ /opt/stack/neutron/neutron/api/extensions.py:156}}
Aug 25 10:11:44.204692 np0000008063 devstack@neutron-api.service[90949]: INFO neutron.quota.resource_registry [None req-e63dfa5e-212f-4282-9dce-45f3a08cb8f4 None None] Creating instance of CountableResource for resource:router_route
Aug 25 10:11:44.204804 np0000008063 devstack@neutron-api.service[90949]: WARNING neutron.quota.resource_registry [None req-e63dfa5e-212f-4282-9dce-45f3a08cb8f4 None None] router_route is already registered
Aug 25 10:11:44.204998 np0000008063 devstack@neutron-api.service[90949]: DEBUG neutron.api.v2.resource_helper [None req-e63dfa5e-212f-4282-9dce-45f3a08cb8f4 None None] Service L3_ROUTER_NAT assigned prefix: {{(pid=90949) build_resource_info /opt/stack/neutron/neutron/api/v2/resource_helper.py:77}}
Aug 25 10:11:44.205319 np0000008063 devstack@neutron-api.service[90949]: DEBUG neutron.api.v2.resource_helper [None req-e63dfa5e-212f-4282-9dce-45f3a08cb8f4 None None] Service FLAVORS assigned prefix: {{(pid=90949) build_resource_info /opt/stack/neutron/neutron/api/v2/resource_helper.py:77}}
Aug 25 10:11:44.206385 np0000008063 devstack@neutron-api.service[90949]: DEBUG neutron.api.v2.resource_helper [None req-e63dfa5e-212f-4282-9dce-45f3a08cb8f4 None None] Service L3_ROUTER_NAT assigned prefix: {{(pid=90949) build_resource_info /opt/stack/neutron/neutron/api/v2/resource_helper.py:77}}
Aug 25 10:11:44.206872 np0000008063 devstack@neutron-api.service[90949]: DEBUG neutron.api.v2.resource_helper [None req-e63dfa5e-212f-4282-9dce-45f3a08cb8f4 None None] Service L3_ROUTER_NAT assigned prefix: {{(pid=90949) build_resource_info /opt/stack/neutron/neutron/api/v2/resource_helper.py:77}}
Aug 25 10:11:44.207043 np0000008063 devstack@neutron-api.service[90949]: INFO neutron.quota.resource_registry [None req-e63dfa5e-212f-4282-9dce-45f3a08cb8f4 None None] Creating instance of TrackedResource for resource:router
Aug 25 10:11:44.207279 np0000008063 devstack@neutron-api.service[90949]: WARNING neutron.quota.resource_registry [None req-e63dfa5e-212f-4282-9dce-45f3a08cb8f4 None None] router is already registered
Aug 25 10:11:44.207982 np0000008063 devstack@neutron-api.service[90949]: INFO neutron.quota.resource_registry [None req-e63dfa5e-212f-4282-9dce-45f3a08cb8f4 None None] Creating instance of TrackedResource for resource:floatingip
Aug 25 10:11:44.208110 np0000008063 devstack@neutron-api.service[90949]: WARNING neutron.quota.resource_registry [None req-e63dfa5e-212f-4282-9dce-45f3a08cb8f4 None None] floatingip is already registered
Aug 25 10:11:44.209541 np0000008063 devstack@neutron-api.service[90949]: INFO neutron.quota.resource_registry [None req-e63dfa5e-212f-4282-9dce-45f3a08cb8f4 None None] Creating instance of CountableResource for resource:rbac_policy
Aug 25 10:11:44.209706 np0000008063 devstack@neutron-api.service[90949]: WARNING neutron.quota.resource_registry [None req-e63dfa5e-212f-4282-9dce-45f3a08cb8f4 None None] rbac_policy is already registered
Aug 25 10:11:44.210622 np0000008063 devstack@neutron-api.service[90949]: INFO neutron.quota.resource_registry [None req-e63dfa5e-212f-4282-9dce-45f3a08cb8f4 None None] Creating instance of TrackedResource for resource:security_group
Aug 25 10:11:44.210807 np0000008063 devstack@neutron-api.service[90949]: WARNING neutron.quota.resource_registry [None req-e63dfa5e-212f-4282-9dce-45f3a08cb8f4 None None] security_group is already registered
Aug 25 10:11:44.211320 np0000008063 devstack@neutron-api.service[90949]: INFO neutron.quota.resource_registry [None req-e63dfa5e-212f-4282-9dce-45f3a08cb8f4 None None] Creating instance of TrackedResource for resource:security_group_rule
Aug 25 10:11:44.211508 np0000008063 devstack@neutron-api.service[90949]: WARNING neutron.quota.resource_registry [None req-e63dfa5e-212f-4282-9dce-45f3a08cb8f4 None None] security_group_rule is already registered
Aug 25 10:11:44.212467 np0000008063 devstack@neutron-api.service[90949]: DEBUG neutron.api.v2.resource_helper [None req-e63dfa5e-212f-4282-9dce-45f3a08cb8f4 None None] Service CORE assigned prefix: {{(pid=90949) build_resource_info /opt/stack/neutron/neutron/api/v2/resource_helper.py:77}}
Aug 25 10:11:44.212535 np0000008063 devstack@neutron-api.service[90949]: INFO neutron.quota.resource_registry [None req-e63dfa5e-212f-4282-9dce-45f3a08cb8f4 None None] Creating instance of TrackedResource for resource:subnetpool
Aug 25 10:11:44.212717 np0000008063 devstack@neutron-api.service[90949]: WARNING neutron.quota.resource_registry [None req-e63dfa5e-212f-4282-9dce-45f3a08cb8f4 None None] subnetpool is already registered
Aug 25 10:11:44.213251 np0000008063 devstack@neutron-api.service[90949]: DEBUG neutron.api.v2.resource_helper [None req-e63dfa5e-212f-4282-9dce-45f3a08cb8f4 None None] Service CORE assigned prefix: {{(pid=90949) build_resource_info /opt/stack/neutron/neutron/api/v2/resource_helper.py:77}}
Aug 25 10:11:44.213416 np0000008063 devstack@neutron-api.service[90949]: INFO neutron.quota.resource_registry [None req-e63dfa5e-212f-4282-9dce-45f3a08cb8f4 None None] Creating instance of TrackedResource for resource:subnetpool
Aug 25 10:11:44.213578 np0000008063 devstack@neutron-api.service[90949]: WARNING neutron.quota.resource_registry [None req-e63dfa5e-212f-4282-9dce-45f3a08cb8f4 None None] subnetpool is already registered
Aug 25 10:11:44.214355 np0000008063 devstack@neutron-api.service[90949]: DEBUG neutron.api.extensions [None req-e63dfa5e-212f-4282-9dce-45f3a08cb8f4 None None] Extended resource: extensions {{(pid=90949) __init__ /opt/stack/neutron/neutron/api/extensions.py:156}}
Aug 25 10:11:44.214710 np0000008063 devstack@neutron-api.service[90951]: DEBUG neutron_lib.callbacks.manager [None req-16db3614-7a56-425e-b4ae-f210cf112df1 None None] Publish callbacks ['neutron.plugins.ml2.drivers.ovn.mech_driver.mech_driver.OVNMechanismDriver.pre_fork_initialize-308434'] for process (None), before_spawn {{(pid=90951) _notify_loop /opt/stack/data/venv/lib/python3.12/site-packages/neutron_lib/callbacks/manager.py:184}}
Aug 25 10:11:44.215229 np0000008063 devstack@neutron-api.service[90951]: DEBUG oslo_concurrency.processutils [None req-16db3614-7a56-425e-b4ae-f210cf112df1 None None] Running cmd (subprocess): ovsdb-client transact ssl:10.4.3.119:6641 --timeout 180 -p /opt/stack/data/CA/int-ca/private/devstack-cert.key -c /opt/stack/data/CA/int-ca/devstack-cert.crt -C /opt/stack/data/CA/int-ca/ca-chain.pem ["OVN_Northbound", {"op": "wait", "timeout": 0, "table": "Port_Group", "where": [["name", "==", "neutron_pg_drop"]], "until": "==", "rows": []}, {"op": "insert", "table": "ACL", "row": {"action": "drop", "direction": "to-lport", "match": "outport == @neutron_pg_drop && ip", "priority": 1000}, "uuid-name": "droptoport"}, {"op": "insert", "table": "ACL", "row": {"action": "drop", "direction": "from-lport", "match": "inport == @neutron_pg_drop && ip", "priority": 1000}, "uuid-name": "dropfromport"}, {"op": "insert", "table": "Port_Group", "row": {"name": "neutron_pg_drop", "acls": ["set", [["named-uuid", "droptoport"], ["named-uuid", "dropfromport"]]]}}] {{(pid=90951) execute /opt/stack/data/venv/lib/python3.12/site-packages/oslo_concurrency/processutils.py:440}}
Aug 25 10:11:44.215358 np0000008063 devstack@neutron-api.service[90949]: DEBUG neutron.api.extensions [None req-e63dfa5e-212f-4282-9dce-45f3a08cb8f4 None None] Extended resource: address-groups {{(pid=90949) __init__ /opt/stack/neutron/neutron/api/extensions.py:156}}
Aug 25 10:11:44.216351 np0000008063 devstack@neutron-api.service[90949]: DEBUG neutron.api.extensions [None req-e63dfa5e-212f-4282-9dce-45f3a08cb8f4 None None] Extended resource: address-scopes {{(pid=90949) __init__ /opt/stack/neutron/neutron/api/extensions.py:156}}
Aug 25 10:11:44.217039 np0000008063 devstack@neutron-api.service[90949]: DEBUG neutron.api.extensions [None req-e63dfa5e-212f-4282-9dce-45f3a08cb8f4 None None] Extended resource: agents {{(pid=90949) __init__ /opt/stack/neutron/neutron/api/extensions.py:156}}
Aug 25 10:11:44.217463 np0000008063 devstack@neutron-api.service[90949]: DEBUG neutron.api.extensions [None req-e63dfa5e-212f-4282-9dce-45f3a08cb8f4 None None] Extended resource: auto-allocated-topology {{(pid=90949) __init__ /opt/stack/neutron/neutron/api/extensions.py:156}}
Aug 25 10:11:44.217967 np0000008063 devstack@neutron-api.service[90949]: DEBUG neutron.api.extensions [None req-e63dfa5e-212f-4282-9dce-45f3a08cb8f4 None None] Extended resource: availability_zones {{(pid=90949) __init__ /opt/stack/neutron/neutron/api/extensions.py:156}}
Aug 25 10:11:44.218821 np0000008063 devstack@neutron-api.service[90949]: DEBUG neutron.api.extensions [None req-e63dfa5e-212f-4282-9dce-45f3a08cb8f4 None None] Extended resource: dhcp-networks {{(pid=90949) __init__ /opt/stack/neutron/neutron/api/extensions.py:156}}
Aug 25 10:11:44.219596 np0000008063 devstack@neutron-api.service[90949]: DEBUG neutron.api.extensions [None req-e63dfa5e-212f-4282-9dce-45f3a08cb8f4 None None] Extended resource: dhcp-agents {{(pid=90949) __init__ /opt/stack/neutron/neutron/api/extensions.py:156}}
Aug 25 10:11:44.220414 np0000008063 devstack@neutron-api.service[90949]: DEBUG neutron.api.extensions [None req-e63dfa5e-212f-4282-9dce-45f3a08cb8f4 None None] Extended resource: routers {{(pid=90949) __init__ /opt/stack/neutron/neutron/api/extensions.py:156}}
Aug 25 10:11:44.221514 np0000008063 devstack@neutron-api.service[90949]: DEBUG neutron.api.extensions [None req-e63dfa5e-212f-4282-9dce-45f3a08cb8f4 None None] Extended resource: flavors {{(pid=90949) __init__ /opt/stack/neutron/neutron/api/extensions.py:156}}
Aug 25 10:11:44.222282 np0000008063 devstack@neutron-api.service[90949]: DEBUG neutron.api.extensions [None req-e63dfa5e-212f-4282-9dce-45f3a08cb8f4 None None] Extended resource: service_profiles {{(pid=90949) __init__ /opt/stack/neutron/neutron/api/extensions.py:156}}
Aug 25 10:11:44.222862 np0000008063 devstack@neutron-api.service[90949]: DEBUG neutron.api.extensions [None req-e63dfa5e-212f-4282-9dce-45f3a08cb8f4 None None] Extended resource: next_providers {{(pid=90949) __init__ /opt/stack/neutron/neutron/api/extensions.py:156}}
Aug 25 10:11:44.223544 np0000008063 devstack@neutron-api.service[90949]: DEBUG neutron.api.extensions [None req-e63dfa5e-212f-4282-9dce-45f3a08cb8f4 None None] Extended resource: service_profiles {{(pid=90949) __init__ /opt/stack/neutron/neutron/api/extensions.py:156}}
Aug 25 10:11:44.224986 np0000008063 devstack@neutron-api.service[90949]: DEBUG neutron.api.extensions [None req-e63dfa5e-212f-4282-9dce-45f3a08cb8f4 None None] Extended resource: floatingip-pools {{(pid=90949) __init__ /opt/stack/neutron/neutron/api/extensions.py:156}}
Aug 25 10:11:44.225656 np0000008063 devstack@neutron-api.service[90949]: DEBUG neutron.api.extensions [None req-e63dfa5e-212f-4282-9dce-45f3a08cb8f4 None None] Extended resource: routers {{(pid=90949) __init__ /opt/stack/neutron/neutron/api/extensions.py:156}}
Aug 25 10:11:44.226585 np0000008063 devstack@neutron-api.service[90949]: DEBUG neutron.api.extensions [None req-e63dfa5e-212f-4282-9dce-45f3a08cb8f4 None None] Extended resource: floatingips {{(pid=90949) __init__ /opt/stack/neutron/neutron/api/extensions.py:156}}
Aug 25 10:11:44.227254 np0000008063 devstack@neutron-api.service[90949]: DEBUG neutron.api.extensions [None req-e63dfa5e-212f-4282-9dce-45f3a08cb8f4 None None] Extended resource: l3-routers {{(pid=90949) __init__ /opt/stack/neutron/neutron/api/extensions.py:156}}
Aug 25 10:11:44.228128 np0000008063 devstack@neutron-api.service[90949]: DEBUG neutron.api.extensions [None req-e63dfa5e-212f-4282-9dce-45f3a08cb8f4 None None] Extended resource: l3-agents {{(pid=90949) __init__ /opt/stack/neutron/neutron/api/extensions.py:156}}
Aug 25 10:11:44.229080 np0000008063 devstack@neutron-api.service[90949]: DEBUG neutron.api.extensions [None req-e63dfa5e-212f-4282-9dce-45f3a08cb8f4 None None] Extended resource: network-ip-availabilities {{(pid=90949) __init__ /opt/stack/neutron/neutron/api/extensions.py:156}}
Aug 25 10:11:44.230104 np0000008063 devstack@neutron-api.service[90949]: DEBUG neutron.api.extensions [None req-e63dfa5e-212f-4282-9dce-45f3a08cb8f4 None None] Extended resource: network-ip-availabilities {{(pid=90949) __init__ /opt/stack/neutron/neutron/api/extensions.py:156}}
Aug 25 10:11:44.230691 np0000008063 devstack@neutron-api.service[90949]: DEBUG neutron.api.extensions [None req-e63dfa5e-212f-4282-9dce-45f3a08cb8f4 None None] Extended resource: bindings {{(pid=90949) __init__ /opt/stack/neutron/neutron/api/extensions.py:156}}
Aug 25 10:11:44.231505 np0000008063 devstack@neutron-api.service[90949]: DEBUG neutron.api.extensions [None req-e63dfa5e-212f-4282-9dce-45f3a08cb8f4 None None] Extended resource: quotas {{(pid=90949) __init__ /opt/stack/neutron/neutron/api/extensions.py:156}}
Aug 25 10:11:44.232301 np0000008063 devstack@neutron-api.service[90949]: DEBUG neutron.api.extensions [None req-e63dfa5e-212f-4282-9dce-45f3a08cb8f4 None None] Extended resource: quotas {{(pid=90949) __init__ /opt/stack/neutron/neutron/api/extensions.py:156}}
Aug 25 10:11:44.232932 np0000008063 devstack@neutron-api.service[90949]: DEBUG neutron.api.extensions [None req-e63dfa5e-212f-4282-9dce-45f3a08cb8f4 None None] Extended resource: rbac-policies {{(pid=90949) __init__ /opt/stack/neutron/neutron/api/extensions.py:156}}
Aug 25 10:11:44.233369 np0000008063 devstack@neutron-api.service[90949]: DEBUG neutron.api.extensions [None req-e63dfa5e-212f-4282-9dce-45f3a08cb8f4 None None] Extended resource: default-security-group-rules {{(pid=90949) __init__ /opt/stack/neutron/neutron/api/extensions.py:156}}
Aug 25 10:11:44.233750 np0000008063 devstack@neutron-api.service[90950]: DEBUG oslo_concurrency.processutils [None req-0fa6aeaf-56f9-4a5e-8157-6d0e174d41cb None None] CMD "ovsdb-client transact ssl:10.4.3.119:6641 --timeout 180 -p /opt/stack/data/CA/int-ca/private/devstack-cert.key -c /opt/stack/data/CA/int-ca/devstack-cert.crt -C /opt/stack/data/CA/int-ca/ca-chain.pem ["OVN_Northbound", {"op": "wait", "timeout": 0, "table": "Port_Group", "where": [["name", "==", "neutron_pg_drop"]], "until": "==", "rows": []}, {"op": "insert", "table": "ACL", "row": {"action": "drop", "direction": "to-lport", "match": "outport == @neutron_pg_drop && ip", "priority": 1000}, "uuid-name": "droptoport"}, {"op": "insert", "table": "ACL", "row": {"action": "drop", "direction": "from-lport", "match": "inport == @neutron_pg_drop && ip", "priority": 1000}, "uuid-name": "dropfromport"}, {"op": "insert", "table": "Port_Group", "row": {"name": "neutron_pg_drop", "acls": ["set", [["named-uuid", "droptoport"], ["named-uuid", "dropfromport"]]]}}]" returned: 0 in 0.037s {{(pid=90950) execute /opt/stack/data/venv/lib/python3.12/site-packages/oslo_concurrency/processutils.py:468}}
Aug 25 10:11:44.234109 np0000008063 devstack@neutron-api.service[90949]: DEBUG neutron.api.extensions [None req-e63dfa5e-212f-4282-9dce-45f3a08cb8f4 None None] Extended resource: security-groups-default-statefulness {{(pid=90949) __init__ /opt/stack/neutron/neutron/api/extensions.py:156}}
Aug 25 10:11:44.234339 np0000008063 devstack@neutron-api.service[90950]: DEBUG neutron_lib.callbacks.manager [None req-0fa6aeaf-56f9-4a5e-8157-6d0e174d41cb None None] Publish callbacks ['neutron.plugins.ml2.drivers.ovn.mech_driver.mech_driver.OVNMechanismDriver.post_fork_initialize-504704', 'neutron.services.pvlan.drivers.ovn.driver._initialize_pvlan_pg_drop-8100463699288', 'neutron.services.ovn_l3.plugin.OVNL3RouterPlugin._post_fork_initialize-8386303'] for process (None), after_init {{(pid=90950) _notify_loop /opt/stack/data/venv/lib/python3.12/site-packages/neutron_lib/callbacks/manager.py:184}}
Aug 25 10:11:44.234445 np0000008063 devstack@neutron-api.service[90949]: DEBUG neutron.api.extensions [None req-e63dfa5e-212f-4282-9dce-45f3a08cb8f4 None None] Extended resource: security-groups {{(pid=90949) __init__ /opt/stack/neutron/neutron/api/extensions.py:156}}
Aug 25 10:11:44.234881 np0000008063 devstack@neutron-api.service[90949]: DEBUG neutron.api.extensions [None req-e63dfa5e-212f-4282-9dce-45f3a08cb8f4 None None] Extended resource: security-group-rules {{(pid=90949) __init__ /opt/stack/neutron/neutron/api/extensions.py:156}}
Aug 25 10:11:44.234970 np0000008063 devstack@neutron-api.service[90950]: DEBUG oslo_concurrency.lockutils [None req-0fa6aeaf-56f9-4a5e-8157-6d0e174d41cb None None] Acquiring lock "singleton_lock" {{(pid=90950) lock /opt/stack/data/venv/lib/python3.12/site-packages/oslo_concurrency/lockutils.py:396}}
Aug 25 10:11:44.234970 np0000008063 devstack@neutron-api.service[90950]: DEBUG oslo_concurrency.lockutils [None req-0fa6aeaf-56f9-4a5e-8157-6d0e174d41cb None None] Acquired lock "singleton_lock" {{(pid=90950) lock /opt/stack/data/venv/lib/python3.12/site-packages/oslo_concurrency/lockutils.py:399}}
Aug 25 10:11:44.235298 np0000008063 devstack@neutron-api.service[90949]: DEBUG neutron.api.extensions [None req-e63dfa5e-212f-4282-9dce-45f3a08cb8f4 None None] Extended resource: service-providers {{(pid=90949) __init__ /opt/stack/neutron/neutron/api/extensions.py:156}}
Aug 25 10:11:44.235372 np0000008063 devstack@neutron-api.service[90950]: DEBUG oslo_concurrency.lockutils [None req-0fa6aeaf-56f9-4a5e-8157-6d0e174d41cb None None] Releasing lock "singleton_lock" {{(pid=90950) lock /opt/stack/data/venv/lib/python3.12/site-packages/oslo_concurrency/lockutils.py:419}}
Aug 25 10:11:44.235763 np0000008063 devstack@neutron-api.service[90949]: DEBUG neutron.api.extensions [None req-e63dfa5e-212f-4282-9dce-45f3a08cb8f4 None None] Extended resource: subnetpools {{(pid=90949) __init__ /opt/stack/neutron/neutron/api/extensions.py:156}}
Aug 25 10:11:44.236516 np0000008063 devstack@neutron-api.service[90949]: DEBUG neutron.api.extensions [None req-e63dfa5e-212f-4282-9dce-45f3a08cb8f4 None None] Extended resource: subnetpools {{(pid=90949) __init__ /opt/stack/neutron/neutron/api/extensions.py:156}}
Aug 25 10:11:44.236756 np0000008063 devstack@neutron-api.service[90949]: DEBUG neutron.api.extensions [None req-e63dfa5e-212f-4282-9dce-45f3a08cb8f4 None None] Extended resource: tags {{(pid=90949) __init__ /opt/stack/neutron/neutron/api/extensions.py:156}}
Aug 25 10:11:44.237908 np0000008063 devstack@neutron-api.service[90949]: DEBUG neutron.api.extensions [None req-e63dfa5e-212f-4282-9dce-45f3a08cb8f4 None None] Extended resource: tags {{(pid=90949) __init__ /opt/stack/neutron/neutron/api/extensions.py:156}}
Aug 25 10:11:44.238697 np0000008063 devstack@neutron-api.service[90949]: DEBUG neutron.api.extensions [None req-e63dfa5e-212f-4282-9dce-45f3a08cb8f4 None None] Extended resource: tags {{(pid=90949) __init__ /opt/stack/neutron/neutron/api/extensions.py:156}}
Aug 25 10:11:44.238849 np0000008063 devstack@neutron-api.service[90949]: DEBUG neutron.api.extensions [None req-e63dfa5e-212f-4282-9dce-45f3a08cb8f4 None None] Extended resource: tags {{(pid=90949) __init__ /opt/stack/neutron/neutron/api/extensions.py:156}}
Aug 25 10:11:44.239555 np0000008063 devstack@neutron-api.service[90949]: DEBUG neutron.api.extensions [None req-e63dfa5e-212f-4282-9dce-45f3a08cb8f4 None None] Extended resource: tags {{(pid=90949) __init__ /opt/stack/neutron/neutron/api/extensions.py:156}}
Aug 25 10:11:44.240116 np0000008063 devstack@neutron-api.service[90949]: DEBUG neutron.api.extensions [None req-e63dfa5e-212f-4282-9dce-45f3a08cb8f4 None None] Extended resource: tags {{(pid=90949) __init__ /opt/stack/neutron/neutron/api/extensions.py:156}}
Aug 25 10:11:44.240297 np0000008063 devstack@neutron-api.service[90950]: DEBUG neutron.plugins.ml2.drivers.ovn.mech_driver.mech_driver [None req-0fa6aeaf-56f9-4a5e-8157-6d0e174d41cb None None] Hash Ring setup using WSGI start time 2026-08-25 10:11:43+00:00 {{(pid=90950) _init_hash_ring /opt/stack/neutron/neutron/plugins/ml2/drivers/ovn/mech_driver/mech_driver.py:382}}
Aug 25 10:11:44.240830 np0000008063 devstack@neutron-api.service[90949]: DEBUG neutron.api.extensions [None req-e63dfa5e-212f-4282-9dce-45f3a08cb8f4 None None] Extended resource: tags {{(pid=90949) __init__ /opt/stack/neutron/neutron/api/extensions.py:156}}
Aug 25 10:11:44.241487 np0000008063 devstack@neutron-api.service[90949]: DEBUG neutron.api.extensions [None req-e63dfa5e-212f-4282-9dce-45f3a08cb8f4 None None] Extended resource: tags {{(pid=90949) __init__ /opt/stack/neutron/neutron/api/extensions.py:156}}
Aug 25 10:11:44.242108 np0000008063 devstack@neutron-api.service[90949]: DEBUG neutron.api.extensions [None req-e63dfa5e-212f-4282-9dce-45f3a08cb8f4 None None] Extended resource: tags {{(pid=90949) __init__ /opt/stack/neutron/neutron/api/extensions.py:156}}
Aug 25 10:11:44.242823 np0000008063 devstack@neutron-api.service[90949]: DEBUG neutron.api.extensions [None req-e63dfa5e-212f-4282-9dce-45f3a08cb8f4 None None] Extended resource: tags {{(pid=90949) __init__ /opt/stack/neutron/neutron/api/extensions.py:156}}
Aug 25 10:11:44.247817 np0000008063 devstack@neutron-api.service[90950]: INFO neutron.db.ovn_hash_ring_db [None req-0fa6aeaf-56f9-4a5e-8157-6d0e174d41cb None None] Nodes from host "np0000008063" and group "mechanism_driver" removed from the Hash Ring created at 2026-08-25 10:11:43+00:00
Aug 25 10:11:44.252473 np0000008063 devstack@neutron-api.service[90951]: DEBUG oslo_concurrency.processutils [None req-16db3614-7a56-425e-b4ae-f210cf112df1 None None] CMD "ovsdb-client transact ssl:10.4.3.119:6641 --timeout 180 -p /opt/stack/data/CA/int-ca/private/devstack-cert.key -c /opt/stack/data/CA/int-ca/devstack-cert.crt -C /opt/stack/data/CA/int-ca/ca-chain.pem ["OVN_Northbound", {"op": "wait", "timeout": 0, "table": "Port_Group", "where": [["name", "==", "neutron_pg_drop"]], "until": "==", "rows": []}, {"op": "insert", "table": "ACL", "row": {"action": "drop", "direction": "to-lport", "match": "outport == @neutron_pg_drop && ip", "priority": 1000}, "uuid-name": "droptoport"}, {"op": "insert", "table": "ACL", "row": {"action": "drop", "direction": "from-lport", "match": "inport == @neutron_pg_drop && ip", "priority": 1000}, "uuid-name": "dropfromport"}, {"op": "insert", "table": "Port_Group", "row": {"name": "neutron_pg_drop", "acls": ["set", [["named-uuid", "droptoport"], ["named-uuid", "dropfromport"]]]}}]" returned: 0 in 0.037s {{(pid=90951) execute /opt/stack/data/venv/lib/python3.12/site-packages/oslo_concurrency/processutils.py:468}}
Aug 25 10:11:44.252764 np0000008063 devstack@neutron-api.service[90951]: DEBUG neutron_lib.callbacks.manager [None req-16db3614-7a56-425e-b4ae-f210cf112df1 None None] Publish callbacks ['neutron.plugins.ml2.drivers.ovn.mech_driver.mech_driver.OVNMechanismDriver.post_fork_initialize-308458', 'neutron.services.pvlan.drivers.ovn.driver._initialize_pvlan_pg_drop-8100463780414', 'neutron.services.ovn_l3.plugin.OVNL3RouterPlugin._post_fork_initialize-64932'] for process (None), after_init {{(pid=90951) _notify_loop /opt/stack/data/venv/lib/python3.12/site-packages/neutron_lib/callbacks/manager.py:184}}
Aug 25 10:11:44.253224 np0000008063 devstack@neutron-api.service[90951]: DEBUG oslo_concurrency.lockutils [None req-16db3614-7a56-425e-b4ae-f210cf112df1 None None] Acquiring lock "singleton_lock" {{(pid=90951) lock /opt/stack/data/venv/lib/python3.12/site-packages/oslo_concurrency/lockutils.py:396}}
Aug 25 10:11:44.253592 np0000008063 devstack@neutron-api.service[90951]: DEBUG oslo_concurrency.lockutils [None req-16db3614-7a56-425e-b4ae-f210cf112df1 None None] Acquired lock "singleton_lock" {{(pid=90951) lock /opt/stack/data/venv/lib/python3.12/site-packages/oslo_concurrency/lockutils.py:399}}
Aug 25 10:11:44.253704 np0000008063 devstack@neutron-api.service[90951]: DEBUG oslo_concurrency.lockutils [None req-16db3614-7a56-425e-b4ae-f210cf112df1 None None] Releasing lock "singleton_lock" {{(pid=90951) lock /opt/stack/data/venv/lib/python3.12/site-packages/oslo_concurrency/lockutils.py:419}}
Aug 25 10:11:44.253785 np0000008063 devstack@neutron-api.service[90950]: INFO neutron.db.ovn_hash_ring_db [None req-0fa6aeaf-56f9-4a5e-8157-6d0e174d41cb None None] Node 5f85b867c6bd5da78471c7a8586378ab from host "np0000008063" and group "mechanism_driver" added to the Hash Ring
Aug 25 10:11:44.255901 np0000008063 devstack@neutron-api.service[90949]: DEBUG neutron_lib.callbacks.manager [None req-e63dfa5e-212f-4282-9dce-45f3a08cb8f4 None None] Publish callbacks ['neutron.plugins.ml2.drivers.ovn.mech_driver.mech_driver.OVNMechanismDriver.pre_fork_initialize-303333'] for process (None), before_spawn {{(pid=90949) _notify_loop /opt/stack/data/venv/lib/python3.12/site-packages/neutron_lib/callbacks/manager.py:184}}
Aug 25 10:11:44.255992 np0000008063 devstack@neutron-api.service[90951]: DEBUG neutron.plugins.ml2.drivers.ovn.mech_driver.mech_driver [None req-16db3614-7a56-425e-b4ae-f210cf112df1 None None] Hash Ring setup using WSGI start time 2026-08-25 10:11:43+00:00 {{(pid=90951) _init_hash_ring /opt/stack/neutron/neutron/plugins/ml2/drivers/ovn/mech_driver/mech_driver.py:382}}
Aug 25 10:11:44.256580 np0000008063 devstack@neutron-api.service[90949]: DEBUG oslo_concurrency.processutils [None req-e63dfa5e-212f-4282-9dce-45f3a08cb8f4 None None] Running cmd (subprocess): ovsdb-client transact ssl:10.4.3.119:6641 --timeout 180 -p /opt/stack/data/CA/int-ca/private/devstack-cert.key -c /opt/stack/data/CA/int-ca/devstack-cert.crt -C /opt/stack/data/CA/int-ca/ca-chain.pem ["OVN_Northbound", {"op": "wait", "timeout": 0, "table": "Port_Group", "where": [["name", "==", "neutron_pg_drop"]], "until": "==", "rows": []}, {"op": "insert", "table": "ACL", "row": {"action": "drop", "direction": "to-lport", "match": "outport == @neutron_pg_drop && ip", "priority": 1000}, "uuid-name": "droptoport"}, {"op": "insert", "table": "ACL", "row": {"action": "drop", "direction": "from-lport", "match": "inport == @neutron_pg_drop && ip", "priority": 1000}, "uuid-name": "dropfromport"}, {"op": "insert", "table": "Port_Group", "row": {"name": "neutron_pg_drop", "acls": ["set", [["named-uuid", "droptoport"], ["named-uuid", "dropfromport"]]]}}] {{(pid=90949) execute /opt/stack/data/venv/lib/python3.12/site-packages/oslo_concurrency/processutils.py:440}}
Aug 25 10:11:44.257485 np0000008063 devstack@neutron-api.service[90950]: DEBUG neutron.plugins.ml2.drivers.ovn.mech_driver.mech_driver [None req-0fa6aeaf-56f9-4a5e-8157-6d0e174d41cb None None] Hash Ring setup, this worker has detected 2 OVN hash ring registers in the database {{(pid=90950) _init_hash_ring /opt/stack/neutron/neutron/plugins/ml2/drivers/ovn/mech_driver/mech_driver.py:392}}
Aug 25 10:11:44.266417 np0000008063 devstack@neutron-api.service[90951]: INFO neutron.db.ovn_hash_ring_db [None req-16db3614-7a56-425e-b4ae-f210cf112df1 None None] Nodes from host "np0000008063" and group "mechanism_driver" removed from the Hash Ring created at 2026-08-25 10:11:43+00:00
