Aug 18 14:56:02.460849 np0000007667 nova-scheduler[93550]: DEBUG cotyledon.oslo_config_glue [-] oslo_messaging_rabbit.rabbit_quorum_max_memory_bytes = 0 {{(pid=93550) log_opt_values /opt/stack/data/venv/lib/python3.12/site-packages/oslo_config/cfg.py:3560}}
Aug 18 14:56:02.460849 np0000007667 nova-scheduler[93550]: DEBUG cotyledon.oslo_config_glue [-] oslo_messaging_rabbit.rabbit_quorum_max_memory_length = 0 {{(pid=93550) log_opt_values /opt/stack/data/venv/lib/python3.12/site-packages/oslo_config/cfg.py:3560}}
Aug 18 14:56:02.460849 np0000007667 nova-scheduler[93550]: DEBUG cotyledon.oslo_config_glue [-] oslo_messaging_rabbit.rabbit_quorum_queue = False {{(pid=93550) log_opt_values /opt/stack/data/venv/lib/python3.12/site-packages/oslo_config/cfg.py:3560}}
Aug 18 14:56:02.460849 np0000007667 nova-scheduler[93550]: DEBUG cotyledon.oslo_config_glue [-] oslo_messaging_rabbit.rabbit_retry_backoff = 2 {{(pid=93550) log_opt_values /opt/stack/data/venv/lib/python3.12/site-packages/oslo_config/cfg.py:3560}}
Aug 18 14:56:02.460849 np0000007667 nova-scheduler[93550]: DEBUG cotyledon.oslo_config_glue [-] oslo_messaging_rabbit.rabbit_retry_interval = 1 {{(pid=93550) log_opt_values /opt/stack/data/venv/lib/python3.12/site-packages/oslo_config/cfg.py:3560}}
Aug 18 14:56:02.460849 np0000007667 nova-scheduler[93550]: DEBUG cotyledon.oslo_config_glue [-] oslo_messaging_rabbit.rabbit_stream_fanout = False {{(pid=93550) log_opt_values /opt/stack/data/venv/lib/python3.12/site-packages/oslo_config/cfg.py:3560}}
Aug 18 14:56:02.460849 np0000007667 nova-scheduler[93550]: DEBUG cotyledon.oslo_config_glue [-] oslo_messaging_rabbit.rabbit_transient_queues_ttl = 1800 {{(pid=93550) log_opt_values /opt/stack/data/venv/lib/python3.12/site-packages/oslo_config/cfg.py:3560}}
Aug 18 14:56:02.460849 np0000007667 nova-scheduler[93550]: DEBUG cotyledon.oslo_config_glue [-] oslo_messaging_rabbit.rabbit_transient_quorum_queue = False {{(pid=93550) log_opt_values /opt/stack/data/venv/lib/python3.12/site-packages/oslo_config/cfg.py:3560}}
Aug 18 14:56:02.461081 np0000007667 nova-scheduler[93550]: DEBUG cotyledon.oslo_config_glue [-] oslo_messaging_rabbit.rpc_conn_pool_size = 30 {{(pid=93550) log_opt_values /opt/stack/data/venv/lib/python3.12/site-packages/oslo_config/cfg.py:3560}}
Aug 18 14:56:02.461081 np0000007667 nova-scheduler[93550]: DEBUG cotyledon.oslo_config_glue [-] oslo_messaging_rabbit.ssl = False {{(pid=93550) log_opt_values /opt/stack/data/venv/lib/python3.12/site-packages/oslo_config/cfg.py:3560}}
Aug 18 14:56:02.461081 np0000007667 nova-scheduler[93550]: DEBUG cotyledon.oslo_config_glue [-] oslo_messaging_rabbit.ssl_ca_file = {{(pid=93550) log_opt_values /opt/stack/data/venv/lib/python3.12/site-packages/oslo_config/cfg.py:3560}}
Aug 18 14:56:02.461081 np0000007667 nova-scheduler[93550]: DEBUG cotyledon.oslo_config_glue [-] oslo_messaging_rabbit.ssl_cert_file = {{(pid=93550) log_opt_values /opt/stack/data/venv/lib/python3.12/site-packages/oslo_config/cfg.py:3560}}
Aug 18 14:56:02.461081 np0000007667 nova-scheduler[93550]: DEBUG cotyledon.oslo_config_glue [-] oslo_messaging_rabbit.ssl_enforce_fips_mode = False {{(pid=93550) log_opt_values /opt/stack/data/venv/lib/python3.12/site-packages/oslo_config/cfg.py:3560}}
Aug 18 14:56:02.461081 np0000007667 nova-scheduler[93550]: DEBUG cotyledon.oslo_config_glue [-] oslo_messaging_rabbit.ssl_enforce_hostname_verification = True {{(pid=93550) log_opt_values /opt/stack/data/venv/lib/python3.12/site-packages/oslo_config/cfg.py:3560}}
Aug 18 14:56:02.461081 np0000007667 nova-scheduler[93550]: DEBUG cotyledon.oslo_config_glue [-] oslo_messaging_rabbit.ssl_key_file = {{(pid=93550) log_opt_values /opt/stack/data/venv/lib/python3.12/site-packages/oslo_config/cfg.py:3560}}
Aug 18 14:56:02.461081 np0000007667 nova-scheduler[93550]: DEBUG cotyledon.oslo_config_glue [-] oslo_messaging_rabbit.ssl_version = {{(pid=93550) log_opt_values /opt/stack/data/venv/lib/python3.12/site-packages/oslo_config/cfg.py:3560}}
Aug 18 14:56:02.461081 np0000007667 nova-scheduler[93550]: DEBUG cotyledon.oslo_config_glue [-] oslo_messaging_rabbit.use_queue_manager = False {{(pid=93550) log_opt_values /opt/stack/data/venv/lib/python3.12/site-packages/oslo_config/cfg.py:3560}}
Aug 18 14:56:02.461284 np0000007667 nova-scheduler[93550]: DEBUG cotyledon.oslo_config_glue [-] oslo_messaging_notifications.driver = ['messagingv2'] {{(pid=93550) log_opt_values /opt/stack/data/venv/lib/python3.12/site-packages/oslo_config/cfg.py:3560}}
Aug 18 14:56:02.461284 np0000007667 nova-scheduler[93550]: DEBUG cotyledon.oslo_config_glue [-] oslo_messaging_notifications.retry = -1 {{(pid=93550) log_opt_values /opt/stack/data/venv/lib/python3.12/site-packages/oslo_config/cfg.py:3560}}
Aug 18 14:56:02.461284 np0000007667 nova-scheduler[93550]: DEBUG cotyledon.oslo_config_glue [-] oslo_messaging_notifications.topics = ['notifications'] {{(pid=93550) log_opt_values /opt/stack/data/venv/lib/python3.12/site-packages/oslo_config/cfg.py:3560}}
Aug 18 14:56:02.461284 np0000007667 nova-scheduler[93550]: DEBUG cotyledon.oslo_config_glue [-] oslo_messaging_notifications.transport_url = **** {{(pid=93550) log_opt_values /opt/stack/data/venv/lib/python3.12/site-packages/oslo_config/cfg.py:3560}}
Aug 18 14:56:02.461284 np0000007667 nova-scheduler[93550]: DEBUG cotyledon.oslo_config_glue [-] oslo_limit.auth_section = None {{(pid=93550) log_opt_values /opt/stack/data/venv/lib/python3.12/site-packages/oslo_config/cfg.py:3560}}
Aug 18 14:56:02.461284 np0000007667 nova-scheduler[93550]: DEBUG cotyledon.oslo_config_glue [-] oslo_limit.auth_type = None {{(pid=93550) log_opt_values /opt/stack/data/venv/lib/python3.12/site-packages/oslo_config/cfg.py:3560}}
Aug 18 14:56:02.461284 np0000007667 nova-scheduler[93550]: DEBUG cotyledon.oslo_config_glue [-] oslo_limit.cafile = None {{(pid=93550) log_opt_values /opt/stack/data/venv/lib/python3.12/site-packages/oslo_config/cfg.py:3560}}
Aug 18 14:56:02.461284 np0000007667 nova-scheduler[93550]: DEBUG cotyledon.oslo_config_glue [-] oslo_limit.certfile = None {{(pid=93550) log_opt_values /opt/stack/data/venv/lib/python3.12/site-packages/oslo_config/cfg.py:3560}}
Aug 18 14:56:02.461284 np0000007667 nova-scheduler[93550]: DEBUG cotyledon.oslo_config_glue [-] oslo_limit.collect_timing = False {{(pid=93550) log_opt_values /opt/stack/data/venv/lib/python3.12/site-packages/oslo_config/cfg.py:3560}}
Aug 18 14:56:02.461464 np0000007667 nova-scheduler[93550]: DEBUG cotyledon.oslo_config_glue [-] oslo_limit.connect_retries = None {{(pid=93550) log_opt_values /opt/stack/data/venv/lib/python3.12/site-packages/oslo_config/cfg.py:3560}}
Aug 18 14:56:02.461464 np0000007667 nova-scheduler[93550]: DEBUG cotyledon.oslo_config_glue [-] oslo_limit.connect_retry_delay = None {{(pid=93550) log_opt_values /opt/stack/data/venv/lib/python3.12/site-packages/oslo_config/cfg.py:3560}}
Aug 18 14:56:02.461464 np0000007667 nova-scheduler[93550]: DEBUG cotyledon.oslo_config_glue [-] oslo_limit.endpoint_id = None {{(pid=93550) log_opt_values /opt/stack/data/venv/lib/python3.12/site-packages/oslo_config/cfg.py:3560}}
Aug 18 14:56:02.461464 np0000007667 nova-scheduler[93550]: DEBUG cotyledon.oslo_config_glue [-] oslo_limit.endpoint_interface = public {{(pid=93550) log_opt_values /opt/stack/data/venv/lib/python3.12/site-packages/oslo_config/cfg.py:3560}}
Aug 18 14:56:02.461464 np0000007667 nova-scheduler[93550]: DEBUG cotyledon.oslo_config_glue [-] oslo_limit.endpoint_override = None {{(pid=93550) log_opt_values /opt/stack/data/venv/lib/python3.12/site-packages/oslo_config/cfg.py:3560}}
Aug 18 14:56:02.461464 np0000007667 nova-scheduler[93550]: DEBUG cotyledon.oslo_config_glue [-] oslo_limit.endpoint_region_name = None {{(pid=93550) log_opt_values /opt/stack/data/venv/lib/python3.12/site-packages/oslo_config/cfg.py:3560}}
Aug 18 14:56:02.461464 np0000007667 nova-scheduler[93550]: DEBUG cotyledon.oslo_config_glue [-] oslo_limit.endpoint_service_name = None {{(pid=93550) log_opt_values /opt/stack/data/venv/lib/python3.12/site-packages/oslo_config/cfg.py:3560}}
Aug 18 14:56:02.461464 np0000007667 nova-scheduler[93550]: DEBUG cotyledon.oslo_config_glue [-] oslo_limit.endpoint_service_type = None {{(pid=93550) log_opt_values /opt/stack/data/venv/lib/python3.12/site-packages/oslo_config/cfg.py:3560}}
Aug 18 14:56:02.461464 np0000007667 nova-scheduler[93550]: DEBUG cotyledon.oslo_config_glue [-] oslo_limit.insecure = False {{(pid=93550) log_opt_values /opt/stack/data/venv/lib/python3.12/site-packages/oslo_config/cfg.py:3560}}
Aug 18 14:56:02.461645 np0000007667 nova-scheduler[93550]: DEBUG cotyledon.oslo_config_glue [-] oslo_limit.keyfile = None {{(pid=93550) log_opt_values /opt/stack/data/venv/lib/python3.12/site-packages/oslo_config/cfg.py:3560}}
Aug 18 14:56:02.461645 np0000007667 nova-scheduler[93550]: DEBUG cotyledon.oslo_config_glue [-] oslo_limit.max_version = None {{(pid=93550) log_opt_values /opt/stack/data/venv/lib/python3.12/site-packages/oslo_config/cfg.py:3560}}
Aug 18 14:56:02.461645 np0000007667 nova-scheduler[93550]: DEBUG cotyledon.oslo_config_glue [-] oslo_limit.min_version = None {{(pid=93550) log_opt_values /opt/stack/data/venv/lib/python3.12/site-packages/oslo_config/cfg.py:3560}}
Aug 18 14:56:02.461645 np0000007667 nova-scheduler[93550]: DEBUG cotyledon.oslo_config_glue [-] oslo_limit.region_name = None {{(pid=93550) log_opt_values /opt/stack/data/venv/lib/python3.12/site-packages/oslo_config/cfg.py:3560}}
Aug 18 14:56:02.461645 np0000007667 nova-scheduler[93550]: DEBUG cotyledon.oslo_config_glue [-] oslo_limit.retriable_status_codes = None {{(pid=93550) log_opt_values /opt/stack/data/venv/lib/python3.12/site-packages/oslo_config/cfg.py:3560}}
Aug 18 14:56:02.461645 np0000007667 nova-scheduler[93550]: DEBUG cotyledon.oslo_config_glue [-] oslo_limit.service_name = None {{(pid=93550) log_opt_values /opt/stack/data/venv/lib/python3.12/site-packages/oslo_config/cfg.py:3560}}
Aug 18 14:56:02.461645 np0000007667 nova-scheduler[93550]: DEBUG cotyledon.oslo_config_glue [-] oslo_limit.service_type = None {{(pid=93550) log_opt_values /opt/stack/data/venv/lib/python3.12/site-packages/oslo_config/cfg.py:3560}}
Aug 18 14:56:02.461645 np0000007667 nova-scheduler[93550]: DEBUG cotyledon.oslo_config_glue [-] oslo_limit.split_loggers = False {{(pid=93550) log_opt_values /opt/stack/data/venv/lib/python3.12/site-packages/oslo_config/cfg.py:3560}}
Aug 18 14:56:02.461645 np0000007667 nova-scheduler[93550]: DEBUG cotyledon.oslo_config_glue [-] oslo_limit.status_code_retries = None {{(pid=93550) log_opt_values /opt/stack/data/venv/lib/python3.12/site-packages/oslo_config/cfg.py:3560}}
Aug 18 14:56:02.461810 np0000007667 nova-scheduler[93550]: DEBUG cotyledon.oslo_config_glue [-] oslo_limit.status_code_retry_delay = None {{(pid=93550) log_opt_values /opt/stack/data/venv/lib/python3.12/site-packages/oslo_config/cfg.py:3560}}
Aug 18 14:56:02.461810 np0000007667 nova-scheduler[93550]: DEBUG cotyledon.oslo_config_glue [-] oslo_limit.timeout = None {{(pid=93550) log_opt_values /opt/stack/data/venv/lib/python3.12/site-packages/oslo_config/cfg.py:3560}}
Aug 18 14:56:02.461810 np0000007667 nova-scheduler[93550]: DEBUG cotyledon.oslo_config_glue [-] oslo_limit.valid_interfaces = None {{(pid=93550) log_opt_values /opt/stack/data/venv/lib/python3.12/site-packages/oslo_config/cfg.py:3560}}
Aug 18 14:56:02.461810 np0000007667 nova-scheduler[93550]: DEBUG cotyledon.oslo_config_glue [-] oslo_limit.version = None {{(pid=93550) log_opt_values /opt/stack/data/venv/lib/python3.12/site-packages/oslo_config/cfg.py:3560}}
Aug 18 14:56:02.461810 np0000007667 nova-scheduler[93550]: DEBUG cotyledon.oslo_config_glue [-] oslo_reports.file_event_handler = None {{(pid=93550) log_opt_values /opt/stack/data/venv/lib/python3.12/site-packages/oslo_config/cfg.py:3560}}
Aug 18 14:56:02.461810 np0000007667 nova-scheduler[93550]: DEBUG cotyledon.oslo_config_glue [-] oslo_reports.file_event_handler_interval = 1 {{(pid=93550) log_opt_values /opt/stack/data/venv/lib/python3.12/site-packages/oslo_config/cfg.py:3560}}
Aug 18 14:56:02.461810 np0000007667 nova-scheduler[93550]: DEBUG cotyledon.oslo_config_glue [-] oslo_reports.log_dir = None {{(pid=93550) log_opt_values /opt/stack/data/venv/lib/python3.12/site-packages/oslo_config/cfg.py:3560}}
Aug 18 14:56:02.461810 np0000007667 nova-scheduler[93550]: DEBUG cotyledon.oslo_config_glue [-] ******************************************************************************** {{(pid=93550) log_opt_values /opt/stack/data/venv/lib/python3.12/site-packages/oslo_config/cfg.py:3567}}
Aug 18 14:56:02.461810 np0000007667 nova-scheduler[93550]: DEBUG cotyledon._service_worker [-] Run service ServiceWrapper(2) [93550] {{(pid=93550) wait_forever /opt/stack/data/venv/lib/python3.12/site-packages/cotyledon/_service_worker.py:218}}
Aug 18 14:56:02.461993 np0000007667 nova-scheduler[93550]: INFO nova.service [-] Starting scheduler node (version 33.1.0)
Aug 18 14:56:02.461993 np0000007667 nova-scheduler[93550]: INFO dbcounter [None req-aef6496a-2c22-4a4c-8d2a-b9a9d61a7912 None None] Registered counter for database nova_cell0
Aug 18 14:56:02.470447 np0000007667 nova-scheduler[93546]: DEBUG oslo_db.sqlalchemy.engines [None req-b7f79909-e516-42ba-a2d1-a16a0ba5962f None None] MySQL server mode set to STRICT_TRANS_TABLES,STRICT_ALL_TABLES,NO_ZERO_IN_DATE,NO_ZERO_DATE,ERROR_FOR_DIVISION_BY_ZERO,TRADITIONAL,NO_ENGINE_SUBSTITUTION {{(pid=93546) _check_effective_sql_mode /opt/stack/data/venv/lib/python3.12/site-packages/oslo_db/sqlalchemy/engines.py:325}}
Aug 18 14:56:02.476028 np0000007667 nova-scheduler[93548]: DEBUG oslo_db.sqlalchemy.engines [None req-f5845ea3-e90e-474e-b692-7b218b3f43d7 None None] MySQL server mode set to STRICT_TRANS_TABLES,STRICT_ALL_TABLES,NO_ZERO_IN_DATE,NO_ZERO_DATE,ERROR_FOR_DIVISION_BY_ZERO,TRADITIONAL,NO_ENGINE_SUBSTITUTION {{(pid=93548) _check_effective_sql_mode /opt/stack/data/venv/lib/python3.12/site-packages/oslo_db/sqlalchemy/engines.py:325}}
Aug 18 14:56:02.481435 np0000007667 nova-scheduler[93546]: DEBUG dbcounter [-] [93546] Writer thread running {{(pid=93546) stat_writer /opt/stack/data/venv/lib/python3.12/site-packages/dbcounter.py:102}}
Aug 18 14:56:02.486509 np0000007667 nova-scheduler[93548]: DEBUG dbcounter [-] [93548] Writer thread running {{(pid=93548) stat_writer /opt/stack/data/venv/lib/python3.12/site-packages/dbcounter.py:102}}
Aug 18 14:56:02.489062 np0000007667 nova-scheduler[93550]: DEBUG oslo_db.sqlalchemy.engines [None req-aef6496a-2c22-4a4c-8d2a-b9a9d61a7912 None None] MySQL server mode set to STRICT_TRANS_TABLES,STRICT_ALL_TABLES,NO_ZERO_IN_DATE,NO_ZERO_DATE,ERROR_FOR_DIVISION_BY_ZERO,TRADITIONAL,NO_ENGINE_SUBSTITUTION {{(pid=93550) _check_effective_sql_mode /opt/stack/data/venv/lib/python3.12/site-packages/oslo_db/sqlalchemy/engines.py:325}}
Aug 18 14:56:02.496822 np0000007667 nova-scheduler[93546]: DEBUG nova.service [None req-b7f79909-e516-42ba-a2d1-a16a0ba5962f None None] Creating RPC server for service: nova-scheduler on topic: scheduler {{(pid=93546) start /opt/stack/nova/nova/service.py:262}}
Aug 18 14:56:02.499816 np0000007667 nova-scheduler[93550]: DEBUG dbcounter [-] [93550] Writer thread running {{(pid=93550) stat_writer /opt/stack/data/venv/lib/python3.12/site-packages/dbcounter.py:102}}
Aug 18 14:56:02.503241 np0000007667 nova-scheduler[93550]: DEBUG nova.service [None req-aef6496a-2c22-4a4c-8d2a-b9a9d61a7912 None None] Creating RPC server for service: nova-scheduler on topic: scheduler {{(pid=93550) start /opt/stack/nova/nova/service.py:262}}
Aug 18 14:56:02.508739 np0000007667 nova-scheduler[93548]: DEBUG nova.service [None req-f5845ea3-e90e-474e-b692-7b218b3f43d7 None None] Creating RPC server for service: nova-scheduler on topic: scheduler {{(pid=93548) start /opt/stack/nova/nova/service.py:262}}
Aug 18 14:56:02.528848 np0000007667 nova-scheduler[93546]: DEBUG nova.service [None req-b7f79909-e516-42ba-a2d1-a16a0ba5962f None None] Join ServiceGroup membership for this service scheduler {{(pid=93546) start /opt/stack/nova/nova/service.py:288}}
Aug 18 14:56:02.529007 np0000007667 nova-scheduler[93550]: DEBUG nova.service [None req-aef6496a-2c22-4a4c-8d2a-b9a9d61a7912 None None] Join ServiceGroup membership for this service scheduler {{(pid=93550) start /opt/stack/nova/nova/service.py:288}}
Aug 18 14:56:02.529282 np0000007667 nova-scheduler[93546]: DEBUG nova.servicegroup.drivers.db [None req-b7f79909-e516-42ba-a2d1-a16a0ba5962f None None] DB_Driver: join new ServiceGroup member np0000007667 to the scheduler group, service = {{(pid=93546) join /opt/stack/nova/nova/servicegroup/drivers/db.py:44}}
Aug 18 14:56:02.529591 np0000007667 nova-scheduler[93550]: DEBUG nova.servicegroup.drivers.db [None req-aef6496a-2c22-4a4c-8d2a-b9a9d61a7912 None None] DB_Driver: join new ServiceGroup member np0000007667 to the scheduler group, service = {{(pid=93550) join /opt/stack/nova/nova/servicegroup/drivers/db.py:44}}
Aug 18 14:56:02.530259 np0000007667 nova-scheduler[93548]: DEBUG nova.service [None req-f5845ea3-e90e-474e-b692-7b218b3f43d7 None None] Join ServiceGroup membership for this service scheduler {{(pid=93548) start /opt/stack/nova/nova/service.py:288}}
Aug 18 14:56:02.530526 np0000007667 nova-scheduler[93548]: DEBUG nova.servicegroup.drivers.db [None req-f5845ea3-e90e-474e-b692-7b218b3f43d7 None None] DB_Driver: join new ServiceGroup member np0000007667 to the scheduler group, service = {{(pid=93548) join /opt/stack/nova/nova/servicegroup/drivers/db.py:44}}
Aug 18 14:56:07.544114 np0000007667 nova-scheduler[93546]: DEBUG oslo.service.backend._threading.loopingcall [-] Fixed interval looping call 'nova.servicegroup.drivers.db.DbDriver._report_state' sleeping for 119.99 seconds {{(pid=93546) _run_loop /opt/stack/data/venv/lib/python3.12/site-packages/oslo_service/backend/_threading/loopingcall.py:125}}
Aug 18 14:56:07.545297 np0000007667 nova-scheduler[93550]: DEBUG oslo.service.backend._threading.loopingcall [-] Fixed interval looping call 'nova.servicegroup.drivers.db.DbDriver._report_state' sleeping for 119.99 seconds {{(pid=93550) _run_loop /opt/stack/data/venv/lib/python3.12/site-packages/oslo_service/backend/_threading/loopingcall.py:125}}
Aug 18 14:56:07.546028 np0000007667 nova-scheduler[93548]: DEBUG oslo.service.backend._threading.loopingcall [-] Fixed interval looping call 'nova.servicegroup.drivers.db.DbDriver._report_state' sleeping for 119.99 seconds {{(pid=93548) _run_loop /opt/stack/data/venv/lib/python3.12/site-packages/oslo_service/backend/_threading/loopingcall.py:125}}
Aug 18 14:56:10.533379 np0000007667 nova-scheduler[93550]: DEBUG oslo.service.backend._threading.loopingcall [None req-5a5379a7-e826-4b47-9cdf-ce7762368caa None None] Dynamic interval looping call 'nova.service.Service.periodic_tasks' sleeping for 60.00 seconds {{(pid=93550) _run_loop /opt/stack/data/venv/lib/python3.12/site-packages/oslo_service/backend/_threading/loopingcall.py:125}}
Aug 18 14:56:11.056786 np0000007667 nova-scheduler[92345]: DEBUG dbcounter [-] [92345] Writing DB stats nova_api:SELECT=3 {{(pid=92345) stat_writer /opt/stack/data/venv/lib/python3.12/site-packages/dbcounter.py:115}}
Aug 18 14:56:11.198993 np0000007667 nova-scheduler[92345]: DEBUG dbcounter [-] [92345] Writing DB stats nova_cell0:SELECT=1 {{(pid=92345) stat_writer /opt/stack/data/venv/lib/python3.12/site-packages/dbcounter.py:115}}
Aug 18 14:56:11.208447 np0000007667 nova-scheduler[92345]: DEBUG dbcounter [-] [92345] Writing DB stats nova_cell1:SELECT=1 {{(pid=92345) stat_writer /opt/stack/data/venv/lib/python3.12/site-packages/dbcounter.py:115}}
Aug 18 14:56:17.540545 np0000007667 nova-scheduler[93546]: DEBUG dbcounter [-] [93546] Writing DB stats nova_cell0:SELECT=4,nova_cell0:INSERT=1,nova_cell0:UPDATE=1 {{(pid=93546) stat_writer /opt/stack/data/venv/lib/python3.12/site-packages/dbcounter.py:115}}
Aug 18 14:56:17.542779 np0000007667 nova-scheduler[93550]: DEBUG dbcounter [-] [93550] Writing DB stats nova_cell0:SELECT=3,nova_cell0:UPDATE=1 {{(pid=93550) stat_writer /opt/stack/data/venv/lib/python3.12/site-packages/dbcounter.py:115}}
Aug 18 14:56:17.544151 np0000007667 nova-scheduler[93548]: DEBUG dbcounter [-] [93548] Writing DB stats nova_cell0:SELECT=5,nova_cell0:INSERT=1,nova_cell0:UPDATE=1 {{(pid=93548) stat_writer /opt/stack/data/venv/lib/python3.12/site-packages/dbcounter.py:115}}
Aug 18 14:56:36.533662 np0000007667 nova-scheduler[93548]: DEBUG oslo.service.backend._threading.loopingcall [None req-3c7893df-d905-4575-8558-9198a552c209 None None] Dynamic interval looping call 'nova.service.Service.periodic_tasks' sleeping for 60.00 seconds {{(pid=93548) _run_loop /opt/stack/data/venv/lib/python3.12/site-packages/oslo_service/backend/_threading/loopingcall.py:125}}
Aug 18 14:56:41.531862 np0000007667 nova-scheduler[93546]: DEBUG oslo.service.backend._threading.loopingcall [None req-17344c10-8f44-4b38-a6d7-5628626769c6 None None] Dynamic interval looping call 'nova.service.Service.periodic_tasks' sleeping for 60.00 seconds {{(pid=93546) _run_loop /opt/stack/data/venv/lib/python3.12/site-packages/oslo_service/backend/_threading/loopingcall.py:125}}
Aug 18 14:57:10.533896 np0000007667 nova-scheduler[93550]: DEBUG oslo.service.backend._threading.loopingcall [None req-5a5379a7-e826-4b47-9cdf-ce7762368caa None None] Dynamic interval looping call 'nova.service.Service.periodic_tasks' sleeping for 60.00 seconds {{(pid=93550) _run_loop /opt/stack/data/venv/lib/python3.12/site-packages/oslo_service/backend/_threading/loopingcall.py:125}}
Aug 18 14:57:36.534376 np0000007667 nova-scheduler[93548]: DEBUG oslo.service.backend._threading.loopingcall [None req-3c7893df-d905-4575-8558-9198a552c209 None None] Dynamic interval looping call 'nova.service.Service.periodic_tasks' sleeping for 60.00 seconds {{(pid=93548) _run_loop /opt/stack/data/venv/lib/python3.12/site-packages/oslo_service/backend/_threading/loopingcall.py:125}}
Aug 18 14:57:41.532437 np0000007667 nova-scheduler[93546]: DEBUG oslo.service.backend._threading.loopingcall [None req-17344c10-8f44-4b38-a6d7-5628626769c6 None None] Dynamic interval looping call 'nova.service.Service.periodic_tasks' sleeping for 60.00 seconds {{(pid=93546) _run_loop /opt/stack/data/venv/lib/python3.12/site-packages/oslo_service/backend/_threading/loopingcall.py:125}}
Aug 18 14:58:07.541179 np0000007667 nova-scheduler[93546]: DEBUG oslo.service.backend._threading.loopingcall [-] Fixed interval looping call 'nova.servicegroup.drivers.db.DbDriver._report_state' sleeping for 119.99 seconds {{(pid=93546) _run_loop /opt/stack/data/venv/lib/python3.12/site-packages/oslo_service/backend/_threading/loopingcall.py:125}}
Aug 18 14:58:07.541684 np0000007667 nova-scheduler[93550]: DEBUG oslo.service.backend._threading.loopingcall [-] Fixed interval looping call 'nova.servicegroup.drivers.db.DbDriver._report_state' sleeping for 119.99 seconds {{(pid=93550) _run_loop /opt/stack/data/venv/lib/python3.12/site-packages/oslo_service/backend/_threading/loopingcall.py:125}}
Aug 18 14:58:07.542297 np0000007667 nova-scheduler[93548]: DEBUG oslo.service.backend._threading.loopingcall [-] Fixed interval looping call 'nova.servicegroup.drivers.db.DbDriver._report_state' sleeping for 119.99 seconds {{(pid=93548) _run_loop /opt/stack/data/venv/lib/python3.12/site-packages/oslo_service/backend/_threading/loopingcall.py:125}}
Aug 18 14:58:10.534438 np0000007667 nova-scheduler[93550]: DEBUG oslo.service.backend._threading.loopingcall [None req-5a5379a7-e826-4b47-9cdf-ce7762368caa None None] Dynamic interval looping call 'nova.service.Service.periodic_tasks' sleeping for 60.00 seconds {{(pid=93550) _run_loop /opt/stack/data/venv/lib/python3.12/site-packages/oslo_service/backend/_threading/loopingcall.py:125}}
Aug 18 14:58:17.537525 np0000007667 nova-scheduler[93546]: DEBUG dbcounter [-] [93546] Writing DB stats nova_cell0:SELECT=1,nova_cell0:UPDATE=1 {{(pid=93546) stat_writer /opt/stack/data/venv/lib/python3.12/site-packages/dbcounter.py:115}}
Aug 18 14:58:17.539345 np0000007667 nova-scheduler[93550]: DEBUG dbcounter [-] [93550] Writing DB stats nova_cell0:SELECT=1,nova_cell0:UPDATE=1 {{(pid=93550) stat_writer /opt/stack/data/venv/lib/python3.12/site-packages/dbcounter.py:115}}
Aug 18 14:58:17.539719 np0000007667 nova-scheduler[93548]: DEBUG dbcounter [-] [93548] Writing DB stats nova_cell0:SELECT=1,nova_cell0:UPDATE=1 {{(pid=93548) stat_writer /opt/stack/data/venv/lib/python3.12/site-packages/dbcounter.py:115}}
Aug 18 14:58:36.535527 np0000007667 nova-scheduler[93548]: DEBUG oslo.service.backend._threading.loopingcall [None req-3c7893df-d905-4575-8558-9198a552c209 None None] Dynamic interval looping call 'nova.service.Service.periodic_tasks' sleeping for 60.00 seconds {{(pid=93548) _run_loop /opt/stack/data/venv/lib/python3.12/site-packages/oslo_service/backend/_threading/loopingcall.py:125}}
Aug 18 14:58:41.533014 np0000007667 nova-scheduler[93546]: DEBUG oslo.service.backend._threading.loopingcall [None req-17344c10-8f44-4b38-a6d7-5628626769c6 None None] Dynamic interval looping call 'nova.service.Service.periodic_tasks' sleeping for 60.00 seconds {{(pid=93546) _run_loop /opt/stack/data/venv/lib/python3.12/site-packages/oslo_service/backend/_threading/loopingcall.py:125}}
Aug 18 14:58:50.073603 np0000007667 nova-scheduler[93546]: DEBUG nova.scheduler.manager [None req-8955b250-7586-4aa5-a333-0f52e724f67b tempest-ServerActionsTestOtherA-499155814 tempest-ServerActionsTestOtherA-499155814-project-member] Starting to schedule for instances: ['b325294e-6fb1-4fa9-961b-bf59d661fe1c'] {{(pid=93546) select_destinations /opt/stack/nova/nova/scheduler/manager.py:197}}
Aug 18 14:58:50.074278 np0000007667 nova-scheduler[93546]: DEBUG nova.scheduler.request_filter [None req-8955b250-7586-4aa5-a333-0f52e724f67b tempest-ServerActionsTestOtherA-499155814 tempest-ServerActionsTestOtherA-499155814-project-member] compute_status_filter request filter added forbidden trait COMPUTE_STATUS_DISABLED {{(pid=93546) compute_status_filter /opt/stack/nova/nova/scheduler/request_filter.py:253}}
Aug 18 14:58:50.075009 np0000007667 nova-scheduler[93546]: DEBUG nova.scheduler.request_filter [None req-8955b250-7586-4aa5-a333-0f52e724f67b tempest-ServerActionsTestOtherA-499155814 tempest-ServerActionsTestOtherA-499155814-project-member] Request filter 'compute_status_filter' took 0.0 seconds {{(pid=93546) wrapper /opt/stack/nova/nova/scheduler/request_filter.py:46}}
Aug 18 14:58:50.075388 np0000007667 nova-scheduler[93546]: DEBUG nova.scheduler.request_filter [None req-8955b250-7586-4aa5-a333-0f52e724f67b tempest-ServerActionsTestOtherA-499155814 tempest-ServerActionsTestOtherA-499155814-project-member] Request filter 'accelerators_filter' took 0.0 seconds {{(pid=93546) wrapper /opt/stack/nova/nova/scheduler/request_filter.py:46}}
Aug 18 14:58:50.075859 np0000007667 nova-scheduler[93546]: DEBUG nova.scheduler.request_filter [None req-8955b250-7586-4aa5-a333-0f52e724f67b tempest-ServerActionsTestOtherA-499155814 tempest-ServerActionsTestOtherA-499155814-project-member] Request filter 'packed_virtqueue_filter' took 0.0 seconds {{(pid=93546) wrapper /opt/stack/nova/nova/scheduler/request_filter.py:46}}
Aug 18 14:58:50.076234 np0000007667 nova-scheduler[93546]: DEBUG nova.scheduler.request_filter [None req-8955b250-7586-4aa5-a333-0f52e724f67b tempest-ServerActionsTestOtherA-499155814 tempest-ServerActionsTestOtherA-499155814-project-member] Request filter 'remote_managed_ports_filter' took 0.0 seconds {{(pid=93546) wrapper /opt/stack/nova/nova/scheduler/request_filter.py:46}}
Aug 18 14:58:50.076449 np0000007667 nova-scheduler[93546]: DEBUG nova.scheduler.request_filter [None req-8955b250-7586-4aa5-a333-0f52e724f67b tempest-ServerActionsTestOtherA-499155814 tempest-ServerActionsTestOtherA-499155814-project-member] ephemeral_encryption_filter skipped {{(pid=93546) ephemeral_encryption_filter /opt/stack/nova/nova/scheduler/request_filter.py:426}}
Aug 18 14:58:50.076656 np0000007667 nova-scheduler[93546]: DEBUG nova.scheduler.request_filter [None req-8955b250-7586-4aa5-a333-0f52e724f67b tempest-ServerActionsTestOtherA-499155814 tempest-ServerActionsTestOtherA-499155814-project-member] virtio_sound_filter skipped {{(pid=93546) virtio_sound_filter /opt/stack/nova/nova/scheduler/request_filter.py:460}}
Aug 18 14:58:50.077030 np0000007667 nova-scheduler[93546]: DEBUG nova.scheduler.request_filter [None req-8955b250-7586-4aa5-a333-0f52e724f67b tempest-ServerActionsTestOtherA-499155814 tempest-ServerActionsTestOtherA-499155814-project-member] tpm_secret_security_filter skipped {{(pid=93546) tpm_secret_security_filter /opt/stack/nova/nova/scheduler/request_filter.py:477}}
Aug 18 14:58:50.266305 np0000007667 nova-scheduler[93550]: DEBUG nova.scheduler.manager [None req-b7fe2e67-78af-455e-a77c-bf87dfcee75c tempest-AttachVolumeTestJSON-187955952 tempest-AttachVolumeTestJSON-187955952-project-member] Starting to schedule for instances: ['98df00b3-3167-4e3c-b58b-374210702d73'] {{(pid=93550) select_destinations /opt/stack/nova/nova/scheduler/manager.py:197}}
Aug 18 14:58:50.267941 np0000007667 nova-scheduler[93550]: DEBUG nova.scheduler.request_filter [None req-b7fe2e67-78af-455e-a77c-bf87dfcee75c tempest-AttachVolumeTestJSON-187955952 tempest-AttachVolumeTestJSON-187955952-project-member] compute_status_filter request filter added forbidden trait COMPUTE_STATUS_DISABLED {{(pid=93550) compute_status_filter /opt/stack/nova/nova/scheduler/request_filter.py:253}}
Aug 18 14:58:50.268643 np0000007667 nova-scheduler[93550]: DEBUG nova.scheduler.request_filter [None req-b7fe2e67-78af-455e-a77c-bf87dfcee75c tempest-AttachVolumeTestJSON-187955952 tempest-AttachVolumeTestJSON-187955952-project-member] Request filter 'compute_status_filter' took 0.0 seconds {{(pid=93550) wrapper /opt/stack/nova/nova/scheduler/request_filter.py:46}}
Aug 18 14:58:50.269378 np0000007667 nova-scheduler[93550]: DEBUG nova.scheduler.request_filter [None req-b7fe2e67-78af-455e-a77c-bf87dfcee75c tempest-AttachVolumeTestJSON-187955952 tempest-AttachVolumeTestJSON-187955952-project-member] Request filter 'accelerators_filter' took 0.0 seconds {{(pid=93550) wrapper /opt/stack/nova/nova/scheduler/request_filter.py:46}}
Aug 18 14:58:50.270541 np0000007667 nova-scheduler[93550]: DEBUG nova.scheduler.request_filter [None req-b7fe2e67-78af-455e-a77c-bf87dfcee75c tempest-AttachVolumeTestJSON-187955952 tempest-AttachVolumeTestJSON-187955952-project-member] Request filter 'packed_virtqueue_filter' took 0.0 seconds {{(pid=93550) wrapper /opt/stack/nova/nova/scheduler/request_filter.py:46}}
Aug 18 14:58:50.270541 np0000007667 nova-scheduler[93550]: DEBUG nova.scheduler.request_filter [None req-b7fe2e67-78af-455e-a77c-bf87dfcee75c tempest-AttachVolumeTestJSON-187955952 tempest-AttachVolumeTestJSON-187955952-project-member] Request filter 'remote_managed_ports_filter' took 0.0 seconds {{(pid=93550) wrapper /opt/stack/nova/nova/scheduler/request_filter.py:46}}
Aug 18 14:58:50.270541 np0000007667 nova-scheduler[93550]: DEBUG nova.scheduler.request_filter [None req-b7fe2e67-78af-455e-a77c-bf87dfcee75c tempest-AttachVolumeTestJSON-187955952 tempest-AttachVolumeTestJSON-187955952-project-member] ephemeral_encryption_filter skipped {{(pid=93550) ephemeral_encryption_filter /opt/stack/nova/nova/scheduler/request_filter.py:426}}
Aug 18 14:58:50.270844 np0000007667 nova-scheduler[93550]: DEBUG nova.scheduler.request_filter [None req-b7fe2e67-78af-455e-a77c-bf87dfcee75c tempest-AttachVolumeTestJSON-187955952 tempest-AttachVolumeTestJSON-187955952-project-member] virtio_sound_filter skipped {{(pid=93550) virtio_sound_filter /opt/stack/nova/nova/scheduler/request_filter.py:460}}
Aug 18 14:58:50.271127 np0000007667 nova-scheduler[93550]: DEBUG nova.scheduler.request_filter [None req-b7fe2e67-78af-455e-a77c-bf87dfcee75c tempest-AttachVolumeTestJSON-187955952 tempest-AttachVolumeTestJSON-187955952-project-member] tpm_secret_security_filter skipped {{(pid=93550) tpm_secret_security_filter /opt/stack/nova/nova/scheduler/request_filter.py:477}}
Aug 18 14:58:50.608592 np0000007667 nova-scheduler[93546]: INFO nova.utils [None req-8955b250-7586-4aa5-a333-0f52e724f67b tempest-ServerActionsTestOtherA-499155814 tempest-ServerActionsTestOtherA-499155814-project-member] The cell worker thread pool ForkProcess-1.cell_worker is initialized
Aug 18 14:58:50.609557 np0000007667 nova-scheduler[93546]: DEBUG oslo_concurrency.lockutils [None req-8955b250-7586-4aa5-a333-0f52e724f67b tempest-ServerActionsTestOtherA-499155814 tempest-ServerActionsTestOtherA-499155814-project-member] Acquiring lock "16b90109-ec86-4b0c-8faf-0f65a99c28fd" by "nova.context.set_target_cell..get_or_set_cached_cell_and_set_connections" {{(pid=93546) inner /opt/stack/data/venv/lib/python3.12/site-packages/oslo_concurrency/lockutils.py:512}}
Aug 18 14:58:50.609773 np0000007667 nova-scheduler[93546]: DEBUG oslo_concurrency.lockutils [None req-8955b250-7586-4aa5-a333-0f52e724f67b tempest-ServerActionsTestOtherA-499155814 tempest-ServerActionsTestOtherA-499155814-project-member] Lock "16b90109-ec86-4b0c-8faf-0f65a99c28fd" acquired by "nova.context.set_target_cell..get_or_set_cached_cell_and_set_connections" :: waited 0.000s {{(pid=93546) inner /opt/stack/data/venv/lib/python3.12/site-packages/oslo_concurrency/lockutils.py:525}}
Aug 18 14:58:50.611675 np0000007667 nova-scheduler[93546]: DEBUG oslo_concurrency.lockutils [None req-8955b250-7586-4aa5-a333-0f52e724f67b tempest-ServerActionsTestOtherA-499155814 tempest-ServerActionsTestOtherA-499155814-project-member] Lock "16b90109-ec86-4b0c-8faf-0f65a99c28fd" "released" by "nova.context.set_target_cell..get_or_set_cached_cell_and_set_connections" :: held 0.001s {{(pid=93546) inner /opt/stack/data/venv/lib/python3.12/site-packages/oslo_concurrency/lockutils.py:544}}
Aug 18 14:58:50.614243 np0000007667 nova-scheduler[93546]: INFO dbcounter [None req-8955b250-7586-4aa5-a333-0f52e724f67b tempest-ServerActionsTestOtherA-499155814 tempest-ServerActionsTestOtherA-499155814-project-member] Registered counter for database nova_cell1
Aug 18 14:58:50.651670 np0000007667 nova-scheduler[93550]: INFO nova.utils [None req-b7fe2e67-78af-455e-a77c-bf87dfcee75c tempest-AttachVolumeTestJSON-187955952 tempest-AttachVolumeTestJSON-187955952-project-member] The cell worker thread pool ForkProcess-3.cell_worker is initialized
Aug 18 14:58:50.651867 np0000007667 nova-scheduler[93550]: DEBUG oslo_concurrency.lockutils [None req-b7fe2e67-78af-455e-a77c-bf87dfcee75c tempest-AttachVolumeTestJSON-187955952 tempest-AttachVolumeTestJSON-187955952-project-member] Acquiring lock "16b90109-ec86-4b0c-8faf-0f65a99c28fd" by "nova.context.set_target_cell..get_or_set_cached_cell_and_set_connections" {{(pid=93550) inner /opt/stack/data/venv/lib/python3.12/site-packages/oslo_concurrency/lockutils.py:512}}
Aug 18 14:58:50.652292 np0000007667 nova-scheduler[93550]: DEBUG oslo_concurrency.lockutils [None req-b7fe2e67-78af-455e-a77c-bf87dfcee75c tempest-AttachVolumeTestJSON-187955952 tempest-AttachVolumeTestJSON-187955952-project-member] Lock "16b90109-ec86-4b0c-8faf-0f65a99c28fd" acquired by "nova.context.set_target_cell..get_or_set_cached_cell_and_set_connections" :: waited 0.000s {{(pid=93550) inner /opt/stack/data/venv/lib/python3.12/site-packages/oslo_concurrency/lockutils.py:525}}
Aug 18 14:58:50.653340 np0000007667 nova-scheduler[93550]: DEBUG oslo_concurrency.lockutils [None req-b7fe2e67-78af-455e-a77c-bf87dfcee75c tempest-AttachVolumeTestJSON-187955952 tempest-AttachVolumeTestJSON-187955952-project-member] Lock "16b90109-ec86-4b0c-8faf-0f65a99c28fd" "released" by "nova.context.set_target_cell..get_or_set_cached_cell_and_set_connections" :: held 0.001s {{(pid=93550) inner /opt/stack/data/venv/lib/python3.12/site-packages/oslo_concurrency/lockutils.py:544}}
Aug 18 14:58:50.656182 np0000007667 nova-scheduler[93550]: INFO dbcounter [None req-b7fe2e67-78af-455e-a77c-bf87dfcee75c tempest-AttachVolumeTestJSON-187955952 tempest-AttachVolumeTestJSON-187955952-project-member] Registered counter for database nova_cell1
Aug 18 14:58:50.666645 np0000007667 nova-scheduler[93546]: DEBUG oslo_db.sqlalchemy.engines [None req-8955b250-7586-4aa5-a333-0f52e724f67b tempest-ServerActionsTestOtherA-499155814 tempest-ServerActionsTestOtherA-499155814-project-member] MySQL server mode set to STRICT_TRANS_TABLES,STRICT_ALL_TABLES,NO_ZERO_IN_DATE,NO_ZERO_DATE,ERROR_FOR_DIVISION_BY_ZERO,TRADITIONAL,NO_ENGINE_SUBSTITUTION {{(pid=93546) _check_effective_sql_mode /opt/stack/data/venv/lib/python3.12/site-packages/oslo_db/sqlalchemy/engines.py:325}}
Aug 18 14:58:50.673807 np0000007667 nova-scheduler[93546]: DEBUG dbcounter [-] [93546] Writer thread running {{(pid=93546) stat_writer /opt/stack/data/venv/lib/python3.12/site-packages/dbcounter.py:102}}
Aug 18 14:58:50.694914 np0000007667 nova-scheduler[93546]: DEBUG oslo_db.sqlalchemy.engines [None req-8955b250-7586-4aa5-a333-0f52e724f67b tempest-ServerActionsTestOtherA-499155814 tempest-ServerActionsTestOtherA-499155814-project-member] Parent process 92345 forked (93546) with an open database connection, which is being discarded and recreated. {{(pid=93546) checkout /opt/stack/data/venv/lib/python3.12/site-packages/oslo_db/sqlalchemy/engines.py:402}}
Aug 18 14:58:50.714312 np0000007667 nova-scheduler[93550]: DEBUG oslo_db.sqlalchemy.engines [None req-b7fe2e67-78af-455e-a77c-bf87dfcee75c tempest-AttachVolumeTestJSON-187955952 tempest-AttachVolumeTestJSON-187955952-project-member] MySQL server mode set to STRICT_TRANS_TABLES,STRICT_ALL_TABLES,NO_ZERO_IN_DATE,NO_ZERO_DATE,ERROR_FOR_DIVISION_BY_ZERO,TRADITIONAL,NO_ENGINE_SUBSTITUTION {{(pid=93550) _check_effective_sql_mode /opt/stack/data/venv/lib/python3.12/site-packages/oslo_db/sqlalchemy/engines.py:325}}
Aug 18 14:58:50.721618 np0000007667 nova-scheduler[93550]: DEBUG dbcounter [-] [93550] Writer thread running {{(pid=93550) stat_writer /opt/stack/data/venv/lib/python3.12/site-packages/dbcounter.py:102}}
Aug 18 14:58:50.772082 np0000007667 nova-scheduler[93546]: DEBUG dbcounter [-] [93546] Writer thread running {{(pid=93546) stat_writer /opt/stack/data/venv/lib/python3.12/site-packages/dbcounter.py:102}}
Aug 18 14:58:50.776925 np0000007667 nova-scheduler[93546]: DEBUG oslo_concurrency.lockutils [None req-8955b250-7586-4aa5-a333-0f52e724f67b tempest-ServerActionsTestOtherA-499155814 tempest-ServerActionsTestOtherA-499155814-project-member] Acquiring lock "16b90109-ec86-4b0c-8faf-0f65a99c28fd" by "nova.context.set_target_cell..get_or_set_cached_cell_and_set_connections" {{(pid=93546) inner /opt/stack/data/venv/lib/python3.12/site-packages/oslo_concurrency/lockutils.py:512}}
Aug 18 14:58:50.776925 np0000007667 nova-scheduler[93546]: DEBUG oslo_concurrency.lockutils [None req-8955b250-7586-4aa5-a333-0f52e724f67b tempest-ServerActionsTestOtherA-499155814 tempest-ServerActionsTestOtherA-499155814-project-member] Lock "16b90109-ec86-4b0c-8faf-0f65a99c28fd" acquired by "nova.context.set_target_cell..get_or_set_cached_cell_and_set_connections" :: waited 0.000s {{(pid=93546) inner /opt/stack/data/venv/lib/python3.12/site-packages/oslo_concurrency/lockutils.py:525}}
Aug 18 14:58:50.776925 np0000007667 nova-scheduler[93546]: DEBUG oslo_concurrency.lockutils [None req-8955b250-7586-4aa5-a333-0f52e724f67b tempest-ServerActionsTestOtherA-499155814 tempest-ServerActionsTestOtherA-499155814-project-member] Lock "16b90109-ec86-4b0c-8faf-0f65a99c28fd" "released" by "nova.context.set_target_cell..get_or_set_cached_cell_and_set_connections" :: held 0.000s {{(pid=93546) inner /opt/stack/data/venv/lib/python3.12/site-packages/oslo_concurrency/lockutils.py:544}}
Aug 18 14:58:50.780984 np0000007667 nova-scheduler[93546]: DEBUG oslo_concurrency.lockutils [None req-8955b250-7586-4aa5-a333-0f52e724f67b tempest-ServerActionsTestOtherA-499155814 tempest-ServerActionsTestOtherA-499155814-project-member] Acquiring lock "np0000007667-np0000007667" by "nova.scheduler.host_manager.HostState.update.._locked_update" {{(pid=93546) inner /opt/stack/data/venv/lib/python3.12/site-packages/oslo_concurrency/lockutils.py:512}}
Aug 18 14:58:50.781348 np0000007667 nova-scheduler[93546]: DEBUG oslo_concurrency.lockutils [None req-8955b250-7586-4aa5-a333-0f52e724f67b tempest-ServerActionsTestOtherA-499155814 tempest-ServerActionsTestOtherA-499155814-project-member] Lock "np0000007667-np0000007667" acquired by "nova.scheduler.host_manager.HostState.update.._locked_update" :: waited 0.000s {{(pid=93546) inner /opt/stack/data/venv/lib/python3.12/site-packages/oslo_concurrency/lockutils.py:525}}
Aug 18 14:58:50.782594 np0000007667 nova-scheduler[93546]: DEBUG nova.scheduler.host_manager [None req-8955b250-7586-4aa5-a333-0f52e724f67b tempest-ServerActionsTestOtherA-499155814 tempest-ServerActionsTestOtherA-499155814-project-member] Update host state from compute node: ComputeNode(cpu_allocation_ratio=4.0,cpu_info='{"arch": "x86_64", "model": "EPYC-Milan", "vendor": "AMD", "topology": {"cells": 1, "sockets": 16, "cores": 1, "threads": 1}, "maxphysaddr": {"mode": "emulate", "bits": 40}, "features": ["sse4a", "pge", "pni", "bmi1", "syscall", "lahf_lm", "null-sel-clr-base", "movbe", "cmov", "apic", "amd-stibp", "svme-addr-chk", "tsc-deadline", "f16c", "cr8legacy", "xgetbv1", "osvw", "fpu", "sep", "skip-l1dfl-vmentry", "erms", "fxsr", "vmcb-clean", "pat", "vme", "lbrv", "vgif", "arat", "cx8", "pae", "pse36", "xsave", "xsaveerptr", "mmxext", "npt", "mmx", "tsc_adjust", "adx", "avx", "pdpe1gb", "rdrand", "avx2", "msr", "clwb", "ibrs", "arch-capabilities", "mce", "fxsr_opt", "invpcid", "lfence-always-serializing", "rdseed", "abm", "vaes", "xsaves", "pcid", "cmp_legacy", "xsavec", "ssse3", "pause-filter", "topoext", "sha-ni", "aes", "rdtscp", "tsc", "misalignsse", "3dnowprefetch", "no-nested-data-bp", "mca", "perfctr_core", "pfthreshold", "nx", "spec-ctrl", "fma", "amd-psfd", "sse4.1", "pse", "pschange-mc-no", "sse2", "bmi2", "smap", "flushbyasid", "svm", "tsc-scale", "x2apic", "amd-ssbd", "clflushopt", "cx16", "sse", "fsrm", "pku", "rdctl-no", "hypervisor", "smep", "clzero", "gds-no", "mds-no", "v-vmsave-vmload", "ibpb", "lm", "ssbd", "popcnt", "de", "fsgsbase", "xsaveopt", "nrip-save", "mtrr", "wbnoinvd", "vpclmulqdq", "stibp", "clflush", "stibp-always-on", "sse4.2", "pclmuldq", "umip", "rdpid", "virt-ssbd"]}',created_at=2026-08-18T14:56:26Z,current_workload=0,deleted=False,deleted_at=None,disk_allocation_ratio=1.0,disk_available_least=73,free_disk_gb=95,free_ram_mb=62765,host='np0000007667',host_ip=10.4.3.253,hypervisor_hostname='np0000007667',hypervisor_type='QEMU',hypervisor_version=8002002,id=1,local_gb=95,local_gb_used=0,mapped=1,memory_mb=63277,memory_mb_used=512,metrics='[]',numa_topology='{"nova_object.name": "NUMATopology", "nova_object.namespace": "nova", "nova_object.version": "1.2", "nova_object.data": {"cells": [{"nova_object.name": "NUMACell", "nova_object.namespace": "nova", "nova_object.version": "1.5", "nova_object.data": {"id": 0, "cpuset": [0, 1, 2, 3, 4, 5, 6, 7, 8, 9, 10, 11, 12, 13, 14, 15], "pcpuset": [0, 1, 2, 3, 4, 5, 6, 7, 8, 9, 10, 11, 12, 13, 14, 15], "memory": 63277, "cpu_usage": 0, "memory_usage": 0, "pinned_cpus": [], "siblings": [[6], [12], [2], [15], [5], [11], [8], [14], [4], [1], [7], [10], [0], [13], [3], [9]], "mempages": [{"nova_object.name": "NUMAPagesTopology", "nova_object.namespace": "nova", "nova_object.version": "1.1", "nova_object.data": {"size_kb": 4, "total": 16177928, "used": 0, "reserved": 0}, "nova_object.changes": ["total", "used", "reserved", "size_kb"]}, {"nova_object.name": "NUMAPagesTopology", "nova_object.namespace": "nova", "nova_object.version": "1.1", "nova_object.data": {"size_kb": 2048, "total": 41, "used": 0, "reserved": 0}, "nova_object.changes": ["total", "used", "reserved", "size_kb"]}, {"nova_object.name": "NUMAPagesTopology", "nova_object.namespace": "nova", "nova_object.version": "1.1", "nova_object.data": {"size_kb": 1048576, "total": 0, "used": 0, "reserved": 0}, "nova_object.changes": ["total", "used", "reserved", "size_kb"]}], "network_metadata": {"nova_object.name": "NetworkMetadata", "nova_object.namespace": "nova", "nova_object.version": "1.0", "nova_object.data": {"physnets": [], "tunneled": false}, "nova_object.changes": ["physnets", "tunneled"]}, "socket": null}, "nova_object.changes": ["pinned_cpus", "memory", "cpuset", "siblings", "pcpuset", "memory_usage", "mempages", "id", "network_metadata", "socket", "cpu_usage"]}]}, "nova_object.changes": ["cells"]}',pci_device_pools=PciDevicePoolList,ram_allocation_ratio=1.0,running_vms=0,service_id=3,stats={failed_builds='0',uptime=' 14:58:13 up 19 min, 2 users, load average: 1.16, 1.52, 0.89
Aug 18 14:58:50.782594 np0000007667 nova-scheduler[93546]: '},supported_hv_specs=[HVSpec,HVSpec,HVSpec,HVSpec,HVSpec,HVSpec,HVSpec,HVSpec,HVSpec,HVSpec,HVSpec,HVSpec,HVSpec,HVSpec,HVSpec,HVSpec,HVSpec,HVSpec,HVSpec,HVSpec,HVSpec,HVSpec,HVSpec,HVSpec,HVSpec],updated_at=2026-08-18T14:58:14Z,uuid=864bbdcf-1d12-4873-bd4c-d6f1a0679597,vcpus=16,vcpus_used=0) {{(pid=93546) _locked_update /opt/stack/nova/nova/scheduler/host_manager.py:168}}
Aug 18 14:58:50.783308 np0000007667 nova-scheduler[93546]: DEBUG nova.scheduler.host_manager [None req-8955b250-7586-4aa5-a333-0f52e724f67b tempest-ServerActionsTestOtherA-499155814 tempest-ServerActionsTestOtherA-499155814-project-member] Update host state with aggregates: [] {{(pid=93546) _locked_update /opt/stack/nova/nova/scheduler/host_manager.py:171}}
Aug 18 14:58:50.783383 np0000007667 nova-scheduler[93546]: DEBUG nova.scheduler.host_manager [None req-8955b250-7586-4aa5-a333-0f52e724f67b tempest-ServerActionsTestOtherA-499155814 tempest-ServerActionsTestOtherA-499155814-project-member] Update host state with service dict: {'id': 3, 'uuid': '8671e343-9a33-4b56-bb35-5ab7b050962d', 'host': 'np0000007667', 'binary': 'nova-compute', 'topic': 'compute', 'report_count': 2, 'disabled': False, 'disabled_reason': None, 'last_seen_up': datetime.datetime(2026, 8, 18, 14, 58, 32, tzinfo=datetime.timezone.utc), 'forced_down': False, 'version': 72, 'created_at': datetime.datetime(2026, 8, 18, 14, 56, 25, tzinfo=datetime.timezone.utc), 'updated_at': datetime.datetime(2026, 8, 18, 14, 58, 32, tzinfo=datetime.timezone.utc), 'deleted_at': None, 'deleted': False} {{(pid=93546) _locked_update /opt/stack/nova/nova/scheduler/host_manager.py:174}}
Aug 18 14:58:50.783553 np0000007667 nova-scheduler[93546]: DEBUG nova.scheduler.host_manager [None req-8955b250-7586-4aa5-a333-0f52e724f67b tempest-ServerActionsTestOtherA-499155814 tempest-ServerActionsTestOtherA-499155814-project-member] Update host state with instances: [] {{(pid=93546) _locked_update /opt/stack/nova/nova/scheduler/host_manager.py:177}}
Aug 18 14:58:50.783724 np0000007667 nova-scheduler[93546]: DEBUG oslo_concurrency.lockutils [None req-8955b250-7586-4aa5-a333-0f52e724f67b tempest-ServerActionsTestOtherA-499155814 tempest-ServerActionsTestOtherA-499155814-project-member] Lock "np0000007667-np0000007667" "released" by "nova.scheduler.host_manager.HostState.update.._locked_update" :: held 0.003s {{(pid=93546) inner /opt/stack/data/venv/lib/python3.12/site-packages/oslo_concurrency/lockutils.py:544}}
Aug 18 14:58:50.784225 np0000007667 nova-scheduler[93546]: DEBUG nova.filters [None req-8955b250-7586-4aa5-a333-0f52e724f67b tempest-ServerActionsTestOtherA-499155814 tempest-ServerActionsTestOtherA-499155814-project-member] Starting with 1 host(s) {{(pid=93546) get_filtered_objects /opt/stack/nova/nova/filters.py:70}}
Aug 18 14:58:50.784472 np0000007667 nova-scheduler[93546]: DEBUG nova.filters [None req-8955b250-7586-4aa5-a333-0f52e724f67b tempest-ServerActionsTestOtherA-499155814 tempest-ServerActionsTestOtherA-499155814-project-member] Filter ComputeFilter returned 1 host(s) {{(pid=93546) get_filtered_objects /opt/stack/nova/nova/filters.py:102}}
Aug 18 14:58:50.784719 np0000007667 nova-scheduler[93546]: DEBUG nova.filters [None req-8955b250-7586-4aa5-a333-0f52e724f67b tempest-ServerActionsTestOtherA-499155814 tempest-ServerActionsTestOtherA-499155814-project-member] Filter ComputeCapabilitiesFilter returned 1 host(s) {{(pid=93546) get_filtered_objects /opt/stack/nova/nova/filters.py:102}}
Aug 18 14:58:50.785011 np0000007667 nova-scheduler[93546]: DEBUG nova.filters [None req-8955b250-7586-4aa5-a333-0f52e724f67b tempest-ServerActionsTestOtherA-499155814 tempest-ServerActionsTestOtherA-499155814-project-member] Filter ImagePropertiesFilter returned 1 host(s) {{(pid=93546) get_filtered_objects /opt/stack/nova/nova/filters.py:102}}
Aug 18 14:58:50.785198 np0000007667 nova-scheduler[93546]: DEBUG nova.filters [None req-8955b250-7586-4aa5-a333-0f52e724f67b tempest-ServerActionsTestOtherA-499155814 tempest-ServerActionsTestOtherA-499155814-project-member] Filter ServerGroupAntiAffinityFilter returned 1 host(s) {{(pid=93546) get_filtered_objects /opt/stack/nova/nova/filters.py:102}}
Aug 18 14:58:50.785314 np0000007667 nova-scheduler[93546]: DEBUG nova.filters [None req-8955b250-7586-4aa5-a333-0f52e724f67b tempest-ServerActionsTestOtherA-499155814 tempest-ServerActionsTestOtherA-499155814-project-member] Filter ServerGroupAffinityFilter returned 1 host(s) {{(pid=93546) get_filtered_objects /opt/stack/nova/nova/filters.py:102}}
Aug 18 14:58:50.785436 np0000007667 nova-scheduler[93546]: DEBUG nova.filters [None req-8955b250-7586-4aa5-a333-0f52e724f67b tempest-ServerActionsTestOtherA-499155814 tempest-ServerActionsTestOtherA-499155814-project-member] Filter SameHostFilter returned 1 host(s) {{(pid=93546) get_filtered_objects /opt/stack/nova/nova/filters.py:102}}
Aug 18 14:58:50.785576 np0000007667 nova-scheduler[93546]: DEBUG nova.filters [None req-8955b250-7586-4aa5-a333-0f52e724f67b tempest-ServerActionsTestOtherA-499155814 tempest-ServerActionsTestOtherA-499155814-project-member] Filter DifferentHostFilter returned 1 host(s) {{(pid=93546) get_filtered_objects /opt/stack/nova/nova/filters.py:102}}
