Aug 13 18:59:55.911847 np0000007250 devstack@g-api.service[99797]: DEBUG swiftclient [None req-565e32e8-6933-4eba-9448-7d8158a86ba6 tempest-TestInstancesWithCinderVolumes-245641046 tempest-TestInstancesWithCinderVolumes-245641046-project-member] RESP HEADERS: {'Date': 'Thu, 13 Aug 2026 18:59:55 GMT', 'Server': 'Apache/2.4.58 (Ubuntu)', 'Content-Type': 'application/octet-stream', 'X-Object-Manifest': 'glance/994ab9fa-249f-4d89-b8f3-3121aef8a66d-', 'Last-Modified': 'Thu, 13 Aug 2026 18:59:54 GMT', 'X-Timestamp': '1786647593.44019', 'Accept-Ranges': 'bytes', 'Content-Length': '21692416', 'Etag': '"737c2a37dd3f91e374c48cad70137398"', 'X-Trans-Id': 'tx4052f1eb9485471a8e42c-006a7e142b', 'X-Openstack-Request-Id': 'tx4052f1eb9485471a8e42c-006a7e142b', 'Connection': 'close'} {{(pid=99797) http_log /opt/stack/data/venv/lib/python3.12/site-packages/swiftclient/client.py:162}}
Aug 13 18:59:55.920068 np0000007250 devstack@g-api.service[99797]: DEBUG glance.image_cache [None req-565e32e8-6933-4eba-9448-7d8158a86ba6 tempest-TestInstancesWithCinderVolumes-245641046 tempest-TestInstancesWithCinderVolumes-245641046-project-member] Tee'ing image '994ab9fa-249f-4d89-b8f3-3121aef8a66d' into cache {{(pid=99797) get_caching_iter /opt/stack/glance/glance/image_cache/__init__.py:356}}
Aug 13 18:59:55.970124 np0000007250 devstack@g-api.service[99798]: DEBUG glance.api.middleware.version_negotiation [None req-fc4492c6-36fe-4b1c-8656-8951dd2ddacf tempest-ServerBootFromVolumeStableRescueTest-2125704934 tempest-ServerBootFromVolumeStableRescueTest-2125704934-project-member] Determining version of request: GET /v2/images/d66315a0-68c2-4d51-b4f8-1bd74385eece Accept: */* {{(pid=99798) process_request /opt/stack/glance/glance/api/middleware/version_negotiation.py:44}}
Aug 13 18:59:55.970304 np0000007250 devstack@g-api.service[99798]: DEBUG glance.api.middleware.version_negotiation [None req-fc4492c6-36fe-4b1c-8656-8951dd2ddacf tempest-ServerBootFromVolumeStableRescueTest-2125704934 tempest-ServerBootFromVolumeStableRescueTest-2125704934-project-member] Using url versioning {{(pid=99798) process_request /opt/stack/glance/glance/api/middleware/version_negotiation.py:57}}
Aug 13 18:59:55.970489 np0000007250 devstack@g-api.service[99798]: DEBUG glance.api.middleware.version_negotiation [None req-fc4492c6-36fe-4b1c-8656-8951dd2ddacf tempest-ServerBootFromVolumeStableRescueTest-2125704934 tempest-ServerBootFromVolumeStableRescueTest-2125704934-project-member] Matched version: v2 {{(pid=99798) process_request /opt/stack/glance/glance/api/middleware/version_negotiation.py:69}}
Aug 13 18:59:55.970663 np0000007250 devstack@g-api.service[99798]: DEBUG glance.api.middleware.version_negotiation [None req-fc4492c6-36fe-4b1c-8656-8951dd2ddacf tempest-ServerBootFromVolumeStableRescueTest-2125704934 tempest-ServerBootFromVolumeStableRescueTest-2125704934-project-member] new path /v2/images/d66315a0-68c2-4d51-b4f8-1bd74385eece {{(pid=99798) process_request /opt/stack/glance/glance/api/middleware/version_negotiation.py:70}}
Aug 13 18:59:55.990100 np0000007250 devstack@g-api.service[99798]: [pid: 99798|app: 0|req: 98/278] 127.0.0.1 () {44 vars in 1107 bytes} [Thu Aug 13 18:59:55 2026] GET /v2/images/d66315a0-68c2-4d51-b4f8-1bd74385eece => generated 1470 bytes in 20 msecs (HTTP/1.1 200) 4 headers in 158 bytes (1 switches on core 0)
Aug 13 18:59:56.044648 np0000007250 devstack@g-api.service[99799]: DEBUG glance.api.middleware.version_negotiation [None req-fc4492c6-36fe-4b1c-8656-8951dd2ddacf tempest-ServerBootFromVolumeStableRescueTest-2125704934 tempest-ServerBootFromVolumeStableRescueTest-2125704934-project-member] Determining version of request: PUT /v2/images/d66315a0-68c2-4d51-b4f8-1bd74385eece/file Accept: */* {{(pid=99799) process_request /opt/stack/glance/glance/api/middleware/version_negotiation.py:44}}
Aug 13 18:59:56.044918 np0000007250 devstack@g-api.service[99799]: DEBUG glance.api.middleware.version_negotiation [None req-fc4492c6-36fe-4b1c-8656-8951dd2ddacf tempest-ServerBootFromVolumeStableRescueTest-2125704934 tempest-ServerBootFromVolumeStableRescueTest-2125704934-project-member] Using url versioning {{(pid=99799) process_request /opt/stack/glance/glance/api/middleware/version_negotiation.py:57}}
Aug 13 18:59:56.045148 np0000007250 devstack@g-api.service[99799]: DEBUG glance.api.middleware.version_negotiation [None req-fc4492c6-36fe-4b1c-8656-8951dd2ddacf tempest-ServerBootFromVolumeStableRescueTest-2125704934 tempest-ServerBootFromVolumeStableRescueTest-2125704934-project-member] Matched version: v2 {{(pid=99799) process_request /opt/stack/glance/glance/api/middleware/version_negotiation.py:69}}
Aug 13 18:59:56.045313 np0000007250 devstack@g-api.service[99799]: DEBUG glance.api.middleware.version_negotiation [None req-fc4492c6-36fe-4b1c-8656-8951dd2ddacf tempest-ServerBootFromVolumeStableRescueTest-2125704934 tempest-ServerBootFromVolumeStableRescueTest-2125704934-project-member] new path /v2/images/d66315a0-68c2-4d51-b4f8-1bd74385eece/file {{(pid=99799) process_request /opt/stack/glance/glance/api/middleware/version_negotiation.py:70}}
Aug 13 18:59:56.056856 np0000007250 devstack@g-api.service[99798]: DEBUG glance.api.middleware.version_negotiation [None req-fc4492c6-36fe-4b1c-8656-8951dd2ddacf tempest-ServerBootFromVolumeStableRescueTest-2125704934 tempest-ServerBootFromVolumeStableRescueTest-2125704934-project-member] Determining version of request: GET /v2/images/d66315a0-68c2-4d51-b4f8-1bd74385eece Accept: application/json {{(pid=99798) process_request /opt/stack/glance/glance/api/middleware/version_negotiation.py:44}}
Aug 13 18:59:56.057168 np0000007250 devstack@g-api.service[99798]: DEBUG glance.api.middleware.version_negotiation [None req-fc4492c6-36fe-4b1c-8656-8951dd2ddacf tempest-ServerBootFromVolumeStableRescueTest-2125704934 tempest-ServerBootFromVolumeStableRescueTest-2125704934-project-member] Using url versioning {{(pid=99798) process_request /opt/stack/glance/glance/api/middleware/version_negotiation.py:57}}
Aug 13 18:59:56.057393 np0000007250 devstack@g-api.service[99798]: DEBUG glance.api.middleware.version_negotiation [None req-fc4492c6-36fe-4b1c-8656-8951dd2ddacf tempest-ServerBootFromVolumeStableRescueTest-2125704934 tempest-ServerBootFromVolumeStableRescueTest-2125704934-project-member] Matched version: v2 {{(pid=99798) process_request /opt/stack/glance/glance/api/middleware/version_negotiation.py:69}}
Aug 13 18:59:56.057557 np0000007250 devstack@g-api.service[99798]: DEBUG glance.api.middleware.version_negotiation [None req-fc4492c6-36fe-4b1c-8656-8951dd2ddacf tempest-ServerBootFromVolumeStableRescueTest-2125704934 tempest-ServerBootFromVolumeStableRescueTest-2125704934-project-member] new path /v2/images/d66315a0-68c2-4d51-b4f8-1bd74385eece {{(pid=99798) process_request /opt/stack/glance/glance/api/middleware/version_negotiation.py:70}}
Aug 13 18:59:56.079661 np0000007250 devstack@g-api.service[99798]: [pid: 99798|app: 0|req: 99/279] 127.0.0.1 () {40 vars in 830 bytes} [Thu Aug 13 18:59:56 2026] GET /v2/images/d66315a0-68c2-4d51-b4f8-1bd74385eece => generated 1470 bytes in 26 msecs (HTTP/1.1 200) 4 headers in 158 bytes (1 switches on core 0)
Aug 13 18:59:56.174719 np0000007250 devstack@g-api.service[99797]: DEBUG glance.image_cache.drivers.centralized_db [None req-565e32e8-6933-4eba-9448-7d8158a86ba6 tempest-TestInstancesWithCinderVolumes-245641046 tempest-TestInstancesWithCinderVolumes-245641046-project-member] Fetch finished, moving '/opt/stack/data/glance/cache/incomplete/994ab9fa-249f-4d89-b8f3-3121aef8a66d' to '/opt/stack/data/glance/cache/994ab9fa-249f-4d89-b8f3-3121aef8a66d' {{(pid=99797) commit /opt/stack/glance/glance/image_cache/drivers/centralized_db.py:243}}
Aug 13 18:59:56.192572 np0000007250 devstack@g-api.service[99797]: DEBUG glance.image_cache.drivers.centralized_db [None req-565e32e8-6933-4eba-9448-7d8158a86ba6 tempest-TestInstancesWithCinderVolumes-245641046 tempest-TestInstancesWithCinderVolumes-245641046-project-member] Image cached successfully. {{(pid=99797) commit /opt/stack/glance/glance/image_cache/drivers/centralized_db.py:258}}
Aug 13 18:59:56.192572 np0000007250 devstack@g-api.service[99797]: [pid: 99797|app: 0|req: 88/280] 127.0.0.1 () {44 vars in 1117 bytes} [Thu Aug 13 18:59:55 2026] GET /v2/images/994ab9fa-249f-4d89-b8f3-3121aef8a66d/file => generated 21692416 bytes in 703 msecs (HTTP/1.1 200) 4 headers in 191 bytes (333 switches on core 0)
Aug 13 18:59:56.831386 np0000007250 devstack@g-api.service[99799]: INFO glance.api.v2.image_data [None req-fc4492c6-36fe-4b1c-8656-8951dd2ddacf tempest-ServerBootFromVolumeStableRescueTest-2125704934 tempest-ServerBootFromVolumeStableRescueTest-2125704934-project-member] Unable to create trust: no such option collect_timing in group [keystone_authtoken] Use the existing user token.
Aug 13 18:59:57.090226 np0000007250 devstack@g-api.service[99798]: DEBUG glance.api.middleware.version_negotiation [None req-e3f47e64-3466-4668-8ec9-cdc7a7e6de6e tempest-ServerBootFromVolumeStableRescueTest-2125704934 tempest-ServerBootFromVolumeStableRescueTest-2125704934-project-member] Determining version of request: GET /v2/images/d66315a0-68c2-4d51-b4f8-1bd74385eece Accept: application/json {{(pid=99798) process_request /opt/stack/glance/glance/api/middleware/version_negotiation.py:44}}
Aug 13 18:59:57.090897 np0000007250 devstack@g-api.service[99798]: DEBUG glance.api.middleware.version_negotiation [None req-e3f47e64-3466-4668-8ec9-cdc7a7e6de6e tempest-ServerBootFromVolumeStableRescueTest-2125704934 tempest-ServerBootFromVolumeStableRescueTest-2125704934-project-member] Using url versioning {{(pid=99798) process_request /opt/stack/glance/glance/api/middleware/version_negotiation.py:57}}
Aug 13 18:59:57.092322 np0000007250 devstack@g-api.service[99798]: DEBUG glance.api.middleware.version_negotiation [None req-e3f47e64-3466-4668-8ec9-cdc7a7e6de6e tempest-ServerBootFromVolumeStableRescueTest-2125704934 tempest-ServerBootFromVolumeStableRescueTest-2125704934-project-member] Matched version: v2 {{(pid=99798) process_request /opt/stack/glance/glance/api/middleware/version_negotiation.py:69}}
Aug 13 18:59:57.092322 np0000007250 devstack@g-api.service[99798]: DEBUG glance.api.middleware.version_negotiation [None req-e3f47e64-3466-4668-8ec9-cdc7a7e6de6e tempest-ServerBootFromVolumeStableRescueTest-2125704934 tempest-ServerBootFromVolumeStableRescueTest-2125704934-project-member] new path /v2/images/d66315a0-68c2-4d51-b4f8-1bd74385eece {{(pid=99798) process_request /opt/stack/glance/glance/api/middleware/version_negotiation.py:70}}
Aug 13 18:59:57.102278 np0000007250 devstack@g-api.service[99798]: [pid: 99798|app: 0|req: 100/281] 127.0.0.1 () {40 vars in 830 bytes} [Thu Aug 13 18:59:57 2026] GET /v2/images/d66315a0-68c2-4d51-b4f8-1bd74385eece => generated 1470 bytes in 12 msecs (HTTP/1.1 200) 4 headers in 158 bytes (1 switches on core 0)
Aug 13 18:59:57.374092 np0000007250 devstack@g-api.service[99797]: DEBUG glance.api.middleware.version_negotiation [None req-565e32e8-6933-4eba-9448-7d8158a86ba6 tempest-TestInstancesWithCinderVolumes-245641046 tempest-TestInstancesWithCinderVolumes-245641046-project-member] Determining version of request: GET /v2/images/994ab9fa-249f-4d89-b8f3-3121aef8a66d Accept: */* {{(pid=99797) process_request /opt/stack/glance/glance/api/middleware/version_negotiation.py:44}}
Aug 13 18:59:57.374508 np0000007250 devstack@g-api.service[99797]: DEBUG glance.api.middleware.version_negotiation [None req-565e32e8-6933-4eba-9448-7d8158a86ba6 tempest-TestInstancesWithCinderVolumes-245641046 tempest-TestInstancesWithCinderVolumes-245641046-project-member] Using url versioning {{(pid=99797) process_request /opt/stack/glance/glance/api/middleware/version_negotiation.py:57}}
Aug 13 18:59:57.374508 np0000007250 devstack@g-api.service[99797]: DEBUG glance.api.middleware.version_negotiation [None req-565e32e8-6933-4eba-9448-7d8158a86ba6 tempest-TestInstancesWithCinderVolumes-245641046 tempest-TestInstancesWithCinderVolumes-245641046-project-member] Matched version: v2 {{(pid=99797) process_request /opt/stack/glance/glance/api/middleware/version_negotiation.py:69}}
Aug 13 18:59:57.374508 np0000007250 devstack@g-api.service[99797]: DEBUG glance.api.middleware.version_negotiation [None req-565e32e8-6933-4eba-9448-7d8158a86ba6 tempest-TestInstancesWithCinderVolumes-245641046 tempest-TestInstancesWithCinderVolumes-245641046-project-member] new path /v2/images/994ab9fa-249f-4d89-b8f3-3121aef8a66d {{(pid=99797) process_request /opt/stack/glance/glance/api/middleware/version_negotiation.py:70}}
Aug 13 18:59:57.385493 np0000007250 devstack@g-api.service[99797]: [pid: 99797|app: 0|req: 89/282] 127.0.0.1 () {44 vars in 1107 bytes} [Thu Aug 13 18:59:57 2026] GET /v2/images/994ab9fa-249f-4d89-b8f3-3121aef8a66d => generated 810 bytes in 11 msecs (HTTP/1.1 200) 4 headers in 157 bytes (1 switches on core 0)
Aug 13 18:59:57.394289 np0000007250 devstack@g-api.service[99798]: DEBUG glance.api.middleware.version_negotiation [None req-025d94d4-8842-4358-94d2-dd87cfc66508 tempest-ServerBootFromVolumeStableRescueTest-2125704934 tempest-ServerBootFromVolumeStableRescueTest-2125704934-project-member] Determining version of request: GET /v2/schemas/image Accept: */* {{(pid=99798) process_request /opt/stack/glance/glance/api/middleware/version_negotiation.py:44}}
Aug 13 18:59:57.394289 np0000007250 devstack@g-api.service[99798]: DEBUG glance.api.middleware.version_negotiation [None req-025d94d4-8842-4358-94d2-dd87cfc66508 tempest-ServerBootFromVolumeStableRescueTest-2125704934 tempest-ServerBootFromVolumeStableRescueTest-2125704934-project-member] Using url versioning {{(pid=99798) process_request /opt/stack/glance/glance/api/middleware/version_negotiation.py:57}}
Aug 13 18:59:57.394289 np0000007250 devstack@g-api.service[99798]: DEBUG glance.api.middleware.version_negotiation [None req-025d94d4-8842-4358-94d2-dd87cfc66508 tempest-ServerBootFromVolumeStableRescueTest-2125704934 tempest-ServerBootFromVolumeStableRescueTest-2125704934-project-member] Matched version: v2 {{(pid=99798) process_request /opt/stack/glance/glance/api/middleware/version_negotiation.py:69}}
Aug 13 18:59:57.394289 np0000007250 devstack@g-api.service[99798]: DEBUG glance.api.middleware.version_negotiation [None req-025d94d4-8842-4358-94d2-dd87cfc66508 tempest-ServerBootFromVolumeStableRescueTest-2125704934 tempest-ServerBootFromVolumeStableRescueTest-2125704934-project-member] new path /v2/schemas/image {{(pid=99798) process_request /opt/stack/glance/glance/api/middleware/version_negotiation.py:70}}
Aug 13 18:59:57.396695 np0000007250 devstack@g-api.service[99798]: [pid: 99798|app: 0|req: 101/283] 127.0.0.1 () {44 vars in 1047 bytes} [Thu Aug 13 18:59:57 2026] GET /v2/schemas/image => generated 6083 bytes in 4 msecs (HTTP/1.1 200) 4 headers in 158 bytes (1 switches on core 0)
Aug 13 18:59:57.574534 np0000007250 devstack@g-api.service[99799]: DEBUG glance.location [None req-fc4492c6-36fe-4b1c-8656-8951dd2ddacf tempest-ServerBootFromVolumeStableRescueTest-2125704934 tempest-ServerBootFromVolumeStableRescueTest-2125704934-project-member] Enabling in-flight format inspection for qcow2 {{(pid=99799) set_data /opt/stack/glance/glance/location.py:596}}
Aug 13 18:59:57.574859 np0000007250 devstack@g-api.service[99799]: DEBUG glance_store.backend [None req-fc4492c6-36fe-4b1c-8656-8951dd2ddacf tempest-ServerBootFromVolumeStableRescueTest-2125704934 tempest-ServerBootFromVolumeStableRescueTest-2125704934-project-member] Attempting to import store swift {{(pid=99799) _load_store /opt/stack/data/venv/lib/python3.12/site-packages/glance_store/backend.py:215}}
Aug 13 18:59:57.576800 np0000007250 devstack@g-api.service[99799]: DEBUG glance_store.capabilities [None req-fc4492c6-36fe-4b1c-8656-8951dd2ddacf tempest-ServerBootFromVolumeStableRescueTest-2125704934 tempest-ServerBootFromVolumeStableRescueTest-2125704934-project-member] Store glance_store._drivers.swift.store.SingleTenantStore doesn't support updating dynamic storage capabilities. Please overwrite 'update_capabilities' method of the store to implement updating logics if needed. {{(pid=99799) update_capabilities /opt/stack/data/venv/lib/python3.12/site-packages/glance_store/capabilities.py:91}}
Aug 13 18:59:57.576952 np0000007250 devstack@g-api.service[99799]: DEBUG glance_store.driver [None req-fc4492c6-36fe-4b1c-8656-8951dd2ddacf tempest-ServerBootFromVolumeStableRescueTest-2125704934 tempest-ServerBootFromVolumeStableRescueTest-2125704934-project-member] Late loading location class glance_store._drivers.swift.store.StoreLocation {{(pid=99799) get_store_location_class /opt/stack/data/venv/lib/python3.12/site-packages/glance_store/driver.py:134}}
Aug 13 18:59:57.577176 np0000007250 devstack@g-api.service[99799]: DEBUG glance_store.location [None req-fc4492c6-36fe-4b1c-8656-8951dd2ddacf tempest-ServerBootFromVolumeStableRescueTest-2125704934 tempest-ServerBootFromVolumeStableRescueTest-2125704934-project-member] Registering scheme swift+https with {'store': , 'location_class': , 'store_entry': 'swift'} {{(pid=99799) register_scheme_map /opt/stack/data/venv/lib/python3.12/site-packages/glance_store/location.py:146}}
Aug 13 18:59:57.577657 np0000007250 devstack@g-api.service[99799]: DEBUG glance_store.location [None req-fc4492c6-36fe-4b1c-8656-8951dd2ddacf tempest-ServerBootFromVolumeStableRescueTest-2125704934 tempest-ServerBootFromVolumeStableRescueTest-2125704934-project-member] Registering scheme swift+https with {'store': , 'location_class': , 'store_entry': 'swift'} {{(pid=99799) register_scheme_map /opt/stack/data/venv/lib/python3.12/site-packages/glance_store/location.py:146}}
Aug 13 18:59:57.577657 np0000007250 devstack@g-api.service[99799]: DEBUG glance_store.location [None req-fc4492c6-36fe-4b1c-8656-8951dd2ddacf tempest-ServerBootFromVolumeStableRescueTest-2125704934 tempest-ServerBootFromVolumeStableRescueTest-2125704934-project-member] Registering scheme swift with {'store': , 'location_class': , 'store_entry': 'swift'} {{(pid=99799) register_scheme_map /opt/stack/data/venv/lib/python3.12/site-packages/glance_store/location.py:146}}
Aug 13 18:59:57.577657 np0000007250 devstack@g-api.service[99799]: DEBUG glance_store.location [None req-fc4492c6-36fe-4b1c-8656-8951dd2ddacf tempest-ServerBootFromVolumeStableRescueTest-2125704934 tempest-ServerBootFromVolumeStableRescueTest-2125704934-project-member] Registering scheme swift+https with {'store': , 'location_class': , 'store_entry': 'swift'} {{(pid=99799) register_scheme_map /opt/stack/data/venv/lib/python3.12/site-packages/glance_store/location.py:146}}
Aug 13 18:59:57.577833 np0000007250 devstack@g-api.service[99799]: DEBUG glance_store.location [None req-fc4492c6-36fe-4b1c-8656-8951dd2ddacf tempest-ServerBootFromVolumeStableRescueTest-2125704934 tempest-ServerBootFromVolumeStableRescueTest-2125704934-project-member] Registering scheme swift with {'store': , 'location_class': , 'store_entry': 'swift'} {{(pid=99799) register_scheme_map /opt/stack/data/venv/lib/python3.12/site-packages/glance_store/location.py:146}}
Aug 13 18:59:57.578054 np0000007250 devstack@g-api.service[99799]: DEBUG glance_store.location [None req-fc4492c6-36fe-4b1c-8656-8951dd2ddacf tempest-ServerBootFromVolumeStableRescueTest-2125704934 tempest-ServerBootFromVolumeStableRescueTest-2125704934-project-member] Registering scheme swift+http with {'store': , 'location_class': , 'store_entry': 'swift'} {{(pid=99799) register_scheme_map /opt/stack/data/venv/lib/python3.12/site-packages/glance_store/location.py:146}}
Aug 13 18:59:57.578228 np0000007250 devstack@g-api.service[99799]: DEBUG glance_store.location [None req-fc4492c6-36fe-4b1c-8656-8951dd2ddacf tempest-ServerBootFromVolumeStableRescueTest-2125704934 tempest-ServerBootFromVolumeStableRescueTest-2125704934-project-member] Registering scheme swift+https with {'store': , 'location_class': , 'store_entry': 'swift'} {{(pid=99799) register_scheme_map /opt/stack/data/venv/lib/python3.12/site-packages/glance_store/location.py:146}}
Aug 13 18:59:57.578401 np0000007250 devstack@g-api.service[99799]: DEBUG glance_store.location [None req-fc4492c6-36fe-4b1c-8656-8951dd2ddacf tempest-ServerBootFromVolumeStableRescueTest-2125704934 tempest-ServerBootFromVolumeStableRescueTest-2125704934-project-member] Registering scheme swift with {'store': , 'location_class': , 'store_entry': 'swift'} {{(pid=99799) register_scheme_map /opt/stack/data/venv/lib/python3.12/site-packages/glance_store/location.py:146}}
Aug 13 18:59:57.578580 np0000007250 devstack@g-api.service[99799]: DEBUG glance_store.location [None req-fc4492c6-36fe-4b1c-8656-8951dd2ddacf tempest-ServerBootFromVolumeStableRescueTest-2125704934 tempest-ServerBootFromVolumeStableRescueTest-2125704934-project-member] Registering scheme swift+http with {'store': , 'location_class': , 'store_entry': 'swift'} {{(pid=99799) register_scheme_map /opt/stack/data/venv/lib/python3.12/site-packages/glance_store/location.py:146}}
Aug 13 18:59:57.578752 np0000007250 devstack@g-api.service[99799]: DEBUG glance_store.location [None req-fc4492c6-36fe-4b1c-8656-8951dd2ddacf tempest-ServerBootFromVolumeStableRescueTest-2125704934 tempest-ServerBootFromVolumeStableRescueTest-2125704934-project-member] Registering scheme swift+config with {'store': , 'location_class': , 'store_entry': 'swift'} {{(pid=99799) register_scheme_map /opt/stack/data/venv/lib/python3.12/site-packages/glance_store/location.py:146}}
Aug 13 18:59:57.633624 np0000007250 devstack@g-api.service[99797]: DEBUG glance.api.middleware.version_negotiation [None req-565e32e8-6933-4eba-9448-7d8158a86ba6 tempest-TestInstancesWithCinderVolumes-245641046 tempest-TestInstancesWithCinderVolumes-245641046-project-member] Determining version of request: GET /v2/images/994ab9fa-249f-4d89-b8f3-3121aef8a66d Accept: */* {{(pid=99797) process_request /opt/stack/glance/glance/api/middleware/version_negotiation.py:44}}
Aug 13 18:59:57.633953 np0000007250 devstack@g-api.service[99797]: DEBUG glance.api.middleware.version_negotiation [None req-565e32e8-6933-4eba-9448-7d8158a86ba6 tempest-TestInstancesWithCinderVolumes-245641046 tempest-TestInstancesWithCinderVolumes-245641046-project-member] Using url versioning {{(pid=99797) process_request /opt/stack/glance/glance/api/middleware/version_negotiation.py:57}}
Aug 13 18:59:57.634156 np0000007250 devstack@g-api.service[99797]: DEBUG glance.api.middleware.version_negotiation [None req-565e32e8-6933-4eba-9448-7d8158a86ba6 tempest-TestInstancesWithCinderVolumes-245641046 tempest-TestInstancesWithCinderVolumes-245641046-project-member] Matched version: v2 {{(pid=99797) process_request /opt/stack/glance/glance/api/middleware/version_negotiation.py:69}}
Aug 13 18:59:57.634323 np0000007250 devstack@g-api.service[99797]: DEBUG glance.api.middleware.version_negotiation [None req-565e32e8-6933-4eba-9448-7d8158a86ba6 tempest-TestInstancesWithCinderVolumes-245641046 tempest-TestInstancesWithCinderVolumes-245641046-project-member] new path /v2/images/994ab9fa-249f-4d89-b8f3-3121aef8a66d {{(pid=99797) process_request /opt/stack/glance/glance/api/middleware/version_negotiation.py:70}}
Aug 13 18:59:57.646132 np0000007250 devstack@g-api.service[99797]: [pid: 99797|app: 0|req: 90/284] 127.0.0.1 () {44 vars in 1107 bytes} [Thu Aug 13 18:59:57 2026] GET /v2/images/994ab9fa-249f-4d89-b8f3-3121aef8a66d => generated 810 bytes in 13 msecs (HTTP/1.1 200) 4 headers in 157 bytes (1 switches on core 0)
Aug 13 18:59:57.655815 np0000007250 devstack@g-api.service[99798]: DEBUG glance.api.middleware.version_negotiation [None req-565e32e8-6933-4eba-9448-7d8158a86ba6 tempest-TestInstancesWithCinderVolumes-245641046 tempest-TestInstancesWithCinderVolumes-245641046-project-member] Determining version of request: GET /v2/schemas/image Accept: */* {{(pid=99798) process_request /opt/stack/glance/glance/api/middleware/version_negotiation.py:44}}
Aug 13 18:59:57.656103 np0000007250 devstack@g-api.service[99798]: DEBUG glance.api.middleware.version_negotiation [None req-565e32e8-6933-4eba-9448-7d8158a86ba6 tempest-TestInstancesWithCinderVolumes-245641046 tempest-TestInstancesWithCinderVolumes-245641046-project-member] Using url versioning {{(pid=99798) process_request /opt/stack/glance/glance/api/middleware/version_negotiation.py:57}}
Aug 13 18:59:57.656317 np0000007250 devstack@g-api.service[99798]: DEBUG glance.api.middleware.version_negotiation [None req-565e32e8-6933-4eba-9448-7d8158a86ba6 tempest-TestInstancesWithCinderVolumes-245641046 tempest-TestInstancesWithCinderVolumes-245641046-project-member] Matched version: v2 {{(pid=99798) process_request /opt/stack/glance/glance/api/middleware/version_negotiation.py:69}}
Aug 13 18:59:57.656480 np0000007250 devstack@g-api.service[99798]: DEBUG glance.api.middleware.version_negotiation [None req-565e32e8-6933-4eba-9448-7d8158a86ba6 tempest-TestInstancesWithCinderVolumes-245641046 tempest-TestInstancesWithCinderVolumes-245641046-project-member] new path /v2/schemas/image {{(pid=99798) process_request /opt/stack/glance/glance/api/middleware/version_negotiation.py:70}}
Aug 13 18:59:57.660822 np0000007250 devstack@g-api.service[99798]: [pid: 99798|app: 0|req: 102/285] 127.0.0.1 () {44 vars in 1047 bytes} [Thu Aug 13 18:59:57 2026] GET /v2/schemas/image => generated 6083 bytes in 5 msecs (HTTP/1.1 200) 4 headers in 158 bytes (1 switches on core 0)
Aug 13 18:59:58.067793 np0000007250 devstack@g-api.service[99797]: DEBUG glance.api.middleware.version_negotiation [None req-565e32e8-6933-4eba-9448-7d8158a86ba6 tempest-TestInstancesWithCinderVolumes-245641046 tempest-TestInstancesWithCinderVolumes-245641046-project-member] Determining version of request: GET /v2/images/994ab9fa-249f-4d89-b8f3-3121aef8a66d Accept: */* {{(pid=99797) process_request /opt/stack/glance/glance/api/middleware/version_negotiation.py:44}}
Aug 13 18:59:58.067985 np0000007250 devstack@g-api.service[99797]: DEBUG glance.api.middleware.version_negotiation [None req-565e32e8-6933-4eba-9448-7d8158a86ba6 tempest-TestInstancesWithCinderVolumes-245641046 tempest-TestInstancesWithCinderVolumes-245641046-project-member] Using url versioning {{(pid=99797) process_request /opt/stack/glance/glance/api/middleware/version_negotiation.py:57}}
Aug 13 18:59:58.068103 np0000007250 devstack@g-api.service[99797]: DEBUG glance.api.middleware.version_negotiation [None req-565e32e8-6933-4eba-9448-7d8158a86ba6 tempest-TestInstancesWithCinderVolumes-245641046 tempest-TestInstancesWithCinderVolumes-245641046-project-member] Matched version: v2 {{(pid=99797) process_request /opt/stack/glance/glance/api/middleware/version_negotiation.py:69}}
Aug 13 18:59:58.068189 np0000007250 devstack@g-api.service[99797]: DEBUG glance.api.middleware.version_negotiation [None req-565e32e8-6933-4eba-9448-7d8158a86ba6 tempest-TestInstancesWithCinderVolumes-245641046 tempest-TestInstancesWithCinderVolumes-245641046-project-member] new path /v2/images/994ab9fa-249f-4d89-b8f3-3121aef8a66d {{(pid=99797) process_request /opt/stack/glance/glance/api/middleware/version_negotiation.py:70}}
Aug 13 18:59:58.083722 np0000007250 devstack@g-api.service[99797]: [pid: 99797|app: 0|req: 91/286] 127.0.0.1 () {44 vars in 1107 bytes} [Thu Aug 13 18:59:58 2026] GET /v2/images/994ab9fa-249f-4d89-b8f3-3121aef8a66d => generated 810 bytes in 16 msecs (HTTP/1.1 200) 4 headers in 157 bytes (1 switches on core 0)
Aug 13 18:59:58.084971 np0000007250 devstack@g-api.service[99799]: DEBUG swiftclient [None req-fc4492c6-36fe-4b1c-8656-8951dd2ddacf tempest-ServerBootFromVolumeStableRescueTest-2125704934 tempest-ServerBootFromVolumeStableRescueTest-2125704934-project-member] REQ: curl -i https://10.4.3.6:8080/v1/AUTH_7a6e29039f99468983cc48947c314a24/glance -I -H "X-Auth-Token: gAAAAABqfhQtucNn..." {{(pid=99799) http_log /opt/stack/data/venv/lib/python3.12/site-packages/swiftclient/client.py:160}}
Aug 13 18:59:58.085610 np0000007250 devstack@g-api.service[99799]: DEBUG swiftclient [None req-fc4492c6-36fe-4b1c-8656-8951dd2ddacf tempest-ServerBootFromVolumeStableRescueTest-2125704934 tempest-ServerBootFromVolumeStableRescueTest-2125704934-project-member] RESP STATUS: 204 No Content {{(pid=99799) http_log /opt/stack/data/venv/lib/python3.12/site-packages/swiftclient/client.py:161}}
Aug 13 18:59:58.085610 np0000007250 devstack@g-api.service[99799]: DEBUG swiftclient [None req-fc4492c6-36fe-4b1c-8656-8951dd2ddacf tempest-ServerBootFromVolumeStableRescueTest-2125704934 tempest-ServerBootFromVolumeStableRescueTest-2125704934-project-member] RESP HEADERS: {'Date': 'Thu, 13 Aug 2026 18:59:58 GMT', 'Server': 'Apache/2.4.58 (Ubuntu)', 'Content-Type': 'text/plain; charset=utf-8', 'X-Container-Object-Count': '7', 'X-Container-Bytes-Used': '109576192', 'X-Timestamp': '1786647349.09901', 'Last-Modified': 'Thu, 13 Aug 2026 18:55:50 GMT', 'Accept-Ranges': 'bytes', 'X-Storage-Policy': 'Policy-0', 'X-Container-Sharding': 'False', 'Vary': 'Accept', 'X-Trans-Id': 'tx6c779c64c5c54ebeafda3-006a7e142d', 'X-Openstack-Request-Id': 'tx6c779c64c5c54ebeafda3-006a7e142d', 'Connection': 'close'} {{(pid=99799) http_log /opt/stack/data/venv/lib/python3.12/site-packages/swiftclient/client.py:162}}
Aug 13 18:59:58.085610 np0000007250 devstack@g-api.service[99799]: DEBUG glance_store._drivers.swift.store [None req-fc4492c6-36fe-4b1c-8656-8951dd2ddacf tempest-ServerBootFromVolumeStableRescueTest-2125704934 tempest-ServerBootFromVolumeStableRescueTest-2125704934-project-member] Adding image object 'd66315a0-68c2-4d51-b4f8-1bd74385eece' to Swift {{(pid=99799) add /opt/stack/data/venv/lib/python3.12/site-packages/glance_store/_drivers/swift/store.py:970}}
Aug 13 18:59:58.085610 np0000007250 devstack@g-api.service[99799]: DEBUG glance_store._drivers.swift.store [None req-fc4492c6-36fe-4b1c-8656-8951dd2ddacf tempest-ServerBootFromVolumeStableRescueTest-2125704934 tempest-ServerBootFromVolumeStableRescueTest-2125704934-project-member] Cannot determine image size because it is either not provided in the request or chunked-transfer encoding is used. Adding image as a segmented object to Swift. {{(pid=99799) add /opt/stack/data/venv/lib/python3.12/site-packages/glance_store/_drivers/swift/store.py:994}}
Aug 13 18:59:58.091966 np0000007250 devstack@g-api.service[99798]: DEBUG glance.api.middleware.version_negotiation [None req-565e32e8-6933-4eba-9448-7d8158a86ba6 tempest-TestInstancesWithCinderVolumes-245641046 tempest-TestInstancesWithCinderVolumes-245641046-project-member] Determining version of request: GET /v2/schemas/image Accept: */* {{(pid=99798) process_request /opt/stack/glance/glance/api/middleware/version_negotiation.py:44}}
Aug 13 18:59:58.092388 np0000007250 devstack@g-api.service[99798]: DEBUG glance.api.middleware.version_negotiation [None req-565e32e8-6933-4eba-9448-7d8158a86ba6 tempest-TestInstancesWithCinderVolumes-245641046 tempest-TestInstancesWithCinderVolumes-245641046-project-member] Using url versioning {{(pid=99798) process_request /opt/stack/glance/glance/api/middleware/version_negotiation.py:57}}
Aug 13 18:59:58.092388 np0000007250 devstack@g-api.service[99798]: DEBUG glance.api.middleware.version_negotiation [None req-565e32e8-6933-4eba-9448-7d8158a86ba6 tempest-TestInstancesWithCinderVolumes-245641046 tempest-TestInstancesWithCinderVolumes-245641046-project-member] Matched version: v2 {{(pid=99798) process_request /opt/stack/glance/glance/api/middleware/version_negotiation.py:69}}
Aug 13 18:59:58.092388 np0000007250 devstack@g-api.service[99798]: DEBUG glance.api.middleware.version_negotiation [None req-565e32e8-6933-4eba-9448-7d8158a86ba6 tempest-TestInstancesWithCinderVolumes-245641046 tempest-TestInstancesWithCinderVolumes-245641046-project-member] new path /v2/schemas/image {{(pid=99798) process_request /opt/stack/glance/glance/api/middleware/version_negotiation.py:70}}
Aug 13 18:59:58.093800 np0000007250 devstack@g-api.service[99799]: DEBUG oslo_utils.imageutils.format_inspector [None req-fc4492c6-36fe-4b1c-8656-8951dd2ddacf tempest-ServerBootFromVolumeStableRescueTest-2125704934 tempest-ServerBootFromVolumeStableRescueTest-2125704934-project-member] Format inspector for vmdk does not match, excluding from consideration (Signature KDMV not found: b'QFI\xfb') {{(pid=99799) _process_chunk /opt/stack/data/venv/lib/python3.12/site-packages/oslo_utils/imageutils/format_inspector.py:1758}}
Aug 13 18:59:58.095400 np0000007250 devstack@g-api.service[99798]: [pid: 99798|app: 0|req: 103/287] 127.0.0.1 () {44 vars in 1047 bytes} [Thu Aug 13 18:59:58 2026] GET /v2/schemas/image => generated 6083 bytes in 3 msecs (HTTP/1.1 200) 4 headers in 158 bytes (1 switches on core 0)
Aug 13 18:59:58.095920 np0000007250 devstack@g-api.service[99799]: DEBUG oslo_utils.imageutils.format_inspector [None req-fc4492c6-36fe-4b1c-8656-8951dd2ddacf tempest-ServerBootFromVolumeStableRescueTest-2125704934 tempest-ServerBootFromVolumeStableRescueTest-2125704934-project-member] Format inspector for vhdx does not match, excluding from consideration (Region signature not found at 30000) {{(pid=99799) _process_chunk /opt/stack/data/venv/lib/python3.12/site-packages/oslo_utils/imageutils/format_inspector.py:1758}}
Aug 13 18:59:58.113578 np0000007250 devstack@g-api.service[99797]: DEBUG glance.api.middleware.version_negotiation [None req-565e32e8-6933-4eba-9448-7d8158a86ba6 tempest-TestInstancesWithCinderVolumes-245641046 tempest-TestInstancesWithCinderVolumes-245641046-project-member] Determining version of request: GET /v2/images/d66315a0-68c2-4d51-b4f8-1bd74385eece Accept: application/json {{(pid=99797) process_request /opt/stack/glance/glance/api/middleware/version_negotiation.py:44}}
Aug 13 18:59:58.113730 np0000007250 devstack@g-api.service[99797]: DEBUG glance.api.middleware.version_negotiation [None req-565e32e8-6933-4eba-9448-7d8158a86ba6 tempest-TestInstancesWithCinderVolumes-245641046 tempest-TestInstancesWithCinderVolumes-245641046-project-member] Using url versioning {{(pid=99797) process_request /opt/stack/glance/glance/api/middleware/version_negotiation.py:57}}
Aug 13 18:59:58.113895 np0000007250 devstack@g-api.service[99797]: DEBUG glance.api.middleware.version_negotiation [None req-565e32e8-6933-4eba-9448-7d8158a86ba6 tempest-TestInstancesWithCinderVolumes-245641046 tempest-TestInstancesWithCinderVolumes-245641046-project-member] Matched version: v2 {{(pid=99797) process_request /opt/stack/glance/glance/api/middleware/version_negotiation.py:69}}
Aug 13 18:59:58.114016 np0000007250 devstack@g-api.service[99797]: DEBUG glance.api.middleware.version_negotiation [None req-565e32e8-6933-4eba-9448-7d8158a86ba6 tempest-TestInstancesWithCinderVolumes-245641046 tempest-TestInstancesWithCinderVolumes-245641046-project-member] new path /v2/images/d66315a0-68c2-4d51-b4f8-1bd74385eece {{(pid=99797) process_request /opt/stack/glance/glance/api/middleware/version_negotiation.py:70}}
Aug 13 18:59:58.131001 np0000007250 devstack@g-api.service[99797]: [pid: 99797|app: 0|req: 92/288] 127.0.0.1 () {40 vars in 830 bytes} [Thu Aug 13 18:59:58 2026] GET /v2/images/d66315a0-68c2-4d51-b4f8-1bd74385eece => generated 1470 bytes in 17 msecs (HTTP/1.1 200) 4 headers in 158 bytes (1 switches on core 0)
Aug 13 18:59:58.395199 np0000007250 devstack@g-api.service[99799]: DEBUG swiftclient [None req-fc4492c6-36fe-4b1c-8656-8951dd2ddacf tempest-ServerBootFromVolumeStableRescueTest-2125704934 tempest-ServerBootFromVolumeStableRescueTest-2125704934-project-member] REQ: curl -i https://10.4.3.6:8080/v1/AUTH_7a6e29039f99468983cc48947c314a24/glance/d66315a0-68c2-4d51-b4f8-1bd74385eece-00001 -X PUT -H "X-Auth-Token: gAAAAABqfhQtucNn..." {{(pid=99799) http_log /opt/stack/data/venv/lib/python3.12/site-packages/swiftclient/client.py:160}}
Aug 13 18:59:58.395326 np0000007250 devstack@g-api.service[99799]: DEBUG swiftclient [None req-fc4492c6-36fe-4b1c-8656-8951dd2ddacf tempest-ServerBootFromVolumeStableRescueTest-2125704934 tempest-ServerBootFromVolumeStableRescueTest-2125704934-project-member] RESP STATUS: 201 Created {{(pid=99799) http_log /opt/stack/data/venv/lib/python3.12/site-packages/swiftclient/client.py:161}}
Aug 13 18:59:58.395567 np0000007250 devstack@g-api.service[99799]: DEBUG swiftclient [None req-fc4492c6-36fe-4b1c-8656-8951dd2ddacf tempest-ServerBootFromVolumeStableRescueTest-2125704934 tempest-ServerBootFromVolumeStableRescueTest-2125704934-project-member] RESP HEADERS: {'Date': 'Thu, 13 Aug 2026 18:59:58 GMT', 'Server': 'Apache/2.4.58 (Ubuntu)', 'Content-Type': 'text/html; charset=UTF-8', 'Content-Length': '0', 'Etag': '4fa343ee581d8d2e78533191fd1ac3e1', 'Last-Modified': 'Thu, 13 Aug 2026 18:59:59 GMT', 'X-Trans-Id': 'tx024e76cdf53544f6b984e-006a7e142e', 'X-Openstack-Request-Id': 'tx024e76cdf53544f6b984e-006a7e142e', 'Connection': 'close'} {{(pid=99799) http_log /opt/stack/data/venv/lib/python3.12/site-packages/swiftclient/client.py:162}}
Aug 13 18:59:58.395679 np0000007250 devstack@g-api.service[99799]: DEBUG glance_store._drivers.swift.store [None req-fc4492c6-36fe-4b1c-8656-8951dd2ddacf tempest-ServerBootFromVolumeStableRescueTest-2125704934 tempest-ServerBootFromVolumeStableRescueTest-2125704934-project-member] Wrote chunk d66315a0-68c2-4d51-b4f8-1bd74385eece-00001 (1/?) of length 23527424 to Swift returning MD5 of content: 4fa343ee581d8d2e78533191fd1ac3e1 {{(pid=99799) add /opt/stack/data/venv/lib/python3.12/site-packages/glance_store/_drivers/swift/store.py:1059}}
Aug 13 18:59:58.396046 np0000007250 devstack@g-api.service[99799]: DEBUG glance_store._drivers.swift.store [None req-fc4492c6-36fe-4b1c-8656-8951dd2ddacf tempest-ServerBootFromVolumeStableRescueTest-2125704934 tempest-ServerBootFromVolumeStableRescueTest-2125704934-project-member] Not writing zero-length chunk. {{(pid=99799) add /opt/stack/data/venv/lib/python3.12/site-packages/glance_store/_drivers/swift/store.py:1028}}
Aug 13 18:59:58.431280 np0000007250 devstack@g-api.service[99799]: DEBUG swiftclient [None req-fc4492c6-36fe-4b1c-8656-8951dd2ddacf tempest-ServerBootFromVolumeStableRescueTest-2125704934 tempest-ServerBootFromVolumeStableRescueTest-2125704934-project-member] REQ: curl -i https://10.4.3.6:8080/v1/AUTH_7a6e29039f99468983cc48947c314a24/glance/d66315a0-68c2-4d51-b4f8-1bd74385eece -X PUT -H "X-Object-Manifest: glance/d66315a0-68c2-4d51-b4f8-1bd74385eece-" -H "X-Auth-Token: gAAAAABqfhQtucNn..." -H "Content-Length: 0" {{(pid=99799) http_log /opt/stack/data/venv/lib/python3.12/site-packages/swiftclient/client.py:160}}
Aug 13 18:59:58.434086 np0000007250 devstack@g-api.service[99799]: DEBUG swiftclient [None req-fc4492c6-36fe-4b1c-8656-8951dd2ddacf tempest-ServerBootFromVolumeStableRescueTest-2125704934 tempest-ServerBootFromVolumeStableRescueTest-2125704934-project-member] RESP STATUS: 201 Created {{(pid=99799) http_log /opt/stack/data/venv/lib/python3.12/site-packages/swiftclient/client.py:161}}
Aug 13 18:59:58.434396 np0000007250 devstack@g-api.service[99799]: DEBUG swiftclient [None req-fc4492c6-36fe-4b1c-8656-8951dd2ddacf tempest-ServerBootFromVolumeStableRescueTest-2125704934 tempest-ServerBootFromVolumeStableRescueTest-2125704934-project-member] RESP HEADERS: {'Date': 'Thu, 13 Aug 2026 18:59:58 GMT', 'Server': 'Apache/2.4.58 (Ubuntu)', 'Content-Type': 'text/html; charset=UTF-8', 'Content-Length': '0', 'Etag': 'd41d8cd98f00b204e9800998ecf8427e', 'Last-Modified': 'Thu, 13 Aug 2026 18:59:59 GMT', 'X-Trans-Id': 'txeb59d1ef26e54ed7a5644-006a7e142e', 'X-Openstack-Request-Id': 'txeb59d1ef26e54ed7a5644-006a7e142e', 'Connection': 'close'} {{(pid=99799) http_log /opt/stack/data/venv/lib/python3.12/site-packages/swiftclient/client.py:162}}
Aug 13 18:59:58.434886 np0000007250 devstack@g-api.service[99799]: INFO glance.location [None req-fc4492c6-36fe-4b1c-8656-8951dd2ddacf tempest-ServerBootFromVolumeStableRescueTest-2125704934 tempest-ServerBootFromVolumeStableRescueTest-2125704934-project-member] Image format matched and virtual size computed: 1073741824
Aug 13 18:59:58.475157 np0000007250 devstack@g-api.service[99799]: DEBUG glance_store.backend [None req-fc4492c6-36fe-4b1c-8656-8951dd2ddacf tempest-ServerBootFromVolumeStableRescueTest-2125704934 tempest-ServerBootFromVolumeStableRescueTest-2125704934-project-member] Attempting to import store swift {{(pid=99799) _load_store /opt/stack/data/venv/lib/python3.12/site-packages/glance_store/backend.py:215}}
Aug 13 18:59:58.477334 np0000007250 devstack@g-api.service[99799]: DEBUG glance_store.capabilities [None req-fc4492c6-36fe-4b1c-8656-8951dd2ddacf tempest-ServerBootFromVolumeStableRescueTest-2125704934 tempest-ServerBootFromVolumeStableRescueTest-2125704934-project-member] Store glance_store._drivers.swift.store.SingleTenantStore doesn't support updating dynamic storage capabilities. Please overwrite 'update_capabilities' method of the store to implement updating logics if needed. {{(pid=99799) update_capabilities /opt/stack/data/venv/lib/python3.12/site-packages/glance_store/capabilities.py:91}}
Aug 13 18:59:58.477334 np0000007250 devstack@g-api.service[99799]: DEBUG glance_store.driver [None req-fc4492c6-36fe-4b1c-8656-8951dd2ddacf tempest-ServerBootFromVolumeStableRescueTest-2125704934 tempest-ServerBootFromVolumeStableRescueTest-2125704934-project-member] Late loading location class glance_store._drivers.swift.store.StoreLocation {{(pid=99799) get_store_location_class /opt/stack/data/venv/lib/python3.12/site-packages/glance_store/driver.py:134}}
Aug 13 18:59:58.477528 np0000007250 devstack@g-api.service[99799]: DEBUG glance_store.location [None req-fc4492c6-36fe-4b1c-8656-8951dd2ddacf tempest-ServerBootFromVolumeStableRescueTest-2125704934 tempest-ServerBootFromVolumeStableRescueTest-2125704934-project-member] Registering scheme swift+https with {'store': , 'location_class': , 'store_entry': 'swift'} {{(pid=99799) register_scheme_map /opt/stack/data/venv/lib/python3.12/site-packages/glance_store/location.py:146}}
Aug 13 18:59:58.477605 np0000007250 devstack@g-api.service[99799]: DEBUG glance_store.location [None req-fc4492c6-36fe-4b1c-8656-8951dd2ddacf tempest-ServerBootFromVolumeStableRescueTest-2125704934 tempest-ServerBootFromVolumeStableRescueTest-2125704934-project-member] Registering scheme swift+https with {'store': , 'location_class': , 'store_entry': 'swift'} {{(pid=99799) register_scheme_map /opt/stack/data/venv/lib/python3.12/site-packages/glance_store/location.py:146}}
Aug 13 18:59:58.477813 np0000007250 devstack@g-api.service[99799]: DEBUG glance_store.location [None req-fc4492c6-36fe-4b1c-8656-8951dd2ddacf tempest-ServerBootFromVolumeStableRescueTest-2125704934 tempest-ServerBootFromVolumeStableRescueTest-2125704934-project-member] Registering scheme swift with {'store': , 'location_class': , 'store_entry': 'swift'} {{(pid=99799) register_scheme_map /opt/stack/data/venv/lib/python3.12/site-packages/glance_store/location.py:146}}
Aug 13 18:59:58.477813 np0000007250 devstack@g-api.service[99799]: DEBUG glance_store.location [None req-fc4492c6-36fe-4b1c-8656-8951dd2ddacf tempest-ServerBootFromVolumeStableRescueTest-2125704934 tempest-ServerBootFromVolumeStableRescueTest-2125704934-project-member] Registering scheme swift+https with {'store': , 'location_class': , 'store_entry': 'swift'} {{(pid=99799) register_scheme_map /opt/stack/data/venv/lib/python3.12/site-packages/glance_store/location.py:146}}
Aug 13 18:59:58.477986 np0000007250 devstack@g-api.service[99799]: DEBUG glance_store.location [None req-fc4492c6-36fe-4b1c-8656-8951dd2ddacf tempest-ServerBootFromVolumeStableRescueTest-2125704934 tempest-ServerBootFromVolumeStableRescueTest-2125704934-project-member] Registering scheme swift with {'store': , 'location_class': , 'store_entry': 'swift'} {{(pid=99799) register_scheme_map /opt/stack/data/venv/lib/python3.12/site-packages/glance_store/location.py:146}}
Aug 13 18:59:58.478939 np0000007250 devstack@g-api.service[99799]: DEBUG glance_store.location [None req-fc4492c6-36fe-4b1c-8656-8951dd2ddacf tempest-ServerBootFromVolumeStableRescueTest-2125704934 tempest-ServerBootFromVolumeStableRescueTest-2125704934-project-member] Registering scheme swift+http with {'store': , 'location_class': , 'store_entry': 'swift'} {{(pid=99799) register_scheme_map /opt/stack/data/venv/lib/python3.12/site-packages/glance_store/location.py:146}}
Aug 13 18:59:58.478939 np0000007250 devstack@g-api.service[99799]: DEBUG glance_store.location [None req-fc4492c6-36fe-4b1c-8656-8951dd2ddacf tempest-ServerBootFromVolumeStableRescueTest-2125704934 tempest-ServerBootFromVolumeStableRescueTest-2125704934-project-member] Registering scheme swift+https with {'store': , 'location_class': , 'store_entry': 'swift'} {{(pid=99799) register_scheme_map /opt/stack/data/venv/lib/python3.12/site-packages/glance_store/location.py:146}}
Aug 13 18:59:58.478939 np0000007250 devstack@g-api.service[99799]: DEBUG glance_store.location [None req-fc4492c6-36fe-4b1c-8656-8951dd2ddacf tempest-ServerBootFromVolumeStableRescueTest-2125704934 tempest-ServerBootFromVolumeStableRescueTest-2125704934-project-member] Registering scheme swift with {'store': , 'location_class': , 'store_entry': 'swift'} {{(pid=99799) register_scheme_map /opt/stack/data/venv/lib/python3.12/site-packages/glance_store/location.py:146}}
Aug 13 18:59:58.478939 np0000007250 devstack@g-api.service[99799]: DEBUG glance_store.location [None req-fc4492c6-36fe-4b1c-8656-8951dd2ddacf tempest-ServerBootFromVolumeStableRescueTest-2125704934 tempest-ServerBootFromVolumeStableRescueTest-2125704934-project-member] Registering scheme swift+http with {'store': , 'location_class': , 'store_entry': 'swift'} {{(pid=99799) register_scheme_map /opt/stack/data/venv/lib/python3.12/site-packages/glance_store/location.py:146}}
Aug 13 18:59:58.478939 np0000007250 devstack@g-api.service[99799]: DEBUG glance_store.location [None req-fc4492c6-36fe-4b1c-8656-8951dd2ddacf tempest-ServerBootFromVolumeStableRescueTest-2125704934 tempest-ServerBootFromVolumeStableRescueTest-2125704934-project-member] Registering scheme swift+config with {'store': , 'location_class': , 'store_entry': 'swift'} {{(pid=99799) register_scheme_map /opt/stack/data/venv/lib/python3.12/site-packages/glance_store/location.py:146}}
Aug 13 18:59:58.478939 np0000007250 devstack@g-api.service[99799]: DEBUG glance_store.backend [None req-fc4492c6-36fe-4b1c-8656-8951dd2ddacf tempest-ServerBootFromVolumeStableRescueTest-2125704934 tempest-ServerBootFromVolumeStableRescueTest-2125704934-project-member] Skipping store.set_acls... not implemented. {{(pid=99799) set_acls /opt/stack/data/venv/lib/python3.12/site-packages/glance_store/backend.py:507}}
Aug 13 18:59:58.481541 np0000007250 devstack@g-api.service[99799]: [pid: 99799|app: 0|req: 94/289] 127.0.0.1 () {46 vars in 1150 bytes} [Thu Aug 13 18:59:56 2026] PUT /v2/images/d66315a0-68c2-4d51-b4f8-1bd74385eece/file => generated 0 bytes in 2437 msecs (HTTP/1.1 204) 4 headers in 171 bytes (1 switches on core 0)
Aug 13 18:59:58.550135 np0000007250 devstack@g-api.service[99798]: DEBUG glance.api.middleware.version_negotiation [None req-565e32e8-6933-4eba-9448-7d8158a86ba6 tempest-TestInstancesWithCinderVolumes-245641046 tempest-TestInstancesWithCinderVolumes-245641046-project-member] Determining version of request: GET /v2/images/d66315a0-68c2-4d51-b4f8-1bd74385eece Accept: */* {{(pid=99798) process_request /opt/stack/glance/glance/api/middleware/version_negotiation.py:44}}
Aug 13 18:59:58.550135 np0000007250 devstack@g-api.service[99798]: DEBUG glance.api.middleware.version_negotiation [None req-565e32e8-6933-4eba-9448-7d8158a86ba6 tempest-TestInstancesWithCinderVolumes-245641046 tempest-TestInstancesWithCinderVolumes-245641046-project-member] Using url versioning {{(pid=99798) process_request /opt/stack/glance/glance/api/middleware/version_negotiation.py:57}}
Aug 13 18:59:58.550135 np0000007250 devstack@g-api.service[99798]: DEBUG glance.api.middleware.version_negotiation [None req-565e32e8-6933-4eba-9448-7d8158a86ba6 tempest-TestInstancesWithCinderVolumes-245641046 tempest-TestInstancesWithCinderVolumes-245641046-project-member] Matched version: v2 {{(pid=99798) process_request /opt/stack/glance/glance/api/middleware/version_negotiation.py:69}}
Aug 13 18:59:58.550288 np0000007250 devstack@g-api.service[99798]: DEBUG glance.api.middleware.version_negotiation [None req-565e32e8-6933-4eba-9448-7d8158a86ba6 tempest-TestInstancesWithCinderVolumes-245641046 tempest-TestInstancesWithCinderVolumes-245641046-project-member] new path /v2/images/d66315a0-68c2-4d51-b4f8-1bd74385eece {{(pid=99798) process_request /opt/stack/glance/glance/api/middleware/version_negotiation.py:70}}
Aug 13 18:59:58.562071 np0000007250 devstack@g-api.service[99798]: [pid: 99798|app: 0|req: 104/290] 127.0.0.1 () {44 vars in 1107 bytes} [Thu Aug 13 18:59:58 2026] GET /v2/images/d66315a0-68c2-4d51-b4f8-1bd74385eece => generated 1640 bytes in 12 msecs (HTTP/1.1 200) 4 headers in 158 bytes (1 switches on core 0)
Aug 13 18:59:58.589932 np0000007250 devstack@g-api.service[99797]: DEBUG glance.api.middleware.version_negotiation [None req-043056a6-edad-4cd8-8e7c-0e01c216eccb tempest-ServerBootFromVolumeStableRescueTest-2125704934 tempest-ServerBootFromVolumeStableRescueTest-2125704934-project-member] Determining version of request: GET /v2/schemas/image Accept: */* {{(pid=99797) process_request /opt/stack/glance/glance/api/middleware/version_negotiation.py:44}}
Aug 13 18:59:58.589932 np0000007250 devstack@g-api.service[99797]: DEBUG glance.api.middleware.version_negotiation [None req-043056a6-edad-4cd8-8e7c-0e01c216eccb tempest-ServerBootFromVolumeStableRescueTest-2125704934 tempest-ServerBootFromVolumeStableRescueTest-2125704934-project-member] Using url versioning {{(pid=99797) process_request /opt/stack/glance/glance/api/middleware/version_negotiation.py:57}}
