Aug 13 18:55:05.470722 np0000007250 devstack@neutron-api.service[87605]: DEBUG ovsdbapp.backend.ovs_idl.transaction [-] Running txn n=1 command(idx=0): CheckRevisionNumberCommand(_result=None, name=e8df49fc-025b-4957-a989-e1e0604cca6a, resource={'id': 'e8df49fc-025b-4957-a989-e1e0604cca6a', 'name': '', 'network_id': '6d3972a0-de50-479b-871d-5380b8a8991b', 'project_id': '5f095531ead14223b88ed5156f601c72', 'mac_address': 'fa:16:3e:af:3a:4f', 'admin_state_up': True, 'status': 'DOWN', 'device_id': 'ovnmeta-6d3972a0-de50-479b-871d-5380b8a8991b', 'device_owner': 'network:distributed', 'standard_attr_id': 14, 'fixed_ips': [{'subnet_id': 'd2292436-a540-4034-96c6-d1e7d87079be', 'ip_address': '10.1.0.2'}, {'subnet_id': '2b83d660-4512-45fe-bed9-01bc4c5aafdf', 'ip_address': 'fdde:6595:c0f7:0:f816:3eff:feaf:3a4f'}], 'allowed_address_pairs': [], 'extra_dhcp_opts': [], 'security_groups': [], 'description': '', 'binding:vnic_type': 'normal', 'binding:profile': {}, 'binding:host_id': '', 'binding:vif_type': 'unbound', 'binding:vif_details': {}, 'port_security_enabled': False, 'tags': [], 'created_at': '2026-08-13T18:55:03Z', 'updated_at': '2026-08-13T18:55:05Z', 'revision_number': 3, 'tenant_id': '5f095531ead14223b88ed5156f601c72', 'network': {'id': '6d3972a0-de50-479b-871d-5380b8a8991b', 'name': 'private', 'tenant_id': '5f095531ead14223b88ed5156f601c72', 'project_id': '5f095531ead14223b88ed5156f601c72', 'admin_state_up': True, 'mtu': 1372, 'status': 'ACTIVE', 'subnets': ['2b83d660-4512-45fe-bed9-01bc4c5aafdf', 'd2292436-a540-4034-96c6-d1e7d87079be'], 'standard_attr_id': 12, 'shared': False, 'availability_zone_hints': [], 'availability_zones': [], 'ipv4_address_scope': None, 'ipv6_address_scope': None, 'router:external': False, 'qinq': False, 'vlan_transparent': False, 'description': '', 'port_security_enabled': True, 'tags': [], 'created_at': '2026-08-13T18:55:03Z', 'updated_at': '2026-08-13T18:55:05Z', 'revision_number': 3, 'provider:network_type': 'geneve', 'provider:physical_network': None, 'provider:segmentation_id': 15046}}, resource_type=ports, if_exists=True) {{(pid=87605) do_commit /opt/stack/data/venv/lib/python3.12/site-packages/ovsdbapp/backend/ovs_idl/transaction.py:89}}
Aug 13 18:55:05.471062 np0000007250 devstack@neutron-api.service[87605]: DEBUG ovsdbapp.backend.ovs_idl.transaction [-] Running txn n=1 command(idx=1): SetLSwitchPortCommand(_result=None, lport=e8df49fc-025b-4957-a989-e1e0604cca6a, external_ids_update=None, columns={'external_ids': {'neutron:port_name': '', 'neutron:device_id': 'ovnmeta-6d3972a0-de50-479b-871d-5380b8a8991b', 'neutron:project_id': '5f095531ead14223b88ed5156f601c72', 'neutron:cidrs': '10.1.0.2/26 fdde:6595:c0f7:0:f816:3eff:feaf:3a4f/64', 'neutron:device_owner': 'network:distributed', 'neutron:subnet_pool_addr_scope4': '', 'neutron:subnet_pool_addr_scope6': '', 'neutron:network_name': 'neutron-6d3972a0-de50-479b-871d-5380b8a8991b', 'neutron:security_group_ids': '', 'neutron:revision_number': '3', 'neutron:vnic_type': 'normal', 'neutron:port_capabilities': '', 'neutron:mtu': '1372'}, 'parent_name': [], 'options': {}, 'enabled': True, 'port_security': [], 'dhcpv4_options': [], 'dhcpv6_options': [], 'type': 'localport', 'addresses': ['fa:16:3e:af:3a:4f 10.1.0.2 fdde:6595:c0f7:0:f816:3eff:feaf:3a4f'], 'ha_chassis_group': [], 'tag_request': []}, if_exists=False) {{(pid=87605) do_commit /opt/stack/data/venv/lib/python3.12/site-packages/ovsdbapp/backend/ovs_idl/transaction.py:89}}
Aug 13 18:55:05.471626 np0000007250 devstack@neutron-api.service[87605]: DEBUG ovsdbapp.backend.ovs_idl.transaction [-] Running txn n=1 command(idx=2): PgDelPortCommand(_result=None, port_group=neutron_pg_drop, lsp=['e8df49fc-025b-4957-a989-e1e0604cca6a'], if_exists=False) {{(pid=87605) do_commit /opt/stack/data/venv/lib/python3.12/site-packages/ovsdbapp/backend/ovs_idl/transaction.py:89}}
Aug 13 18:55:05.474303 np0000007250 devstack@neutron-api.service[87605]: DEBUG neutron.plugins.ml2.drivers.ovn.mech_driver.ovsdb.ovsdb_monitor [-] Hash Ring: Node 2aa02d4504ca51b8b0fc6a1df72b1d40 (host: np0000007250) handling event "update" for row 5fb5137c-2419-4632-94db-dae6fe73ba0d (table: Logical_Switch_Port) {{(pid=87605) notify /opt/stack/neutron/neutron/plugins/ml2/drivers/ovn/mech_driver/ovsdb/ovsdb_monitor.py:1099}}
Aug 13 18:55:05.475625 np0000007250 devstack@neutron-api.service[87603]: DEBUG neutron.plugins.ml2.drivers.ovn.mech_driver.ovsdb.ovsdb_monitor [-] Hash Ring: Node 050d3378408a5efaadda3f6855f95b7b (host: np0000007250) handling event "update" for row 5fb5137c-2419-4632-94db-dae6fe73ba0d (table: Logical_Switch_Port) {{(pid=87603) notify /opt/stack/neutron/neutron/plugins/ml2/drivers/ovn/mech_driver/ovsdb/ovsdb_monitor.py:1099}}
Aug 13 18:55:05.477557 np0000007250 devstack@neutron-api.service[87604]: DEBUG neutron.plugins.ml2.drivers.ovn.mech_driver.ovsdb.ovsdb_monitor [-] Hash Ring: Node 8ffbb8cd990a54e7a55014dde540029e (host: np0000007250) handling event "update" for row 5432d085-d816-4c15-b4e0-aaba2e34670e (table: Port_Binding) {{(pid=87604) notify /opt/stack/neutron/neutron/plugins/ml2/drivers/ovn/mech_driver/ovsdb/ovsdb_monitor.py:1099}}
Aug 13 18:55:05.478752 np0000007250 devstack@neutron-api.service[87605]: DEBUG neutron.plugins.ml2.drivers.ovn.mech_driver.ovsdb.ovsdb_monitor [-] Hash Ring: Node 2aa02d4504ca51b8b0fc6a1df72b1d40 (host: np0000007250) handling event "update" for row 5432d085-d816-4c15-b4e0-aaba2e34670e (table: Port_Binding) {{(pid=87605) notify /opt/stack/neutron/neutron/plugins/ml2/drivers/ovn/mech_driver/ovsdb/ovsdb_monitor.py:1099}}
Aug 13 18:55:05.479368 np0000007250 devstack@neutron-api.service[87603]: DEBUG neutron.plugins.ml2.drivers.ovn.mech_driver.ovsdb.ovsdb_monitor [-] Hash Ring: Node 050d3378408a5efaadda3f6855f95b7b (host: np0000007250) handling event "update" for row 5432d085-d816-4c15-b4e0-aaba2e34670e (table: Port_Binding) {{(pid=87603) notify /opt/stack/neutron/neutron/plugins/ml2/drivers/ovn/mech_driver/ovsdb/ovsdb_monitor.py:1099}}
Aug 13 18:55:05.500338 np0000007250 devstack@neutron-api.service[87605]: INFO neutron.db.ovn_revision_numbers_db [None req-1678ce7c-114f-4616-9ba0-f1051bfe69f2 admin admin] Successfully bumped revision number for resource e8df49fc-025b-4957-a989-e1e0604cca6a (type: ports) to 3
Aug 13 18:55:05.508011 np0000007250 devstack@neutron-api.service[87605]: DEBUG neutron_lib.callbacks.manager [None req-1678ce7c-114f-4616-9ba0-f1051bfe69f2 admin admin] Publish callbacks ['neutron.plugins.ml2.ovo_rpc._ObjectChangeHandler.handle_event-32709365'] for subnet (2b83d660-4512-45fe-bed9-01bc4c5aafdf), after_create {{(pid=87605) _notify_loop /opt/stack/data/venv/lib/python3.12/site-packages/neutron_lib/callbacks/manager.py:184}}
Aug 13 18:55:05.520960 np0000007250 devstack@neutron-api.service[87605]: DEBUG neutron.api.rpc.handlers.resources_rpc [None req-1678ce7c-114f-4616-9ba0-f1051bfe69f2 admin admin] Pushing event updated for resources: {'Subnet': ['ID=2b83d660-4512-45fe-bed9-01bc4c5aafdf,revision_number=0']} {{(pid=87605) push /opt/stack/neutron/neutron/api/rpc/handlers/resources_rpc.py:237}}
Aug 13 18:55:05.539074 np0000007250 devstack@neutron-api.service[87605]: INFO neutron.db.ovn_revision_numbers_db [None req-1678ce7c-114f-4616-9ba0-f1051bfe69f2 admin admin] Successfully bumped revision number for resource 2b83d660-4512-45fe-bed9-01bc4c5aafdf (type: subnets) to 0
Aug 13 18:55:05.540263 np0000007250 devstack@neutron-api.service[87605]: DEBUG neutron.pecan_wsgi.hooks.policy_enforcement [None req-1678ce7c-114f-4616-9ba0-f1051bfe69f2 admin admin] Attributes excluded by policy engine: ['standard_attr_id', 'shared', 'network'] {{(pid=87605) _exclude_attributes_by_policy /opt/stack/neutron/neutron/pecan_wsgi/hooks/policy_enforcement.py:259}}
Aug 13 18:55:05.540535 np0000007250 devstack@neutron-api.service[87605]: DEBUG neutron_lib.callbacks.manager [None req-1678ce7c-114f-4616-9ba0-f1051bfe69f2 admin admin] Publish callbacks [] for subnet (None), before_response {{(pid=87605) _notify_loop /opt/stack/data/venv/lib/python3.12/site-packages/neutron_lib/callbacks/manager.py:184}}
Aug 13 18:55:05.550986 np0000007250 devstack@neutron-api.service[87605]: [pid: 87605|app: 0|req: 5/11] 10.4.3.6 () {68 vars in 1310 bytes} [Thu Aug 13 18:55:04 2026] POST /networking/v2.0/subnets => generated 730 bytes in 579 msecs (HTTP/1.1 201) 4 headers in 162 bytes (1 switches on core 0)
Aug 13 18:55:05.785105 np0000007250 devstack@neutron-api.service[87603]: DEBUG neutron.api.wsgi [None req-fa0cda5b-c45c-4020-bb7b-7367208c13a6 admin admin] Missing Content-Type {{(pid=87603) get_content_type /opt/stack/neutron/neutron/api/wsgi.py:80}}
Aug 13 18:55:05.785669 np0000007250 devstack@neutron-api.service[87603]: DEBUG neutron.api.wsgi [None req-fa0cda5b-c45c-4020-bb7b-7367208c13a6 admin admin] https://10.4.3.6/networking/v2.0/extensions returned with HTTP 200 {{(pid=87603) __call__ /opt/stack/neutron/neutron/api/wsgi.py:540}}
Aug 13 18:55:05.786019 np0000007250 devstack@neutron-api.service[87603]: [pid: 87603|app: 0|req: 4/12] 10.4.3.6 () {64 vars in 1278 bytes} [Thu Aug 13 18:55:05 2026] GET /networking/v2.0/extensions => generated 16171 bytes in 3 msecs (HTTP/1.1 200) 4 headers in 159 bytes (1 switches on core 0)
Aug 13 18:55:06.057093 np0000007250 devstack@neutron-api.service[87604]: DEBUG neutron.api.wsgi [None req-3bc532c6-e2e4-43e1-b600-135dac72e54a admin admin] Missing Content-Type {{(pid=87604) get_content_type /opt/stack/neutron/neutron/api/wsgi.py:80}}
Aug 13 18:55:06.057467 np0000007250 devstack@neutron-api.service[87604]: DEBUG neutron.api.wsgi [None req-3bc532c6-e2e4-43e1-b600-135dac72e54a admin admin] https://10.4.3.6/networking/v2.0/extensions returned with HTTP 200 {{(pid=87604) __call__ /opt/stack/neutron/neutron/api/wsgi.py:540}}
Aug 13 18:55:06.057692 np0000007250 devstack@neutron-api.service[87604]: [pid: 87604|app: 0|req: 4/13] 10.4.3.6 () {64 vars in 1278 bytes} [Thu Aug 13 18:55:06 2026] GET /networking/v2.0/extensions => generated 16171 bytes in 3 msecs (HTTP/1.1 200) 4 headers in 159 bytes (1 switches on core 0)
Aug 13 18:55:06.310461 np0000007250 devstack@neutron-api.service[87605]: DEBUG neutron.api.v2.base [None req-367ab221-0ec0-4285-9634-18cb883e65e3 admin admin] Request body: {'router': {'name': 'router1', 'admin_state_up': True}} {{(pid=87605) prepare_request_body /opt/stack/neutron/neutron/api/v2/base.py:727}}
Aug 13 18:55:06.324608 np0000007250 devstack@neutron-api.service[87605]: DEBUG neutron_lib.callbacks.manager [None req-367ab221-0ec0-4285-9634-18cb883e65e3 admin admin] Publish callbacks ['neutron.services.ovn_l3.service_providers.driver_controller.DriverController._check_router_request-59272'] for router (3f994133-66e3-4475-8748-cd590d975197), before_create {{(pid=87605) _notify_loop /opt/stack/data/venv/lib/python3.12/site-packages/neutron_lib/callbacks/manager.py:184}}
Aug 13 18:55:06.325313 np0000007250 devstack@neutron-api.service[87605]: DEBUG neutron_lib.callbacks.manager [None req-367ab221-0ec0-4285-9634-18cb883e65e3 admin admin] Publish callbacks ['neutron.services.ovn_l3.service_providers.ovn.OVN_L3_HA_db_mixin._precommit_router_create-47233', 'neutron.services.ovn_l3.plugin.RouterAvailabilityZoneMixin._process_az_request-32749800', 'neutron.services.ovn_l3.plugin.ExtraGatewaysDbOnlyMixin._process_bfd_ecmp_create-54984', 'neutron.services.ovn_l3.service_providers.ovn.OvnDriver._process_router_create_precommit-47173', 'neutron.services.ovn_l3.service_providers.driver_controller.DriverController._set_router_provider-59286'] for router (3f994133-66e3-4475-8748-cd590d975197), precommit_create {{(pid=87605) _notify_loop /opt/stack/data/venv/lib/python3.12/site-packages/neutron_lib/callbacks/manager.py:184}}
Aug 13 18:55:06.336499 np0000007250 devstack@neutron-api.service[87605]: DEBUG neutron.db.ovn_revision_numbers_db [None req-367ab221-0ec0-4285-9634-18cb883e65e3 admin admin] create_initial_revision uuid=3f994133-66e3-4475-8748-cd590d975197, type=routers, rev=-1 {{(pid=87605) create_initial_revision /opt/stack/neutron/neutron/db/ovn_revision_numbers_db.py:98}}
Aug 13 18:55:06.406115 np0000007250 devstack@neutron-api.service[87605]: DEBUG neutron_lib.callbacks.manager [None req-367ab221-0ec0-4285-9634-18cb883e65e3 admin admin] Publish callbacks [] for router_controller (3f994133-66e3-4475-8748-cd590d975197), precommit_add_association {{(pid=87605) _notify_loop /opt/stack/data/venv/lib/python3.12/site-packages/neutron_lib/callbacks/manager.py:184}}
Aug 13 18:55:06.409138 np0000007250 devstack@neutron-api.service[87605]: DEBUG neutron_lib.callbacks.manager [None req-367ab221-0ec0-4285-9634-18cb883e65e3 admin admin] Publish callbacks ['neutron.services.ovn_l3.service_providers.ovn.OvnDriver._process_router_create-47253'] for router (3f994133-66e3-4475-8748-cd590d975197), after_create {{(pid=87605) _notify_loop /opt/stack/data/venv/lib/python3.12/site-packages/neutron_lib/callbacks/manager.py:184}}
Aug 13 18:55:06.409280 np0000007250 devstack@neutron-api.service[87605]: INFO neutron.plugins.ml2.drivers.ovn.mech_driver.ovsdb.extensions.qos [None req-367ab221-0ec0-4285-9634-18cb883e65e3 admin admin] Starting OVNClientQosExtension
Aug 13 18:55:06.409558 np0000007250 devstack@neutron-api.service[87605]: DEBUG neutron.plugins.ml2.drivers.ovn.mech_driver.ovsdb.extensions.qos [None req-367ab221-0ec0-4285-9634-18cb883e65e3 admin admin] Router 3f994133-66e3-4475-8748-cd590d975197 does not have ID or gateway assigned {{(pid=87605) update_router /opt/stack/neutron/neutron/plugins/ml2/drivers/ovn/mech_driver/ovsdb/extensions/qos.py:527}}
Aug 13 18:55:06.409877 np0000007250 devstack@neutron-api.service[87605]: DEBUG ovsdbapp.backend.ovs_idl.transaction [-] Running txn n=1 command(idx=0): LrAddCommand(_result=None, router=neutron-3f994133-66e3-4475-8748-cd590d975197, may_exist=True, columns={'external_ids': {'neutron:router_name': 'router1', 'neutron:revision_number': '1', 'neutron:availability_zone_hints': ''}, 'enabled': True, 'options': {'always_learn_from_arp_request': 'false', 'dynamic_neigh_routers': 'true', 'mac_binding_age_threshold': '300'}}) {{(pid=87605) do_commit /opt/stack/data/venv/lib/python3.12/site-packages/ovsdbapp/backend/ovs_idl/transaction.py:89}}
Aug 13 18:55:06.412808 np0000007250 devstack@neutron-api.service[87605]: DEBUG neutron.plugins.ml2.drivers.ovn.mech_driver.ovsdb.ovsdb_monitor [-] Hash Ring: Node 2aa02d4504ca51b8b0fc6a1df72b1d40 (host: np0000007250) handling event "create" for row 01a1c045-41df-447f-8452-55ae2f254d57 (table: Logical_Router) {{(pid=87605) notify /opt/stack/neutron/neutron/plugins/ml2/drivers/ovn/mech_driver/ovsdb/ovsdb_monitor.py:1099}}
Aug 13 18:55:06.413290 np0000007250 devstack@neutron-api.service[87604]: DEBUG neutron.plugins.ml2.drivers.ovn.mech_driver.ovsdb.ovsdb_monitor [-] Hash Ring: Node 8ffbb8cd990a54e7a55014dde540029e (host: np0000007250) handling event "create" for row 01a1c045-41df-447f-8452-55ae2f254d57 (table: Logical_Router) {{(pid=87604) notify /opt/stack/neutron/neutron/plugins/ml2/drivers/ovn/mech_driver/ovsdb/ovsdb_monitor.py:1099}}
Aug 13 18:55:06.418765 np0000007250 devstack@neutron-api.service[87604]: DEBUG neutron.plugins.ml2.drivers.ovn.mech_driver.ovsdb.ovsdb_monitor [-] Hash Ring: Node 8ffbb8cd990a54e7a55014dde540029e (host: np0000007250) handling event "create" for row 2fb76fd2-b980-4802-b1bd-f4e7e9cf8d2c (table: Datapath_Binding) {{(pid=87604) notify /opt/stack/neutron/neutron/plugins/ml2/drivers/ovn/mech_driver/ovsdb/ovsdb_monitor.py:1099}}
Aug 13 18:55:06.420070 np0000007250 devstack@neutron-api.service[87603]: DEBUG neutron.plugins.ml2.drivers.ovn.mech_driver.ovsdb.ovsdb_monitor [-] Hash Ring: Node 050d3378408a5efaadda3f6855f95b7b (host: np0000007250) handling event "create" for row 2fb76fd2-b980-4802-b1bd-f4e7e9cf8d2c (table: Datapath_Binding) {{(pid=87603) notify /opt/stack/neutron/neutron/plugins/ml2/drivers/ovn/mech_driver/ovsdb/ovsdb_monitor.py:1099}}
Aug 13 18:55:06.432352 np0000007250 devstack@neutron-api.service[87605]: DEBUG neutron.plugins.ml2.drivers.ovn.mech_driver.ovsdb.ovsdb_monitor [-] Hash Ring: Node 2aa02d4504ca51b8b0fc6a1df72b1d40 (host: np0000007250) handling event "create" for row 2fb76fd2-b980-4802-b1bd-f4e7e9cf8d2c (table: Datapath_Binding) {{(pid=87605) notify /opt/stack/neutron/neutron/plugins/ml2/drivers/ovn/mech_driver/ovsdb/ovsdb_monitor.py:1099}}
Aug 13 18:55:06.502645 np0000007250 devstack@neutron-api.service[87605]: INFO neutron.db.ovn_revision_numbers_db [None req-367ab221-0ec0-4285-9634-18cb883e65e3 admin admin] Successfully bumped revision number for resource 3f994133-66e3-4475-8748-cd590d975197 (type: routers) to 1
Aug 13 18:55:06.511754 np0000007250 devstack@neutron-api.service[87605]: DEBUG neutron_lib.callbacks.manager [None req-367ab221-0ec0-4285-9634-18cb883e65e3 admin admin] Publish callbacks [] for router (None), before_response {{(pid=87605) _notify_loop /opt/stack/data/venv/lib/python3.12/site-packages/neutron_lib/callbacks/manager.py:184}}
Aug 13 18:55:06.512235 np0000007250 devstack@neutron-api.service[87605]: [pid: 87605|app: 0|req: 6/14] 10.4.3.6 () {68 vars in 1309 bytes} [Thu Aug 13 18:55:06 2026] POST /networking/v2.0/routers => generated 599 bytes in 205 msecs (HTTP/1.1 201) 4 headers in 162 bytes (1 switches on core 0)
Aug 13 18:55:06.760220 np0000007250 devstack@neutron-api.service[87603]: DEBUG neutron.api.wsgi [None req-ef5df5f9-5c36-449a-a5db-6ae4887c99f3 admin admin] Missing Content-Type {{(pid=87603) get_content_type /opt/stack/neutron/neutron/api/wsgi.py:80}}
Aug 13 18:55:06.760594 np0000007250 devstack@neutron-api.service[87603]: DEBUG neutron.api.wsgi [None req-ef5df5f9-5c36-449a-a5db-6ae4887c99f3 admin admin] https://10.4.3.6/networking/v2.0/extensions returned with HTTP 200 {{(pid=87603) __call__ /opt/stack/neutron/neutron/api/wsgi.py:540}}
Aug 13 18:55:06.760941 np0000007250 devstack@neutron-api.service[87603]: [pid: 87603|app: 0|req: 5/15] 10.4.3.6 () {64 vars in 1278 bytes} [Thu Aug 13 18:55:06 2026] GET /networking/v2.0/extensions => generated 16171 bytes in 3 msecs (HTTP/1.1 200) 4 headers in 159 bytes (1 switches on core 0)
Aug 13 18:55:07.032594 np0000007250 devstack@neutron-api.service[87604]: DEBUG neutron.api.v2.base [None req-61b807e4-ae4c-4791-bae5-98222b6efcf5 admin admin] Request body: {'network': {'is_default': True, 'provider:physical_network': 'public', 'name': 'public', 'provider:network_type': 'flat', 'admin_state_up': True, 'router:external': True}} {{(pid=87604) prepare_request_body /opt/stack/neutron/neutron/api/v2/base.py:727}}
Aug 13 18:55:07.046413 np0000007250 devstack@neutron-api.service[87604]: DEBUG neutron.pecan_wsgi.hooks.quota_enforcement [None req-61b807e4-ae4c-4791-bae5-98222b6efcf5 admin admin] Made reservation on behalf of 5f095531ead14223b88ed5156f601c72 for: {'network': 1} {{(pid=87604) before /opt/stack/neutron/neutron/pecan_wsgi/hooks/quota_enforcement.py:66}}
Aug 13 18:55:07.049899 np0000007250 devstack@neutron-api.service[87604]: DEBUG neutron_lib.callbacks.manager [None req-61b807e4-ae4c-4791-bae5-98222b6efcf5 admin admin] Publish callbacks ['neutron.plugins.ml2.plugin.SecurityGroupDbMixin._ensure_default_security_group_handler-1895649'] for network (None), before_create {{(pid=87604) _notify_loop /opt/stack/data/venv/lib/python3.12/site-packages/neutron_lib/callbacks/manager.py:184}}
Aug 13 18:55:07.082915 np0000007250 devstack@neutron-api.service[87604]: DEBUG neutron.plugins.ml2.drivers.type_flat [None req-61b807e4-ae4c-4791-bae5-98222b6efcf5 admin admin] Reserving flat network on physical network public {{(pid=87604) reserve_provider_segment /opt/stack/neutron/neutron/plugins/ml2/drivers/type_flat.py:100}}
Aug 13 18:55:07.093256 np0000007250 devstack@neutron-api.service[87604]: DEBUG neutron_lib.callbacks.manager [None req-61b807e4-ae4c-4791-bae5-98222b6efcf5 admin admin] Publish callbacks ['neutron.services.segments.db._add_segment_host_mapping_for_segment-8121767377130', 'neutron.plugins.ml2.plugin.Ml2Plugin._handle_segment_change-53639'] for segment (86512036-1f16-4b7a-8b77-05a16220b20d), precommit_create {{(pid=87604) _notify_loop /opt/stack/data/venv/lib/python3.12/site-packages/neutron_lib/callbacks/manager.py:184}}
Aug 13 18:55:07.093496 np0000007250 devstack@neutron-api.service[87604]: DEBUG neutron_lib.callbacks.manager [None req-61b807e4-ae4c-4791-bae5-98222b6efcf5 admin admin] Unsubscribe: segment precommit_create {{(pid=87604) unsubscribe /opt/stack/data/venv/lib/python3.12/site-packages/neutron_lib/callbacks/manager.py:90}}
Aug 13 18:55:07.093716 np0000007250 devstack@neutron-api.service[87604]: INFO neutron.db.segments_db [None req-61b807e4-ae4c-4791-bae5-98222b6efcf5 admin admin] Added segment 86512036-1f16-4b7a-8b77-05a16220b20d of type flat for network b05a0724-8a99-4f03-bac6-d4eff95725f3
Aug 13 18:55:07.128197 np0000007250 devstack@neutron-api.service[87604]: DEBUG neutron_lib.callbacks.manager [None req-61b807e4-ae4c-4791-bae5-98222b6efcf5 admin admin] Publish callbacks ['neutron.services.auto_allocate.db._ensure_external_network_default_value_callback-8121766051650'] for network (b05a0724-8a99-4f03-bac6-d4eff95725f3), precommit_create {{(pid=87604) _notify_loop /opt/stack/data/venv/lib/python3.12/site-packages/neutron_lib/callbacks/manager.py:184}}
Aug 13 18:55:07.148320 np0000007250 devstack@neutron-api.service[87604]: DEBUG neutron.plugins.ml2.drivers.ovn.mech_driver.mech_driver [None req-61b807e4-ae4c-4791-bae5-98222b6efcf5 admin admin] Validating network segment with type flat, segmentation ID None, physical network public {{(pid=87604) _validate_network_segments /opt/stack/neutron/neutron/plugins/ml2/drivers/ovn/mech_driver/mech_driver.py:624}}
Aug 13 18:55:07.148504 np0000007250 devstack@neutron-api.service[87604]: DEBUG neutron.db.ovn_revision_numbers_db [None req-61b807e4-ae4c-4791-bae5-98222b6efcf5 admin admin] create_initial_revision uuid=b05a0724-8a99-4f03-bac6-d4eff95725f3, type=networks, rev=-1 {{(pid=87604) create_initial_revision /opt/stack/neutron/neutron/db/ovn_revision_numbers_db.py:98}}
Aug 13 18:55:07.165754 np0000007250 devstack@neutron-api.service[87604]: DEBUG neutron_lib.callbacks.manager [None req-61b807e4-ae4c-4791-bae5-98222b6efcf5 admin admin] Publish callbacks ['neutron.plugins.ml2.ovo_rpc._ObjectChangeHandler.handle_event-33462954'] for network (b05a0724-8a99-4f03-bac6-d4eff95725f3), after_create {{(pid=87604) _notify_loop /opt/stack/data/venv/lib/python3.12/site-packages/neutron_lib/callbacks/manager.py:184}}
Aug 13 18:55:07.207328 np0000007250 devstack@neutron-api.service[87604]: DEBUG neutron.api.rpc.handlers.resources_rpc [None req-61b807e4-ae4c-4791-bae5-98222b6efcf5 admin admin] Pushing event updated for resources: {'Network': ['ID=b05a0724-8a99-4f03-bac6-d4eff95725f3,revision_number=1']} {{(pid=87604) push /opt/stack/neutron/neutron/api/rpc/handlers/resources_rpc.py:237}}
Aug 13 18:55:07.212665 np0000007250 devstack@neutron-api.service[87604]: DEBUG neutron.api.rpc.callbacks.version_manager [None req-61b807e4-ae4c-4791-bae5-98222b6efcf5 admin admin] Tracked resource versions report:
Aug 13 18:55:07.212665 np0000007250 devstack@neutron-api.service[87604]: pushed versions:
Aug 13 18:55:07.212665 np0000007250 devstack@neutron-api.service[87604]: { 'AddressGroup': {'1.2'},
Aug 13 18:55:07.212665 np0000007250 devstack@neutron-api.service[87604]: 'Agent': {'1.1'},
Aug 13 18:55:07.212665 np0000007250 devstack@neutron-api.service[87604]: 'ConntrackHelper': {'1.0'},
Aug 13 18:55:07.212665 np0000007250 devstack@neutron-api.service[87604]: 'LocalIPAssociation': {'1.0'},
Aug 13 18:55:07.212665 np0000007250 devstack@neutron-api.service[87604]: 'Log': {'1.0'},
Aug 13 18:55:07.212665 np0000007250 devstack@neutron-api.service[87604]: 'NDPProxy': {'1.0'},
Aug 13 18:55:07.212665 np0000007250 devstack@neutron-api.service[87604]: 'Network': {'1.3'},
Aug 13 18:55:07.212665 np0000007250 devstack@neutron-api.service[87604]: 'Port': {'1.11'},
Aug 13 18:55:07.212665 np0000007250 devstack@neutron-api.service[87604]: 'PortForwarding': {'1.3'},
Aug 13 18:55:07.212665 np0000007250 devstack@neutron-api.service[87604]: 'QosPolicy': {'1.10'},
Aug 13 18:55:07.212665 np0000007250 devstack@neutron-api.service[87604]: 'SecurityGroup': {'1.6'},
Aug 13 18:55:07.212665 np0000007250 devstack@neutron-api.service[87604]: 'SecurityGroupRule': {'1.3'},
Aug 13 18:55:07.212665 np0000007250 devstack@neutron-api.service[87604]: 'SubPort': {'1.0'},
Aug 13 18:55:07.212665 np0000007250 devstack@neutron-api.service[87604]: 'Subnet': {'1.2'},
Aug 13 18:55:07.212665 np0000007250 devstack@neutron-api.service[87604]: 'Trunk': {'1.1'}}
Aug 13 18:55:07.212665 np0000007250 devstack@neutron-api.service[87604]: consumer versions:
Aug 13 18:55:07.212665 np0000007250 devstack@neutron-api.service[87604]: { OVN Controller Gateway agent@np0000007250: {},
Aug 13 18:55:07.212665 np0000007250 devstack@neutron-api.service[87604]: OVN Neutron agent@np0000007250: {}}
Aug 13 18:55:07.212665 np0000007250 devstack@neutron-api.service[87604]: {{(pid=87604) report /opt/stack/neutron/neutron/api/rpc/callbacks/version_manager.py:183}}
Aug 13 18:55:07.225693 np0000007250 devstack@neutron-api.service[87604]: INFO neutron.plugins.ml2.drivers.ovn.mech_driver.ovsdb.extensions.qos [None req-61b807e4-ae4c-4791-bae5-98222b6efcf5 admin admin] Starting OVNClientQosExtension
Aug 13 18:55:07.225831 np0000007250 devstack@neutron-api.service[87604]: INFO neutron.plugins.ml2.drivers.ovn.mech_driver.ovsdb.extensions.placement [None req-61b807e4-ae4c-4791-bae5-98222b6efcf5 admin admin] Starting OVNClientPlacementExtension
Aug 13 18:55:07.232112 np0000007250 devstack@neutron-api.service[87604]: DEBUG ovsdbapp.backend.ovs_idl.transaction [-] Running txn n=1 command(idx=0): AddNetworkCommand(_result=None, network_uuid=b05a0724-8a99-4f03-bac6-d4eff95725f3, may_exist=True, columns={'external_ids': {'neutron:network_name': 'public', 'neutron:mtu': '1430', 'neutron:revision_number': '1', 'neutron:availability_zone_hints': '', 'neutron:provnet-network-type': 'flat', 'neutron:provnet-physical-network': 'public'}, 'other_config': {'mcast_snoop': 'false', 'mcast_flood_unregistered': 'false', 'vlan-passthru': 'false', 'fdb_age_threshold': '300', 'broadcast-arps-to-all-routers': 'true'}}) {{(pid=87604) do_commit /opt/stack/data/venv/lib/python3.12/site-packages/ovsdbapp/backend/ovs_idl/transaction.py:89}}
Aug 13 18:55:07.232649 np0000007250 devstack@neutron-api.service[87604]: DEBUG neutron.common.ovn.utils [-] OVS persist_uuid supported=True {{(pid=87604) ovs_persist_uuid_supported /opt/stack/neutron/neutron/common/ovn/utils.py:1565}}
Aug 13 18:55:07.233119 np0000007250 devstack@neutron-api.service[87604]: DEBUG ovsdbapp.backend.ovs_idl.transaction [-] Running txn n=1 command(idx=1): AddLSwitchPortCommand(_result=None, lport=provnet-86512036-1f16-4b7a-8b77-05a16220b20d, lswitch=neutron-b05a0724-8a99-4f03-bac6-d4eff95725f3, may_exist=True, network_uuid=b05a0724-8a99-4f03-bac6-d4eff95725f3, columns={'addresses': ['unknown'], 'external_ids': {'neutron:provnet-physical-network': 'public'}, 'type': 'localnet', 'tag_request': [], 'options': {'network_name': 'public', 'mcast_flood_reports': 'true', 'mcast_flood': 'false', 'localnet_learn_fdb': 'false'}}) {{(pid=87604) do_commit /opt/stack/data/venv/lib/python3.12/site-packages/ovsdbapp/backend/ovs_idl/transaction.py:89}}
Aug 13 18:55:07.252350 np0000007250 devstack@neutron-api.service[87604]: DEBUG neutron.plugins.ml2.drivers.ovn.mech_driver.ovsdb.ovsdb_monitor [-] Hash Ring: Node 8ffbb8cd990a54e7a55014dde540029e (host: np0000007250) handling event "create" for row 2594a9dd-39a0-48df-b797-71878e13a2dc (table: Logical_Switch_Port) {{(pid=87604) notify /opt/stack/neutron/neutron/plugins/ml2/drivers/ovn/mech_driver/ovsdb/ovsdb_monitor.py:1099}}
Aug 13 18:55:07.252688 np0000007250 devstack@neutron-api.service[87605]: DEBUG neutron.plugins.ml2.drivers.ovn.mech_driver.ovsdb.ovsdb_monitor [-] Hash Ring: Node 2aa02d4504ca51b8b0fc6a1df72b1d40 (host: np0000007250) handling event "create" for row b05a0724-8a99-4f03-bac6-d4eff95725f3 (table: Logical_Switch) {{(pid=87605) notify /opt/stack/neutron/neutron/plugins/ml2/drivers/ovn/mech_driver/ovsdb/ovsdb_monitor.py:1099}}
Aug 13 18:55:07.253010 np0000007250 devstack@neutron-api.service[87605]: DEBUG neutron.plugins.ml2.drivers.ovn.mech_driver.ovsdb.ovsdb_monitor [-] Hash Ring: Node 2aa02d4504ca51b8b0fc6a1df72b1d40 (host: np0000007250) handling event "create" for row 2594a9dd-39a0-48df-b797-71878e13a2dc (table: Logical_Switch_Port) {{(pid=87605) notify /opt/stack/neutron/neutron/plugins/ml2/drivers/ovn/mech_driver/ovsdb/ovsdb_monitor.py:1099}}
Aug 13 18:55:07.253347 np0000007250 devstack@neutron-api.service[87604]: DEBUG neutron.plugins.ml2.drivers.ovn.mech_driver.ovsdb.ovsdb_monitor [-] Hash Ring: Node 8ffbb8cd990a54e7a55014dde540029e (host: np0000007250) handling event "update" for row 2594a9dd-39a0-48df-b797-71878e13a2dc (table: Logical_Switch_Port) {{(pid=87604) notify /opt/stack/neutron/neutron/plugins/ml2/drivers/ovn/mech_driver/ovsdb/ovsdb_monitor.py:1099}}
Aug 13 18:55:07.253600 np0000007250 devstack@neutron-api.service[87603]: DEBUG neutron.plugins.ml2.drivers.ovn.mech_driver.ovsdb.ovsdb_monitor [-] Hash Ring: Node 050d3378408a5efaadda3f6855f95b7b (host: np0000007250) handling event "create" for row 2594a9dd-39a0-48df-b797-71878e13a2dc (table: Logical_Switch_Port) {{(pid=87603) notify /opt/stack/neutron/neutron/plugins/ml2/drivers/ovn/mech_driver/ovsdb/ovsdb_monitor.py:1099}}
Aug 13 18:55:07.253670 np0000007250 devstack@neutron-api.service[87605]: DEBUG neutron.plugins.ml2.drivers.ovn.mech_driver.ovsdb.ovsdb_monitor [-] Hash Ring: Node 2aa02d4504ca51b8b0fc6a1df72b1d40 (host: np0000007250) handling event "update" for row 2594a9dd-39a0-48df-b797-71878e13a2dc (table: Logical_Switch_Port) {{(pid=87605) notify /opt/stack/neutron/neutron/plugins/ml2/drivers/ovn/mech_driver/ovsdb/ovsdb_monitor.py:1099}}
Aug 13 18:55:07.254475 np0000007250 devstack@neutron-api.service[87603]: DEBUG neutron.plugins.ml2.drivers.ovn.mech_driver.ovsdb.ovsdb_monitor [-] Hash Ring: Node 050d3378408a5efaadda3f6855f95b7b (host: np0000007250) handling event "update" for row 2594a9dd-39a0-48df-b797-71878e13a2dc (table: Logical_Switch_Port) {{(pid=87603) notify /opt/stack/neutron/neutron/plugins/ml2/drivers/ovn/mech_driver/ovsdb/ovsdb_monitor.py:1099}}
Aug 13 18:55:07.257722 np0000007250 devstack@neutron-api.service[87603]: DEBUG neutron.plugins.ml2.drivers.ovn.mech_driver.ovsdb.ovsdb_monitor [-] Hash Ring: Node 050d3378408a5efaadda3f6855f95b7b (host: np0000007250) handling event "create" for row 95444b65-7d4c-408e-a229-a43faf5a4a22 (table: Port_Binding) {{(pid=87603) notify /opt/stack/neutron/neutron/plugins/ml2/drivers/ovn/mech_driver/ovsdb/ovsdb_monitor.py:1099}}
Aug 13 18:55:07.259202 np0000007250 devstack@neutron-api.service[87605]: DEBUG neutron.plugins.ml2.drivers.ovn.mech_driver.ovsdb.ovsdb_monitor [-] Hash Ring: Node 2aa02d4504ca51b8b0fc6a1df72b1d40 (host: np0000007250) handling event "create" for row 836571f8-89be-43ab-b6f8-5457bc61c8b3 (table: Datapath_Binding) {{(pid=87605) notify /opt/stack/neutron/neutron/plugins/ml2/drivers/ovn/mech_driver/ovsdb/ovsdb_monitor.py:1099}}
Aug 13 18:55:07.259507 np0000007250 devstack@neutron-api.service[87605]: DEBUG neutron.plugins.ml2.drivers.ovn.mech_driver.ovsdb.ovsdb_monitor [-] Hash Ring: Node 2aa02d4504ca51b8b0fc6a1df72b1d40 (host: np0000007250) handling event "create" for row 95444b65-7d4c-408e-a229-a43faf5a4a22 (table: Port_Binding) {{(pid=87605) notify /opt/stack/neutron/neutron/plugins/ml2/drivers/ovn/mech_driver/ovsdb/ovsdb_monitor.py:1099}}
Aug 13 18:55:07.284678 np0000007250 devstack@neutron-api.service[87604]: INFO neutron.db.ovn_revision_numbers_db [None req-61b807e4-ae4c-4791-bae5-98222b6efcf5 admin admin] Successfully bumped revision number for resource b05a0724-8a99-4f03-bac6-d4eff95725f3 (type: networks) to 1
Aug 13 18:55:07.337257 np0000007250 devstack@neutron-api.service[87604]: DEBUG neutron_lib.callbacks.manager [None req-61b807e4-ae4c-4791-bae5-98222b6efcf5 admin admin] Publish callbacks ['neutron.plugins.ml2.plugin.SecurityGroupDbMixin._ensure_default_security_group_handler-1895649'] for port (None), before_create {{(pid=87604) _notify_loop /opt/stack/data/venv/lib/python3.12/site-packages/neutron_lib/callbacks/manager.py:184}}
Aug 13 18:55:07.419576 np0000007250 devstack@neutron-api.service[87604]: DEBUG neutron_lib.callbacks.manager [None req-61b807e4-ae4c-4791-bae5-98222b6efcf5 admin admin] Publish callbacks ['neutron.plugins.ml2.drivers.ovn.mech_driver.mech_driver.OVNMechanismDriver._validate_allowed_address_pairs-385037'] for allowed_address_pair (4134fe0a-4481-44a0-b0a2-9d9c6d5831b8), before_create {{(pid=87604) _notify_loop /opt/stack/data/venv/lib/python3.12/site-packages/neutron_lib/callbacks/manager.py:184}}
Aug 13 18:55:07.420089 np0000007250 devstack@neutron-api.service[87604]: DEBUG neutron_lib.callbacks.manager [None req-61b807e4-ae4c-4791-bae5-98222b6efcf5 admin admin] Publish callbacks [] for port (4134fe0a-4481-44a0-b0a2-9d9c6d5831b8), precommit_create {{(pid=87604) _notify_loop /opt/stack/data/venv/lib/python3.12/site-packages/neutron_lib/callbacks/manager.py:184}}
Aug 13 18:55:07.420278 np0000007250 devstack@neutron-api.service[87604]: DEBUG neutron.plugins.ml2.drivers.ovn.mech_driver.mech_driver [None req-61b807e4-ae4c-4791-bae5-98222b6efcf5 admin admin] No provisioning block for port 4134fe0a-4481-44a0-b0a2-9d9c6d5831b8 since it does not have a host {{(pid=87604) _is_port_provisioning_required /opt/stack/neutron/neutron/plugins/ml2/drivers/ovn/mech_driver/mech_driver.py:877}}
Aug 13 18:55:07.420404 np0000007250 devstack@neutron-api.service[87604]: DEBUG neutron.db.ovn_revision_numbers_db [None req-61b807e4-ae4c-4791-bae5-98222b6efcf5 admin admin] create_initial_revision uuid=4134fe0a-4481-44a0-b0a2-9d9c6d5831b8, type=ports, rev=-1 {{(pid=87604) create_initial_revision /opt/stack/neutron/neutron/db/ovn_revision_numbers_db.py:98}}
Aug 13 18:55:07.648748 np0000007250 devstack@neutron-api.service[87604]: DEBUG neutron_lib.callbacks.manager [None req-61b807e4-ae4c-4791-bae5-98222b6efcf5 admin admin] Publish callbacks ['neutron.plugins.ml2.ovo_rpc._ObjectChangeHandler.handle_event-33463125'] for port (4134fe0a-4481-44a0-b0a2-9d9c6d5831b8), after_create {{(pid=87604) _notify_loop /opt/stack/data/venv/lib/python3.12/site-packages/neutron_lib/callbacks/manager.py:184}}
Aug 13 18:55:07.701811 np0000007250 devstack@neutron-api.service[87604]: DEBUG neutron.api.rpc.handlers.resources_rpc [None req-61b807e4-ae4c-4791-bae5-98222b6efcf5 admin admin] Pushing event updated for resources: {'Port': ['ID=4134fe0a-4481-44a0-b0a2-9d9c6d5831b8,revision_number=1']} {{(pid=87604) push /opt/stack/neutron/neutron/api/rpc/handlers/resources_rpc.py:237}}
Aug 13 18:55:07.733753 np0000007250 devstack@neutron-api.service[87604]: DEBUG neutron.plugins.ml2.drivers.ovn.mech_driver.ovsdb.commands [None req-61b807e4-ae4c-4791-bae5-98222b6efcf5 admin admin] Converting tag [] to a tag_request {{(pid=87604) _tag_column_to_tag_request /opt/stack/neutron/neutron/plugins/ml2/drivers/ovn/mech_driver/ovsdb/commands.py:227}}
Aug 13 18:55:07.734558 np0000007250 devstack@neutron-api.service[87604]: DEBUG ovsdbapp.backend.ovs_idl.transaction [-] Running txn n=1 command(idx=0): AddLSwitchPortCommand(_result=None, lport=4134fe0a-4481-44a0-b0a2-9d9c6d5831b8, lswitch=neutron-b05a0724-8a99-4f03-bac6-d4eff95725f3, may_exist=True, network_uuid=b05a0724-8a99-4f03-bac6-d4eff95725f3, columns={'addresses': ['fa:16:3e:64:90:82'], 'external_ids': {'neutron:port_name': '', 'neutron:device_id': 'ovnmeta-b05a0724-8a99-4f03-bac6-d4eff95725f3', 'neutron:project_id': '5f095531ead14223b88ed5156f601c72', 'neutron:cidrs': '', 'neutron:device_owner': 'network:distributed', 'neutron:subnet_pool_addr_scope4': '', 'neutron:subnet_pool_addr_scope6': '', 'neutron:network_name': 'neutron-b05a0724-8a99-4f03-bac6-d4eff95725f3', 'neutron:security_group_ids': '', 'neutron:revision_number': '1', 'neutron:vnic_type': 'normal', 'neutron:port_capabilities': '', 'neutron:mtu': '1430'}, 'parent_name': [], 'enabled': True, 'options': {}, 'type': 'localport', 'port_security': [], 'dhcpv4_options': [], 'dhcpv6_options': [], 'tag_request': []}) {{(pid=87604) do_commit /opt/stack/data/venv/lib/python3.12/site-packages/ovsdbapp/backend/ovs_idl/transaction.py:89}}
Aug 13 18:55:07.735085 np0000007250 devstack@neutron-api.service[87604]: DEBUG ovsdbapp.backend.ovs_idl.transaction [-] Running txn n=1 command(idx=1): QoSDelCommand(_result=None, switch=neutron-b05a0724-8a99-4f03-bac6-d4eff95725f3, conditions=[('direction', '=', 'to-lport'), ('priority', '=', 2002), ('match', '=', 'outport == "4134fe0a-4481-44a0-b0a2-9d9c6d5831b8"')], if_exists=True) {{(pid=87604) do_commit /opt/stack/data/venv/lib/python3.12/site-packages/ovsdbapp/backend/ovs_idl/transaction.py:89}}
Aug 13 18:55:07.735265 np0000007250 devstack@neutron-api.service[87604]: DEBUG ovsdbapp.backend.ovs_idl.transaction [-] Running txn n=1 command(idx=2): QoSDelCommand(_result=None, switch=neutron-b05a0724-8a99-4f03-bac6-d4eff95725f3, conditions=[('direction', '=', 'from-lport'), ('priority', '=', 2002), ('match', '=', 'inport == "4134fe0a-4481-44a0-b0a2-9d9c6d5831b8"')], if_exists=True) {{(pid=87604) do_commit /opt/stack/data/venv/lib/python3.12/site-packages/ovsdbapp/backend/ovs_idl/transaction.py:89}}
Aug 13 18:55:07.735443 np0000007250 devstack@neutron-api.service[87604]: DEBUG ovsdbapp.backend.ovs_idl.transaction [-] Running txn n=1 command(idx=3): UpdateLSwitchPortQosOptionsCommand(_result=None, lport=AddLSwitchPortCommand(_result=8f88bc97-946a-4508-a4d2-d8b95c793997, lport=4134fe0a-4481-44a0-b0a2-9d9c6d5831b8, lswitch=neutron-b05a0724-8a99-4f03-bac6-d4eff95725f3, may_exist=True, network_uuid=b05a0724-8a99-4f03-bac6-d4eff95725f3, columns={'addresses': ['fa:16:3e:64:90:82'], 'external_ids': {'neutron:port_name': '', 'neutron:device_id': 'ovnmeta-b05a0724-8a99-4f03-bac6-d4eff95725f3', 'neutron:project_id': '5f095531ead14223b88ed5156f601c72', 'neutron:cidrs': '', 'neutron:device_owner': 'network:distributed', 'neutron:subnet_pool_addr_scope4': '', 'neutron:subnet_pool_addr_scope6': '', 'neutron:network_name': 'neutron-b05a0724-8a99-4f03-bac6-d4eff95725f3', 'neutron:security_group_ids': '', 'neutron:revision_number': '1', 'neutron:vnic_type': 'normal', 'neutron:port_capabilities': '', 'neutron:mtu': '1430'}, 'parent_name': [], 'enabled': True, 'options': {}, 'type': 'localport', 'port_security': [], 'tag_request': []}), if_exists=True, qos={'qos_max_rate': None, 'qos_burst': None, 'qos_min_rate': None}) {{(pid=87604) do_commit /opt/stack/data/venv/lib/python3.12/site-packages/ovsdbapp/backend/ovs_idl/transaction.py:89}}
Aug 13 18:55:07.738695 np0000007250 devstack@neutron-api.service[87605]: DEBUG neutron.plugins.ml2.drivers.ovn.mech_driver.ovsdb.ovsdb_monitor [-] Hash Ring: Node 2aa02d4504ca51b8b0fc6a1df72b1d40 (host: np0000007250) handling event "update" for row b05a0724-8a99-4f03-bac6-d4eff95725f3 (table: Logical_Switch) {{(pid=87605) notify /opt/stack/neutron/neutron/plugins/ml2/drivers/ovn/mech_driver/ovsdb/ovsdb_monitor.py:1099}}
Aug 13 18:55:07.738837 np0000007250 devstack@neutron-api.service[87605]: DEBUG neutron.plugins.ml2.drivers.ovn.mech_driver.ovsdb.ovsdb_monitor [-] Hash Ring: Node 2aa02d4504ca51b8b0fc6a1df72b1d40 (host: np0000007250) handling event "create" for row a442afd4-488c-4de8-ae98-51c532db6b2f (table: Logical_Switch_Port) {{(pid=87605) notify /opt/stack/neutron/neutron/plugins/ml2/drivers/ovn/mech_driver/ovsdb/ovsdb_monitor.py:1099}}
Aug 13 18:55:07.739655 np0000007250 devstack@neutron-api.service[87605]: DEBUG ovsdbapp.backend.ovs_idl.event [-] Matched CREATE: LogicalSwitchPortCreateEvent(events=('create',), table='Logical_Switch_Port', conditions=[], old_conditions=None), priority=20 to row=Logical_Switch_Port(uuid=a442afd4-488c-4de8-ae98-51c532db6b2f, addresses=['fa:16:3e:64:90:82'], dhcpv4_options=[], dhcpv6_options=[], dynamic_addresses=[], enabled=True, external_ids={'neutron:cidrs': '', 'neutron:device_id': 'ovnmeta-b05a0724-8a99-4f03-bac6-d4eff95725f3', 'neutron:device_owner': 'network:distributed', 'neutron:mtu': '1430', 'neutron:network_name': 'neutron-b05a0724-8a99-4f03-bac6-d4eff95725f3', 'neutron:port_capabilities': '', 'neutron:port_name': '', 'neutron:project_id': '5f095531ead14223b88ed5156f601c72', 'neutron:revision_number': '1', 'neutron:security_group_ids': '', 'neutron:subnet_pool_addr_scope4': '', 'neutron:subnet_pool_addr_scope6': '', 'neutron:vnic_type': 'normal'}, ha_chassis_group=[], mirror_rules=[], name='4134fe0a-4481-44a0-b0a2-9d9c6d5831b8', options={}, parent_name=[], port_security=[], tag=[], tag_request=[], type='localport', up=[]) old= {{(pid=87605) matches /opt/stack/data/venv/lib/python3.12/site-packages/ovsdbapp/backend/ovs_idl/event.py:55}}
Aug 13 18:55:07.740767 np0000007250 devstack@neutron-api.service[87605]: DEBUG neutron.plugins.ml2.drivers.ovn.mech_driver.ovsdb.ovsdb_monitor [-] Hash Ring: Node 2aa02d4504ca51b8b0fc6a1df72b1d40 (host: np0000007250) handling event "update" for row a442afd4-488c-4de8-ae98-51c532db6b2f (table: Logical_Switch_Port) {{(pid=87605) notify /opt/stack/neutron/neutron/plugins/ml2/drivers/ovn/mech_driver/ovsdb/ovsdb_monitor.py:1099}}
Aug 13 18:55:07.741347 np0000007250 devstack@neutron-api.service[87603]: DEBUG neutron.plugins.ml2.drivers.ovn.mech_driver.ovsdb.ovsdb_monitor [-] Hash Ring: Node 050d3378408a5efaadda3f6855f95b7b (host: np0000007250) handling event "create" for row a442afd4-488c-4de8-ae98-51c532db6b2f (table: Logical_Switch_Port) {{(pid=87603) notify /opt/stack/neutron/neutron/plugins/ml2/drivers/ovn/mech_driver/ovsdb/ovsdb_monitor.py:1099}}
Aug 13 18:55:07.742810 np0000007250 devstack@neutron-api.service[87603]: DEBUG ovsdbapp.backend.ovs_idl.event [-] Matched CREATE: LogicalSwitchPortCreateEvent(events=('create',), table='Logical_Switch_Port', conditions=[], old_conditions=None), priority=20 to row=Logical_Switch_Port(uuid=a442afd4-488c-4de8-ae98-51c532db6b2f, addresses=['fa:16:3e:64:90:82'], dhcpv4_options=[], dhcpv6_options=[], dynamic_addresses=[], enabled=True, external_ids={'neutron:cidrs': '', 'neutron:device_id': 'ovnmeta-b05a0724-8a99-4f03-bac6-d4eff95725f3', 'neutron:device_owner': 'network:distributed', 'neutron:mtu': '1430', 'neutron:network_name': 'neutron-b05a0724-8a99-4f03-bac6-d4eff95725f3', 'neutron:port_capabilities': '', 'neutron:port_name': '', 'neutron:project_id': '5f095531ead14223b88ed5156f601c72', 'neutron:revision_number': '1', 'neutron:security_group_ids': '', 'neutron:subnet_pool_addr_scope4': '', 'neutron:subnet_pool_addr_scope6': '', 'neutron:vnic_type': 'normal'}, ha_chassis_group=[], mirror_rules=[], name='4134fe0a-4481-44a0-b0a2-9d9c6d5831b8', options={}, parent_name=[], port_security=[], tag=[], tag_request=[], type='localport', up=[]) old= {{(pid=87603) matches /opt/stack/data/venv/lib/python3.12/site-packages/ovsdbapp/backend/ovs_idl/event.py:55}}
Aug 13 18:55:07.743589 np0000007250 devstack@neutron-api.service[87605]: DEBUG neutron.plugins.ml2.drivers.ovn.mech_driver.ovsdb.ovsdb_monitor [-] Hash Ring: Node 2aa02d4504ca51b8b0fc6a1df72b1d40 (host: np0000007250) handling event "create" for row f126f9cf-474b-4978-afed-2f214ebf6e62 (table: Port_Binding) {{(pid=87605) notify /opt/stack/neutron/neutron/plugins/ml2/drivers/ovn/mech_driver/ovsdb/ovsdb_monitor.py:1099}}
Aug 13 18:55:07.744375 np0000007250 devstack@neutron-api.service[87605]: INFO neutron.plugins.ml2.drivers.ovn.mech_driver.mech_driver [None req-b6a1e557-17ad-45b5-9677-f597e7abcb21 None None] OVN reports status down for port: 4134fe0a-4481-44a0-b0a2-9d9c6d5831b8
Aug 13 18:55:07.744621 np0000007250 devstack@neutron-api.service[87603]: DEBUG neutron.plugins.ml2.drivers.ovn.mech_driver.ovsdb.ovsdb_monitor [-] Hash Ring: Node 050d3378408a5efaadda3f6855f95b7b (host: np0000007250) handling event "create" for row f126f9cf-474b-4978-afed-2f214ebf6e62 (table: Port_Binding) {{(pid=87603) notify /opt/stack/neutron/neutron/plugins/ml2/drivers/ovn/mech_driver/ovsdb/ovsdb_monitor.py:1099}}
Aug 13 18:55:07.745364 np0000007250 devstack@neutron-api.service[87603]: INFO neutron.plugins.ml2.drivers.ovn.mech_driver.mech_driver [None req-dbac14a5-cd21-4af3-bbdc-e8178debc2eb None None] OVN reports status down for port: 4134fe0a-4481-44a0-b0a2-9d9c6d5831b8
Aug 13 18:55:07.745791 np0000007250 devstack@neutron-api.service[87603]: DEBUG neutron.plugins.ml2.drivers.ovn.mech_driver.ovsdb.ovsdb_monitor [-] Hash Ring: Node 050d3378408a5efaadda3f6855f95b7b (host: np0000007250) handling event "update" for row a442afd4-488c-4de8-ae98-51c532db6b2f (table: Logical_Switch_Port) {{(pid=87603) notify /opt/stack/neutron/neutron/plugins/ml2/drivers/ovn/mech_driver/ovsdb/ovsdb_monitor.py:1099}}
Aug 13 18:55:07.762323 np0000007250 devstack@neutron-api.service[87604]: DEBUG neutron.plugins.ml2.drivers.ovn.mech_driver.ovsdb.ovsdb_monitor [-] Hash Ring: Node 8ffbb8cd990a54e7a55014dde540029e (host: np0000007250) handling event "create" for row f126f9cf-474b-4978-afed-2f214ebf6e62 (table: Port_Binding) {{(pid=87604) notify /opt/stack/neutron/neutron/plugins/ml2/drivers/ovn/mech_driver/ovsdb/ovsdb_monitor.py:1099}}
Aug 13 18:55:07.772065 np0000007250 devstack@neutron-api.service[87603]: DEBUG neutron.db.provisioning_blocks [None req-dbac14a5-cd21-4af3-bbdc-e8178debc2eb None None] Transition to ACTIVE for port object 4134fe0a-4481-44a0-b0a2-9d9c6d5831b8 will not be triggered until provisioned by entity L2. {{(pid=87603) add_provisioning_component /opt/stack/neutron/neutron/db/provisioning_blocks.py:74}}
Aug 13 18:55:07.775575 np0000007250 devstack@neutron-api.service[87605]: DEBUG neutron_lib.db.api [None req-b6a1e557-17ad-45b5-9677-f597e7abcb21 None None] Retry wrapper got retriable exception: Failed to create a duplicate ProvisioningBlock: for attribute(s) ['provisioningblocks.PRIMARY'] with value(s) 20-L2 {{(pid=87605) wrapped /opt/stack/data/venv/lib/python3.12/site-packages/neutron_lib/db/api.py:185}}
Aug 13 18:55:07.775820 np0000007250 devstack@neutron-api.service[87605]: DEBUG oslo_db.api [None req-b6a1e557-17ad-45b5-9677-f597e7abcb21 None None] Performing DB retry for function neutron.db.provisioning_blocks.add_provisioning_component {{(pid=87605) wrapper /opt/stack/data/venv/lib/python3.12/site-packages/oslo_db/api.py:155}}
Aug 13 18:55:07.792095 np0000007250 devstack@neutron-api.service[87603]: DEBUG neutron.plugins.ml2.plugin [None req-dbac14a5-cd21-4af3-bbdc-e8178debc2eb None None] Current status of the port 4134fe0a-4481-44a0-b0a2-9d9c6d5831b8 is: DOWN; New status is: DOWN {{(pid=87603) _update_individual_port_db_status /opt/stack/neutron/neutron/plugins/ml2/plugin.py:2473}}
Aug 13 18:55:07.792266 np0000007250 devstack@neutron-api.service[87604]: INFO neutron.db.ovn_revision_numbers_db [None req-61b807e4-ae4c-4791-bae5-98222b6efcf5 admin admin] Successfully bumped revision number for resource 4134fe0a-4481-44a0-b0a2-9d9c6d5831b8 (type: ports) to 1
Aug 13 18:55:07.793182 np0000007250 devstack@neutron-api.service[87603]: DEBUG ovsdbapp.backend.ovs_idl.transaction [-] Running txn n=1 command(idx=0): DbRemoveCommand(_result=None, table=Logical_Switch_Port, record=4134fe0a-4481-44a0-b0a2-9d9c6d5831b8, column=external_ids, values=('neutron:host_id',), keyvalues={}, if_exists=True) {{(pid=87603) do_commit /opt/stack/data/venv/lib/python3.12/site-packages/ovsdbapp/backend/ovs_idl/transaction.py:89}}
Aug 13 18:55:07.807408 np0000007250 devstack@neutron-api.service[87604]: DEBUG neutron.pecan_wsgi.hooks.policy_enforcement [None req-61b807e4-ae4c-4791-bae5-98222b6efcf5 admin admin] Attributes excluded by policy engine: ['standard_attr_id'] {{(pid=87604) _exclude_attributes_by_policy /opt/stack/neutron/neutron/pecan_wsgi/hooks/policy_enforcement.py:259}}
Aug 13 18:55:07.807878 np0000007250 devstack@neutron-api.service[87604]: DEBUG neutron_lib.callbacks.manager [None req-61b807e4-ae4c-4791-bae5-98222b6efcf5 admin admin] Publish callbacks [] for network (None), before_response {{(pid=87604) _notify_loop /opt/stack/data/venv/lib/python3.12/site-packages/neutron_lib/callbacks/manager.py:184}}
Aug 13 18:55:07.817478 np0000007250 devstack@neutron-api.service[87604]: [pid: 87604|app: 0|req: 5/16] 10.4.3.6 () {68 vars in 1313 bytes} [Thu Aug 13 18:55:07 2026] POST /networking/v2.0/networks => generated 679 bytes in 787 msecs (HTTP/1.1 201) 4 headers in 162 bytes (1 switches on core 0)
Aug 13 18:55:08.068259 np0000007250 devstack@neutron-api.service[87605]: DEBUG neutron.pecan_wsgi.hooks.policy_enforcement [None req-05bf5dd2-ceec-45c8-965e-0c9b8388a38d admin admin] Attributes excluded by policy engine: ['standard_attr_id', 'shared'] {{(pid=87605) _exclude_attributes_by_policy /opt/stack/neutron/neutron/pecan_wsgi/hooks/policy_enforcement.py:259}}
Aug 13 18:55:08.069373 np0000007250 devstack@neutron-api.service[87605]: [pid: 87605|app: 0|req: 7/17] 10.4.3.6 () {64 vars in 1367 bytes} [Thu Aug 13 18:55:08 2026] GET /networking/v2.0/subnets/d2292436-a540-4034-96c6-d1e7d87079be => generated 666 bytes in 20 msecs (HTTP/1.1 200) 4 headers in 157 bytes (1 switches on core 0)
Aug 13 18:55:08.080318 np0000007250 devstack@neutron-api.service[87603]: DEBUG neutron.api.wsgi [None req-13884d16-bb2c-4178-8e4a-123573c7b271 admin admin] Missing Content-Type {{(pid=87603) get_content_type /opt/stack/neutron/neutron/api/wsgi.py:80}}
Aug 13 18:55:08.279429 np0000007250 devstack@neutron-api.service[87605]: DEBUG neutron.db.provisioning_blocks [None req-b6a1e557-17ad-45b5-9677-f597e7abcb21 None None] Ignored duplicate provisioning block setup for port 4134fe0a-4481-44a0-b0a2-9d9c6d5831b8 by entity L2. {{(pid=87605) add_provisioning_component /opt/stack/neutron/neutron/db/provisioning_blocks.py:69}}
