Aug 03 05:46:50.218438 np0000006320 nova-scheduler[96608]: DEBUG cotyledon.oslo_config_glue [-] workarounds.handle_virt_lifecycle_events = True {{(pid=96608) log_opt_values /opt/stack/data/venv/lib/python3.12/site-packages/oslo_config/cfg.py:3253}}
Aug 03 05:46:50.218438 np0000006320 nova-scheduler[96608]: DEBUG cotyledon.oslo_config_glue [-] workarounds.libvirt_disable_apic = False {{(pid=96608) log_opt_values /opt/stack/data/venv/lib/python3.12/site-packages/oslo_config/cfg.py:3253}}
Aug 03 05:46:50.218438 np0000006320 nova-scheduler[96608]: DEBUG cotyledon.oslo_config_glue [-] workarounds.never_download_image_if_on_rbd = False {{(pid=96608) log_opt_values /opt/stack/data/venv/lib/python3.12/site-packages/oslo_config/cfg.py:3253}}
Aug 03 05:46:50.218438 np0000006320 nova-scheduler[96608]: DEBUG cotyledon.oslo_config_glue [-] workarounds.qemu_monitor_announce_self_count = 3 {{(pid=96608) log_opt_values /opt/stack/data/venv/lib/python3.12/site-packages/oslo_config/cfg.py:3253}}
Aug 03 05:46:50.218438 np0000006320 nova-scheduler[96608]: DEBUG cotyledon.oslo_config_glue [-] workarounds.qemu_monitor_announce_self_interval = 1 {{(pid=96608) log_opt_values /opt/stack/data/venv/lib/python3.12/site-packages/oslo_config/cfg.py:3253}}
Aug 03 05:46:50.218438 np0000006320 nova-scheduler[96608]: DEBUG cotyledon.oslo_config_glue [-] workarounds.reserve_disk_resource_for_image_cache = False {{(pid=96608) log_opt_values /opt/stack/data/venv/lib/python3.12/site-packages/oslo_config/cfg.py:3253}}
Aug 03 05:46:50.218438 np0000006320 nova-scheduler[96608]: DEBUG cotyledon.oslo_config_glue [-] workarounds.skip_cpu_compare_at_startup = False {{(pid=96608) log_opt_values /opt/stack/data/venv/lib/python3.12/site-packages/oslo_config/cfg.py:3253}}
Aug 03 05:46:50.218610 np0000006320 nova-scheduler[96608]: DEBUG cotyledon.oslo_config_glue [-] workarounds.skip_cpu_compare_on_dest = False {{(pid=96608) log_opt_values /opt/stack/data/venv/lib/python3.12/site-packages/oslo_config/cfg.py:3253}}
Aug 03 05:46:50.218610 np0000006320 nova-scheduler[96608]: DEBUG cotyledon.oslo_config_glue [-] workarounds.skip_hypervisor_version_check_on_lm = False {{(pid=96608) log_opt_values /opt/stack/data/venv/lib/python3.12/site-packages/oslo_config/cfg.py:3253}}
Aug 03 05:46:50.218610 np0000006320 nova-scheduler[96608]: DEBUG cotyledon.oslo_config_glue [-] workarounds.skip_reserve_in_use_ironic_nodes = False {{(pid=96608) log_opt_values /opt/stack/data/venv/lib/python3.12/site-packages/oslo_config/cfg.py:3253}}
Aug 03 05:46:50.218610 np0000006320 nova-scheduler[96608]: DEBUG cotyledon.oslo_config_glue [-] workarounds.unified_limits_count_pcpu_as_vcpu = False {{(pid=96608) log_opt_values /opt/stack/data/venv/lib/python3.12/site-packages/oslo_config/cfg.py:3253}}
Aug 03 05:46:50.218610 np0000006320 nova-scheduler[96608]: DEBUG cotyledon.oslo_config_glue [-] workarounds.wait_for_vif_plugged_event_during_hard_reboot = [] {{(pid=96608) log_opt_values /opt/stack/data/venv/lib/python3.12/site-packages/oslo_config/cfg.py:3253}}
Aug 03 05:46:50.218610 np0000006320 nova-scheduler[96608]: DEBUG cotyledon.oslo_config_glue [-] wsgi.api_paste_config = /etc/nova/api-paste.ini {{(pid=96608) log_opt_values /opt/stack/data/venv/lib/python3.12/site-packages/oslo_config/cfg.py:3253}}
Aug 03 05:46:50.218610 np0000006320 nova-scheduler[96608]: DEBUG cotyledon.oslo_config_glue [-] wsgi.secure_proxy_ssl_header = None {{(pid=96608) log_opt_values /opt/stack/data/venv/lib/python3.12/site-packages/oslo_config/cfg.py:3253}}
Aug 03 05:46:50.218610 np0000006320 nova-scheduler[96608]: DEBUG cotyledon.oslo_config_glue [-] zvm.ca_file = None {{(pid=96608) log_opt_values /opt/stack/data/venv/lib/python3.12/site-packages/oslo_config/cfg.py:3253}}
Aug 03 05:46:50.218610 np0000006320 nova-scheduler[96608]: DEBUG cotyledon.oslo_config_glue [-] zvm.cloud_connector_url = None {{(pid=96608) log_opt_values /opt/stack/data/venv/lib/python3.12/site-packages/oslo_config/cfg.py:3253}}
Aug 03 05:46:50.218784 np0000006320 nova-scheduler[96608]: DEBUG cotyledon.oslo_config_glue [-] zvm.image_tmp_path = /opt/stack/data/nova/images {{(pid=96608) log_opt_values /opt/stack/data/venv/lib/python3.12/site-packages/oslo_config/cfg.py:3253}}
Aug 03 05:46:50.218784 np0000006320 nova-scheduler[96608]: DEBUG cotyledon.oslo_config_glue [-] zvm.reachable_timeout = 300 {{(pid=96608) log_opt_values /opt/stack/data/venv/lib/python3.12/site-packages/oslo_config/cfg.py:3253}}
Aug 03 05:46:50.218784 np0000006320 nova-scheduler[96608]: DEBUG cotyledon.oslo_config_glue [-] oslo_versionedobjects.fatal_exception_format_errors = False {{(pid=96608) log_opt_values /opt/stack/data/venv/lib/python3.12/site-packages/oslo_config/cfg.py:3253}}
Aug 03 05:46:50.218784 np0000006320 nova-scheduler[96608]: DEBUG cotyledon.oslo_config_glue [-] oslo_middleware.http_basic_auth_user_file = /etc/htpasswd {{(pid=96608) log_opt_values /opt/stack/data/venv/lib/python3.12/site-packages/oslo_config/cfg.py:3253}}
Aug 03 05:46:50.218784 np0000006320 nova-scheduler[96608]: DEBUG cotyledon.oslo_config_glue [-] oslo_messaging_metrics.metrics_buffer_size = 1000 {{(pid=96608) log_opt_values /opt/stack/data/venv/lib/python3.12/site-packages/oslo_config/cfg.py:3253}}
Aug 03 05:46:50.218784 np0000006320 nova-scheduler[96608]: DEBUG cotyledon.oslo_config_glue [-] oslo_messaging_metrics.metrics_enabled = False {{(pid=96608) log_opt_values /opt/stack/data/venv/lib/python3.12/site-packages/oslo_config/cfg.py:3253}}
Aug 03 05:46:50.218784 np0000006320 nova-scheduler[96608]: DEBUG cotyledon.oslo_config_glue [-] oslo_messaging_metrics.metrics_process_name = {{(pid=96608) log_opt_values /opt/stack/data/venv/lib/python3.12/site-packages/oslo_config/cfg.py:3253}}
Aug 03 05:46:50.218784 np0000006320 nova-scheduler[96608]: DEBUG cotyledon.oslo_config_glue [-] oslo_messaging_metrics.metrics_socket_file = /var/tmp/metrics_collector.sock {{(pid=96608) log_opt_values /opt/stack/data/venv/lib/python3.12/site-packages/oslo_config/cfg.py:3253}}
Aug 03 05:46:50.218940 np0000006320 nova-scheduler[96608]: DEBUG cotyledon.oslo_config_glue [-] oslo_messaging_metrics.metrics_thread_stop_timeout = 10 {{(pid=96608) log_opt_values /opt/stack/data/venv/lib/python3.12/site-packages/oslo_config/cfg.py:3253}}
Aug 03 05:46:50.218940 np0000006320 nova-scheduler[96608]: DEBUG cotyledon.oslo_config_glue [-] profiler.connection_string = messaging:// {{(pid=96608) log_opt_values /opt/stack/data/venv/lib/python3.12/site-packages/oslo_config/cfg.py:3253}}
Aug 03 05:46:50.218940 np0000006320 nova-scheduler[96608]: DEBUG cotyledon.oslo_config_glue [-] profiler.enabled = False {{(pid=96608) log_opt_values /opt/stack/data/venv/lib/python3.12/site-packages/oslo_config/cfg.py:3253}}
Aug 03 05:46:50.218940 np0000006320 nova-scheduler[96608]: DEBUG cotyledon.oslo_config_glue [-] profiler.es_doc_type = notification {{(pid=96608) log_opt_values /opt/stack/data/venv/lib/python3.12/site-packages/oslo_config/cfg.py:3253}}
Aug 03 05:46:50.218940 np0000006320 nova-scheduler[96608]: DEBUG cotyledon.oslo_config_glue [-] profiler.es_scroll_size = 10000 {{(pid=96608) log_opt_values /opt/stack/data/venv/lib/python3.12/site-packages/oslo_config/cfg.py:3253}}
Aug 03 05:46:50.218940 np0000006320 nova-scheduler[96608]: DEBUG cotyledon.oslo_config_glue [-] profiler.es_scroll_time = 2m {{(pid=96608) log_opt_values /opt/stack/data/venv/lib/python3.12/site-packages/oslo_config/cfg.py:3253}}
Aug 03 05:46:50.218940 np0000006320 nova-scheduler[96608]: DEBUG cotyledon.oslo_config_glue [-] profiler.filter_error_trace = False {{(pid=96608) log_opt_values /opt/stack/data/venv/lib/python3.12/site-packages/oslo_config/cfg.py:3253}}
Aug 03 05:46:50.218940 np0000006320 nova-scheduler[96608]: DEBUG cotyledon.oslo_config_glue [-] profiler.hmac_keys = **** {{(pid=96608) log_opt_values /opt/stack/data/venv/lib/python3.12/site-packages/oslo_config/cfg.py:3253}}
Aug 03 05:46:50.218940 np0000006320 nova-scheduler[96608]: DEBUG cotyledon.oslo_config_glue [-] profiler.sentinel_service_name = mymaster {{(pid=96608) log_opt_values /opt/stack/data/venv/lib/python3.12/site-packages/oslo_config/cfg.py:3253}}
Aug 03 05:46:50.219114 np0000006320 nova-scheduler[96608]: DEBUG cotyledon.oslo_config_glue [-] profiler.socket_timeout = 0.1 {{(pid=96608) log_opt_values /opt/stack/data/venv/lib/python3.12/site-packages/oslo_config/cfg.py:3253}}
Aug 03 05:46:50.219114 np0000006320 nova-scheduler[96608]: DEBUG cotyledon.oslo_config_glue [-] profiler.trace_requests = False {{(pid=96608) log_opt_values /opt/stack/data/venv/lib/python3.12/site-packages/oslo_config/cfg.py:3253}}
Aug 03 05:46:50.219114 np0000006320 nova-scheduler[96608]: DEBUG cotyledon.oslo_config_glue [-] profiler.trace_sqlalchemy = False {{(pid=96608) log_opt_values /opt/stack/data/venv/lib/python3.12/site-packages/oslo_config/cfg.py:3253}}
Aug 03 05:46:50.219114 np0000006320 nova-scheduler[96608]: DEBUG cotyledon.oslo_config_glue [-] profiler_jaeger.process_tags = {} {{(pid=96608) log_opt_values /opt/stack/data/venv/lib/python3.12/site-packages/oslo_config/cfg.py:3253}}
Aug 03 05:46:50.219114 np0000006320 nova-scheduler[96608]: DEBUG cotyledon.oslo_config_glue [-] profiler_jaeger.service_name_prefix = None {{(pid=96608) log_opt_values /opt/stack/data/venv/lib/python3.12/site-packages/oslo_config/cfg.py:3253}}
Aug 03 05:46:50.219114 np0000006320 nova-scheduler[96608]: DEBUG cotyledon.oslo_config_glue [-] profiler_otlp.service_name_prefix = None {{(pid=96608) log_opt_values /opt/stack/data/venv/lib/python3.12/site-packages/oslo_config/cfg.py:3253}}
Aug 03 05:46:50.219114 np0000006320 nova-scheduler[96608]: DEBUG cotyledon.oslo_config_glue [-] oslo_messaging_rabbit.amqp_auto_delete = False {{(pid=96608) log_opt_values /opt/stack/data/venv/lib/python3.12/site-packages/oslo_config/cfg.py:3253}}
Aug 03 05:46:50.219114 np0000006320 nova-scheduler[96608]: DEBUG cotyledon.oslo_config_glue [-] oslo_messaging_rabbit.amqp_durable_queues = False {{(pid=96608) log_opt_values /opt/stack/data/venv/lib/python3.12/site-packages/oslo_config/cfg.py:3253}}
Aug 03 05:46:50.219114 np0000006320 nova-scheduler[96608]: DEBUG cotyledon.oslo_config_glue [-] oslo_messaging_rabbit.conn_pool_min_size = 2 {{(pid=96608) log_opt_values /opt/stack/data/venv/lib/python3.12/site-packages/oslo_config/cfg.py:3253}}
Aug 03 05:46:50.219314 np0000006320 nova-scheduler[96608]: DEBUG cotyledon.oslo_config_glue [-] oslo_messaging_rabbit.conn_pool_ttl = 1200 {{(pid=96608) log_opt_values /opt/stack/data/venv/lib/python3.12/site-packages/oslo_config/cfg.py:3253}}
Aug 03 05:46:50.219314 np0000006320 nova-scheduler[96608]: DEBUG cotyledon.oslo_config_glue [-] oslo_messaging_rabbit.direct_mandatory_flag = True {{(pid=96608) log_opt_values /opt/stack/data/venv/lib/python3.12/site-packages/oslo_config/cfg.py:3253}}
Aug 03 05:46:50.219314 np0000006320 nova-scheduler[96608]: DEBUG cotyledon.oslo_config_glue [-] oslo_messaging_rabbit.enable_cancel_on_failover = False {{(pid=96608) log_opt_values /opt/stack/data/venv/lib/python3.12/site-packages/oslo_config/cfg.py:3253}}
Aug 03 05:46:50.219314 np0000006320 nova-scheduler[96608]: DEBUG cotyledon.oslo_config_glue [-] oslo_messaging_rabbit.heartbeat_rate = 3 {{(pid=96608) log_opt_values /opt/stack/data/venv/lib/python3.12/site-packages/oslo_config/cfg.py:3253}}
Aug 03 05:46:50.219314 np0000006320 nova-scheduler[96608]: DEBUG cotyledon.oslo_config_glue [-] oslo_messaging_rabbit.heartbeat_timeout_threshold = 60 {{(pid=96608) log_opt_values /opt/stack/data/venv/lib/python3.12/site-packages/oslo_config/cfg.py:3253}}
Aug 03 05:46:50.219314 np0000006320 nova-scheduler[96608]: DEBUG cotyledon.oslo_config_glue [-] oslo_messaging_rabbit.hostname = np0000006320 {{(pid=96608) log_opt_values /opt/stack/data/venv/lib/python3.12/site-packages/oslo_config/cfg.py:3253}}
Aug 03 05:46:50.219314 np0000006320 nova-scheduler[96608]: DEBUG cotyledon.oslo_config_glue [-] oslo_messaging_rabbit.kombu_compression = None {{(pid=96608) log_opt_values /opt/stack/data/venv/lib/python3.12/site-packages/oslo_config/cfg.py:3253}}
Aug 03 05:46:50.219314 np0000006320 nova-scheduler[96608]: DEBUG cotyledon.oslo_config_glue [-] oslo_messaging_rabbit.kombu_failover_strategy = round-robin {{(pid=96608) log_opt_values /opt/stack/data/venv/lib/python3.12/site-packages/oslo_config/cfg.py:3253}}
Aug 03 05:46:50.219314 np0000006320 nova-scheduler[96608]: DEBUG cotyledon.oslo_config_glue [-] oslo_messaging_rabbit.kombu_missing_consumer_retry_timeout = 60 {{(pid=96608) log_opt_values /opt/stack/data/venv/lib/python3.12/site-packages/oslo_config/cfg.py:3253}}
Aug 03 05:46:50.219486 np0000006320 nova-scheduler[96608]: DEBUG cotyledon.oslo_config_glue [-] oslo_messaging_rabbit.kombu_reconnect_delay = 1.0 {{(pid=96608) log_opt_values /opt/stack/data/venv/lib/python3.12/site-packages/oslo_config/cfg.py:3253}}
Aug 03 05:46:50.219486 np0000006320 nova-scheduler[96608]: DEBUG cotyledon.oslo_config_glue [-] oslo_messaging_rabbit.kombu_reconnect_splay = 0.0 {{(pid=96608) log_opt_values /opt/stack/data/venv/lib/python3.12/site-packages/oslo_config/cfg.py:3253}}
Aug 03 05:46:50.219486 np0000006320 nova-scheduler[96608]: DEBUG cotyledon.oslo_config_glue [-] oslo_messaging_rabbit.processname = nova-scheduler {{(pid=96608) log_opt_values /opt/stack/data/venv/lib/python3.12/site-packages/oslo_config/cfg.py:3253}}
Aug 03 05:46:50.219486 np0000006320 nova-scheduler[96608]: DEBUG cotyledon.oslo_config_glue [-] oslo_messaging_rabbit.rabbit_ha_queues = False {{(pid=96608) log_opt_values /opt/stack/data/venv/lib/python3.12/site-packages/oslo_config/cfg.py:3253}}
Aug 03 05:46:50.219486 np0000006320 nova-scheduler[96608]: DEBUG cotyledon.oslo_config_glue [-] oslo_messaging_rabbit.rabbit_interval_max = 30 {{(pid=96608) log_opt_values /opt/stack/data/venv/lib/python3.12/site-packages/oslo_config/cfg.py:3253}}
Aug 03 05:46:50.219486 np0000006320 nova-scheduler[96608]: DEBUG cotyledon.oslo_config_glue [-] oslo_messaging_rabbit.rabbit_login_method = AMQPLAIN {{(pid=96608) log_opt_values /opt/stack/data/venv/lib/python3.12/site-packages/oslo_config/cfg.py:3253}}
Aug 03 05:46:50.219486 np0000006320 nova-scheduler[96608]: DEBUG cotyledon.oslo_config_glue [-] oslo_messaging_rabbit.rabbit_qos_prefetch_count = 0 {{(pid=96608) log_opt_values /opt/stack/data/venv/lib/python3.12/site-packages/oslo_config/cfg.py:3253}}
Aug 03 05:46:50.219486 np0000006320 nova-scheduler[96608]: DEBUG cotyledon.oslo_config_glue [-] oslo_messaging_rabbit.rabbit_quorum_delivery_limit = 0 {{(pid=96608) log_opt_values /opt/stack/data/venv/lib/python3.12/site-packages/oslo_config/cfg.py:3253}}
Aug 03 05:46:50.219486 np0000006320 nova-scheduler[96608]: DEBUG cotyledon.oslo_config_glue [-] oslo_messaging_rabbit.rabbit_quorum_max_memory_bytes = 0 {{(pid=96608) log_opt_values /opt/stack/data/venv/lib/python3.12/site-packages/oslo_config/cfg.py:3253}}
Aug 03 05:46:50.219660 np0000006320 nova-scheduler[96608]: DEBUG cotyledon.oslo_config_glue [-] oslo_messaging_rabbit.rabbit_quorum_max_memory_length = 0 {{(pid=96608) log_opt_values /opt/stack/data/venv/lib/python3.12/site-packages/oslo_config/cfg.py:3253}}
Aug 03 05:46:50.219660 np0000006320 nova-scheduler[96608]: DEBUG cotyledon.oslo_config_glue [-] oslo_messaging_rabbit.rabbit_quorum_queue = False {{(pid=96608) log_opt_values /opt/stack/data/venv/lib/python3.12/site-packages/oslo_config/cfg.py:3253}}
Aug 03 05:46:50.219660 np0000006320 nova-scheduler[96608]: DEBUG cotyledon.oslo_config_glue [-] oslo_messaging_rabbit.rabbit_retry_backoff = 2 {{(pid=96608) log_opt_values /opt/stack/data/venv/lib/python3.12/site-packages/oslo_config/cfg.py:3253}}
Aug 03 05:46:50.219660 np0000006320 nova-scheduler[96608]: DEBUG cotyledon.oslo_config_glue [-] oslo_messaging_rabbit.rabbit_retry_interval = 1 {{(pid=96608) log_opt_values /opt/stack/data/venv/lib/python3.12/site-packages/oslo_config/cfg.py:3253}}
Aug 03 05:46:50.219660 np0000006320 nova-scheduler[96608]: DEBUG cotyledon.oslo_config_glue [-] oslo_messaging_rabbit.rabbit_stream_fanout = False {{(pid=96608) log_opt_values /opt/stack/data/venv/lib/python3.12/site-packages/oslo_config/cfg.py:3253}}
Aug 03 05:46:50.219660 np0000006320 nova-scheduler[96608]: DEBUG cotyledon.oslo_config_glue [-] oslo_messaging_rabbit.rabbit_transient_queues_ttl = 1800 {{(pid=96608) log_opt_values /opt/stack/data/venv/lib/python3.12/site-packages/oslo_config/cfg.py:3253}}
Aug 03 05:46:50.219660 np0000006320 nova-scheduler[96608]: DEBUG cotyledon.oslo_config_glue [-] oslo_messaging_rabbit.rabbit_transient_quorum_queue = False {{(pid=96608) log_opt_values /opt/stack/data/venv/lib/python3.12/site-packages/oslo_config/cfg.py:3253}}
Aug 03 05:46:50.219660 np0000006320 nova-scheduler[96608]: DEBUG cotyledon.oslo_config_glue [-] oslo_messaging_rabbit.rpc_conn_pool_size = 30 {{(pid=96608) log_opt_values /opt/stack/data/venv/lib/python3.12/site-packages/oslo_config/cfg.py:3253}}
Aug 03 05:46:50.219660 np0000006320 nova-scheduler[96608]: DEBUG cotyledon.oslo_config_glue [-] oslo_messaging_rabbit.ssl = False {{(pid=96608) log_opt_values /opt/stack/data/venv/lib/python3.12/site-packages/oslo_config/cfg.py:3253}}
Aug 03 05:46:50.219830 np0000006320 nova-scheduler[96608]: DEBUG cotyledon.oslo_config_glue [-] oslo_messaging_rabbit.ssl_ca_file = {{(pid=96608) log_opt_values /opt/stack/data/venv/lib/python3.12/site-packages/oslo_config/cfg.py:3253}}
Aug 03 05:46:50.219830 np0000006320 nova-scheduler[96608]: DEBUG cotyledon.oslo_config_glue [-] oslo_messaging_rabbit.ssl_cert_file = {{(pid=96608) log_opt_values /opt/stack/data/venv/lib/python3.12/site-packages/oslo_config/cfg.py:3253}}
Aug 03 05:46:50.219830 np0000006320 nova-scheduler[96608]: DEBUG cotyledon.oslo_config_glue [-] oslo_messaging_rabbit.ssl_enforce_fips_mode = False {{(pid=96608) log_opt_values /opt/stack/data/venv/lib/python3.12/site-packages/oslo_config/cfg.py:3253}}
Aug 03 05:46:50.219830 np0000006320 nova-scheduler[96608]: DEBUG cotyledon.oslo_config_glue [-] oslo_messaging_rabbit.ssl_enforce_hostname_verification = True {{(pid=96608) log_opt_values /opt/stack/data/venv/lib/python3.12/site-packages/oslo_config/cfg.py:3253}}
Aug 03 05:46:50.219830 np0000006320 nova-scheduler[96608]: DEBUG cotyledon.oslo_config_glue [-] oslo_messaging_rabbit.ssl_key_file = {{(pid=96608) log_opt_values /opt/stack/data/venv/lib/python3.12/site-packages/oslo_config/cfg.py:3253}}
Aug 03 05:46:50.219830 np0000006320 nova-scheduler[96608]: DEBUG cotyledon.oslo_config_glue [-] oslo_messaging_rabbit.ssl_version = {{(pid=96608) log_opt_values /opt/stack/data/venv/lib/python3.12/site-packages/oslo_config/cfg.py:3253}}
Aug 03 05:46:50.219830 np0000006320 nova-scheduler[96608]: DEBUG cotyledon.oslo_config_glue [-] oslo_messaging_rabbit.use_queue_manager = False {{(pid=96608) log_opt_values /opt/stack/data/venv/lib/python3.12/site-packages/oslo_config/cfg.py:3253}}
Aug 03 05:46:50.219830 np0000006320 nova-scheduler[96608]: DEBUG cotyledon.oslo_config_glue [-] oslo_messaging_notifications.driver = ['messagingv2'] {{(pid=96608) log_opt_values /opt/stack/data/venv/lib/python3.12/site-packages/oslo_config/cfg.py:3253}}
Aug 03 05:46:50.219830 np0000006320 nova-scheduler[96608]: DEBUG cotyledon.oslo_config_glue [-] oslo_messaging_notifications.retry = -1 {{(pid=96608) log_opt_values /opt/stack/data/venv/lib/python3.12/site-packages/oslo_config/cfg.py:3253}}
Aug 03 05:46:50.220008 np0000006320 nova-scheduler[96608]: DEBUG cotyledon.oslo_config_glue [-] oslo_messaging_notifications.topics = ['notifications'] {{(pid=96608) log_opt_values /opt/stack/data/venv/lib/python3.12/site-packages/oslo_config/cfg.py:3253}}
Aug 03 05:46:50.220008 np0000006320 nova-scheduler[96608]: DEBUG cotyledon.oslo_config_glue [-] oslo_messaging_notifications.transport_url = **** {{(pid=96608) log_opt_values /opt/stack/data/venv/lib/python3.12/site-packages/oslo_config/cfg.py:3253}}
Aug 03 05:46:50.220008 np0000006320 nova-scheduler[96608]: DEBUG cotyledon.oslo_config_glue [-] oslo_limit.auth_section = None {{(pid=96608) log_opt_values /opt/stack/data/venv/lib/python3.12/site-packages/oslo_config/cfg.py:3253}}
Aug 03 05:46:50.220008 np0000006320 nova-scheduler[96608]: DEBUG cotyledon.oslo_config_glue [-] oslo_limit.auth_type = None {{(pid=96608) log_opt_values /opt/stack/data/venv/lib/python3.12/site-packages/oslo_config/cfg.py:3253}}
Aug 03 05:46:50.220008 np0000006320 nova-scheduler[96608]: DEBUG cotyledon.oslo_config_glue [-] oslo_limit.cafile = None {{(pid=96608) log_opt_values /opt/stack/data/venv/lib/python3.12/site-packages/oslo_config/cfg.py:3253}}
Aug 03 05:46:50.220008 np0000006320 nova-scheduler[96608]: DEBUG cotyledon.oslo_config_glue [-] oslo_limit.certfile = None {{(pid=96608) log_opt_values /opt/stack/data/venv/lib/python3.12/site-packages/oslo_config/cfg.py:3253}}
Aug 03 05:46:50.220008 np0000006320 nova-scheduler[96608]: DEBUG cotyledon.oslo_config_glue [-] oslo_limit.collect_timing = False {{(pid=96608) log_opt_values /opt/stack/data/venv/lib/python3.12/site-packages/oslo_config/cfg.py:3253}}
Aug 03 05:46:50.220008 np0000006320 nova-scheduler[96608]: DEBUG cotyledon.oslo_config_glue [-] oslo_limit.connect_retries = None {{(pid=96608) log_opt_values /opt/stack/data/venv/lib/python3.12/site-packages/oslo_config/cfg.py:3253}}
Aug 03 05:46:50.220008 np0000006320 nova-scheduler[96608]: DEBUG cotyledon.oslo_config_glue [-] oslo_limit.connect_retry_delay = None {{(pid=96608) log_opt_values /opt/stack/data/venv/lib/python3.12/site-packages/oslo_config/cfg.py:3253}}
Aug 03 05:46:50.220193 np0000006320 nova-scheduler[96608]: DEBUG cotyledon.oslo_config_glue [-] oslo_limit.endpoint_id = None {{(pid=96608) log_opt_values /opt/stack/data/venv/lib/python3.12/site-packages/oslo_config/cfg.py:3253}}
Aug 03 05:46:50.220193 np0000006320 nova-scheduler[96608]: DEBUG cotyledon.oslo_config_glue [-] oslo_limit.endpoint_interface = public {{(pid=96608) log_opt_values /opt/stack/data/venv/lib/python3.12/site-packages/oslo_config/cfg.py:3253}}
Aug 03 05:46:50.220193 np0000006320 nova-scheduler[96608]: DEBUG cotyledon.oslo_config_glue [-] oslo_limit.endpoint_override = None {{(pid=96608) log_opt_values /opt/stack/data/venv/lib/python3.12/site-packages/oslo_config/cfg.py:3253}}
Aug 03 05:46:50.220193 np0000006320 nova-scheduler[96608]: DEBUG cotyledon.oslo_config_glue [-] oslo_limit.endpoint_region_name = None {{(pid=96608) log_opt_values /opt/stack/data/venv/lib/python3.12/site-packages/oslo_config/cfg.py:3253}}
Aug 03 05:46:50.220193 np0000006320 nova-scheduler[96608]: DEBUG cotyledon.oslo_config_glue [-] oslo_limit.endpoint_service_name = None {{(pid=96608) log_opt_values /opt/stack/data/venv/lib/python3.12/site-packages/oslo_config/cfg.py:3253}}
Aug 03 05:46:50.220193 np0000006320 nova-scheduler[96608]: DEBUG cotyledon.oslo_config_glue [-] oslo_limit.endpoint_service_type = None {{(pid=96608) log_opt_values /opt/stack/data/venv/lib/python3.12/site-packages/oslo_config/cfg.py:3253}}
Aug 03 05:46:50.220193 np0000006320 nova-scheduler[96608]: DEBUG cotyledon.oslo_config_glue [-] oslo_limit.insecure = False {{(pid=96608) log_opt_values /opt/stack/data/venv/lib/python3.12/site-packages/oslo_config/cfg.py:3253}}
Aug 03 05:46:50.220193 np0000006320 nova-scheduler[96608]: DEBUG cotyledon.oslo_config_glue [-] oslo_limit.keyfile = None {{(pid=96608) log_opt_values /opt/stack/data/venv/lib/python3.12/site-packages/oslo_config/cfg.py:3253}}
Aug 03 05:46:50.220193 np0000006320 nova-scheduler[96608]: DEBUG cotyledon.oslo_config_glue [-] oslo_limit.max_version = None {{(pid=96608) log_opt_values /opt/stack/data/venv/lib/python3.12/site-packages/oslo_config/cfg.py:3253}}
Aug 03 05:46:50.220396 np0000006320 nova-scheduler[96608]: DEBUG cotyledon.oslo_config_glue [-] oslo_limit.min_version = None {{(pid=96608) log_opt_values /opt/stack/data/venv/lib/python3.12/site-packages/oslo_config/cfg.py:3253}}
Aug 03 05:46:50.220396 np0000006320 nova-scheduler[96608]: DEBUG cotyledon.oslo_config_glue [-] oslo_limit.region_name = None {{(pid=96608) log_opt_values /opt/stack/data/venv/lib/python3.12/site-packages/oslo_config/cfg.py:3253}}
Aug 03 05:46:50.220396 np0000006320 nova-scheduler[96608]: DEBUG cotyledon.oslo_config_glue [-] oslo_limit.retriable_status_codes = None {{(pid=96608) log_opt_values /opt/stack/data/venv/lib/python3.12/site-packages/oslo_config/cfg.py:3253}}
Aug 03 05:46:50.220396 np0000006320 nova-scheduler[96608]: DEBUG cotyledon.oslo_config_glue [-] oslo_limit.service_name = None {{(pid=96608) log_opt_values /opt/stack/data/venv/lib/python3.12/site-packages/oslo_config/cfg.py:3253}}
Aug 03 05:46:50.220396 np0000006320 nova-scheduler[96608]: DEBUG cotyledon.oslo_config_glue [-] oslo_limit.service_type = None {{(pid=96608) log_opt_values /opt/stack/data/venv/lib/python3.12/site-packages/oslo_config/cfg.py:3253}}
Aug 03 05:46:50.220396 np0000006320 nova-scheduler[96608]: DEBUG cotyledon.oslo_config_glue [-] oslo_limit.split_loggers = False {{(pid=96608) log_opt_values /opt/stack/data/venv/lib/python3.12/site-packages/oslo_config/cfg.py:3253}}
Aug 03 05:46:50.220396 np0000006320 nova-scheduler[96608]: DEBUG cotyledon.oslo_config_glue [-] oslo_limit.status_code_retries = None {{(pid=96608) log_opt_values /opt/stack/data/venv/lib/python3.12/site-packages/oslo_config/cfg.py:3253}}
Aug 03 05:46:50.220396 np0000006320 nova-scheduler[96608]: DEBUG cotyledon.oslo_config_glue [-] oslo_limit.status_code_retry_delay = None {{(pid=96608) log_opt_values /opt/stack/data/venv/lib/python3.12/site-packages/oslo_config/cfg.py:3253}}
Aug 03 05:46:50.220396 np0000006320 nova-scheduler[96608]: DEBUG cotyledon.oslo_config_glue [-] oslo_limit.timeout = None {{(pid=96608) log_opt_values /opt/stack/data/venv/lib/python3.12/site-packages/oslo_config/cfg.py:3253}}
Aug 03 05:46:50.220571 np0000006320 nova-scheduler[96608]: DEBUG cotyledon.oslo_config_glue [-] oslo_limit.valid_interfaces = None {{(pid=96608) log_opt_values /opt/stack/data/venv/lib/python3.12/site-packages/oslo_config/cfg.py:3253}}
Aug 03 05:46:50.220571 np0000006320 nova-scheduler[96608]: DEBUG cotyledon.oslo_config_glue [-] oslo_limit.version = None {{(pid=96608) log_opt_values /opt/stack/data/venv/lib/python3.12/site-packages/oslo_config/cfg.py:3253}}
Aug 03 05:46:50.220571 np0000006320 nova-scheduler[96608]: DEBUG cotyledon.oslo_config_glue [-] oslo_reports.file_event_handler = None {{(pid=96608) log_opt_values /opt/stack/data/venv/lib/python3.12/site-packages/oslo_config/cfg.py:3253}}
Aug 03 05:46:50.220571 np0000006320 nova-scheduler[96608]: DEBUG cotyledon.oslo_config_glue [-] oslo_reports.file_event_handler_interval = 1 {{(pid=96608) log_opt_values /opt/stack/data/venv/lib/python3.12/site-packages/oslo_config/cfg.py:3253}}
Aug 03 05:46:50.220571 np0000006320 nova-scheduler[96608]: DEBUG cotyledon.oslo_config_glue [-] oslo_reports.log_dir = None {{(pid=96608) log_opt_values /opt/stack/data/venv/lib/python3.12/site-packages/oslo_config/cfg.py:3253}}
Aug 03 05:46:50.220571 np0000006320 nova-scheduler[96608]: DEBUG cotyledon.oslo_config_glue [-] ******************************************************************************** {{(pid=96608) log_opt_values /opt/stack/data/venv/lib/python3.12/site-packages/oslo_config/cfg.py:3260}}
Aug 03 05:46:50.220571 np0000006320 nova-scheduler[96608]: DEBUG cotyledon._service_worker [-] Run service ServiceWrapper(3) [96608] {{(pid=96608) wait_forever /opt/stack/data/venv/lib/python3.12/site-packages/cotyledon/_service_worker.py:218}}
Aug 03 05:46:50.220571 np0000006320 nova-scheduler[96608]: INFO nova.service [-] Starting scheduler node (version 33.1.0)
Aug 03 05:46:50.220729 np0000006320 nova-scheduler[96602]: DEBUG oslo_db.sqlalchemy.engines [None req-a6be6c70-881a-4948-add8-b6384276ccfc None None] MySQL server mode set to STRICT_TRANS_TABLES,STRICT_ALL_TABLES,NO_ZERO_IN_DATE,NO_ZERO_DATE,ERROR_FOR_DIVISION_BY_ZERO,TRADITIONAL,NO_ENGINE_SUBSTITUTION {{(pid=96602) _check_effective_sql_mode /opt/stack/data/venv/lib/python3.12/site-packages/oslo_db/sqlalchemy/engines.py:325}}
Aug 03 05:46:50.220758 np0000006320 nova-scheduler[96608]: INFO dbcounter [None req-17bedca9-2373-490e-b14c-c0899a5f8146 None None] Registered counter for database nova_cell0
Aug 03 05:46:50.220787 np0000006320 nova-scheduler[96602]: DEBUG dbcounter [-] [96602] Writer thread running {{(pid=96602) stat_writer /opt/stack/data/venv/lib/python3.12/site-packages/dbcounter.py:102}}
Aug 03 05:46:50.220812 np0000006320 nova-scheduler[96604]: DEBUG oslo_db.sqlalchemy.engines [None req-533b9f44-d2f7-4a93-9d3b-e090efe7aa0b None None] MySQL server mode set to STRICT_TRANS_TABLES,STRICT_ALL_TABLES,NO_ZERO_IN_DATE,NO_ZERO_DATE,ERROR_FOR_DIVISION_BY_ZERO,TRADITIONAL,NO_ENGINE_SUBSTITUTION {{(pid=96604) _check_effective_sql_mode /opt/stack/data/venv/lib/python3.12/site-packages/oslo_db/sqlalchemy/engines.py:325}}
Aug 03 05:46:50.226401 np0000006320 nova-scheduler[96606]: DEBUG oslo_db.sqlalchemy.engines [None req-4c423664-6846-4a2d-be87-ab3b57a956ef None None] MySQL server mode set to STRICT_TRANS_TABLES,STRICT_ALL_TABLES,NO_ZERO_IN_DATE,NO_ZERO_DATE,ERROR_FOR_DIVISION_BY_ZERO,TRADITIONAL,NO_ENGINE_SUBSTITUTION {{(pid=96606) _check_effective_sql_mode /opt/stack/data/venv/lib/python3.12/site-packages/oslo_db/sqlalchemy/engines.py:325}}
Aug 03 05:46:50.226776 np0000006320 nova-scheduler[96604]: DEBUG dbcounter [-] [96604] Writer thread running {{(pid=96604) stat_writer /opt/stack/data/venv/lib/python3.12/site-packages/dbcounter.py:102}}
Aug 03 05:46:50.238072 np0000006320 nova-scheduler[96606]: DEBUG dbcounter [-] [96606] Writer thread running {{(pid=96606) stat_writer /opt/stack/data/venv/lib/python3.12/site-packages/dbcounter.py:102}}
Aug 03 05:46:50.238688 np0000006320 nova-scheduler[96602]: DEBUG nova.service [None req-a6be6c70-881a-4948-add8-b6384276ccfc None None] Creating RPC server for service: nova-scheduler on topic: scheduler {{(pid=96602) start /opt/stack/nova/nova/service.py:196}}
Aug 03 05:46:50.244238 np0000006320 nova-scheduler[96606]: DEBUG nova.service [None req-4c423664-6846-4a2d-be87-ab3b57a956ef None None] Creating RPC server for service: nova-scheduler on topic: scheduler {{(pid=96606) start /opt/stack/nova/nova/service.py:196}}
Aug 03 05:46:50.252313 np0000006320 nova-scheduler[96604]: DEBUG nova.service [None req-533b9f44-d2f7-4a93-9d3b-e090efe7aa0b None None] Creating RPC server for service: nova-scheduler on topic: scheduler {{(pid=96604) start /opt/stack/nova/nova/service.py:196}}
Aug 03 05:46:50.252737 np0000006320 nova-scheduler[96608]: DEBUG oslo_db.sqlalchemy.engines [None req-17bedca9-2373-490e-b14c-c0899a5f8146 None None] MySQL server mode set to STRICT_TRANS_TABLES,STRICT_ALL_TABLES,NO_ZERO_IN_DATE,NO_ZERO_DATE,ERROR_FOR_DIVISION_BY_ZERO,TRADITIONAL,NO_ENGINE_SUBSTITUTION {{(pid=96608) _check_effective_sql_mode /opt/stack/data/venv/lib/python3.12/site-packages/oslo_db/sqlalchemy/engines.py:325}}
Aug 03 05:46:50.261924 np0000006320 nova-scheduler[96608]: DEBUG dbcounter [-] [96608] Writer thread running {{(pid=96608) stat_writer /opt/stack/data/venv/lib/python3.12/site-packages/dbcounter.py:102}}
Aug 03 05:46:50.275974 np0000006320 nova-scheduler[96608]: DEBUG nova.service [None req-17bedca9-2373-490e-b14c-c0899a5f8146 None None] Creating RPC server for service: nova-scheduler on topic: scheduler {{(pid=96608) start /opt/stack/nova/nova/service.py:196}}
Aug 03 05:46:50.282861 np0000006320 nova-scheduler[96602]: DEBUG nova.service [None req-a6be6c70-881a-4948-add8-b6384276ccfc None None] Join ServiceGroup membership for this service scheduler {{(pid=96602) start /opt/stack/nova/nova/service.py:222}}
Aug 03 05:46:50.282861 np0000006320 nova-scheduler[96602]: DEBUG nova.servicegroup.drivers.db [None req-a6be6c70-881a-4948-add8-b6384276ccfc None None] DB_Driver: join new ServiceGroup member np0000006320 to the scheduler group, service = {{(pid=96602) join /opt/stack/nova/nova/servicegroup/drivers/db.py:44}}
Aug 03 05:46:50.283014 np0000006320 nova-scheduler[96606]: DEBUG nova.service [None req-4c423664-6846-4a2d-be87-ab3b57a956ef None None] Join ServiceGroup membership for this service scheduler {{(pid=96606) start /opt/stack/nova/nova/service.py:222}}
Aug 03 05:46:50.283014 np0000006320 nova-scheduler[96606]: DEBUG nova.servicegroup.drivers.db [None req-4c423664-6846-4a2d-be87-ab3b57a956ef None None] DB_Driver: join new ServiceGroup member np0000006320 to the scheduler group, service = {{(pid=96606) join /opt/stack/nova/nova/servicegroup/drivers/db.py:44}}
Aug 03 05:46:50.284291 np0000006320 nova-scheduler[96604]: DEBUG nova.service [None req-533b9f44-d2f7-4a93-9d3b-e090efe7aa0b None None] Join ServiceGroup membership for this service scheduler {{(pid=96604) start /opt/stack/nova/nova/service.py:222}}
Aug 03 05:46:50.284557 np0000006320 nova-scheduler[96604]: DEBUG nova.servicegroup.drivers.db [None req-533b9f44-d2f7-4a93-9d3b-e090efe7aa0b None None] DB_Driver: join new ServiceGroup member np0000006320 to the scheduler group, service = {{(pid=96604) join /opt/stack/nova/nova/servicegroup/drivers/db.py:44}}
Aug 03 05:46:50.295289 np0000006320 nova-scheduler[96608]: DEBUG nova.service [None req-17bedca9-2373-490e-b14c-c0899a5f8146 None None] Join ServiceGroup membership for this service scheduler {{(pid=96608) start /opt/stack/nova/nova/service.py:222}}
Aug 03 05:46:50.295641 np0000006320 nova-scheduler[96608]: DEBUG nova.servicegroup.drivers.db [None req-17bedca9-2373-490e-b14c-c0899a5f8146 None None] DB_Driver: join new ServiceGroup member np0000006320 to the scheduler group, service = {{(pid=96608) join /opt/stack/nova/nova/servicegroup/drivers/db.py:44}}
Aug 03 05:46:55.306068 np0000006320 nova-scheduler[96606]: DEBUG oslo.service.backend._threading.loopingcall [-] Fixed interval looping call 'nova.servicegroup.drivers.db.DbDriver._report_state' sleeping for 119.98 seconds {{(pid=96606) _run_loop /opt/stack/data/venv/lib/python3.12/site-packages/oslo_service/backend/_threading/loopingcall.py:125}}
Aug 03 05:46:55.306822 np0000006320 nova-scheduler[96604]: DEBUG oslo.service.backend._threading.loopingcall [-] Fixed interval looping call 'nova.servicegroup.drivers.db.DbDriver._report_state' sleeping for 119.98 seconds {{(pid=96604) _run_loop /opt/stack/data/venv/lib/python3.12/site-packages/oslo_service/backend/_threading/loopingcall.py:125}}
Aug 03 05:46:55.308848 np0000006320 nova-scheduler[96608]: DEBUG oslo.service.backend._threading.loopingcall [-] Fixed interval looping call 'nova.servicegroup.drivers.db.DbDriver._report_state' sleeping for 119.99 seconds {{(pid=96608) _run_loop /opt/stack/data/venv/lib/python3.12/site-packages/oslo_service/backend/_threading/loopingcall.py:125}}
Aug 03 05:46:55.310436 np0000006320 nova-scheduler[96602]: DEBUG oslo.service.backend._threading.loopingcall [-] Fixed interval looping call 'nova.servicegroup.drivers.db.DbDriver._report_state' sleeping for 119.97 seconds {{(pid=96602) _run_loop /opt/stack/data/venv/lib/python3.12/site-packages/oslo_service/backend/_threading/loopingcall.py:125}}
Aug 03 05:46:58.796660 np0000006320 nova-scheduler[95407]: DEBUG dbcounter [-] [95407] Writing DB stats nova_api:SELECT=3 {{(pid=95407) stat_writer /opt/stack/data/venv/lib/python3.12/site-packages/dbcounter.py:115}}
Aug 03 05:46:58.938548 np0000006320 nova-scheduler[95407]: DEBUG dbcounter [-] [95407] Writing DB stats nova_cell1:SELECT=1 {{(pid=95407) stat_writer /opt/stack/data/venv/lib/python3.12/site-packages/dbcounter.py:115}}
Aug 03 05:46:58.943171 np0000006320 nova-scheduler[95407]: DEBUG dbcounter [-] [95407] Writing DB stats nova_cell0:SELECT=1 {{(pid=95407) stat_writer /opt/stack/data/venv/lib/python3.12/site-packages/dbcounter.py:115}}
Aug 03 05:47:05.297090 np0000006320 nova-scheduler[96604]: DEBUG dbcounter [-] [96604] Writing DB stats nova_cell0:SELECT=5,nova_cell0:INSERT=1,nova_cell0:UPDATE=1 {{(pid=96604) stat_writer /opt/stack/data/venv/lib/python3.12/site-packages/dbcounter.py:115}}
Aug 03 05:47:05.297484 np0000006320 nova-scheduler[96606]: DEBUG dbcounter [-] [96606] Writing DB stats nova_cell0:SELECT=3,nova_cell0:UPDATE=1 {{(pid=96606) stat_writer /opt/stack/data/venv/lib/python3.12/site-packages/dbcounter.py:115}}
Aug 03 05:47:05.305749 np0000006320 nova-scheduler[96608]: DEBUG dbcounter [-] [96608] Writing DB stats nova_cell0:SELECT=3 {{(pid=96608) stat_writer /opt/stack/data/venv/lib/python3.12/site-packages/dbcounter.py:115}}
Aug 03 05:47:05.306469 np0000006320 nova-scheduler[96602]: DEBUG dbcounter [-] [96602] Writing DB stats nova_cell0:SELECT=4,nova_cell0:INSERT=1,nova_cell0:UPDATE=1 {{(pid=96602) stat_writer /opt/stack/data/venv/lib/python3.12/site-packages/dbcounter.py:115}}
Aug 03 05:47:06.298686 np0000006320 nova-scheduler[96608]: DEBUG oslo.service.backend._threading.loopingcall [None req-0db71dbc-1063-4731-8c92-343ab53bd226 None None] Dynamic interval looping call 'nova.service.Service.periodic_tasks' sleeping for 60.00 seconds {{(pid=96608) _run_loop /opt/stack/data/venv/lib/python3.12/site-packages/oslo_service/backend/_threading/loopingcall.py:125}}
Aug 03 05:47:08.287211 np0000006320 nova-scheduler[96604]: DEBUG oslo.service.backend._threading.loopingcall [None req-487f8262-a617-40af-ae92-c7ff2a939abe None None] Dynamic interval looping call 'nova.service.Service.periodic_tasks' sleeping for 60.00 seconds {{(pid=96604) _run_loop /opt/stack/data/venv/lib/python3.12/site-packages/oslo_service/backend/_threading/loopingcall.py:125}}
Aug 03 05:47:17.283761 np0000006320 nova-scheduler[96602]: DEBUG oslo.service.backend._threading.loopingcall [None req-ed0624ed-c9b9-49b4-b20b-dc86b6203fc9 None None] Dynamic interval looping call 'nova.service.Service.periodic_tasks' sleeping for 60.00 seconds {{(pid=96602) _run_loop /opt/stack/data/venv/lib/python3.12/site-packages/oslo_service/backend/_threading/loopingcall.py:125}}
Aug 03 05:47:49.284731 np0000006320 nova-scheduler[96606]: DEBUG oslo.service.backend._threading.loopingcall [None req-fc9ed615-0a59-42db-92ec-32db2c99d4b1 None None] Dynamic interval looping call 'nova.service.Service.periodic_tasks' sleeping for 60.00 seconds {{(pid=96606) _run_loop /opt/stack/data/venv/lib/python3.12/site-packages/oslo_service/backend/_threading/loopingcall.py:125}}
Aug 03 05:48:06.299136 np0000006320 nova-scheduler[96608]: DEBUG oslo.service.backend._threading.loopingcall [None req-0db71dbc-1063-4731-8c92-343ab53bd226 None None] Dynamic interval looping call 'nova.service.Service.periodic_tasks' sleeping for 60.00 seconds {{(pid=96608) _run_loop /opt/stack/data/venv/lib/python3.12/site-packages/oslo_service/backend/_threading/loopingcall.py:125}}
Aug 03 05:48:08.287774 np0000006320 nova-scheduler[96604]: DEBUG oslo.service.backend._threading.loopingcall [None req-487f8262-a617-40af-ae92-c7ff2a939abe None None] Dynamic interval looping call 'nova.service.Service.periodic_tasks' sleeping for 60.00 seconds {{(pid=96604) _run_loop /opt/stack/data/venv/lib/python3.12/site-packages/oslo_service/backend/_threading/loopingcall.py:125}}
Aug 03 05:48:17.284227 np0000006320 nova-scheduler[96602]: DEBUG oslo.service.backend._threading.loopingcall [None req-ed0624ed-c9b9-49b4-b20b-dc86b6203fc9 None None] Dynamic interval looping call 'nova.service.Service.periodic_tasks' sleeping for 60.00 seconds {{(pid=96602) _run_loop /opt/stack/data/venv/lib/python3.12/site-packages/oslo_service/backend/_threading/loopingcall.py:125}}
Aug 03 05:48:49.285324 np0000006320 nova-scheduler[96606]: DEBUG oslo.service.backend._threading.loopingcall [None req-fc9ed615-0a59-42db-92ec-32db2c99d4b1 None None] Dynamic interval looping call 'nova.service.Service.periodic_tasks' sleeping for 60.00 seconds {{(pid=96606) _run_loop /opt/stack/data/venv/lib/python3.12/site-packages/oslo_service/backend/_threading/loopingcall.py:125}}
Aug 03 05:48:55.289432 np0000006320 nova-scheduler[96602]: DEBUG oslo.service.backend._threading.loopingcall [-] Fixed interval looping call 'nova.servicegroup.drivers.db.DbDriver._report_state' sleeping for 119.99 seconds {{(pid=96602) _run_loop /opt/stack/data/venv/lib/python3.12/site-packages/oslo_service/backend/_threading/loopingcall.py:125}}
Aug 03 05:48:55.291386 np0000006320 nova-scheduler[96604]: DEBUG oslo.service.backend._threading.loopingcall [-] Fixed interval looping call 'nova.servicegroup.drivers.db.DbDriver._report_state' sleeping for 119.99 seconds {{(pid=96604) _run_loop /opt/stack/data/venv/lib/python3.12/site-packages/oslo_service/backend/_threading/loopingcall.py:125}}
Aug 03 05:48:55.291729 np0000006320 nova-scheduler[96606]: DEBUG oslo.service.backend._threading.loopingcall [-] Fixed interval looping call 'nova.servicegroup.drivers.db.DbDriver._report_state' sleeping for 119.99 seconds {{(pid=96606) _run_loop /opt/stack/data/venv/lib/python3.12/site-packages/oslo_service/backend/_threading/loopingcall.py:125}}
Aug 03 05:48:55.307250 np0000006320 nova-scheduler[96608]: DEBUG oslo.service.backend._threading.loopingcall [-] Fixed interval looping call 'nova.servicegroup.drivers.db.DbDriver._report_state' sleeping for 119.99 seconds {{(pid=96608) _run_loop /opt/stack/data/venv/lib/python3.12/site-packages/oslo_service/backend/_threading/loopingcall.py:125}}
Aug 03 05:49:05.284066 np0000006320 nova-scheduler[96602]: DEBUG dbcounter [-] [96602] Writing DB stats nova_cell0:SELECT=1,nova_cell0:UPDATE=1 {{(pid=96602) stat_writer /opt/stack/data/venv/lib/python3.12/site-packages/dbcounter.py:115}}
Aug 03 05:49:05.288957 np0000006320 nova-scheduler[96604]: DEBUG dbcounter [-] [96604] Writing DB stats nova_cell0:SELECT=1,nova_cell0:UPDATE=1 {{(pid=96604) stat_writer /opt/stack/data/venv/lib/python3.12/site-packages/dbcounter.py:115}}
Aug 03 05:49:05.289337 np0000006320 nova-scheduler[96606]: DEBUG dbcounter [-] [96606] Writing DB stats nova_cell0:SELECT=1,nova_cell0:UPDATE=1 {{(pid=96606) stat_writer /opt/stack/data/venv/lib/python3.12/site-packages/dbcounter.py:115}}
Aug 03 05:49:05.305459 np0000006320 nova-scheduler[96608]: DEBUG dbcounter [-] [96608] Writing DB stats nova_cell0:SELECT=1 {{(pid=96608) stat_writer /opt/stack/data/venv/lib/python3.12/site-packages/dbcounter.py:115}}
Aug 03 05:49:06.300093 np0000006320 nova-scheduler[96608]: DEBUG oslo.service.backend._threading.loopingcall [None req-0db71dbc-1063-4731-8c92-343ab53bd226 None None] Dynamic interval looping call 'nova.service.Service.periodic_tasks' sleeping for 60.00 seconds {{(pid=96608) _run_loop /opt/stack/data/venv/lib/python3.12/site-packages/oslo_service/backend/_threading/loopingcall.py:125}}
Aug 03 05:49:08.288343 np0000006320 nova-scheduler[96604]: DEBUG oslo.service.backend._threading.loopingcall [None req-487f8262-a617-40af-ae92-c7ff2a939abe None None] Dynamic interval looping call 'nova.service.Service.periodic_tasks' sleeping for 60.00 seconds {{(pid=96604) _run_loop /opt/stack/data/venv/lib/python3.12/site-packages/oslo_service/backend/_threading/loopingcall.py:125}}
Aug 03 05:49:17.284817 np0000006320 nova-scheduler[96602]: DEBUG oslo.service.backend._threading.loopingcall [None req-ed0624ed-c9b9-49b4-b20b-dc86b6203fc9 None None] Dynamic interval looping call 'nova.service.Service.periodic_tasks' sleeping for 60.00 seconds {{(pid=96602) _run_loop /opt/stack/data/venv/lib/python3.12/site-packages/oslo_service/backend/_threading/loopingcall.py:125}}
Aug 03 05:49:26.780040 np0000006320 nova-scheduler[96602]: DEBUG nova.scheduler.manager [None req-99dd3d07-5cbe-4861-9a5c-5fa5ae25011b tempest-ServerActionsTestOtherB-741701495 tempest-ServerActionsTestOtherB-741701495-project-member] Starting to schedule for instances: ['6c637e2f-0e79-48df-825f-044592e63710'] {{(pid=96602) select_destinations /opt/stack/nova/nova/scheduler/manager.py:209}}
Aug 03 05:49:26.781279 np0000006320 nova-scheduler[96602]: DEBUG nova.scheduler.request_filter [None req-99dd3d07-5cbe-4861-9a5c-5fa5ae25011b tempest-ServerActionsTestOtherB-741701495 tempest-ServerActionsTestOtherB-741701495-project-member] compute_status_filter request filter added forbidden trait COMPUTE_STATUS_DISABLED {{(pid=96602) compute_status_filter /opt/stack/nova/nova/scheduler/request_filter.py:253}}
Aug 03 05:49:26.781279 np0000006320 nova-scheduler[96602]: DEBUG nova.scheduler.request_filter [None req-99dd3d07-5cbe-4861-9a5c-5fa5ae25011b tempest-ServerActionsTestOtherB-741701495 tempest-ServerActionsTestOtherB-741701495-project-member] Request filter 'compute_status_filter' took 0.0 seconds {{(pid=96602) wrapper /opt/stack/nova/nova/scheduler/request_filter.py:46}}
Aug 03 05:49:26.781582 np0000006320 nova-scheduler[96602]: DEBUG nova.scheduler.request_filter [None req-99dd3d07-5cbe-4861-9a5c-5fa5ae25011b tempest-ServerActionsTestOtherB-741701495 tempest-ServerActionsTestOtherB-741701495-project-member] Request filter 'accelerators_filter' took 0.0 seconds {{(pid=96602) wrapper /opt/stack/nova/nova/scheduler/request_filter.py:46}}
Aug 03 05:49:26.781749 np0000006320 nova-scheduler[96602]: DEBUG nova.scheduler.request_filter [None req-99dd3d07-5cbe-4861-9a5c-5fa5ae25011b tempest-ServerActionsTestOtherB-741701495 tempest-ServerActionsTestOtherB-741701495-project-member] Request filter 'packed_virtqueue_filter' took 0.0 seconds {{(pid=96602) wrapper /opt/stack/nova/nova/scheduler/request_filter.py:46}}
Aug 03 05:49:26.782164 np0000006320 nova-scheduler[96602]: DEBUG nova.scheduler.request_filter [None req-99dd3d07-5cbe-4861-9a5c-5fa5ae25011b tempest-ServerActionsTestOtherB-741701495 tempest-ServerActionsTestOtherB-741701495-project-member] Request filter 'remote_managed_ports_filter' took 0.0 seconds {{(pid=96602) wrapper /opt/stack/nova/nova/scheduler/request_filter.py:46}}
Aug 03 05:49:26.783281 np0000006320 nova-scheduler[96602]: DEBUG nova.scheduler.request_filter [None req-99dd3d07-5cbe-4861-9a5c-5fa5ae25011b tempest-ServerActionsTestOtherB-741701495 tempest-ServerActionsTestOtherB-741701495-project-member] ephemeral_encryption_filter skipped {{(pid=96602) ephemeral_encryption_filter /opt/stack/nova/nova/scheduler/request_filter.py:426}}
Aug 03 05:49:26.783462 np0000006320 nova-scheduler[96602]: DEBUG nova.scheduler.request_filter [None req-99dd3d07-5cbe-4861-9a5c-5fa5ae25011b tempest-ServerActionsTestOtherB-741701495 tempest-ServerActionsTestOtherB-741701495-project-member] virtio_sound_filter skipped {{(pid=96602) virtio_sound_filter /opt/stack/nova/nova/scheduler/request_filter.py:460}}
Aug 03 05:49:26.783626 np0000006320 nova-scheduler[96602]: DEBUG nova.scheduler.request_filter [None req-99dd3d07-5cbe-4861-9a5c-5fa5ae25011b tempest-ServerActionsTestOtherB-741701495 tempest-ServerActionsTestOtherB-741701495-project-member] tpm_secret_security_filter skipped {{(pid=96602) tpm_secret_security_filter /opt/stack/nova/nova/scheduler/request_filter.py:477}}
Aug 03 05:49:27.354323 np0000006320 nova-scheduler[96606]: DEBUG nova.scheduler.manager [None req-f5b35952-6f1e-44d9-b4a5-4c83cf02741a tempest-AttachVolumeShelveTestJSON-1129817079 tempest-AttachVolumeShelveTestJSON-1129817079-project-member] Starting to schedule for instances: ['1300ed9b-8aa8-4a7e-a328-2c1085eb886e'] {{(pid=96606) select_destinations /opt/stack/nova/nova/scheduler/manager.py:209}}
Aug 03 05:49:27.355483 np0000006320 nova-scheduler[96606]: DEBUG nova.scheduler.request_filter [None req-f5b35952-6f1e-44d9-b4a5-4c83cf02741a tempest-AttachVolumeShelveTestJSON-1129817079 tempest-AttachVolumeShelveTestJSON-1129817079-project-member] compute_status_filter request filter added forbidden trait COMPUTE_STATUS_DISABLED {{(pid=96606) compute_status_filter /opt/stack/nova/nova/scheduler/request_filter.py:253}}
Aug 03 05:49:27.355556 np0000006320 nova-scheduler[96606]: DEBUG nova.scheduler.request_filter [None req-f5b35952-6f1e-44d9-b4a5-4c83cf02741a tempest-AttachVolumeShelveTestJSON-1129817079 tempest-AttachVolumeShelveTestJSON-1129817079-project-member] Request filter 'compute_status_filter' took 0.0 seconds {{(pid=96606) wrapper /opt/stack/nova/nova/scheduler/request_filter.py:46}}
Aug 03 05:49:27.356006 np0000006320 nova-scheduler[96606]: DEBUG nova.scheduler.request_filter [None req-f5b35952-6f1e-44d9-b4a5-4c83cf02741a tempest-AttachVolumeShelveTestJSON-1129817079 tempest-AttachVolumeShelveTestJSON-1129817079-project-member] Request filter 'accelerators_filter' took 0.0 seconds {{(pid=96606) wrapper /opt/stack/nova/nova/scheduler/request_filter.py:46}}
Aug 03 05:49:27.356267 np0000006320 nova-scheduler[96606]: DEBUG nova.scheduler.request_filter [None req-f5b35952-6f1e-44d9-b4a5-4c83cf02741a tempest-AttachVolumeShelveTestJSON-1129817079 tempest-AttachVolumeShelveTestJSON-1129817079-project-member] Request filter 'packed_virtqueue_filter' took 0.0 seconds {{(pid=96606) wrapper /opt/stack/nova/nova/scheduler/request_filter.py:46}}
Aug 03 05:49:27.356777 np0000006320 nova-scheduler[96606]: DEBUG nova.scheduler.request_filter [None req-f5b35952-6f1e-44d9-b4a5-4c83cf02741a tempest-AttachVolumeShelveTestJSON-1129817079 tempest-AttachVolumeShelveTestJSON-1129817079-project-member] Request filter 'remote_managed_ports_filter' took 0.0 seconds {{(pid=96606) wrapper /opt/stack/nova/nova/scheduler/request_filter.py:46}}
Aug 03 05:49:27.356986 np0000006320 nova-scheduler[96606]: DEBUG nova.scheduler.request_filter [None req-f5b35952-6f1e-44d9-b4a5-4c83cf02741a tempest-AttachVolumeShelveTestJSON-1129817079 tempest-AttachVolumeShelveTestJSON-1129817079-project-member] ephemeral_encryption_filter skipped {{(pid=96606) ephemeral_encryption_filter /opt/stack/nova/nova/scheduler/request_filter.py:426}}
Aug 03 05:49:27.357568 np0000006320 nova-scheduler[96606]: DEBUG nova.scheduler.request_filter [None req-f5b35952-6f1e-44d9-b4a5-4c83cf02741a tempest-AttachVolumeShelveTestJSON-1129817079 tempest-AttachVolumeShelveTestJSON-1129817079-project-member] virtio_sound_filter skipped {{(pid=96606) virtio_sound_filter /opt/stack/nova/nova/scheduler/request_filter.py:460}}
