Aug 03 05:46:24.313486 np0000006320 devstack@neutron-api.service[90812]: DEBUG neutron.api.extensions [None req-7866ed33-9ff8-464a-8bb2-d17943980f76 None None] Loading extension file: aap_reject_multicast.py {{(pid=90812) _load_all_extensions_from_path /opt/stack/neutron/neutron/api/extensions.py:449}}
Aug 03 05:46:24.313705 np0000006320 devstack@neutron-api.service[90815]: DEBUG neutron.api.extensions [None req-ab3922af-9fe6-47d0-8adb-0feb6b58f693 None None] Ext name="Quota details management support" alias="quota_details" description="Expose functions for quotas usage statistics per project" updated="2017-02-10T10:00:00-00:00" {{(pid=90815) _check_extension /opt/stack/neutron/neutron/api/extensions.py:415}}
Aug 03 05:46:24.313705 np0000006320 devstack@neutron-api.service[90815]: INFO neutron.api.extensions [None req-ab3922af-9fe6-47d0-8adb-0feb6b58f693 None None] Loaded extension: quota_details
Aug 03 05:46:24.313908 np0000006320 devstack@neutron-api.service[90812]: DEBUG neutron.api.extensions [None req-7866ed33-9ff8-464a-8bb2-d17943980f76 None None] Ext name="Allowed address pairs reject multicast extension" alias="aap-reject-multicast" description="Reject multicast addresses in Allowed Address Pairs" updated="2026-04-01T00:00:00-00:00" {{(pid=90812) _check_extension /opt/stack/neutron/neutron/api/extensions.py:415}}
Aug 03 05:46:24.314109 np0000006320 devstack@neutron-api.service[90815]: DEBUG neutron.api.extensions [None req-ab3922af-9fe6-47d0-8adb-0feb6b58f693 None None] Loading extension file: rbac.py {{(pid=90815) _load_all_extensions_from_path /opt/stack/neutron/neutron/api/extensions.py:449}}
Aug 03 05:46:24.314275 np0000006320 devstack@neutron-api.service[90812]: INFO neutron.api.extensions [None req-7866ed33-9ff8-464a-8bb2-d17943980f76 None None] Extension aap-reject-multicast not supported by any of loaded plugins
Aug 03 05:46:24.314275 np0000006320 devstack@neutron-api.service[90812]: DEBUG neutron.api.extensions [None req-7866ed33-9ff8-464a-8bb2-d17943980f76 None None] Loading extension file: address_group.py {{(pid=90812) _load_all_extensions_from_path /opt/stack/neutron/neutron/api/extensions.py:449}}
Aug 03 05:46:24.314275 np0000006320 devstack@neutron-api.service[90812]: DEBUG neutron.api.extensions [None req-7866ed33-9ff8-464a-8bb2-d17943980f76 None None] Ext name="Address group" alias="address-group" description="Support address group" updated="2020-07-15T10:00:00-00:00" {{(pid=90812) _check_extension /opt/stack/neutron/neutron/api/extensions.py:415}}
Aug 03 05:46:24.314275 np0000006320 devstack@neutron-api.service[90812]: INFO neutron.api.extensions [None req-7866ed33-9ff8-464a-8bb2-d17943980f76 None None] Loaded extension: address-group
Aug 03 05:46:24.314275 np0000006320 devstack@neutron-api.service[90812]: DEBUG neutron.api.extensions [None req-7866ed33-9ff8-464a-8bb2-d17943980f76 None None] Loading extension file: address_scope.py {{(pid=90812) _load_all_extensions_from_path /opt/stack/neutron/neutron/api/extensions.py:449}}
Aug 03 05:46:24.314275 np0000006320 devstack@neutron-api.service[90812]: DEBUG neutron.api.extensions [None req-7866ed33-9ff8-464a-8bb2-d17943980f76 None None] Ext name="Address scope" alias="address-scope" description="Address scopes extension." updated="2015-07-26T10:00:00-00:00" {{(pid=90812) _check_extension /opt/stack/neutron/neutron/api/extensions.py:415}}
Aug 03 05:46:24.314275 np0000006320 devstack@neutron-api.service[90812]: INFO neutron.api.extensions [None req-7866ed33-9ff8-464a-8bb2-d17943980f76 None None] Loaded extension: address-scope
Aug 03 05:46:24.314660 np0000006320 devstack@neutron-api.service[90815]: DEBUG neutron.api.extensions [None req-ab3922af-9fe6-47d0-8adb-0feb6b58f693 None None] Ext name="RBAC Policies" alias="rbac-policies" description="Allows creation and modification of policies that control project access to resources." updated="2015-06-17T12:15:12-00:00" {{(pid=90815) _check_extension /opt/stack/neutron/neutron/api/extensions.py:415}}
Aug 03 05:46:24.314877 np0000006320 devstack@neutron-api.service[90812]: DEBUG neutron.api.extensions [None req-7866ed33-9ff8-464a-8bb2-d17943980f76 None None] Loading extension file: admin_state_down_before_update.py {{(pid=90812) _load_all_extensions_from_path /opt/stack/neutron/neutron/api/extensions.py:449}}
Aug 03 05:46:24.315025 np0000006320 devstack@neutron-api.service[90815]: INFO neutron.api.extensions [None req-ab3922af-9fe6-47d0-8adb-0feb6b58f693 None None] Loaded extension: rbac-policies
Aug 03 05:46:24.315163 np0000006320 devstack@neutron-api.service[90814]: DEBUG neutron_lib.callbacks.manager [None req-39c17c10-6c63-49d2-bb4e-8d0a356bb5f0 None None] Subscribe: > router before_delete 55550000, False {{(pid=90814) subscribe /opt/stack/data/venv/lib/python3.12/site-packages/neutron_lib/callbacks/manager.py:52}}
Aug 03 05:46:24.315341 np0000006320 devstack@neutron-api.service[90812]: DEBUG neutron.api.extensions [None req-7866ed33-9ff8-464a-8bb2-d17943980f76 None None] Ext name="Enforce Router's Admin State Down Before Update Extension" alias="router-admin-state-down-before-update" description="Ensure that the admin state of a router is DOWN (admin_state_up=False) before updating the distributed attribute" updated="2019-07-02T15:56:00" {{(pid=90812) _check_extension /opt/stack/neutron/neutron/api/extensions.py:415}}
Aug 03 05:46:24.315572 np0000006320 devstack@neutron-api.service[90815]: DEBUG neutron.api.extensions [None req-ab3922af-9fe6-47d0-8adb-0feb6b58f693 None None] Loading extension file: rbac_address_group.py {{(pid=90815) _load_all_extensions_from_path /opt/stack/neutron/neutron/api/extensions.py:449}}
Aug 03 05:46:24.315728 np0000006320 devstack@neutron-api.service[90814]: DEBUG neutron_lib.callbacks.manager [None req-39c17c10-6c63-49d2-bb4e-8d0a356bb5f0 None None] Subscribe: port before_update 55550000, False {{(pid=90814) subscribe /opt/stack/data/venv/lib/python3.12/site-packages/neutron_lib/callbacks/manager.py:52}}
Aug 03 05:46:24.315945 np0000006320 devstack@neutron-api.service[90812]: INFO neutron.api.extensions [None req-7866ed33-9ff8-464a-8bb2-d17943980f76 None None] Extension router-admin-state-down-before-update not supported by any of loaded plugins
Aug 03 05:46:24.316082 np0000006320 devstack@neutron-api.service[90814]: DEBUG neutron_lib.callbacks.manager [None req-39c17c10-6c63-49d2-bb4e-8d0a356bb5f0 None None] Subscribe: port after_update 55550000, False {{(pid=90814) subscribe /opt/stack/data/venv/lib/python3.12/site-packages/neutron_lib/callbacks/manager.py:52}}
Aug 03 05:46:24.316241 np0000006320 devstack@neutron-api.service[90812]: DEBUG neutron.api.extensions [None req-7866ed33-9ff8-464a-8bb2-d17943980f76 None None] Loading extension file: agent.py {{(pid=90812) _load_all_extensions_from_path /opt/stack/neutron/neutron/api/extensions.py:449}}
Aug 03 05:46:24.316416 np0000006320 devstack@neutron-api.service[90815]: DEBUG neutron.api.extensions [None req-ab3922af-9fe6-47d0-8adb-0feb6b58f693 None None] Ext name="Add address_group type to RBAC" alias="rbac-address-group" description="Add address_group type to network RBAC" updated="2021-01-20T00:00:00-00:00" {{(pid=90815) _check_extension /opt/stack/neutron/neutron/api/extensions.py:415}}
Aug 03 05:46:24.316564 np0000006320 devstack@neutron-api.service[90814]: DEBUG neutron_lib.callbacks.manager [None req-39c17c10-6c63-49d2-bb4e-8d0a356bb5f0 None None] Subscribe: > port precommit_delete 55550000, False {{(pid=90814) subscribe /opt/stack/data/venv/lib/python3.12/site-packages/neutron_lib/callbacks/manager.py:52}}
Aug 03 05:46:24.316564 np0000006320 devstack@neutron-api.service[90814]: DEBUG neutron_lib.callbacks.manager [None req-39c17c10-6c63-49d2-bb4e-8d0a356bb5f0 None None] Subscribe: port before_update 55550000, False {{(pid=90814) subscribe /opt/stack/data/venv/lib/python3.12/site-packages/neutron_lib/callbacks/manager.py:52}}
Aug 03 05:46:24.316764 np0000006320 devstack@neutron-api.service[90815]: INFO neutron.api.extensions [None req-ab3922af-9fe6-47d0-8adb-0feb6b58f693 None None] Extension rbac-address-group not supported by any of loaded plugins
Aug 03 05:46:24.316912 np0000006320 devstack@neutron-api.service[90814]: DEBUG neutron_lib.callbacks.manager [None req-39c17c10-6c63-49d2-bb4e-8d0a356bb5f0 None None] Subscribe: port before_delete 55550000, False {{(pid=90814) subscribe /opt/stack/data/venv/lib/python3.12/site-packages/neutron_lib/callbacks/manager.py:52}}
Aug 03 05:46:24.317082 np0000006320 devstack@neutron-api.service[90812]: DEBUG neutron.api.extensions [None req-7866ed33-9ff8-464a-8bb2-d17943980f76 None None] Ext name="agent" alias="agent" description="The agent management extension." updated="2013-02-03T10:00:00-00:00" {{(pid=90812) _check_extension /opt/stack/neutron/neutron/api/extensions.py:415}}
Aug 03 05:46:24.317283 np0000006320 devstack@neutron-api.service[90815]: DEBUG neutron.api.extensions [None req-ab3922af-9fe6-47d0-8adb-0feb6b58f693 None None] Loading extension file: rbac_address_scope.py {{(pid=90815) _load_all_extensions_from_path /opt/stack/neutron/neutron/api/extensions.py:449}}
Aug 03 05:46:24.317437 np0000006320 devstack@neutron-api.service[90814]: DEBUG neutron_lib.callbacks.manager [None req-39c17c10-6c63-49d2-bb4e-8d0a356bb5f0 None None] Subscribe: > router precommit_create 55550000, False {{(pid=90814) subscribe /opt/stack/data/venv/lib/python3.12/site-packages/neutron_lib/callbacks/manager.py:52}}
Aug 03 05:46:24.317614 np0000006320 devstack@neutron-api.service[90812]: INFO neutron.api.extensions [None req-7866ed33-9ff8-464a-8bb2-d17943980f76 None None] Loaded extension: agent
Aug 03 05:46:24.317781 np0000006320 devstack@neutron-api.service[90814]: DEBUG neutron_lib.callbacks.manager [None req-39c17c10-6c63-49d2-bb4e-8d0a356bb5f0 None None] Subscribe: > router precommit_create 55550000, False {{(pid=90814) subscribe /opt/stack/data/venv/lib/python3.12/site-packages/neutron_lib/callbacks/manager.py:52}}
Aug 03 05:46:24.317922 np0000006320 devstack@neutron-api.service[90812]: DEBUG neutron.api.extensions [None req-7866ed33-9ff8-464a-8bb2-d17943980f76 None None] Loading extension file: agent_resources_synced.py {{(pid=90812) _load_all_extensions_from_path /opt/stack/neutron/neutron/api/extensions.py:449}}
Aug 03 05:46:24.318074 np0000006320 devstack@neutron-api.service[90815]: DEBUG neutron.api.extensions [None req-ab3922af-9fe6-47d0-8adb-0feb6b58f693 None None] Ext name="Add address_scope type to RBAC" alias="rbac-address-scope" description="Add address_scope type to RBAC" updated="2020-02-12T00:00:00-00:00" {{(pid=90815) _check_extension /opt/stack/neutron/neutron/api/extensions.py:415}}
Aug 03 05:46:24.318259 np0000006320 devstack@neutron-api.service[90814]: DEBUG neutron_lib.callbacks.manager [None req-39c17c10-6c63-49d2-bb4e-8d0a356bb5f0 None None] Subscribe: > router precommit_update 55550000, False {{(pid=90814) subscribe /opt/stack/data/venv/lib/python3.12/site-packages/neutron_lib/callbacks/manager.py:52}}
Aug 03 05:46:24.318259 np0000006320 devstack@neutron-api.service[90814]: DEBUG neutron_lib.callbacks.manager [None req-39c17c10-6c63-49d2-bb4e-8d0a356bb5f0 None None] Subscribe: subnet after_update 55550000, False {{(pid=90814) subscribe /opt/stack/data/venv/lib/python3.12/site-packages/neutron_lib/callbacks/manager.py:52}}
Aug 03 05:46:24.318475 np0000006320 devstack@neutron-api.service[90815]: INFO neutron.api.extensions [None req-ab3922af-9fe6-47d0-8adb-0feb6b58f693 None None] Loaded extension: rbac-address-scope
Aug 03 05:46:24.318611 np0000006320 devstack@neutron-api.service[90812]: DEBUG neutron.api.extensions [None req-7866ed33-9ff8-464a-8bb2-d17943980f76 None None] Ext name="Agent's Resource View Synced to Placement" alias="agent-resources-synced" description="Stores success/failure of last sync to Placement" updated="2018-12-19T00:00:00-00:00" {{(pid=90812) _check_extension /opt/stack/neutron/neutron/api/extensions.py:415}}
Aug 03 05:46:24.318800 np0000006320 devstack@neutron-api.service[90815]: DEBUG neutron.api.extensions [None req-ab3922af-9fe6-47d0-8adb-0feb6b58f693 None None] Loading extension file: rbac_security_groups.py {{(pid=90815) _load_all_extensions_from_path /opt/stack/neutron/neutron/api/extensions.py:449}}
Aug 03 05:46:24.318947 np0000006320 devstack@neutron-api.service[90814]: DEBUG neutron.quota.resource_registry [None req-39c17c10-6c63-49d2-bb4e-8d0a356bb5f0 None None] Tracking information for resource: router configured {{(pid=90814) set_tracked_resource /opt/stack/neutron/neutron/quota/resource_registry.py:203}}
Aug 03 05:46:24.319102 np0000006320 devstack@neutron-api.service[90812]: INFO neutron.api.extensions [None req-7866ed33-9ff8-464a-8bb2-d17943980f76 None None] Extension agent-resources-synced not supported by any of loaded plugins
Aug 03 05:46:24.319280 np0000006320 devstack@neutron-api.service[90814]: DEBUG neutron.quota.resource_registry [None req-39c17c10-6c63-49d2-bb4e-8d0a356bb5f0 None None] Tracking information for resource: floatingip configured {{(pid=90814) set_tracked_resource /opt/stack/neutron/neutron/quota/resource_registry.py:203}}
Aug 03 05:46:24.319280 np0000006320 devstack@neutron-api.service[90814]: INFO neutron.services.ovn_l3.plugin [None req-39c17c10-6c63-49d2-bb4e-8d0a356bb5f0 None None] Starting OVNL3RouterPlugin
Aug 03 05:46:24.319467 np0000006320 devstack@neutron-api.service[90812]: DEBUG neutron.api.extensions [None req-7866ed33-9ff8-464a-8bb2-d17943980f76 None None] Loading extension file: agent_sort_key.py {{(pid=90812) _load_all_extensions_from_path /opt/stack/neutron/neutron/api/extensions.py:449}}
Aug 03 05:46:24.319614 np0000006320 devstack@neutron-api.service[90815]: DEBUG neutron.api.extensions [None req-ab3922af-9fe6-47d0-8adb-0feb6b58f693 None None] Ext name="Add security_group type to network RBAC" alias="rbac-security-groups" description="Add security_group type to network RBAC" updated="2019-02-14T00:00:00-00:00" {{(pid=90815) _check_extension /opt/stack/neutron/neutron/api/extensions.py:415}}
Aug 03 05:46:24.319614 np0000006320 devstack@neutron-api.service[90815]: INFO neutron.api.extensions [None req-ab3922af-9fe6-47d0-8adb-0feb6b58f693 None None] Loaded extension: rbac-security-groups
Aug 03 05:46:24.319930 np0000006320 devstack@neutron-api.service[90814]: DEBUG neutron_lib.callbacks.manager [None req-39c17c10-6c63-49d2-bb4e-8d0a356bb5f0 None None] Subscribe: > port_forwarding_plugin after_init 55550000, False {{(pid=90814) subscribe /opt/stack/data/venv/lib/python3.12/site-packages/neutron_lib/callbacks/manager.py:52}}
Aug 03 05:46:24.320082 np0000006320 devstack@neutron-api.service[90812]: DEBUG neutron.api.extensions [None req-7866ed33-9ff8-464a-8bb2-d17943980f76 None None] Ext name="Agents Sort Key" alias="agent_sort_key" description="Enabling the keyword sort_key for sorting in agents." updated="2013-02-03T10:00:00-00:00" {{(pid=90812) _check_extension /opt/stack/neutron/neutron/api/extensions.py:415}}
Aug 03 05:46:24.320261 np0000006320 devstack@neutron-api.service[90815]: DEBUG neutron.api.extensions [None req-ab3922af-9fe6-47d0-8adb-0feb6b58f693 None None] Loading extension file: rbac_subnetpool.py {{(pid=90815) _load_all_extensions_from_path /opt/stack/neutron/neutron/api/extensions.py:449}}
Aug 03 05:46:24.320426 np0000006320 devstack@neutron-api.service[90814]: DEBUG neutron_lib.callbacks.manager [None req-39c17c10-6c63-49d2-bb4e-8d0a356bb5f0 None None] Subscribe: > router before_create 55550100, False {{(pid=90814) subscribe /opt/stack/data/venv/lib/python3.12/site-packages/neutron_lib/callbacks/manager.py:52}}
Aug 03 05:46:24.320550 np0000006320 devstack@neutron-api.service[90812]: INFO neutron.api.extensions [None req-7866ed33-9ff8-464a-8bb2-d17943980f76 None None] Extension agent_sort_key not supported by any of loaded plugins
Aug 03 05:46:24.320755 np0000006320 devstack@neutron-api.service[90814]: DEBUG neutron_lib.callbacks.manager [None req-39c17c10-6c63-49d2-bb4e-8d0a356bb5f0 None None] Subscribe: > router precommit_delete 55550100, False {{(pid=90814) subscribe /opt/stack/data/venv/lib/python3.12/site-packages/neutron_lib/callbacks/manager.py:52}}
Aug 03 05:46:24.320898 np0000006320 devstack@neutron-api.service[90812]: DEBUG neutron.api.extensions [None req-7866ed33-9ff8-464a-8bb2-d17943980f76 None None] Loading extension file: allowedaddresspairs.py {{(pid=90812) _load_all_extensions_from_path /opt/stack/neutron/neutron/api/extensions.py:449}}
Aug 03 05:46:24.321021 np0000006320 devstack@neutron-api.service[90815]: DEBUG neutron.api.extensions [None req-ab3922af-9fe6-47d0-8adb-0feb6b58f693 None None] Ext name="Add subnetpool type to RBAC" alias="rbac-subnetpool" description="Add subnetpool type to RBAC" updated="2020-02-05T00:00:00-00:00" {{(pid=90815) _check_extension /opt/stack/neutron/neutron/api/extensions.py:415}}
Aug 03 05:46:24.321162 np0000006320 devstack@neutron-api.service[90814]: DEBUG neutron_lib.callbacks.manager [None req-39c17c10-6c63-49d2-bb4e-8d0a356bb5f0 None None] Subscribe: > router precommit_create 55550100, False {{(pid=90814) subscribe /opt/stack/data/venv/lib/python3.12/site-packages/neutron_lib/callbacks/manager.py:52}}
Aug 03 05:46:24.321162 np0000006320 devstack@neutron-api.service[90814]: DEBUG neutron_lib.callbacks.manager [None req-39c17c10-6c63-49d2-bb4e-8d0a356bb5f0 None None] Subscribe: > router precommit_update 55550100, False {{(pid=90814) subscribe /opt/stack/data/venv/lib/python3.12/site-packages/neutron_lib/callbacks/manager.py:52}}
Aug 03 05:46:24.321362 np0000006320 devstack@neutron-api.service[90815]: INFO neutron.api.extensions [None req-ab3922af-9fe6-47d0-8adb-0feb6b58f693 None None] Extension rbac-subnetpool not supported by any of loaded plugins
Aug 03 05:46:24.321362 np0000006320 devstack@neutron-api.service[90815]: DEBUG neutron.api.extensions [None req-ab3922af-9fe6-47d0-8adb-0feb6b58f693 None None] Loading extension file: revisionifmatch.py {{(pid=90815) _load_all_extensions_from_path /opt/stack/neutron/neutron/api/extensions.py:449}}
Aug 03 05:46:24.321362 np0000006320 devstack@neutron-api.service[90815]: DEBUG neutron.api.extensions [None req-ab3922af-9fe6-47d0-8adb-0feb6b58f693 None None] Ext name="If-Match constraints based on revision_number" alias="revision-if-match" description="Extension indicating that If-Match based on revision_number is supported." updated="2016-12-11T00:00:00-00:00" {{(pid=90815) _check_extension /opt/stack/neutron/neutron/api/extensions.py:415}}
Aug 03 05:46:24.321362 np0000006320 devstack@neutron-api.service[90815]: INFO neutron.api.extensions [None req-ab3922af-9fe6-47d0-8adb-0feb6b58f693 None None] Loaded extension: revision-if-match
Aug 03 05:46:24.321632 np0000006320 devstack@neutron-api.service[90812]: DEBUG neutron.api.extensions [None req-7866ed33-9ff8-464a-8bb2-d17943980f76 None None] Ext name="Allowed Address Pairs" alias="allowed-address-pairs" description="Provides allowed address pairs" updated="2013-07-23T10:00:00-00:00" {{(pid=90812) _check_extension /opt/stack/neutron/neutron/api/extensions.py:415}}
Aug 03 05:46:24.321795 np0000006320 devstack@neutron-api.service[90815]: DEBUG neutron.api.extensions [None req-ab3922af-9fe6-47d0-8adb-0feb6b58f693 None None] Loading extension file: revisions.py {{(pid=90815) _load_all_extensions_from_path /opt/stack/neutron/neutron/api/extensions.py:449}}
Aug 03 05:46:24.321904 np0000006320 devstack@neutron-api.service[90812]: INFO neutron.api.extensions [None req-7866ed33-9ff8-464a-8bb2-d17943980f76 None None] Loaded extension: allowed-address-pairs
Aug 03 05:46:24.321904 np0000006320 devstack@neutron-api.service[90812]: DEBUG neutron.api.extensions [None req-7866ed33-9ff8-464a-8bb2-d17943980f76 None None] Loading extension file: auto_allocated_topology.py {{(pid=90812) _load_all_extensions_from_path /opt/stack/neutron/neutron/api/extensions.py:449}}
Aug 03 05:46:24.322082 np0000006320 devstack@neutron-api.service[90815]: DEBUG neutron.api.extensions [None req-ab3922af-9fe6-47d0-8adb-0feb6b58f693 None None] Ext name="Resource revision numbers" alias="standard-attr-revisions" description="This extension will display the revision number of neutron resources." updated="2016-04-11T10:00:00-00:00" {{(pid=90815) _check_extension /opt/stack/neutron/neutron/api/extensions.py:415}}
Aug 03 05:46:24.322082 np0000006320 devstack@neutron-api.service[90815]: INFO neutron.api.extensions [None req-ab3922af-9fe6-47d0-8adb-0feb6b58f693 None None] Loaded extension: standard-attr-revisions
Aug 03 05:46:24.322274 np0000006320 devstack@neutron-api.service[90812]: DEBUG neutron.api.extensions [None req-7866ed33-9ff8-464a-8bb2-d17943980f76 None None] Ext name="Auto Allocated Topology Services" alias="auto-allocated-topology" description="Auto Allocated Topology Services." updated="2016-01-01T00:00:00-00:00" {{(pid=90812) _check_extension /opt/stack/neutron/neutron/api/extensions.py:415}}
Aug 03 05:46:24.322459 np0000006320 devstack@neutron-api.service[90815]: DEBUG neutron.api.extensions [None req-ab3922af-9fe6-47d0-8adb-0feb6b58f693 None None] Loading extension file: router_availability_zone.py {{(pid=90815) _load_all_extensions_from_path /opt/stack/neutron/neutron/api/extensions.py:449}}
Aug 03 05:46:24.322580 np0000006320 devstack@neutron-api.service[90812]: INFO neutron.api.extensions [None req-7866ed33-9ff8-464a-8bb2-d17943980f76 None None] Loaded extension: auto-allocated-topology
Aug 03 05:46:24.322580 np0000006320 devstack@neutron-api.service[90812]: DEBUG neutron.api.extensions [None req-7866ed33-9ff8-464a-8bb2-d17943980f76 None None] Loading extension file: availability_zone.py {{(pid=90812) _load_all_extensions_from_path /opt/stack/neutron/neutron/api/extensions.py:449}}
Aug 03 05:46:24.322718 np0000006320 devstack@neutron-api.service[90815]: DEBUG neutron.api.extensions [None req-ab3922af-9fe6-47d0-8adb-0feb6b58f693 None None] Ext name="Router Availability Zone" alias="router_availability_zone" description="Availability zone support for router." updated="2015-01-01T10:00:00-00:00" {{(pid=90815) _check_extension /opt/stack/neutron/neutron/api/extensions.py:415}}
Aug 03 05:46:24.322718 np0000006320 devstack@neutron-api.service[90815]: INFO neutron.api.extensions [None req-ab3922af-9fe6-47d0-8adb-0feb6b58f693 None None] Loaded extension: router_availability_zone
Aug 03 05:46:24.322898 np0000006320 devstack@neutron-api.service[90812]: DEBUG neutron.api.extensions [None req-7866ed33-9ff8-464a-8bb2-d17943980f76 None None] Ext name="Availability Zone" alias="availability_zone" description="The availability zone extension." updated="2015-01-01T10:00:00-00:00" {{(pid=90812) _check_extension /opt/stack/neutron/neutron/api/extensions.py:415}}
Aug 03 05:46:24.323055 np0000006320 devstack@neutron-api.service[90815]: DEBUG neutron.api.extensions [None req-ab3922af-9fe6-47d0-8adb-0feb6b58f693 None None] Loading extension file: router_enable_snat.py {{(pid=90815) _load_all_extensions_from_path /opt/stack/neutron/neutron/api/extensions.py:449}}
Aug 03 05:46:24.323170 np0000006320 devstack@neutron-api.service[90812]: INFO neutron.api.extensions [None req-7866ed33-9ff8-464a-8bb2-d17943980f76 None None] Loaded extension: availability_zone
Aug 03 05:46:24.323321 np0000006320 devstack@neutron-api.service[90815]: DEBUG neutron.api.extensions [None req-ab3922af-9fe6-47d0-8adb-0feb6b58f693 None None] Ext name="Exposes the router "enable_snat" read-only configuration flag" alias="router-enable-snat" description="Exposes the router "enable_snat" read-only configuration flag" updated="2025-09-18T18:00:00-00:00" {{(pid=90815) _check_extension /opt/stack/neutron/neutron/api/extensions.py:415}}
Aug 03 05:46:24.323429 np0000006320 devstack@neutron-api.service[90812]: DEBUG neutron.api.extensions [None req-7866ed33-9ff8-464a-8bb2-d17943980f76 None None] Loading extension file: availability_zone_filter.py {{(pid=90812) _load_all_extensions_from_path /opt/stack/neutron/neutron/api/extensions.py:449}}
Aug 03 05:46:24.323569 np0000006320 devstack@neutron-api.service[90815]: INFO neutron.api.extensions [None req-ab3922af-9fe6-47d0-8adb-0feb6b58f693 None None] Loaded extension: router-enable-snat
Aug 03 05:46:24.323569 np0000006320 devstack@neutron-api.service[90815]: DEBUG neutron.api.extensions [None req-ab3922af-9fe6-47d0-8adb-0feb6b58f693 None None] Loading extension file: routerservicetype.py {{(pid=90815) _load_all_extensions_from_path /opt/stack/neutron/neutron/api/extensions.py:449}}
Aug 03 05:46:24.323703 np0000006320 devstack@neutron-api.service[90812]: DEBUG neutron.api.extensions [None req-7866ed33-9ff8-464a-8bb2-d17943980f76 None None] Ext name="Availability Zone Filter Extension" alias="availability_zone_filter" description="Add filter parameters to AvailabilityZone resource" updated="2018-06-22T10:00:00-00:00" {{(pid=90812) _check_extension /opt/stack/neutron/neutron/api/extensions.py:415}}
Aug 03 05:46:24.323859 np0000006320 devstack@neutron-api.service[90815]: DEBUG neutron.api.extensions [None req-ab3922af-9fe6-47d0-8adb-0feb6b58f693 None None] Ext name="Router Service Type" alias="router-service-type" description="Provides router service type" updated="2013-01-29T00:00:00-00:00" {{(pid=90815) _check_extension /opt/stack/neutron/neutron/api/extensions.py:415}}
Aug 03 05:46:24.324048 np0000006320 devstack@neutron-api.service[90814]: DEBUG neutron.services.provider_configuration [None req-39c17c10-6c63-49d2-bb4e-8d0a356bb5f0 None None] Service providers = [] {{(pid=90814) parse_service_provider_opt /opt/stack/neutron/neutron/services/provider_configuration.py:170}}
Aug 03 05:46:24.324285 np0000006320 devstack@neutron-api.service[90812]: INFO neutron.api.extensions [None req-7866ed33-9ff8-464a-8bb2-d17943980f76 None None] Extension availability_zone_filter not supported by any of loaded plugins
Aug 03 05:46:24.324441 np0000006320 devstack@neutron-api.service[90814]: DEBUG neutron.db.servicetype_db [None req-39c17c10-6c63-49d2-bb4e-8d0a356bb5f0 None None] Adding provider configuration for service L3_ROUTER_NAT {{(pid=90814) add_provider_configuration /opt/stack/neutron/neutron/db/servicetype_db.py:45}}
Aug 03 05:46:24.324608 np0000006320 devstack@neutron-api.service[90815]: INFO neutron.api.extensions [None req-ab3922af-9fe6-47d0-8adb-0feb6b58f693 None None] Extension router-service-type not supported by any of loaded plugins
Aug 03 05:46:24.324762 np0000006320 devstack@neutron-api.service[90812]: DEBUG neutron.api.extensions [None req-7866ed33-9ff8-464a-8bb2-d17943980f76 None None] Loading extension file: data_plane_status.py {{(pid=90812) _load_all_extensions_from_path /opt/stack/neutron/neutron/api/extensions.py:449}}
Aug 03 05:46:24.324891 np0000006320 devstack@neutron-api.service[90815]: DEBUG neutron.api.extensions [None req-ab3922af-9fe6-47d0-8adb-0feb6b58f693 None None] Loading extension file: security_groups_default_rules.py {{(pid=90815) _load_all_extensions_from_path /opt/stack/neutron/neutron/api/extensions.py:449}}
Aug 03 05:46:24.325041 np0000006320 devstack@neutron-api.service[90812]: DEBUG neutron.api.extensions [None req-7866ed33-9ff8-464a-8bb2-d17943980f76 None None] Ext name="Port data plane status extension" alias="data-plane-status" description="Expose status of underlying data plane" updated="2017-01-24T10:00:00-00:00" {{(pid=90812) _check_extension /opt/stack/neutron/neutron/api/extensions.py:415}}
Aug 03 05:46:24.325041 np0000006320 devstack@neutron-api.service[90812]: INFO neutron.api.extensions [None req-7866ed33-9ff8-464a-8bb2-d17943980f76 None None] Extension data-plane-status not supported by any of loaded plugins
Aug 03 05:46:24.325041 np0000006320 devstack@neutron-api.service[90812]: DEBUG neutron.api.extensions [None req-7866ed33-9ff8-464a-8bb2-d17943980f76 None None] Loading extension file: default_subnetpools.py {{(pid=90812) _load_all_extensions_from_path /opt/stack/neutron/neutron/api/extensions.py:449}}
Aug 03 05:46:24.325446 np0000006320 devstack@neutron-api.service[90815]: DEBUG neutron.api.extensions [None req-ab3922af-9fe6-47d0-8adb-0feb6b58f693 None None] Ext name="Default rules for security groups" alias="security-groups-default-rules" description="Configure set of security group rules used as default rules for every new security group" updated="2022-12-19T10:00:00-00:00" {{(pid=90815) _check_extension /opt/stack/neutron/neutron/api/extensions.py:415}}
Aug 03 05:46:24.325584 np0000006320 devstack@neutron-api.service[90812]: DEBUG neutron.api.extensions [None req-7866ed33-9ff8-464a-8bb2-d17943980f76 None None] Ext name="Default Subnetpools" alias="default-subnetpools" description="Provides ability to mark and use a subnetpool as the default." updated="2016-02-18T18:00:00-00:00" {{(pid=90812) _check_extension /opt/stack/neutron/neutron/api/extensions.py:415}}
Aug 03 05:46:24.325709 np0000006320 devstack@neutron-api.service[90815]: INFO neutron.api.extensions [None req-ab3922af-9fe6-47d0-8adb-0feb6b58f693 None None] Loaded extension: security-groups-default-rules
Aug 03 05:46:24.325709 np0000006320 devstack@neutron-api.service[90815]: DEBUG neutron.api.extensions [None req-ab3922af-9fe6-47d0-8adb-0feb6b58f693 None None] Loading extension file: security_groups_default_statefulness.py {{(pid=90815) _load_all_extensions_from_path /opt/stack/neutron/neutron/api/extensions.py:449}}
Aug 03 05:46:24.325891 np0000006320 devstack@neutron-api.service[90812]: INFO neutron.api.extensions [None req-7866ed33-9ff8-464a-8bb2-d17943980f76 None None] Loaded extension: default-subnetpools
Aug 03 05:46:24.326073 np0000006320 devstack@neutron-api.service[90814]: DEBUG neutron_lib.callbacks.manager [None req-39c17c10-6c63-49d2-bb4e-8d0a356bb5f0 None None] Subscribe: > router precommit_create 55549900, False {{(pid=90814) subscribe /opt/stack/data/venv/lib/python3.12/site-packages/neutron_lib/callbacks/manager.py:52}}
Aug 03 05:46:24.326230 np0000006320 devstack@neutron-api.service[90812]: DEBUG neutron.api.extensions [None req-7866ed33-9ff8-464a-8bb2-d17943980f76 None None] Loading extension file: dhcpagentscheduler.py {{(pid=90812) _load_all_extensions_from_path /opt/stack/neutron/neutron/api/extensions.py:449}}
Aug 03 05:46:24.326458 np0000006320 devstack@neutron-api.service[90814]: DEBUG neutron_lib.callbacks.manager [None req-39c17c10-6c63-49d2-bb4e-8d0a356bb5f0 None None] Subscribe: > router_interface after_create 55550000, False {{(pid=90814) subscribe /opt/stack/data/venv/lib/python3.12/site-packages/neutron_lib/callbacks/manager.py:52}}
Aug 03 05:46:24.326618 np0000006320 devstack@neutron-api.service[90815]: DEBUG neutron.api.extensions [None req-ab3922af-9fe6-47d0-8adb-0feb6b58f693 None None] Ext name="Security Groups Default Statefulness" alias="security-groups-default-statefulness" description="Allows configuring the default value of the 'stateful' attribute for new security groups, on a per-project or system-wide basis" updated="2026-04-13T00:00:00-00:00" {{(pid=90815) _check_extension /opt/stack/neutron/neutron/api/extensions.py:415}}
Aug 03 05:46:24.326770 np0000006320 devstack@neutron-api.service[90814]: DEBUG neutron_lib.callbacks.manager [None req-39c17c10-6c63-49d2-bb4e-8d0a356bb5f0 None None] Subscribe: > floatingip after_create 55550000, False {{(pid=90814) subscribe /opt/stack/data/venv/lib/python3.12/site-packages/neutron_lib/callbacks/manager.py:52}}
Aug 03 05:46:24.326770 np0000006320 devstack@neutron-api.service[90814]: DEBUG neutron_lib.callbacks.manager [None req-39c17c10-6c63-49d2-bb4e-8d0a356bb5f0 None None] Subscribe: > floatingip precommit_create 55550000, False {{(pid=90814) subscribe /opt/stack/data/venv/lib/python3.12/site-packages/neutron_lib/callbacks/manager.py:52}}
Aug 03 05:46:24.326770 np0000006320 devstack@neutron-api.service[90814]: DEBUG neutron_lib.callbacks.manager [None req-39c17c10-6c63-49d2-bb4e-8d0a356bb5f0 None None] Subscribe: > floatingip precommit_update 55550000, False {{(pid=90814) subscribe /opt/stack/data/venv/lib/python3.12/site-packages/neutron_lib/callbacks/manager.py:52}}
Aug 03 05:46:24.327011 np0000006320 devstack@neutron-api.service[90815]: INFO neutron.api.extensions [None req-ab3922af-9fe6-47d0-8adb-0feb6b58f693 None None] Loaded extension: security-groups-default-statefulness
Aug 03 05:46:24.327191 np0000006320 devstack@neutron-api.service[90814]: DEBUG neutron_lib.callbacks.manager [None req-39c17c10-6c63-49d2-bb4e-8d0a356bb5f0 None None] Subscribe: > floatingip after_delete 55550000, False {{(pid=90814) subscribe /opt/stack/data/venv/lib/python3.12/site-packages/neutron_lib/callbacks/manager.py:52}}
Aug 03 05:46:24.327358 np0000006320 devstack@neutron-api.service[90812]: DEBUG neutron.api.extensions [None req-7866ed33-9ff8-464a-8bb2-d17943980f76 None None] Ext name="DHCP Agent Scheduler" alias="dhcp_agent_scheduler" description="Schedule networks among dhcp agents" updated="2013-02-07T10:00:00-00:00" {{(pid=90812) _check_extension /opt/stack/neutron/neutron/api/extensions.py:415}}
Aug 03 05:46:24.327502 np0000006320 devstack@neutron-api.service[90815]: DEBUG neutron.api.extensions [None req-ab3922af-9fe6-47d0-8adb-0feb6b58f693 None None] Loading extension file: security_groups_normalized_cidr.py {{(pid=90815) _load_all_extensions_from_path /opt/stack/neutron/neutron/api/extensions.py:449}}
Aug 03 05:46:24.327656 np0000006320 devstack@neutron-api.service[90814]: DEBUG neutron_lib.callbacks.manager [None req-39c17c10-6c63-49d2-bb4e-8d0a356bb5f0 None None] Subscribe: > floatingip after_status_update 55550000, False {{(pid=90814) subscribe /opt/stack/data/venv/lib/python3.12/site-packages/neutron_lib/callbacks/manager.py:52}}
Aug 03 05:46:24.327656 np0000006320 devstack@neutron-api.service[90814]: DEBUG neutron_lib.callbacks.manager [None req-39c17c10-6c63-49d2-bb4e-8d0a356bb5f0 None None] Subscribe: > floatingip after_update 55550000, False {{(pid=90814) subscribe /opt/stack/data/venv/lib/python3.12/site-packages/neutron_lib/callbacks/manager.py:52}}
Aug 03 05:46:24.328019 np0000006320 devstack@neutron-api.service[90812]: INFO neutron.api.extensions [None req-7866ed33-9ff8-464a-8bb2-d17943980f76 None None] Loaded extension: dhcp_agent_scheduler
Aug 03 05:46:24.328190 np0000006320 devstack@neutron-api.service[90814]: DEBUG neutron_lib.callbacks.manager [None req-39c17c10-6c63-49d2-bb4e-8d0a356bb5f0 None None] Subscribe: > port_forwarding after_create 55550000, False {{(pid=90814) subscribe /opt/stack/data/venv/lib/python3.12/site-packages/neutron_lib/callbacks/manager.py:52}}
Aug 03 05:46:24.328388 np0000006320 devstack@neutron-api.service[90815]: DEBUG neutron.api.extensions [None req-ab3922af-9fe6-47d0-8adb-0feb6b58f693 None None] Ext name="Normalized CIDR field for security group rules" alias="security-groups-normalized-cidr" description="Add new field with normalized remote_ip_prefix cidr in SG rule" updated="2020-07-28T10:00:00-00:00" {{(pid=90815) _check_extension /opt/stack/neutron/neutron/api/extensions.py:415}}
Aug 03 05:46:24.329033 np0000006320 devstack@neutron-api.service[90812]: DEBUG neutron.api.extensions [None req-7866ed33-9ff8-464a-8bb2-d17943980f76 None None] Loading extension file: dns.py {{(pid=90812) _load_all_extensions_from_path /opt/stack/neutron/neutron/api/extensions.py:449}}
Aug 03 05:46:24.329180 np0000006320 devstack@neutron-api.service[90814]: DEBUG neutron_lib.callbacks.manager [None req-39c17c10-6c63-49d2-bb4e-8d0a356bb5f0 None None] Subscribe: > router_interface after_delete 55550000, False {{(pid=90814) subscribe /opt/stack/data/venv/lib/python3.12/site-packages/neutron_lib/callbacks/manager.py:52}}
Aug 03 05:46:24.329180 np0000006320 devstack@neutron-api.service[90814]: DEBUG neutron_lib.callbacks.manager [None req-39c17c10-6c63-49d2-bb4e-8d0a356bb5f0 None None] Subscribe: > router after_create 55550000, False {{(pid=90814) subscribe /opt/stack/data/venv/lib/python3.12/site-packages/neutron_lib/callbacks/manager.py:52}}
Aug 03 05:46:24.329180 np0000006320 devstack@neutron-api.service[90814]: DEBUG neutron_lib.callbacks.manager [None req-39c17c10-6c63-49d2-bb4e-8d0a356bb5f0 None None] Subscribe: > router precommit_create 55550000, False {{(pid=90814) subscribe /opt/stack/data/venv/lib/python3.12/site-packages/neutron_lib/callbacks/manager.py:52}}
Aug 03 05:46:24.329429 np0000006320 devstack@neutron-api.service[90815]: INFO neutron.api.extensions [None req-ab3922af-9fe6-47d0-8adb-0feb6b58f693 None None] Loaded extension: security-groups-normalized-cidr
Aug 03 05:46:24.329557 np0000006320 devstack@neutron-api.service[90814]: DEBUG neutron_lib.callbacks.manager [None req-39c17c10-6c63-49d2-bb4e-8d0a356bb5f0 None None] Subscribe: > router after_delete 55550000, False {{(pid=90814) subscribe /opt/stack/data/venv/lib/python3.12/site-packages/neutron_lib/callbacks/manager.py:52}}
Aug 03 05:46:24.329710 np0000006320 devstack@neutron-api.service[90812]: DEBUG neutron.api.extensions [None req-7866ed33-9ff8-464a-8bb2-d17943980f76 None None] Ext name="DNS Integration" alias="dns-integration" description="Provides integration with DNS." updated="2015-08-15T18:00:00-00:00" {{(pid=90812) _check_extension /opt/stack/neutron/neutron/api/extensions.py:415}}
Aug 03 05:46:24.329904 np0000006320 devstack@neutron-api.service[90814]: DEBUG neutron_lib.callbacks.manager [None req-39c17c10-6c63-49d2-bb4e-8d0a356bb5f0 None None] Subscribe: > router after_update 55550000, False {{(pid=90814) subscribe /opt/stack/data/venv/lib/python3.12/site-packages/neutron_lib/callbacks/manager.py:52}}
Aug 03 05:46:24.330043 np0000006320 devstack@neutron-api.service[90815]: DEBUG neutron.api.extensions [None req-ab3922af-9fe6-47d0-8adb-0feb6b58f693 None None] Loading extension file: security_groups_port_filtering.py {{(pid=90815) _load_all_extensions_from_path /opt/stack/neutron/neutron/api/extensions.py:449}}
Aug 03 05:46:24.330233 np0000006320 devstack@neutron-api.service[90814]: DEBUG neutron.services.service_base [None req-39c17c10-6c63-49d2-bb4e-8d0a356bb5f0 None None] Loaded 'neutron.services.ovn_l3.service_providers.ovn.OvnDriver' provider for service L3_ROUTER_NAT {{(pid=90814) load_drivers /opt/stack/neutron/neutron/services/service_base.py:49}}
Aug 03 05:46:24.330233 np0000006320 devstack@neutron-api.service[90814]: DEBUG neutron_lib.callbacks.manager [None req-39c17c10-6c63-49d2-bb4e-8d0a356bb5f0 None None] Subscribe: > process after_init 55550001, True {{(pid=90814) subscribe /opt/stack/data/venv/lib/python3.12/site-packages/neutron_lib/callbacks/manager.py:52}}
Aug 03 05:46:24.330406 np0000006320 devstack@neutron-api.service[90812]: INFO neutron.api.extensions [None req-7866ed33-9ff8-464a-8bb2-d17943980f76 None None] Loaded extension: dns-integration
Aug 03 05:46:24.330609 np0000006320 devstack@neutron-api.service[90815]: DEBUG neutron.api.extensions [None req-ab3922af-9fe6-47d0-8adb-0feb6b58f693 None None] Ext name="Port filtering on security groups" alias="port-security-groups-filtering" description="Provides security groups filtering when listing ports" updated="2018-01-09T09:00:00-00:00" {{(pid=90815) _check_extension /opt/stack/neutron/neutron/api/extensions.py:415}}
Aug 03 05:46:24.330750 np0000006320 devstack@neutron-api.service[90814]: DEBUG neutron.manager [None req-39c17c10-6c63-49d2-bb4e-8d0a356bb5f0 None None] Successfully loaded L3_ROUTER_NAT plugin. Description: L3 Router Service Plugin for basic L3 forwarding using OVN {{(pid=90814) _create_and_add_service_plugin /opt/stack/neutron/neutron/manager.py:236}}
Aug 03 05:46:24.330916 np0000006320 devstack@neutron-api.service[90812]: DEBUG neutron.api.extensions [None req-7866ed33-9ff8-464a-8bb2-d17943980f76 None None] Loading extension file: dns_domain_ports.py {{(pid=90812) _load_all_extensions_from_path /opt/stack/neutron/neutron/api/extensions.py:449}}
Aug 03 05:46:24.331071 np0000006320 devstack@neutron-api.service[90814]: INFO neutron.manager [None req-39c17c10-6c63-49d2-bb4e-8d0a356bb5f0 None None] Loading Plugin: auto_allocate
Aug 03 05:46:24.331448 np0000006320 devstack@neutron-api.service[90815]: INFO neutron.api.extensions [None req-ab3922af-9fe6-47d0-8adb-0feb6b58f693 None None] Extension port-security-groups-filtering not supported by any of loaded plugins
Aug 03 05:46:24.331620 np0000006320 devstack@neutron-api.service[90812]: DEBUG neutron.api.extensions [None req-7866ed33-9ff8-464a-8bb2-d17943980f76 None None] Ext name="dns_domain for ports" alias="dns-domain-ports" description="Allows the DNS domain to be specified for a network port." updated="2017-04-24T10:00:00-00:00" {{(pid=90812) _check_extension /opt/stack/neutron/neutron/api/extensions.py:415}}
Aug 03 05:46:24.331796 np0000006320 devstack@neutron-api.service[90815]: DEBUG neutron.api.extensions [None req-ab3922af-9fe6-47d0-8adb-0feb6b58f693 None None] Loading extension file: security_groups_remote_address_group.py {{(pid=90815) _load_all_extensions_from_path /opt/stack/neutron/neutron/api/extensions.py:449}}
Aug 03 05:46:24.331965 np0000006320 devstack@neutron-api.service[90812]: INFO neutron.api.extensions [None req-7866ed33-9ff8-464a-8bb2-d17943980f76 None None] Loaded extension: dns-domain-ports
Aug 03 05:46:24.331965 np0000006320 devstack@neutron-api.service[90812]: DEBUG neutron.api.extensions [None req-7866ed33-9ff8-464a-8bb2-d17943980f76 None None] Loading extension file: dns_integration_domain_keywords.py {{(pid=90812) _load_all_extensions_from_path /opt/stack/neutron/neutron/api/extensions.py:449}}
Aug 03 05:46:24.331965 np0000006320 devstack@neutron-api.service[90812]: DEBUG neutron.api.extensions [None req-7866ed33-9ff8-464a-8bb2-d17943980f76 None None] Ext name="DNS domain names with keywords allowed" alias="dns-integration-domain-keywords" description="Allows to use keywords like , , and as DNS domain name" updated="2020-06-15T18:00:00-00:00" {{(pid=90812) _check_extension /opt/stack/neutron/neutron/api/extensions.py:415}}
Aug 03 05:46:24.332202 np0000006320 devstack@neutron-api.service[90814]: DEBUG neutron_lib.callbacks.manager [None req-39c17c10-6c63-49d2-bb4e-8d0a356bb5f0 None None] Subscribe: network precommit_update 55550000, False {{(pid=90814) subscribe /opt/stack/data/venv/lib/python3.12/site-packages/neutron_lib/callbacks/manager.py:52}}
Aug 03 05:46:24.332502 np0000006320 devstack@neutron-api.service[90812]: INFO neutron.api.extensions [None req-7866ed33-9ff8-464a-8bb2-d17943980f76 None None] Loaded extension: dns-integration-domain-keywords
Aug 03 05:46:24.332671 np0000006320 devstack@neutron-api.service[90814]: DEBUG neutron_lib.callbacks.manager [None req-39c17c10-6c63-49d2-bb4e-8d0a356bb5f0 None None] Subscribe: network precommit_create 55550000, False {{(pid=90814) subscribe /opt/stack/data/venv/lib/python3.12/site-packages/neutron_lib/callbacks/manager.py:52}}
Aug 03 05:46:24.332832 np0000006320 devstack@neutron-api.service[90812]: DEBUG neutron.api.extensions [None req-7866ed33-9ff8-464a-8bb2-d17943980f76 None None] Loading extension file: dvr.py {{(pid=90812) _load_all_extensions_from_path /opt/stack/neutron/neutron/api/extensions.py:449}}
Aug 03 05:46:24.333099 np0000006320 devstack@neutron-api.service[90814]: DEBUG neutron.manager [None req-39c17c10-6c63-49d2-bb4e-8d0a356bb5f0 None None] Successfully loaded auto-allocated-topology plugin. Description: Auto Allocated Topology - aka get me a network. {{(pid=90814) _create_and_add_service_plugin /opt/stack/neutron/neutron/manager.py:236}}
Aug 03 05:46:24.333099 np0000006320 devstack@neutron-api.service[90814]: INFO neutron.manager [None req-39c17c10-6c63-49d2-bb4e-8d0a356bb5f0 None None] Loading Plugin: tag
Aug 03 05:46:24.333317 np0000006320 devstack@neutron-api.service[90812]: DEBUG neutron.api.extensions [None req-7866ed33-9ff8-464a-8bb2-d17943980f76 None None] Ext name="Distributed Virtual Router" alias="dvr" description="Enables configuration of Distributed Virtual Routers." updated="2014-06-1T10:00:00-00:00" {{(pid=90812) _check_extension /opt/stack/neutron/neutron/api/extensions.py:415}}
Aug 03 05:46:24.333317 np0000006320 devstack@neutron-api.service[90812]: INFO neutron.api.extensions [None req-7866ed33-9ff8-464a-8bb2-d17943980f76 None None] Extension dvr not supported by any of loaded plugins
Aug 03 05:46:24.333317 np0000006320 devstack@neutron-api.service[90812]: DEBUG neutron.api.extensions [None req-7866ed33-9ff8-464a-8bb2-d17943980f76 None None] Loading extension file: ecmp_routes.py {{(pid=90812) _load_all_extensions_from_path /opt/stack/neutron/neutron/api/extensions.py:449}}
Aug 03 05:46:24.333317 np0000006320 devstack@neutron-api.service[90812]: DEBUG neutron.api.extensions [None req-7866ed33-9ff8-464a-8bb2-d17943980f76 None None] Ext name="Equal Cost Multipath Routing" alias="ecmp_routes" description="Allows traffic to reach thesame destination via multiple different links " updated="2020-11-26T18:00:00-00:00" {{(pid=90812) _check_extension /opt/stack/neutron/neutron/api/extensions.py:415}}
Aug 03 05:46:24.333317 np0000006320 devstack@neutron-api.service[90812]: INFO neutron.api.extensions [None req-7866ed33-9ff8-464a-8bb2-d17943980f76 None None] Extension ecmp_routes not supported by any of loaded plugins
Aug 03 05:46:24.333825 np0000006320 devstack@neutron-api.service[90815]: DEBUG neutron.api.extensions [None req-ab3922af-9fe6-47d0-8adb-0feb6b58f693 None None] Ext name="Remote address group id field for security group rules" alias="security-groups-remote-address-group" description="Add new field of remote address group id in SG rules" updated="2020-08-25T10:00:00-00:00" {{(pid=90815) _check_extension /opt/stack/neutron/neutron/api/extensions.py:415}}
Aug 03 05:46:24.334309 np0000006320 devstack@neutron-api.service[90812]: DEBUG neutron.api.extensions [None req-7866ed33-9ff8-464a-8bb2-d17943980f76 None None] Loading extension file: empty_string_filtering.py {{(pid=90812) _load_all_extensions_from_path /opt/stack/neutron/neutron/api/extensions.py:449}}
Aug 03 05:46:24.334627 np0000006320 devstack@neutron-api.service[90815]: INFO neutron.api.extensions [None req-ab3922af-9fe6-47d0-8adb-0feb6b58f693 None None] Loaded extension: security-groups-remote-address-group
Aug 03 05:46:24.334627 np0000006320 devstack@neutron-api.service[90815]: DEBUG neutron.api.extensions [None req-ab3922af-9fe6-47d0-8adb-0feb6b58f693 None None] Loading extension file: security_groups_rules_belongs_to_default_sg.py {{(pid=90815) _load_all_extensions_from_path /opt/stack/neutron/neutron/api/extensions.py:449}}
Aug 03 05:46:24.334804 np0000006320 devstack@neutron-api.service[90812]: DEBUG neutron.api.extensions [None req-7866ed33-9ff8-464a-8bb2-d17943980f76 None None] Ext name="Empty String Filtering Extension" alias="empty-string-filtering" description="Allow filtering by attributes with empty string value" updated="2018-05-01T10:00:00-00:00" {{(pid=90812) _check_extension /opt/stack/neutron/neutron/api/extensions.py:415}}
Aug 03 05:46:24.334804 np0000006320 devstack@neutron-api.service[90812]: INFO neutron.api.extensions [None req-7866ed33-9ff8-464a-8bb2-d17943980f76 None None] Loaded extension: empty-string-filtering
Aug 03 05:46:24.335030 np0000006320 devstack@neutron-api.service[90815]: DEBUG neutron.api.extensions [None req-ab3922af-9fe6-47d0-8adb-0feb6b58f693 None None] Ext name="Security group rule belongs to the project's default security group" alias="security-groups-rules-belongs-to-default-sg" description="Flag to determine if the security group rule belongs to the project's default security group" updated="2023-05-23T10:00:00-00:00" {{(pid=90815) _check_extension /opt/stack/neutron/neutron/api/extensions.py:415}}
Aug 03 05:46:24.335288 np0000006320 devstack@neutron-api.service[90812]: DEBUG neutron.api.extensions [None req-7866ed33-9ff8-464a-8bb2-d17943980f76 None None] Loading extension file: evpn.py {{(pid=90812) _load_all_extensions_from_path /opt/stack/neutron/neutron/api/extensions.py:449}}
Aug 03 05:46:24.335865 np0000006320 devstack@neutron-api.service[90815]: INFO neutron.api.extensions [None req-ab3922af-9fe6-47d0-8adb-0feb6b58f693 None None] Loaded extension: security-groups-rules-belongs-to-default-sg
Aug 03 05:46:24.335865 np0000006320 devstack@neutron-api.service[90815]: DEBUG neutron.api.extensions [None req-ab3922af-9fe6-47d0-8adb-0feb6b58f693 None None] Loading extension file: security_groups_shared_filtering.py {{(pid=90815) _load_all_extensions_from_path /opt/stack/neutron/neutron/api/extensions.py:449}}
Aug 03 05:46:24.336122 np0000006320 devstack@neutron-api.service[90812]: DEBUG neutron.api.extensions [None req-7866ed33-9ff8-464a-8bb2-d17943980f76 None None] Ext name="EVPN" alias="evpn" description="Router extension to support EVPN Type-5 route advertisement" updated="2026-04-28T00:00:00-00:00" {{(pid=90812) _check_extension /opt/stack/neutron/neutron/api/extensions.py:415}}
Aug 03 05:46:24.336122 np0000006320 devstack@neutron-api.service[90812]: INFO neutron.api.extensions [None req-7866ed33-9ff8-464a-8bb2-d17943980f76 None None] Extension evpn not supported by any of loaded plugins
Aug 03 05:46:24.336345 np0000006320 devstack@neutron-api.service[90815]: DEBUG neutron.api.extensions [None req-ab3922af-9fe6-47d0-8adb-0feb6b58f693 None None] Ext name="Security group filtering on the shared field" alias="security-groups-shared-filtering" description="Support filtering security groups on the shared field" updated="2021-10-05T09:00:00-00:00" {{(pid=90815) _check_extension /opt/stack/neutron/neutron/api/extensions.py:415}}
Aug 03 05:46:24.337017 np0000006320 devstack@neutron-api.service[90812]: DEBUG neutron.api.extensions [None req-7866ed33-9ff8-464a-8bb2-d17943980f76 None None] Loading extension file: expose_l3_conntrack_helper.py {{(pid=90812) _load_all_extensions_from_path /opt/stack/neutron/neutron/api/extensions.py:449}}
Aug 03 05:46:24.337440 np0000006320 devstack@neutron-api.service[90815]: INFO neutron.api.extensions [None req-ab3922af-9fe6-47d0-8adb-0feb6b58f693 None None] Loaded extension: security-groups-shared-filtering
