Jul 15 15:51:35.258419 np0000005201 devstack@g-api.service[102790]: DEBUG glance.api.middleware.version_negotiation [None req-81ffc9ea-3c19-4b82-a144-9f8592b8aa04 tempest-TaggedBootDevicesTest-1864872154 tempest-TaggedBootDevicesTest-1864872154-project-member] new path /v2/images/2d36f25a-4a6b-42c1-b498-990c9a4a20d1/locations {{(pid=102790) process_request /opt/stack/glance/glance/api/middleware/version_negotiation.py:70}}
Jul 15 15:51:35.478678 np0000005201 devstack@g-api.service[102790]: [pid: 102790|app: 0|req: 62/230] 127.0.0.1 () {44 vars in 1135 bytes} [Wed Jul 15 15:51:35 2026] GET /v2/images/2d36f25a-4a6b-42c1-b498-990c9a4a20d1/locations => generated 92 bytes in 221 msecs (HTTP/1.1 200) 4 headers in 156 bytes (1 switches on core 0)
Jul 15 15:51:35.486706 np0000005201 devstack@g-api.service[102792]: DEBUG glance.api.middleware.version_negotiation [None req-773a83b6-ed74-4847-b69a-08f93d4ccf65 tempest-ServerStableDeviceRescueTest-1397201306 tempest-ServerStableDeviceRescueTest-1397201306-project-member] Determining version of request: GET /v2/images/2d36f25a-4a6b-42c1-b498-990c9a4a20d1 Accept: */* {{(pid=102792) process_request /opt/stack/glance/glance/api/middleware/version_negotiation.py:44}}
Jul 15 15:51:35.486878 np0000005201 devstack@g-api.service[102792]: DEBUG glance.api.middleware.version_negotiation [None req-773a83b6-ed74-4847-b69a-08f93d4ccf65 tempest-ServerStableDeviceRescueTest-1397201306 tempest-ServerStableDeviceRescueTest-1397201306-project-member] Using url versioning {{(pid=102792) process_request /opt/stack/glance/glance/api/middleware/version_negotiation.py:57}}
Jul 15 15:51:35.487045 np0000005201 devstack@g-api.service[102792]: DEBUG glance.api.middleware.version_negotiation [None req-773a83b6-ed74-4847-b69a-08f93d4ccf65 tempest-ServerStableDeviceRescueTest-1397201306 tempest-ServerStableDeviceRescueTest-1397201306-project-member] Matched version: v2 {{(pid=102792) process_request /opt/stack/glance/glance/api/middleware/version_negotiation.py:69}}
Jul 15 15:51:35.487152 np0000005201 devstack@g-api.service[102792]: DEBUG glance.api.middleware.version_negotiation [None req-773a83b6-ed74-4847-b69a-08f93d4ccf65 tempest-ServerStableDeviceRescueTest-1397201306 tempest-ServerStableDeviceRescueTest-1397201306-project-member] new path /v2/images/2d36f25a-4a6b-42c1-b498-990c9a4a20d1 {{(pid=102792) process_request /opt/stack/glance/glance/api/middleware/version_negotiation.py:70}}
Jul 15 15:51:35.497034 np0000005201 devstack@g-api.service[102792]: [pid: 102792|app: 0|req: 57/231] 127.0.0.1 () {44 vars in 1115 bytes} [Wed Jul 15 15:51:35 2026] GET /v2/images/2d36f25a-4a6b-42c1-b498-990c9a4a20d1 => generated 1044 bytes in 10 msecs (HTTP/1.1 200) 4 headers in 158 bytes (1 switches on core 0)
Jul 15 15:51:35.504525 np0000005201 devstack@g-api.service[102789]: DEBUG glance.location [None req-a758d03a-6cc3-4625-9d48-c19d3650d330 tempest-ServerStableDeviceRescueTest-1397201306 tempest-ServerStableDeviceRescueTest-1397201306-project-member] Enabling in-flight format inspection for qcow2 {{(pid=102789) set_data /opt/stack/glance/glance/location.py:596}}
Jul 15 15:51:35.504702 np0000005201 devstack@g-api.service[102791]: DEBUG glance.api.middleware.version_negotiation [None req-81ffc9ea-3c19-4b82-a144-9f8592b8aa04 tempest-TaggedBootDevicesTest-1864872154 tempest-TaggedBootDevicesTest-1864872154-project-member] Determining version of request: GET /v2/schemas/image Accept: */* {{(pid=102791) process_request /opt/stack/glance/glance/api/middleware/version_negotiation.py:44}}
Jul 15 15:51:35.504877 np0000005201 devstack@g-api.service[102791]: DEBUG glance.api.middleware.version_negotiation [None req-81ffc9ea-3c19-4b82-a144-9f8592b8aa04 tempest-TaggedBootDevicesTest-1864872154 tempest-TaggedBootDevicesTest-1864872154-project-member] Using url versioning {{(pid=102791) process_request /opt/stack/glance/glance/api/middleware/version_negotiation.py:57}}
Jul 15 15:51:35.504985 np0000005201 devstack@g-api.service[102789]: DEBUG glance_store.backend [None req-a758d03a-6cc3-4625-9d48-c19d3650d330 tempest-ServerStableDeviceRescueTest-1397201306 tempest-ServerStableDeviceRescueTest-1397201306-project-member] Attempting to import store swift {{(pid=102789) _load_store /opt/stack/data/venv/lib/python3.12/site-packages/glance_store/backend.py:215}}
Jul 15 15:51:35.505046 np0000005201 devstack@g-api.service[102791]: DEBUG glance.api.middleware.version_negotiation [None req-81ffc9ea-3c19-4b82-a144-9f8592b8aa04 tempest-TaggedBootDevicesTest-1864872154 tempest-TaggedBootDevicesTest-1864872154-project-member] Matched version: v2 {{(pid=102791) process_request /opt/stack/glance/glance/api/middleware/version_negotiation.py:69}}
Jul 15 15:51:35.505088 np0000005201 devstack@g-api.service[102791]: DEBUG glance.api.middleware.version_negotiation [None req-81ffc9ea-3c19-4b82-a144-9f8592b8aa04 tempest-TaggedBootDevicesTest-1864872154 tempest-TaggedBootDevicesTest-1864872154-project-member] new path /v2/schemas/image {{(pid=102791) process_request /opt/stack/glance/glance/api/middleware/version_negotiation.py:70}}
Jul 15 15:51:35.506678 np0000005201 devstack@g-api.service[102789]: DEBUG glance_store.capabilities [None req-a758d03a-6cc3-4625-9d48-c19d3650d330 tempest-ServerStableDeviceRescueTest-1397201306 tempest-ServerStableDeviceRescueTest-1397201306-project-member] Store glance_store._drivers.swift.store.SingleTenantStore doesn't support updating dynamic storage capabilities. Please overwrite 'update_capabilities' method of the store to implement updating logics if needed. {{(pid=102789) update_capabilities /opt/stack/data/venv/lib/python3.12/site-packages/glance_store/capabilities.py:91}}
Jul 15 15:51:35.506798 np0000005201 devstack@g-api.service[102789]: DEBUG glance_store.driver [None req-a758d03a-6cc3-4625-9d48-c19d3650d330 tempest-ServerStableDeviceRescueTest-1397201306 tempest-ServerStableDeviceRescueTest-1397201306-project-member] Late loading location class glance_store._drivers.swift.store.StoreLocation {{(pid=102789) get_store_location_class /opt/stack/data/venv/lib/python3.12/site-packages/glance_store/driver.py:134}}
Jul 15 15:51:35.506922 np0000005201 devstack@g-api.service[102789]: DEBUG glance_store.location [None req-a758d03a-6cc3-4625-9d48-c19d3650d330 tempest-ServerStableDeviceRescueTest-1397201306 tempest-ServerStableDeviceRescueTest-1397201306-project-member] Registering scheme swift+https with {'store': , 'location_class': , 'store_entry': 'swift'} {{(pid=102789) register_scheme_map /opt/stack/data/venv/lib/python3.12/site-packages/glance_store/location.py:146}}
Jul 15 15:51:35.507046 np0000005201 devstack@g-api.service[102789]: DEBUG glance_store.location [None req-a758d03a-6cc3-4625-9d48-c19d3650d330 tempest-ServerStableDeviceRescueTest-1397201306 tempest-ServerStableDeviceRescueTest-1397201306-project-member] Registering scheme swift+https with {'store': , 'location_class': , 'store_entry': 'swift'} {{(pid=102789) register_scheme_map /opt/stack/data/venv/lib/python3.12/site-packages/glance_store/location.py:146}}
Jul 15 15:51:35.507155 np0000005201 devstack@g-api.service[102789]: DEBUG glance_store.location [None req-a758d03a-6cc3-4625-9d48-c19d3650d330 tempest-ServerStableDeviceRescueTest-1397201306 tempest-ServerStableDeviceRescueTest-1397201306-project-member] Registering scheme swift with {'store': , 'location_class': , 'store_entry': 'swift'} {{(pid=102789) register_scheme_map /opt/stack/data/venv/lib/python3.12/site-packages/glance_store/location.py:146}}
Jul 15 15:51:35.507398 np0000005201 devstack@g-api.service[102789]: DEBUG glance_store.location [None req-a758d03a-6cc3-4625-9d48-c19d3650d330 tempest-ServerStableDeviceRescueTest-1397201306 tempest-ServerStableDeviceRescueTest-1397201306-project-member] Registering scheme swift+https with {'store': , 'location_class': , 'store_entry': 'swift'} {{(pid=102789) register_scheme_map /opt/stack/data/venv/lib/python3.12/site-packages/glance_store/location.py:146}}
Jul 15 15:51:35.507529 np0000005201 devstack@g-api.service[102789]: DEBUG glance_store.location [None req-a758d03a-6cc3-4625-9d48-c19d3650d330 tempest-ServerStableDeviceRescueTest-1397201306 tempest-ServerStableDeviceRescueTest-1397201306-project-member] Registering scheme swift with {'store': , 'location_class': , 'store_entry': 'swift'} {{(pid=102789) register_scheme_map /opt/stack/data/venv/lib/python3.12/site-packages/glance_store/location.py:146}}
Jul 15 15:51:35.507679 np0000005201 devstack@g-api.service[102789]: DEBUG glance_store.location [None req-a758d03a-6cc3-4625-9d48-c19d3650d330 tempest-ServerStableDeviceRescueTest-1397201306 tempest-ServerStableDeviceRescueTest-1397201306-project-member] Registering scheme swift+http with {'store': , 'location_class': , 'store_entry': 'swift'} {{(pid=102789) register_scheme_map /opt/stack/data/venv/lib/python3.12/site-packages/glance_store/location.py:146}}
Jul 15 15:51:35.507679 np0000005201 devstack@g-api.service[102789]: DEBUG glance_store.location [None req-a758d03a-6cc3-4625-9d48-c19d3650d330 tempest-ServerStableDeviceRescueTest-1397201306 tempest-ServerStableDeviceRescueTest-1397201306-project-member] Registering scheme swift+https with {'store': , 'location_class': , 'store_entry': 'swift'} {{(pid=102789) register_scheme_map /opt/stack/data/venv/lib/python3.12/site-packages/glance_store/location.py:146}}
Jul 15 15:51:35.507824 np0000005201 devstack@g-api.service[102789]: DEBUG glance_store.location [None req-a758d03a-6cc3-4625-9d48-c19d3650d330 tempest-ServerStableDeviceRescueTest-1397201306 tempest-ServerStableDeviceRescueTest-1397201306-project-member] Registering scheme swift with {'store': , 'location_class': , 'store_entry': 'swift'} {{(pid=102789) register_scheme_map /opt/stack/data/venv/lib/python3.12/site-packages/glance_store/location.py:146}}
Jul 15 15:51:35.507824 np0000005201 devstack@g-api.service[102789]: DEBUG glance_store.location [None req-a758d03a-6cc3-4625-9d48-c19d3650d330 tempest-ServerStableDeviceRescueTest-1397201306 tempest-ServerStableDeviceRescueTest-1397201306-project-member] Registering scheme swift+http with {'store': , 'location_class': , 'store_entry': 'swift'} {{(pid=102789) register_scheme_map /opt/stack/data/venv/lib/python3.12/site-packages/glance_store/location.py:146}}
Jul 15 15:51:35.507953 np0000005201 devstack@g-api.service[102789]: DEBUG glance_store.location [None req-a758d03a-6cc3-4625-9d48-c19d3650d330 tempest-ServerStableDeviceRescueTest-1397201306 tempest-ServerStableDeviceRescueTest-1397201306-project-member] Registering scheme swift+config with {'store': , 'location_class': , 'store_entry': 'swift'} {{(pid=102789) register_scheme_map /opt/stack/data/venv/lib/python3.12/site-packages/glance_store/location.py:146}}
Jul 15 15:51:35.508019 np0000005201 devstack@g-api.service[102791]: [pid: 102791|app: 0|req: 60/232] 127.0.0.1 () {44 vars in 1055 bytes} [Wed Jul 15 15:51:35 2026] GET /v2/schemas/image => generated 6083 bytes in 3 msecs (HTTP/1.1 200) 4 headers in 158 bytes (1 switches on core 0)
Jul 15 15:51:35.517078 np0000005201 devstack@g-api.service[102790]: DEBUG glance.api.middleware.version_negotiation [None req-1c347c5b-bd16-4a05-8a4c-4f38679f04f3 service glance] Determining version of request: GET /v2/schemas/image Accept: */* {{(pid=102790) process_request /opt/stack/glance/glance/api/middleware/version_negotiation.py:44}}
Jul 15 15:51:35.517288 np0000005201 devstack@g-api.service[102790]: DEBUG glance.api.middleware.version_negotiation [None req-1c347c5b-bd16-4a05-8a4c-4f38679f04f3 service glance] Using url versioning {{(pid=102790) process_request /opt/stack/glance/glance/api/middleware/version_negotiation.py:57}}
Jul 15 15:51:35.517473 np0000005201 devstack@g-api.service[102790]: DEBUG glance.api.middleware.version_negotiation [None req-1c347c5b-bd16-4a05-8a4c-4f38679f04f3 service glance] Matched version: v2 {{(pid=102790) process_request /opt/stack/glance/glance/api/middleware/version_negotiation.py:69}}
Jul 15 15:51:35.517606 np0000005201 devstack@g-api.service[102790]: DEBUG glance.api.middleware.version_negotiation [None req-1c347c5b-bd16-4a05-8a4c-4f38679f04f3 service glance] new path /v2/schemas/image {{(pid=102790) process_request /opt/stack/glance/glance/api/middleware/version_negotiation.py:70}}
Jul 15 15:51:35.520844 np0000005201 devstack@g-api.service[102790]: [pid: 102790|app: 0|req: 63/233] 127.0.0.1 () {44 vars in 1055 bytes} [Wed Jul 15 15:51:35 2026] GET /v2/schemas/image => generated 6083 bytes in 4 msecs (HTTP/1.1 200) 4 headers in 158 bytes (1 switches on core 0)
Jul 15 15:51:35.886592 np0000005201 devstack@g-api.service[102789]: DEBUG swiftclient [None req-a758d03a-6cc3-4625-9d48-c19d3650d330 tempest-ServerStableDeviceRescueTest-1397201306 tempest-ServerStableDeviceRescueTest-1397201306-project-member] REQ: curl -i https://10.4.3.182:8080/v1/AUTH_5b8d78f95f544a80815f0ff65c573c1b/glance -I -H "X-Auth-Token: gAAAAABqV6yHYTaH..." {{(pid=102789) http_log /opt/stack/data/venv/lib/python3.12/site-packages/swiftclient/client.py:160}}
Jul 15 15:51:35.886866 np0000005201 devstack@g-api.service[102789]: DEBUG swiftclient [None req-a758d03a-6cc3-4625-9d48-c19d3650d330 tempest-ServerStableDeviceRescueTest-1397201306 tempest-ServerStableDeviceRescueTest-1397201306-project-member] RESP STATUS: 204 No Content {{(pid=102789) http_log /opt/stack/data/venv/lib/python3.12/site-packages/swiftclient/client.py:161}}
Jul 15 15:51:35.886999 np0000005201 devstack@g-api.service[102789]: DEBUG swiftclient [None req-a758d03a-6cc3-4625-9d48-c19d3650d330 tempest-ServerStableDeviceRescueTest-1397201306 tempest-ServerStableDeviceRescueTest-1397201306-project-member] RESP HEADERS: {'Date': 'Wed, 15 Jul 2026 15:51:35 GMT', 'Server': 'Apache/2.4.58 (Ubuntu)', 'Content-Type': 'text/plain; charset=utf-8', 'X-Container-Object-Count': '5', 'X-Container-Bytes-Used': '87883776', 'X-Timestamp': '1784130452.18781', 'Last-Modified': 'Wed, 15 Jul 2026 15:47:33 GMT', 'Accept-Ranges': 'bytes', 'X-Storage-Policy': 'Policy-0', 'X-Container-Sharding': 'False', 'Vary': 'Accept', 'X-Trans-Id': 'tx3824c3f5ccea48bf9d539-006a57ac87', 'X-Openstack-Request-Id': 'tx3824c3f5ccea48bf9d539-006a57ac87', 'Connection': 'close'} {{(pid=102789) http_log /opt/stack/data/venv/lib/python3.12/site-packages/swiftclient/client.py:162}}
Jul 15 15:51:35.887265 np0000005201 devstack@g-api.service[102789]: DEBUG glance_store._drivers.swift.store [None req-a758d03a-6cc3-4625-9d48-c19d3650d330 tempest-ServerStableDeviceRescueTest-1397201306 tempest-ServerStableDeviceRescueTest-1397201306-project-member] Adding image object '77e7477a-a819-4ad9-8b27-263802224b2a' to Swift {{(pid=102789) add /opt/stack/data/venv/lib/python3.12/site-packages/glance_store/_drivers/swift/store.py:970}}
Jul 15 15:51:35.887439 np0000005201 devstack@g-api.service[102789]: DEBUG glance_store._drivers.swift.store [None req-a758d03a-6cc3-4625-9d48-c19d3650d330 tempest-ServerStableDeviceRescueTest-1397201306 tempest-ServerStableDeviceRescueTest-1397201306-project-member] Cannot determine image size because it is either not provided in the request or chunked-transfer encoding is used. Adding image as a segmented object to Swift. {{(pid=102789) add /opt/stack/data/venv/lib/python3.12/site-packages/glance_store/_drivers/swift/store.py:994}}
Jul 15 15:51:35.893336 np0000005201 devstack@g-api.service[102789]: DEBUG oslo_utils.imageutils.format_inspector [None req-a758d03a-6cc3-4625-9d48-c19d3650d330 tempest-ServerStableDeviceRescueTest-1397201306 tempest-ServerStableDeviceRescueTest-1397201306-project-member] Format inspector for vmdk does not match, excluding from consideration (Signature KDMV not found: b'QFI\xfb') {{(pid=102789) _process_chunk /opt/stack/data/venv/lib/python3.12/site-packages/oslo_utils/imageutils/format_inspector.py:1758}}
Jul 15 15:51:35.896730 np0000005201 devstack@g-api.service[102789]: DEBUG oslo_utils.imageutils.format_inspector [None req-a758d03a-6cc3-4625-9d48-c19d3650d330 tempest-ServerStableDeviceRescueTest-1397201306 tempest-ServerStableDeviceRescueTest-1397201306-project-member] Format inspector for vhdx does not match, excluding from consideration (Region signature not found at 30000) {{(pid=102789) _process_chunk /opt/stack/data/venv/lib/python3.12/site-packages/oslo_utils/imageutils/format_inspector.py:1758}}
Jul 15 15:51:36.262922 np0000005201 devstack@g-api.service[102792]: DEBUG glance.api.middleware.version_negotiation [None req-1c347c5b-bd16-4a05-8a4c-4f38679f04f3 tempest-TaggedBootDevicesTest_v242-751718542 tempest-TaggedBootDevicesTest_v242-751718542-project-member] Determining version of request: GET /v2/images/77e7477a-a819-4ad9-8b27-263802224b2a Accept: */* {{(pid=102792) process_request /opt/stack/glance/glance/api/middleware/version_negotiation.py:44}}
Jul 15 15:51:36.263252 np0000005201 devstack@g-api.service[102792]: DEBUG glance.api.middleware.version_negotiation [None req-1c347c5b-bd16-4a05-8a4c-4f38679f04f3 tempest-TaggedBootDevicesTest_v242-751718542 tempest-TaggedBootDevicesTest_v242-751718542-project-member] Using url versioning {{(pid=102792) process_request /opt/stack/glance/glance/api/middleware/version_negotiation.py:57}}
Jul 15 15:51:36.263996 np0000005201 devstack@g-api.service[102792]: DEBUG glance.api.middleware.version_negotiation [None req-1c347c5b-bd16-4a05-8a4c-4f38679f04f3 tempest-TaggedBootDevicesTest_v242-751718542 tempest-TaggedBootDevicesTest_v242-751718542-project-member] Matched version: v2 {{(pid=102792) process_request /opt/stack/glance/glance/api/middleware/version_negotiation.py:69}}
Jul 15 15:51:36.263996 np0000005201 devstack@g-api.service[102792]: DEBUG glance.api.middleware.version_negotiation [None req-1c347c5b-bd16-4a05-8a4c-4f38679f04f3 tempest-TaggedBootDevicesTest_v242-751718542 tempest-TaggedBootDevicesTest_v242-751718542-project-member] new path /v2/images/77e7477a-a819-4ad9-8b27-263802224b2a {{(pid=102792) process_request /opt/stack/glance/glance/api/middleware/version_negotiation.py:70}}
Jul 15 15:51:36.281289 np0000005201 devstack@g-api.service[102792]: [pid: 102792|app: 0|req: 58/234] 127.0.0.1 () {44 vars in 1115 bytes} [Wed Jul 15 15:51:36 2026] GET /v2/images/77e7477a-a819-4ad9-8b27-263802224b2a => generated 1447 bytes in 18 msecs (HTTP/1.1 200) 4 headers in 158 bytes (1 switches on core 0)
Jul 15 15:51:36.334942 np0000005201 devstack@g-api.service[102791]: DEBUG glance.api.middleware.version_negotiation [None req-1c347c5b-bd16-4a05-8a4c-4f38679f04f3 tempest-TaggedBootDevicesTest_v242-751718542 tempest-TaggedBootDevicesTest_v242-751718542-project-member] Determining version of request: GET /v2/schemas/image Accept: */* {{(pid=102791) process_request /opt/stack/glance/glance/api/middleware/version_negotiation.py:44}}
Jul 15 15:51:36.335330 np0000005201 devstack@g-api.service[102791]: DEBUG glance.api.middleware.version_negotiation [None req-1c347c5b-bd16-4a05-8a4c-4f38679f04f3 tempest-TaggedBootDevicesTest_v242-751718542 tempest-TaggedBootDevicesTest_v242-751718542-project-member] Using url versioning {{(pid=102791) process_request /opt/stack/glance/glance/api/middleware/version_negotiation.py:57}}
Jul 15 15:51:36.335487 np0000005201 devstack@g-api.service[102791]: DEBUG glance.api.middleware.version_negotiation [None req-1c347c5b-bd16-4a05-8a4c-4f38679f04f3 tempest-TaggedBootDevicesTest_v242-751718542 tempest-TaggedBootDevicesTest_v242-751718542-project-member] Matched version: v2 {{(pid=102791) process_request /opt/stack/glance/glance/api/middleware/version_negotiation.py:69}}
Jul 15 15:51:36.335652 np0000005201 devstack@g-api.service[102791]: DEBUG glance.api.middleware.version_negotiation [None req-1c347c5b-bd16-4a05-8a4c-4f38679f04f3 tempest-TaggedBootDevicesTest_v242-751718542 tempest-TaggedBootDevicesTest_v242-751718542-project-member] new path /v2/schemas/image {{(pid=102791) process_request /opt/stack/glance/glance/api/middleware/version_negotiation.py:70}}
Jul 15 15:51:36.338631 np0000005201 devstack@g-api.service[102791]: [pid: 102791|app: 0|req: 61/235] 127.0.0.1 () {44 vars in 1055 bytes} [Wed Jul 15 15:51:36 2026] GET /v2/schemas/image => generated 6083 bytes in 4 msecs (HTTP/1.1 200) 4 headers in 158 bytes (1 switches on core 0)
Jul 15 15:51:36.435017 np0000005201 devstack@g-api.service[102789]: DEBUG swiftclient [None req-a758d03a-6cc3-4625-9d48-c19d3650d330 tempest-ServerStableDeviceRescueTest-1397201306 tempest-ServerStableDeviceRescueTest-1397201306-project-member] REQ: curl -i https://10.4.3.182:8080/v1/AUTH_5b8d78f95f544a80815f0ff65c573c1b/glance/77e7477a-a819-4ad9-8b27-263802224b2a-00001 -X PUT -H "X-Auth-Token: gAAAAABqV6yHYTaH..." {{(pid=102789) http_log /opt/stack/data/venv/lib/python3.12/site-packages/swiftclient/client.py:160}}
Jul 15 15:51:36.435169 np0000005201 devstack@g-api.service[102789]: DEBUG swiftclient [None req-a758d03a-6cc3-4625-9d48-c19d3650d330 tempest-ServerStableDeviceRescueTest-1397201306 tempest-ServerStableDeviceRescueTest-1397201306-project-member] RESP STATUS: 201 Created {{(pid=102789) http_log /opt/stack/data/venv/lib/python3.12/site-packages/swiftclient/client.py:161}}
Jul 15 15:51:36.435414 np0000005201 devstack@g-api.service[102789]: DEBUG swiftclient [None req-a758d03a-6cc3-4625-9d48-c19d3650d330 tempest-ServerStableDeviceRescueTest-1397201306 tempest-ServerStableDeviceRescueTest-1397201306-project-member] RESP HEADERS: {'Date': 'Wed, 15 Jul 2026 15:51:36 GMT', 'Server': 'Apache/2.4.58 (Ubuntu)', 'Content-Type': 'text/html; charset=UTF-8', 'Content-Length': '0', 'Etag': '7cd3a6fd9e3cb885161d1c46051e8504', 'Last-Modified': 'Wed, 15 Jul 2026 15:51:36 GMT', 'X-Trans-Id': 'tx9b55ca85e44c408db144c-006a57ac87', 'X-Openstack-Request-Id': 'tx9b55ca85e44c408db144c-006a57ac87', 'Connection': 'close'} {{(pid=102789) http_log /opt/stack/data/venv/lib/python3.12/site-packages/swiftclient/client.py:162}}
Jul 15 15:51:36.435568 np0000005201 devstack@g-api.service[102789]: DEBUG glance_store._drivers.swift.store [None req-a758d03a-6cc3-4625-9d48-c19d3650d330 tempest-ServerStableDeviceRescueTest-1397201306 tempest-ServerStableDeviceRescueTest-1397201306-project-member] Wrote chunk 77e7477a-a819-4ad9-8b27-263802224b2a-00001 (1/?) of length 53936128 to Swift returning MD5 of content: 7cd3a6fd9e3cb885161d1c46051e8504 {{(pid=102789) add /opt/stack/data/venv/lib/python3.12/site-packages/glance_store/_drivers/swift/store.py:1059}}
Jul 15 15:51:36.435887 np0000005201 devstack@g-api.service[102789]: DEBUG glance_store._drivers.swift.store [None req-a758d03a-6cc3-4625-9d48-c19d3650d330 tempest-ServerStableDeviceRescueTest-1397201306 tempest-ServerStableDeviceRescueTest-1397201306-project-member] Not writing zero-length chunk. {{(pid=102789) add /opt/stack/data/venv/lib/python3.12/site-packages/glance_store/_drivers/swift/store.py:1028}}
Jul 15 15:51:36.456152 np0000005201 devstack@g-api.service[102789]: DEBUG swiftclient [None req-a758d03a-6cc3-4625-9d48-c19d3650d330 tempest-ServerStableDeviceRescueTest-1397201306 tempest-ServerStableDeviceRescueTest-1397201306-project-member] REQ: curl -i https://10.4.3.182:8080/v1/AUTH_5b8d78f95f544a80815f0ff65c573c1b/glance/77e7477a-a819-4ad9-8b27-263802224b2a -X PUT -H "X-Object-Manifest: glance/77e7477a-a819-4ad9-8b27-263802224b2a-" -H "X-Auth-Token: gAAAAABqV6yHYTaH..." -H "Content-Length: 0" {{(pid=102789) http_log /opt/stack/data/venv/lib/python3.12/site-packages/swiftclient/client.py:160}}
Jul 15 15:51:36.456152 np0000005201 devstack@g-api.service[102789]: DEBUG swiftclient [None req-a758d03a-6cc3-4625-9d48-c19d3650d330 tempest-ServerStableDeviceRescueTest-1397201306 tempest-ServerStableDeviceRescueTest-1397201306-project-member] RESP STATUS: 201 Created {{(pid=102789) http_log /opt/stack/data/venv/lib/python3.12/site-packages/swiftclient/client.py:161}}
Jul 15 15:51:36.456319 np0000005201 devstack@g-api.service[102789]: DEBUG swiftclient [None req-a758d03a-6cc3-4625-9d48-c19d3650d330 tempest-ServerStableDeviceRescueTest-1397201306 tempest-ServerStableDeviceRescueTest-1397201306-project-member] RESP HEADERS: {'Date': 'Wed, 15 Jul 2026 15:51:36 GMT', 'Server': 'Apache/2.4.58 (Ubuntu)', 'Content-Type': 'text/html; charset=UTF-8', 'Content-Length': '0', 'Etag': 'd41d8cd98f00b204e9800998ecf8427e', 'Last-Modified': 'Wed, 15 Jul 2026 15:51:37 GMT', 'X-Trans-Id': 'tx1d1fded2e6d748dca9811-006a57ac88', 'X-Openstack-Request-Id': 'tx1d1fded2e6d748dca9811-006a57ac88', 'Connection': 'close'} {{(pid=102789) http_log /opt/stack/data/venv/lib/python3.12/site-packages/swiftclient/client.py:162}}
Jul 15 15:51:36.456804 np0000005201 devstack@g-api.service[102789]: INFO glance.location [None req-a758d03a-6cc3-4625-9d48-c19d3650d330 tempest-ServerStableDeviceRescueTest-1397201306 tempest-ServerStableDeviceRescueTest-1397201306-project-member] Image format matched and virtual size computed: 1073741824
Jul 15 15:51:36.490152 np0000005201 devstack@g-api.service[102789]: DEBUG glance_store.backend [None req-a758d03a-6cc3-4625-9d48-c19d3650d330 tempest-ServerStableDeviceRescueTest-1397201306 tempest-ServerStableDeviceRescueTest-1397201306-project-member] Attempting to import store swift {{(pid=102789) _load_store /opt/stack/data/venv/lib/python3.12/site-packages/glance_store/backend.py:215}}
Jul 15 15:51:36.491535 np0000005201 devstack@g-api.service[102789]: DEBUG glance_store.capabilities [None req-a758d03a-6cc3-4625-9d48-c19d3650d330 tempest-ServerStableDeviceRescueTest-1397201306 tempest-ServerStableDeviceRescueTest-1397201306-project-member] Store glance_store._drivers.swift.store.SingleTenantStore doesn't support updating dynamic storage capabilities. Please overwrite 'update_capabilities' method of the store to implement updating logics if needed. {{(pid=102789) update_capabilities /opt/stack/data/venv/lib/python3.12/site-packages/glance_store/capabilities.py:91}}
Jul 15 15:51:36.491623 np0000005201 devstack@g-api.service[102789]: DEBUG glance_store.driver [None req-a758d03a-6cc3-4625-9d48-c19d3650d330 tempest-ServerStableDeviceRescueTest-1397201306 tempest-ServerStableDeviceRescueTest-1397201306-project-member] Late loading location class glance_store._drivers.swift.store.StoreLocation {{(pid=102789) get_store_location_class /opt/stack/data/venv/lib/python3.12/site-packages/glance_store/driver.py:134}}
Jul 15 15:51:36.491723 np0000005201 devstack@g-api.service[102789]: DEBUG glance_store.location [None req-a758d03a-6cc3-4625-9d48-c19d3650d330 tempest-ServerStableDeviceRescueTest-1397201306 tempest-ServerStableDeviceRescueTest-1397201306-project-member] Registering scheme swift+https with {'store': , 'location_class': , 'store_entry': 'swift'} {{(pid=102789) register_scheme_map /opt/stack/data/venv/lib/python3.12/site-packages/glance_store/location.py:146}}
Jul 15 15:51:36.491805 np0000005201 devstack@g-api.service[102789]: DEBUG glance_store.location [None req-a758d03a-6cc3-4625-9d48-c19d3650d330 tempest-ServerStableDeviceRescueTest-1397201306 tempest-ServerStableDeviceRescueTest-1397201306-project-member] Registering scheme swift+https with {'store': , 'location_class': , 'store_entry': 'swift'} {{(pid=102789) register_scheme_map /opt/stack/data/venv/lib/python3.12/site-packages/glance_store/location.py:146}}
Jul 15 15:51:36.491868 np0000005201 devstack@g-api.service[102789]: DEBUG glance_store.location [None req-a758d03a-6cc3-4625-9d48-c19d3650d330 tempest-ServerStableDeviceRescueTest-1397201306 tempest-ServerStableDeviceRescueTest-1397201306-project-member] Registering scheme swift with {'store': , 'location_class': , 'store_entry': 'swift'} {{(pid=102789) register_scheme_map /opt/stack/data/venv/lib/python3.12/site-packages/glance_store/location.py:146}}
Jul 15 15:51:36.491941 np0000005201 devstack@g-api.service[102789]: DEBUG glance_store.location [None req-a758d03a-6cc3-4625-9d48-c19d3650d330 tempest-ServerStableDeviceRescueTest-1397201306 tempest-ServerStableDeviceRescueTest-1397201306-project-member] Registering scheme swift+https with {'store': , 'location_class': , 'store_entry': 'swift'} {{(pid=102789) register_scheme_map /opt/stack/data/venv/lib/python3.12/site-packages/glance_store/location.py:146}}
Jul 15 15:51:36.492143 np0000005201 devstack@g-api.service[102789]: DEBUG glance_store.location [None req-a758d03a-6cc3-4625-9d48-c19d3650d330 tempest-ServerStableDeviceRescueTest-1397201306 tempest-ServerStableDeviceRescueTest-1397201306-project-member] Registering scheme swift with {'store': , 'location_class': , 'store_entry': 'swift'} {{(pid=102789) register_scheme_map /opt/stack/data/venv/lib/python3.12/site-packages/glance_store/location.py:146}}
Jul 15 15:51:36.492143 np0000005201 devstack@g-api.service[102789]: DEBUG glance_store.location [None req-a758d03a-6cc3-4625-9d48-c19d3650d330 tempest-ServerStableDeviceRescueTest-1397201306 tempest-ServerStableDeviceRescueTest-1397201306-project-member] Registering scheme swift+http with {'store': , 'location_class': , 'store_entry': 'swift'} {{(pid=102789) register_scheme_map /opt/stack/data/venv/lib/python3.12/site-packages/glance_store/location.py:146}}
Jul 15 15:51:36.492210 np0000005201 devstack@g-api.service[102789]: DEBUG glance_store.location [None req-a758d03a-6cc3-4625-9d48-c19d3650d330 tempest-ServerStableDeviceRescueTest-1397201306 tempest-ServerStableDeviceRescueTest-1397201306-project-member] Registering scheme swift+https with {'store': , 'location_class': , 'store_entry': 'swift'} {{(pid=102789) register_scheme_map /opt/stack/data/venv/lib/python3.12/site-packages/glance_store/location.py:146}}
Jul 15 15:51:36.492387 np0000005201 devstack@g-api.service[102789]: DEBUG glance_store.location [None req-a758d03a-6cc3-4625-9d48-c19d3650d330 tempest-ServerStableDeviceRescueTest-1397201306 tempest-ServerStableDeviceRescueTest-1397201306-project-member] Registering scheme swift with {'store': , 'location_class': , 'store_entry': 'swift'} {{(pid=102789) register_scheme_map /opt/stack/data/venv/lib/python3.12/site-packages/glance_store/location.py:146}}
Jul 15 15:51:36.492535 np0000005201 devstack@g-api.service[102789]: DEBUG glance_store.location [None req-a758d03a-6cc3-4625-9d48-c19d3650d330 tempest-ServerStableDeviceRescueTest-1397201306 tempest-ServerStableDeviceRescueTest-1397201306-project-member] Registering scheme swift+http with {'store': , 'location_class': , 'store_entry': 'swift'} {{(pid=102789) register_scheme_map /opt/stack/data/venv/lib/python3.12/site-packages/glance_store/location.py:146}}
Jul 15 15:51:36.492590 np0000005201 devstack@g-api.service[102789]: DEBUG glance_store.location [None req-a758d03a-6cc3-4625-9d48-c19d3650d330 tempest-ServerStableDeviceRescueTest-1397201306 tempest-ServerStableDeviceRescueTest-1397201306-project-member] Registering scheme swift+config with {'store': , 'location_class': , 'store_entry': 'swift'} {{(pid=102789) register_scheme_map /opt/stack/data/venv/lib/python3.12/site-packages/glance_store/location.py:146}}
Jul 15 15:51:36.492730 np0000005201 devstack@g-api.service[102789]: DEBUG glance_store.backend [None req-a758d03a-6cc3-4625-9d48-c19d3650d330 tempest-ServerStableDeviceRescueTest-1397201306 tempest-ServerStableDeviceRescueTest-1397201306-project-member] Skipping store.set_acls... not implemented. {{(pid=102789) set_acls /opt/stack/data/venv/lib/python3.12/site-packages/glance_store/backend.py:507}}
Jul 15 15:51:36.494586 np0000005201 devstack@g-api.service[102789]: [pid: 102789|app: 0|req: 54/236] 127.0.0.1 () {46 vars in 1158 bytes} [Wed Jul 15 15:51:34 2026] PUT /v2/images/77e7477a-a819-4ad9-8b27-263802224b2a/file => generated 0 bytes in 2351 msecs (HTTP/1.1 204) 4 headers in 171 bytes (1 switches on core 0)
Jul 15 15:51:36.530868 np0000005201 devstack@g-api.service[102790]: DEBUG glance.api.middleware.version_negotiation [None req-1c347c5b-bd16-4a05-8a4c-4f38679f04f3 tempest-TaggedBootDevicesTest_v242-751718542 tempest-TaggedBootDevicesTest_v242-751718542-project-member] Determining version of request: GET /v2/images/77e7477a-a819-4ad9-8b27-263802224b2a Accept: */* {{(pid=102790) process_request /opt/stack/glance/glance/api/middleware/version_negotiation.py:44}}
Jul 15 15:51:36.531183 np0000005201 devstack@g-api.service[102790]: DEBUG glance.api.middleware.version_negotiation [None req-1c347c5b-bd16-4a05-8a4c-4f38679f04f3 tempest-TaggedBootDevicesTest_v242-751718542 tempest-TaggedBootDevicesTest_v242-751718542-project-member] Using url versioning {{(pid=102790) process_request /opt/stack/glance/glance/api/middleware/version_negotiation.py:57}}
Jul 15 15:51:36.531183 np0000005201 devstack@g-api.service[102790]: DEBUG glance.api.middleware.version_negotiation [None req-1c347c5b-bd16-4a05-8a4c-4f38679f04f3 tempest-TaggedBootDevicesTest_v242-751718542 tempest-TaggedBootDevicesTest_v242-751718542-project-member] Matched version: v2 {{(pid=102790) process_request /opt/stack/glance/glance/api/middleware/version_negotiation.py:69}}
Jul 15 15:51:36.531417 np0000005201 devstack@g-api.service[102790]: DEBUG glance.api.middleware.version_negotiation [None req-1c347c5b-bd16-4a05-8a4c-4f38679f04f3 tempest-TaggedBootDevicesTest_v242-751718542 tempest-TaggedBootDevicesTest_v242-751718542-project-member] new path /v2/images/77e7477a-a819-4ad9-8b27-263802224b2a {{(pid=102790) process_request /opt/stack/glance/glance/api/middleware/version_negotiation.py:70}}
Jul 15 15:51:36.540529 np0000005201 devstack@g-api.service[102790]: [pid: 102790|app: 0|req: 64/237] 127.0.0.1 () {44 vars in 1115 bytes} [Wed Jul 15 15:51:36 2026] GET /v2/images/77e7477a-a819-4ad9-8b27-263802224b2a => generated 1617 bytes in 10 msecs (HTTP/1.1 200) 4 headers in 158 bytes (1 switches on core 0)
Jul 15 15:51:36.573227 np0000005201 devstack@g-api.service[102792]: DEBUG glance.api.middleware.version_negotiation [None req-04d72c6c-1725-43a9-9037-04b46b65fe98 tempest-ServerStableDeviceRescueTest-1397201306 tempest-ServerStableDeviceRescueTest-1397201306-project-member] Determining version of request: GET /v2/schemas/image Accept: */* {{(pid=102792) process_request /opt/stack/glance/glance/api/middleware/version_negotiation.py:44}}
Jul 15 15:51:36.573419 np0000005201 devstack@g-api.service[102792]: DEBUG glance.api.middleware.version_negotiation [None req-04d72c6c-1725-43a9-9037-04b46b65fe98 tempest-ServerStableDeviceRescueTest-1397201306 tempest-ServerStableDeviceRescueTest-1397201306-project-member] Using url versioning {{(pid=102792) process_request /opt/stack/glance/glance/api/middleware/version_negotiation.py:57}}
Jul 15 15:51:36.573608 np0000005201 devstack@g-api.service[102792]: DEBUG glance.api.middleware.version_negotiation [None req-04d72c6c-1725-43a9-9037-04b46b65fe98 tempest-ServerStableDeviceRescueTest-1397201306 tempest-ServerStableDeviceRescueTest-1397201306-project-member] Matched version: v2 {{(pid=102792) process_request /opt/stack/glance/glance/api/middleware/version_negotiation.py:69}}
Jul 15 15:51:36.573702 np0000005201 devstack@g-api.service[102792]: DEBUG glance.api.middleware.version_negotiation [None req-04d72c6c-1725-43a9-9037-04b46b65fe98 tempest-ServerStableDeviceRescueTest-1397201306 tempest-ServerStableDeviceRescueTest-1397201306-project-member] new path /v2/schemas/image {{(pid=102792) process_request /opt/stack/glance/glance/api/middleware/version_negotiation.py:70}}
Jul 15 15:51:36.576034 np0000005201 devstack@g-api.service[102792]: [pid: 102792|app: 0|req: 59/238] 127.0.0.1 () {44 vars in 1055 bytes} [Wed Jul 15 15:51:36 2026] GET /v2/schemas/image => generated 6083 bytes in 3 msecs (HTTP/1.1 200) 4 headers in 158 bytes (1 switches on core 0)
Jul 15 15:51:36.620163 np0000005201 devstack@g-api.service[102791]: DEBUG glance.api.middleware.version_negotiation [None req-04d72c6c-1725-43a9-9037-04b46b65fe98 tempest-ServerStableDeviceRescueTest-1397201306 tempest-ServerStableDeviceRescueTest-1397201306-project-member] Determining version of request: GET /versions Accept: */* {{(pid=102791) process_request /opt/stack/glance/glance/api/middleware/version_negotiation.py:44}}
Jul 15 15:51:36.620980 np0000005201 devstack@g-api.service[102791]: [pid: 102791|app: 0|req: 62/239] 127.0.0.1 () {44 vars in 1039 bytes} [Wed Jul 15 15:51:36 2026] GET /versions => generated 1515 bytes in 1 msecs (HTTP/1.1 200) 3 headers in 92 bytes (1 switches on core 0)
Jul 15 15:51:36.638180 np0000005201 devstack@g-api.service[102789]: DEBUG glance.api.middleware.version_negotiation [None req-a758d03a-6cc3-4625-9d48-c19d3650d330 tempest-ServerStableDeviceRescueTest-1397201306 tempest-ServerStableDeviceRescueTest-1397201306-project-member] Determining version of request: GET /v2/images/2d36f25a-4a6b-42c1-b498-990c9a4a20d1/locations Accept: */* {{(pid=102789) process_request /opt/stack/glance/glance/api/middleware/version_negotiation.py:44}}
Jul 15 15:51:36.638586 np0000005201 devstack@g-api.service[102789]: DEBUG glance.api.middleware.version_negotiation [None req-a758d03a-6cc3-4625-9d48-c19d3650d330 tempest-ServerStableDeviceRescueTest-1397201306 tempest-ServerStableDeviceRescueTest-1397201306-project-member] Using url versioning {{(pid=102789) process_request /opt/stack/glance/glance/api/middleware/version_negotiation.py:57}}
Jul 15 15:51:36.638782 np0000005201 devstack@g-api.service[102789]: DEBUG glance.api.middleware.version_negotiation [None req-a758d03a-6cc3-4625-9d48-c19d3650d330 tempest-ServerStableDeviceRescueTest-1397201306 tempest-ServerStableDeviceRescueTest-1397201306-project-member] Matched version: v2 {{(pid=102789) process_request /opt/stack/glance/glance/api/middleware/version_negotiation.py:69}}
Jul 15 15:51:36.638980 np0000005201 devstack@g-api.service[102789]: DEBUG glance.api.middleware.version_negotiation [None req-a758d03a-6cc3-4625-9d48-c19d3650d330 tempest-ServerStableDeviceRescueTest-1397201306 tempest-ServerStableDeviceRescueTest-1397201306-project-member] new path /v2/images/2d36f25a-4a6b-42c1-b498-990c9a4a20d1/locations {{(pid=102789) process_request /opt/stack/glance/glance/api/middleware/version_negotiation.py:70}}
Jul 15 15:51:36.875355 np0000005201 devstack@g-api.service[102789]: [pid: 102789|app: 0|req: 55/240] 127.0.0.1 () {44 vars in 1135 bytes} [Wed Jul 15 15:51:36 2026] GET /v2/images/2d36f25a-4a6b-42c1-b498-990c9a4a20d1/locations => generated 92 bytes in 237 msecs (HTTP/1.1 200) 4 headers in 156 bytes (1 switches on core 0)
Jul 15 15:51:36.884207 np0000005201 devstack@g-api.service[102790]: DEBUG glance.api.middleware.version_negotiation [None req-a758d03a-6cc3-4625-9d48-c19d3650d330 tempest-ServerStableDeviceRescueTest-1397201306 tempest-ServerStableDeviceRescueTest-1397201306-project-member] Determining version of request: GET /v2/images/2d36f25a-4a6b-42c1-b498-990c9a4a20d1 Accept: */* {{(pid=102790) process_request /opt/stack/glance/glance/api/middleware/version_negotiation.py:44}}
Jul 15 15:51:36.884396 np0000005201 devstack@g-api.service[102790]: DEBUG glance.api.middleware.version_negotiation [None req-a758d03a-6cc3-4625-9d48-c19d3650d330 tempest-ServerStableDeviceRescueTest-1397201306 tempest-ServerStableDeviceRescueTest-1397201306-project-member] Using url versioning {{(pid=102790) process_request /opt/stack/glance/glance/api/middleware/version_negotiation.py:57}}
Jul 15 15:51:36.884547 np0000005201 devstack@g-api.service[102790]: DEBUG glance.api.middleware.version_negotiation [None req-a758d03a-6cc3-4625-9d48-c19d3650d330 tempest-ServerStableDeviceRescueTest-1397201306 tempest-ServerStableDeviceRescueTest-1397201306-project-member] Matched version: v2 {{(pid=102790) process_request /opt/stack/glance/glance/api/middleware/version_negotiation.py:69}}
Jul 15 15:51:36.884659 np0000005201 devstack@g-api.service[102790]: DEBUG glance.api.middleware.version_negotiation [None req-a758d03a-6cc3-4625-9d48-c19d3650d330 tempest-ServerStableDeviceRescueTest-1397201306 tempest-ServerStableDeviceRescueTest-1397201306-project-member] new path /v2/images/2d36f25a-4a6b-42c1-b498-990c9a4a20d1 {{(pid=102790) process_request /opt/stack/glance/glance/api/middleware/version_negotiation.py:70}}
Jul 15 15:51:36.895272 np0000005201 devstack@g-api.service[102790]: [pid: 102790|app: 0|req: 65/241] 127.0.0.1 () {44 vars in 1115 bytes} [Wed Jul 15 15:51:36 2026] GET /v2/images/2d36f25a-4a6b-42c1-b498-990c9a4a20d1 => generated 1044 bytes in 11 msecs (HTTP/1.1 200) 4 headers in 158 bytes (1 switches on core 0)
Jul 15 15:51:36.902712 np0000005201 devstack@g-api.service[102792]: DEBUG glance.api.middleware.version_negotiation [None req-a758d03a-6cc3-4625-9d48-c19d3650d330 tempest-ServerStableDeviceRescueTest-1397201306 tempest-ServerStableDeviceRescueTest-1397201306-project-member] Determining version of request: GET /v2/schemas/image Accept: */* {{(pid=102792) process_request /opt/stack/glance/glance/api/middleware/version_negotiation.py:44}}
Jul 15 15:51:36.902872 np0000005201 devstack@g-api.service[102792]: DEBUG glance.api.middleware.version_negotiation [None req-a758d03a-6cc3-4625-9d48-c19d3650d330 tempest-ServerStableDeviceRescueTest-1397201306 tempest-ServerStableDeviceRescueTest-1397201306-project-member] Using url versioning {{(pid=102792) process_request /opt/stack/glance/glance/api/middleware/version_negotiation.py:57}}
Jul 15 15:51:36.903150 np0000005201 devstack@g-api.service[102792]: DEBUG glance.api.middleware.version_negotiation [None req-a758d03a-6cc3-4625-9d48-c19d3650d330 tempest-ServerStableDeviceRescueTest-1397201306 tempest-ServerStableDeviceRescueTest-1397201306-project-member] Matched version: v2 {{(pid=102792) process_request /opt/stack/glance/glance/api/middleware/version_negotiation.py:69}}
Jul 15 15:51:36.903320 np0000005201 devstack@g-api.service[102792]: DEBUG glance.api.middleware.version_negotiation [None req-a758d03a-6cc3-4625-9d48-c19d3650d330 tempest-ServerStableDeviceRescueTest-1397201306 tempest-ServerStableDeviceRescueTest-1397201306-project-member] new path /v2/schemas/image {{(pid=102792) process_request /opt/stack/glance/glance/api/middleware/version_negotiation.py:70}}
Jul 15 15:51:36.906173 np0000005201 devstack@g-api.service[102792]: [pid: 102792|app: 0|req: 60/242] 127.0.0.1 () {44 vars in 1055 bytes} [Wed Jul 15 15:51:36 2026] GET /v2/schemas/image => generated 6083 bytes in 4 msecs (HTTP/1.1 200) 4 headers in 158 bytes (1 switches on core 0)
Jul 15 15:51:36.914937 np0000005201 devstack@g-api.service[102791]: DEBUG glance.api.middleware.version_negotiation [None req-04d72c6c-1725-43a9-9037-04b46b65fe98 tempest-ServerStableDeviceRescueTest-1397201306 tempest-ServerStableDeviceRescueTest-1397201306-project-member] Determining version of request: GET /v2/schemas/image Accept: */* {{(pid=102791) process_request /opt/stack/glance/glance/api/middleware/version_negotiation.py:44}}
Jul 15 15:51:36.915158 np0000005201 devstack@g-api.service[102791]: DEBUG glance.api.middleware.version_negotiation [None req-04d72c6c-1725-43a9-9037-04b46b65fe98 tempest-ServerStableDeviceRescueTest-1397201306 tempest-ServerStableDeviceRescueTest-1397201306-project-member] Using url versioning {{(pid=102791) process_request /opt/stack/glance/glance/api/middleware/version_negotiation.py:57}}
Jul 15 15:51:36.915398 np0000005201 devstack@g-api.service[102791]: DEBUG glance.api.middleware.version_negotiation [None req-04d72c6c-1725-43a9-9037-04b46b65fe98 tempest-ServerStableDeviceRescueTest-1397201306 tempest-ServerStableDeviceRescueTest-1397201306-project-member] Matched version: v2 {{(pid=102791) process_request /opt/stack/glance/glance/api/middleware/version_negotiation.py:69}}
Jul 15 15:51:36.915536 np0000005201 devstack@g-api.service[102791]: DEBUG glance.api.middleware.version_negotiation [None req-04d72c6c-1725-43a9-9037-04b46b65fe98 tempest-ServerStableDeviceRescueTest-1397201306 tempest-ServerStableDeviceRescueTest-1397201306-project-member] new path /v2/schemas/image {{(pid=102791) process_request /opt/stack/glance/glance/api/middleware/version_negotiation.py:70}}
Jul 15 15:51:36.918833 np0000005201 devstack@g-api.service[102791]: [pid: 102791|app: 0|req: 63/243] 127.0.0.1 () {44 vars in 1055 bytes} [Wed Jul 15 15:51:36 2026] GET /v2/schemas/image => generated 6083 bytes in 4 msecs (HTTP/1.1 200) 4 headers in 158 bytes (1 switches on core 0)
Jul 15 15:51:36.936878 np0000005201 devstack@g-api.service[102789]: DEBUG glance.api.middleware.version_negotiation [None req-81ffc9ea-3c19-4b82-a144-9f8592b8aa04 service glance] Determining version of request: GET /versions Accept: */* {{(pid=102789) process_request /opt/stack/glance/glance/api/middleware/version_negotiation.py:44}}
Jul 15 15:51:36.937730 np0000005201 devstack@g-api.service[102789]: [pid: 102789|app: 0|req: 56/244] 127.0.0.1 () {44 vars in 1039 bytes} [Wed Jul 15 15:51:36 2026] GET /versions => generated 1515 bytes in 1 msecs (HTTP/1.1 200) 3 headers in 92 bytes (1 switches on core 0)
Jul 15 15:51:36.944794 np0000005201 devstack@g-api.service[102790]: DEBUG glance.api.middleware.version_negotiation [None req-81ffc9ea-3c19-4b82-a144-9f8592b8aa04 tempest-TaggedBootDevicesTest-1864872154 tempest-TaggedBootDevicesTest-1864872154-project-member] Determining version of request: GET /v2/images/2d36f25a-4a6b-42c1-b498-990c9a4a20d1/locations Accept: */* {{(pid=102790) process_request /opt/stack/glance/glance/api/middleware/version_negotiation.py:44}}
Jul 15 15:51:36.945043 np0000005201 devstack@g-api.service[102790]: DEBUG glance.api.middleware.version_negotiation [None req-81ffc9ea-3c19-4b82-a144-9f8592b8aa04 tempest-TaggedBootDevicesTest-1864872154 tempest-TaggedBootDevicesTest-1864872154-project-member] Using url versioning {{(pid=102790) process_request /opt/stack/glance/glance/api/middleware/version_negotiation.py:57}}
Jul 15 15:51:36.945272 np0000005201 devstack@g-api.service[102790]: DEBUG glance.api.middleware.version_negotiation [None req-81ffc9ea-3c19-4b82-a144-9f8592b8aa04 tempest-TaggedBootDevicesTest-1864872154 tempest-TaggedBootDevicesTest-1864872154-project-member] Matched version: v2 {{(pid=102790) process_request /opt/stack/glance/glance/api/middleware/version_negotiation.py:69}}
Jul 15 15:51:36.945535 np0000005201 devstack@g-api.service[102790]: DEBUG glance.api.middleware.version_negotiation [None req-81ffc9ea-3c19-4b82-a144-9f8592b8aa04 tempest-TaggedBootDevicesTest-1864872154 tempest-TaggedBootDevicesTest-1864872154-project-member] new path /v2/images/2d36f25a-4a6b-42c1-b498-990c9a4a20d1/locations {{(pid=102790) process_request /opt/stack/glance/glance/api/middleware/version_negotiation.py:70}}
Jul 15 15:51:37.186077 np0000005201 devstack@g-api.service[102790]: [pid: 102790|app: 0|req: 66/245] 127.0.0.1 () {44 vars in 1135 bytes} [Wed Jul 15 15:51:36 2026] GET /v2/images/2d36f25a-4a6b-42c1-b498-990c9a4a20d1/locations => generated 92 bytes in 241 msecs (HTTP/1.1 200) 4 headers in 156 bytes (1 switches on core 0)
Jul 15 15:51:37.194738 np0000005201 devstack@g-api.service[102792]: DEBUG glance.api.middleware.version_negotiation [None req-81ffc9ea-3c19-4b82-a144-9f8592b8aa04 tempest-TaggedBootDevicesTest-1864872154 tempest-TaggedBootDevicesTest-1864872154-project-member] Determining version of request: GET /v2/images/2d36f25a-4a6b-42c1-b498-990c9a4a20d1 Accept: */* {{(pid=102792) process_request /opt/stack/glance/glance/api/middleware/version_negotiation.py:44}}
Jul 15 15:51:37.194886 np0000005201 devstack@g-api.service[102792]: DEBUG glance.api.middleware.version_negotiation [None req-81ffc9ea-3c19-4b82-a144-9f8592b8aa04 tempest-TaggedBootDevicesTest-1864872154 tempest-TaggedBootDevicesTest-1864872154-project-member] Using url versioning {{(pid=102792) process_request /opt/stack/glance/glance/api/middleware/version_negotiation.py:57}}
Jul 15 15:51:37.194977 np0000005201 devstack@g-api.service[102792]: DEBUG glance.api.middleware.version_negotiation [None req-81ffc9ea-3c19-4b82-a144-9f8592b8aa04 tempest-TaggedBootDevicesTest-1864872154 tempest-TaggedBootDevicesTest-1864872154-project-member] Matched version: v2 {{(pid=102792) process_request /opt/stack/glance/glance/api/middleware/version_negotiation.py:69}}
Jul 15 15:51:37.195151 np0000005201 devstack@g-api.service[102792]: DEBUG glance.api.middleware.version_negotiation [None req-81ffc9ea-3c19-4b82-a144-9f8592b8aa04 tempest-TaggedBootDevicesTest-1864872154 tempest-TaggedBootDevicesTest-1864872154-project-member] new path /v2/images/2d36f25a-4a6b-42c1-b498-990c9a4a20d1 {{(pid=102792) process_request /opt/stack/glance/glance/api/middleware/version_negotiation.py:70}}
Jul 15 15:51:37.207320 np0000005201 devstack@g-api.service[102792]: [pid: 102792|app: 0|req: 61/246] 127.0.0.1 () {44 vars in 1115 bytes} [Wed Jul 15 15:51:37 2026] GET /v2/images/2d36f25a-4a6b-42c1-b498-990c9a4a20d1 => generated 1044 bytes in 13 msecs (HTTP/1.1 200) 4 headers in 158 bytes (1 switches on core 0)
Jul 15 15:51:37.215685 np0000005201 devstack@g-api.service[102791]: DEBUG glance.api.middleware.version_negotiation [None req-81ffc9ea-3c19-4b82-a144-9f8592b8aa04 tempest-TaggedBootDevicesTest-1864872154 tempest-TaggedBootDevicesTest-1864872154-project-member] Determining version of request: GET /v2/schemas/image Accept: */* {{(pid=102791) process_request /opt/stack/glance/glance/api/middleware/version_negotiation.py:44}}
Jul 15 15:51:37.215846 np0000005201 devstack@g-api.service[102791]: DEBUG glance.api.middleware.version_negotiation [None req-81ffc9ea-3c19-4b82-a144-9f8592b8aa04 tempest-TaggedBootDevicesTest-1864872154 tempest-TaggedBootDevicesTest-1864872154-project-member] Using url versioning {{(pid=102791) process_request /opt/stack/glance/glance/api/middleware/version_negotiation.py:57}}
Jul 15 15:51:37.215992 np0000005201 devstack@g-api.service[102791]: DEBUG glance.api.middleware.version_negotiation [None req-81ffc9ea-3c19-4b82-a144-9f8592b8aa04 tempest-TaggedBootDevicesTest-1864872154 tempest-TaggedBootDevicesTest-1864872154-project-member] Matched version: v2 {{(pid=102791) process_request /opt/stack/glance/glance/api/middleware/version_negotiation.py:69}}
