Jul 15 15:47:09.314761 np0000005201 nova-conductor[98883]: DEBUG cotyledon.oslo_config_glue [-] vnc.vencrypt_client_key = None {{(pid=98883) log_opt_values /opt/stack/data/venv/lib/python3.12/site-packages/oslo_config/cfg.py:3253}}
Jul 15 15:47:09.314761 np0000005201 nova-conductor[98883]: DEBUG cotyledon.oslo_config_glue [-] workarounds.disable_compute_service_check_for_ffu = False {{(pid=98883) log_opt_values /opt/stack/data/venv/lib/python3.12/site-packages/oslo_config/cfg.py:3253}}
Jul 15 15:47:09.314761 np0000005201 nova-conductor[98883]: DEBUG cotyledon.oslo_config_glue [-] workarounds.disable_deep_image_inspection = False {{(pid=98883) log_opt_values /opt/stack/data/venv/lib/python3.12/site-packages/oslo_config/cfg.py:3253}}
Jul 15 15:47:09.314761 np0000005201 nova-conductor[98883]: DEBUG cotyledon.oslo_config_glue [-] workarounds.disable_fallback_pcpu_query = False {{(pid=98883) log_opt_values /opt/stack/data/venv/lib/python3.12/site-packages/oslo_config/cfg.py:3253}}
Jul 15 15:47:09.315015 np0000005201 nova-conductor[98883]: DEBUG cotyledon.oslo_config_glue [-] workarounds.disable_group_policy_check_upcall = False {{(pid=98883) log_opt_values /opt/stack/data/venv/lib/python3.12/site-packages/oslo_config/cfg.py:3253}}
Jul 15 15:47:09.315015 np0000005201 nova-conductor[98883]: DEBUG cotyledon.oslo_config_glue [-] workarounds.disable_libvirt_livesnapshot = False {{(pid=98883) log_opt_values /opt/stack/data/venv/lib/python3.12/site-packages/oslo_config/cfg.py:3253}}
Jul 15 15:47:09.315015 np0000005201 nova-conductor[98883]: DEBUG cotyledon.oslo_config_glue [-] workarounds.disable_rootwrap = False {{(pid=98883) log_opt_values /opt/stack/data/venv/lib/python3.12/site-packages/oslo_config/cfg.py:3253}}
Jul 15 15:47:09.315015 np0000005201 nova-conductor[98883]: DEBUG cotyledon.oslo_config_glue [-] workarounds.enable_numa_live_migration = False {{(pid=98883) log_opt_values /opt/stack/data/venv/lib/python3.12/site-packages/oslo_config/cfg.py:3253}}
Jul 15 15:47:09.315015 np0000005201 nova-conductor[98883]: DEBUG cotyledon.oslo_config_glue [-] workarounds.enable_qemu_monitor_announce_self = False {{(pid=98883) log_opt_values /opt/stack/data/venv/lib/python3.12/site-packages/oslo_config/cfg.py:3253}}
Jul 15 15:47:09.315015 np0000005201 nova-conductor[98883]: DEBUG cotyledon.oslo_config_glue [-] workarounds.ensure_libvirt_rbd_instance_dir_cleanup = False {{(pid=98883) log_opt_values /opt/stack/data/venv/lib/python3.12/site-packages/oslo_config/cfg.py:3253}}
Jul 15 15:47:09.315015 np0000005201 nova-conductor[98883]: DEBUG cotyledon.oslo_config_glue [-] workarounds.handle_virt_lifecycle_events = True {{(pid=98883) log_opt_values /opt/stack/data/venv/lib/python3.12/site-packages/oslo_config/cfg.py:3253}}
Jul 15 15:47:09.315015 np0000005201 nova-conductor[98883]: DEBUG cotyledon.oslo_config_glue [-] workarounds.libvirt_disable_apic = False {{(pid=98883) log_opt_values /opt/stack/data/venv/lib/python3.12/site-packages/oslo_config/cfg.py:3253}}
Jul 15 15:47:09.315015 np0000005201 nova-conductor[98883]: DEBUG cotyledon.oslo_config_glue [-] workarounds.never_download_image_if_on_rbd = False {{(pid=98883) log_opt_values /opt/stack/data/venv/lib/python3.12/site-packages/oslo_config/cfg.py:3253}}
Jul 15 15:47:09.315289 np0000005201 nova-conductor[98883]: DEBUG cotyledon.oslo_config_glue [-] workarounds.qemu_monitor_announce_self_count = 3 {{(pid=98883) log_opt_values /opt/stack/data/venv/lib/python3.12/site-packages/oslo_config/cfg.py:3253}}
Jul 15 15:47:09.315289 np0000005201 nova-conductor[98883]: DEBUG cotyledon.oslo_config_glue [-] workarounds.qemu_monitor_announce_self_interval = 1 {{(pid=98883) log_opt_values /opt/stack/data/venv/lib/python3.12/site-packages/oslo_config/cfg.py:3253}}
Jul 15 15:47:09.315289 np0000005201 nova-conductor[98883]: DEBUG cotyledon.oslo_config_glue [-] workarounds.reserve_disk_resource_for_image_cache = False {{(pid=98883) log_opt_values /opt/stack/data/venv/lib/python3.12/site-packages/oslo_config/cfg.py:3253}}
Jul 15 15:47:09.315289 np0000005201 nova-conductor[98883]: DEBUG cotyledon.oslo_config_glue [-] workarounds.skip_cpu_compare_at_startup = False {{(pid=98883) log_opt_values /opt/stack/data/venv/lib/python3.12/site-packages/oslo_config/cfg.py:3253}}
Jul 15 15:47:09.315289 np0000005201 nova-conductor[98883]: DEBUG cotyledon.oslo_config_glue [-] workarounds.skip_cpu_compare_on_dest = False {{(pid=98883) log_opt_values /opt/stack/data/venv/lib/python3.12/site-packages/oslo_config/cfg.py:3253}}
Jul 15 15:47:09.315289 np0000005201 nova-conductor[98883]: DEBUG cotyledon.oslo_config_glue [-] workarounds.skip_hypervisor_version_check_on_lm = False {{(pid=98883) log_opt_values /opt/stack/data/venv/lib/python3.12/site-packages/oslo_config/cfg.py:3253}}
Jul 15 15:47:09.315289 np0000005201 nova-conductor[98883]: DEBUG cotyledon.oslo_config_glue [-] workarounds.skip_reserve_in_use_ironic_nodes = False {{(pid=98883) log_opt_values /opt/stack/data/venv/lib/python3.12/site-packages/oslo_config/cfg.py:3253}}
Jul 15 15:47:09.315289 np0000005201 nova-conductor[98883]: DEBUG cotyledon.oslo_config_glue [-] workarounds.unified_limits_count_pcpu_as_vcpu = False {{(pid=98883) log_opt_values /opt/stack/data/venv/lib/python3.12/site-packages/oslo_config/cfg.py:3253}}
Jul 15 15:47:09.315502 np0000005201 nova-conductor[98883]: DEBUG cotyledon.oslo_config_glue [-] workarounds.wait_for_vif_plugged_event_during_hard_reboot = [] {{(pid=98883) log_opt_values /opt/stack/data/venv/lib/python3.12/site-packages/oslo_config/cfg.py:3253}}
Jul 15 15:47:09.315502 np0000005201 nova-conductor[98883]: DEBUG cotyledon.oslo_config_glue [-] wsgi.api_paste_config = /etc/nova/api-paste.ini {{(pid=98883) log_opt_values /opt/stack/data/venv/lib/python3.12/site-packages/oslo_config/cfg.py:3253}}
Jul 15 15:47:09.315502 np0000005201 nova-conductor[98883]: DEBUG cotyledon.oslo_config_glue [-] wsgi.secure_proxy_ssl_header = None {{(pid=98883) log_opt_values /opt/stack/data/venv/lib/python3.12/site-packages/oslo_config/cfg.py:3253}}
Jul 15 15:47:09.315502 np0000005201 nova-conductor[98883]: DEBUG cotyledon.oslo_config_glue [-] zvm.ca_file = None {{(pid=98883) log_opt_values /opt/stack/data/venv/lib/python3.12/site-packages/oslo_config/cfg.py:3253}}
Jul 15 15:47:09.315502 np0000005201 nova-conductor[98883]: DEBUG cotyledon.oslo_config_glue [-] zvm.cloud_connector_url = None {{(pid=98883) log_opt_values /opt/stack/data/venv/lib/python3.12/site-packages/oslo_config/cfg.py:3253}}
Jul 15 15:47:09.315502 np0000005201 nova-conductor[98883]: DEBUG cotyledon.oslo_config_glue [-] zvm.image_tmp_path = /opt/stack/data/nova/images {{(pid=98883) log_opt_values /opt/stack/data/venv/lib/python3.12/site-packages/oslo_config/cfg.py:3253}}
Jul 15 15:47:09.315502 np0000005201 nova-conductor[98883]: DEBUG cotyledon.oslo_config_glue [-] zvm.reachable_timeout = 300 {{(pid=98883) log_opt_values /opt/stack/data/venv/lib/python3.12/site-packages/oslo_config/cfg.py:3253}}
Jul 15 15:47:09.315502 np0000005201 nova-conductor[98883]: DEBUG cotyledon.oslo_config_glue [-] oslo_versionedobjects.fatal_exception_format_errors = False {{(pid=98883) log_opt_values /opt/stack/data/venv/lib/python3.12/site-packages/oslo_config/cfg.py:3253}}
Jul 15 15:47:09.315502 np0000005201 nova-conductor[98883]: DEBUG cotyledon.oslo_config_glue [-] oslo_middleware.http_basic_auth_user_file = /etc/htpasswd {{(pid=98883) log_opt_values /opt/stack/data/venv/lib/python3.12/site-packages/oslo_config/cfg.py:3253}}
Jul 15 15:47:09.315780 np0000005201 nova-conductor[98883]: DEBUG cotyledon.oslo_config_glue [-] profiler.connection_string = messaging:// {{(pid=98883) log_opt_values /opt/stack/data/venv/lib/python3.12/site-packages/oslo_config/cfg.py:3253}}
Jul 15 15:47:09.315780 np0000005201 nova-conductor[98883]: DEBUG cotyledon.oslo_config_glue [-] profiler.enabled = False {{(pid=98883) log_opt_values /opt/stack/data/venv/lib/python3.12/site-packages/oslo_config/cfg.py:3253}}
Jul 15 15:47:09.315780 np0000005201 nova-conductor[98883]: DEBUG cotyledon.oslo_config_glue [-] profiler.es_doc_type = notification {{(pid=98883) log_opt_values /opt/stack/data/venv/lib/python3.12/site-packages/oslo_config/cfg.py:3253}}
Jul 15 15:47:09.315780 np0000005201 nova-conductor[98883]: DEBUG cotyledon.oslo_config_glue [-] profiler.es_scroll_size = 10000 {{(pid=98883) log_opt_values /opt/stack/data/venv/lib/python3.12/site-packages/oslo_config/cfg.py:3253}}
Jul 15 15:47:09.315780 np0000005201 nova-conductor[98883]: DEBUG cotyledon.oslo_config_glue [-] profiler.es_scroll_time = 2m {{(pid=98883) log_opt_values /opt/stack/data/venv/lib/python3.12/site-packages/oslo_config/cfg.py:3253}}
Jul 15 15:47:09.315780 np0000005201 nova-conductor[98883]: DEBUG cotyledon.oslo_config_glue [-] profiler.filter_error_trace = False {{(pid=98883) log_opt_values /opt/stack/data/venv/lib/python3.12/site-packages/oslo_config/cfg.py:3253}}
Jul 15 15:47:09.315780 np0000005201 nova-conductor[98883]: DEBUG cotyledon.oslo_config_glue [-] profiler.hmac_keys = **** {{(pid=98883) log_opt_values /opt/stack/data/venv/lib/python3.12/site-packages/oslo_config/cfg.py:3253}}
Jul 15 15:47:09.315780 np0000005201 nova-conductor[98883]: DEBUG cotyledon.oslo_config_glue [-] profiler.sentinel_service_name = mymaster {{(pid=98883) log_opt_values /opt/stack/data/venv/lib/python3.12/site-packages/oslo_config/cfg.py:3253}}
Jul 15 15:47:09.315780 np0000005201 nova-conductor[98883]: DEBUG cotyledon.oslo_config_glue [-] profiler.socket_timeout = 0.1 {{(pid=98883) log_opt_values /opt/stack/data/venv/lib/python3.12/site-packages/oslo_config/cfg.py:3253}}
Jul 15 15:47:09.316104 np0000005201 nova-conductor[98883]: DEBUG cotyledon.oslo_config_glue [-] profiler.trace_requests = False {{(pid=98883) log_opt_values /opt/stack/data/venv/lib/python3.12/site-packages/oslo_config/cfg.py:3253}}
Jul 15 15:47:09.316104 np0000005201 nova-conductor[98883]: DEBUG cotyledon.oslo_config_glue [-] profiler.trace_sqlalchemy = False {{(pid=98883) log_opt_values /opt/stack/data/venv/lib/python3.12/site-packages/oslo_config/cfg.py:3253}}
Jul 15 15:47:09.316104 np0000005201 nova-conductor[98883]: DEBUG cotyledon.oslo_config_glue [-] profiler_jaeger.process_tags = {} {{(pid=98883) log_opt_values /opt/stack/data/venv/lib/python3.12/site-packages/oslo_config/cfg.py:3253}}
Jul 15 15:47:09.316104 np0000005201 nova-conductor[98883]: DEBUG cotyledon.oslo_config_glue [-] profiler_jaeger.service_name_prefix = None {{(pid=98883) log_opt_values /opt/stack/data/venv/lib/python3.12/site-packages/oslo_config/cfg.py:3253}}
Jul 15 15:47:09.316104 np0000005201 nova-conductor[98883]: DEBUG cotyledon.oslo_config_glue [-] profiler_otlp.service_name_prefix = None {{(pid=98883) log_opt_values /opt/stack/data/venv/lib/python3.12/site-packages/oslo_config/cfg.py:3253}}
Jul 15 15:47:09.316104 np0000005201 nova-conductor[98883]: DEBUG cotyledon.oslo_config_glue [-] oslo_messaging_rabbit.amqp_auto_delete = False {{(pid=98883) log_opt_values /opt/stack/data/venv/lib/python3.12/site-packages/oslo_config/cfg.py:3253}}
Jul 15 15:47:09.316104 np0000005201 nova-conductor[98883]: DEBUG cotyledon.oslo_config_glue [-] oslo_messaging_rabbit.amqp_durable_queues = False {{(pid=98883) log_opt_values /opt/stack/data/venv/lib/python3.12/site-packages/oslo_config/cfg.py:3253}}
Jul 15 15:47:09.316104 np0000005201 nova-conductor[98883]: DEBUG cotyledon.oslo_config_glue [-] oslo_messaging_rabbit.conn_pool_min_size = 2 {{(pid=98883) log_opt_values /opt/stack/data/venv/lib/python3.12/site-packages/oslo_config/cfg.py:3253}}
Jul 15 15:47:09.316104 np0000005201 nova-conductor[98883]: DEBUG cotyledon.oslo_config_glue [-] oslo_messaging_rabbit.conn_pool_ttl = 1200 {{(pid=98883) log_opt_values /opt/stack/data/venv/lib/python3.12/site-packages/oslo_config/cfg.py:3253}}
Jul 15 15:47:09.316409 np0000005201 nova-conductor[98883]: DEBUG cotyledon.oslo_config_glue [-] oslo_messaging_rabbit.direct_mandatory_flag = True {{(pid=98883) log_opt_values /opt/stack/data/venv/lib/python3.12/site-packages/oslo_config/cfg.py:3253}}
Jul 15 15:47:09.316409 np0000005201 nova-conductor[98883]: DEBUG cotyledon.oslo_config_glue [-] oslo_messaging_rabbit.enable_cancel_on_failover = False {{(pid=98883) log_opt_values /opt/stack/data/venv/lib/python3.12/site-packages/oslo_config/cfg.py:3253}}
Jul 15 15:47:09.316409 np0000005201 nova-conductor[98883]: DEBUG cotyledon.oslo_config_glue [-] oslo_messaging_rabbit.heartbeat_rate = 3 {{(pid=98883) log_opt_values /opt/stack/data/venv/lib/python3.12/site-packages/oslo_config/cfg.py:3253}}
Jul 15 15:47:09.316409 np0000005201 nova-conductor[98883]: DEBUG cotyledon.oslo_config_glue [-] oslo_messaging_rabbit.heartbeat_timeout_threshold = 60 {{(pid=98883) log_opt_values /opt/stack/data/venv/lib/python3.12/site-packages/oslo_config/cfg.py:3253}}
Jul 15 15:47:09.316409 np0000005201 nova-conductor[98883]: DEBUG cotyledon.oslo_config_glue [-] oslo_messaging_rabbit.hostname = np0000005201 {{(pid=98883) log_opt_values /opt/stack/data/venv/lib/python3.12/site-packages/oslo_config/cfg.py:3253}}
Jul 15 15:47:09.316409 np0000005201 nova-conductor[98883]: DEBUG cotyledon.oslo_config_glue [-] oslo_messaging_rabbit.kombu_compression = None {{(pid=98883) log_opt_values /opt/stack/data/venv/lib/python3.12/site-packages/oslo_config/cfg.py:3253}}
Jul 15 15:47:09.316409 np0000005201 nova-conductor[98883]: DEBUG cotyledon.oslo_config_glue [-] oslo_messaging_rabbit.kombu_failover_strategy = round-robin {{(pid=98883) log_opt_values /opt/stack/data/venv/lib/python3.12/site-packages/oslo_config/cfg.py:3253}}
Jul 15 15:47:09.316409 np0000005201 nova-conductor[98883]: DEBUG cotyledon.oslo_config_glue [-] oslo_messaging_rabbit.kombu_missing_consumer_retry_timeout = 60 {{(pid=98883) log_opt_values /opt/stack/data/venv/lib/python3.12/site-packages/oslo_config/cfg.py:3253}}
Jul 15 15:47:09.316409 np0000005201 nova-conductor[98883]: DEBUG cotyledon.oslo_config_glue [-] oslo_messaging_rabbit.kombu_reconnect_delay = 1.0 {{(pid=98883) log_opt_values /opt/stack/data/venv/lib/python3.12/site-packages/oslo_config/cfg.py:3253}}
Jul 15 15:47:09.316766 np0000005201 nova-conductor[98883]: DEBUG cotyledon.oslo_config_glue [-] oslo_messaging_rabbit.kombu_reconnect_splay = 0.0 {{(pid=98883) log_opt_values /opt/stack/data/venv/lib/python3.12/site-packages/oslo_config/cfg.py:3253}}
Jul 15 15:47:09.316766 np0000005201 nova-conductor[98883]: DEBUG cotyledon.oslo_config_glue [-] oslo_messaging_rabbit.processname = nova-conductor {{(pid=98883) log_opt_values /opt/stack/data/venv/lib/python3.12/site-packages/oslo_config/cfg.py:3253}}
Jul 15 15:47:09.316766 np0000005201 nova-conductor[98883]: DEBUG cotyledon.oslo_config_glue [-] oslo_messaging_rabbit.rabbit_ha_queues = False {{(pid=98883) log_opt_values /opt/stack/data/venv/lib/python3.12/site-packages/oslo_config/cfg.py:3253}}
Jul 15 15:47:09.316766 np0000005201 nova-conductor[98883]: DEBUG cotyledon.oslo_config_glue [-] oslo_messaging_rabbit.rabbit_interval_max = 30 {{(pid=98883) log_opt_values /opt/stack/data/venv/lib/python3.12/site-packages/oslo_config/cfg.py:3253}}
Jul 15 15:47:09.316766 np0000005201 nova-conductor[98883]: DEBUG cotyledon.oslo_config_glue [-] oslo_messaging_rabbit.rabbit_login_method = AMQPLAIN {{(pid=98883) log_opt_values /opt/stack/data/venv/lib/python3.12/site-packages/oslo_config/cfg.py:3253}}
Jul 15 15:47:09.316766 np0000005201 nova-conductor[98883]: DEBUG cotyledon.oslo_config_glue [-] oslo_messaging_rabbit.rabbit_qos_prefetch_count = 0 {{(pid=98883) log_opt_values /opt/stack/data/venv/lib/python3.12/site-packages/oslo_config/cfg.py:3253}}
Jul 15 15:47:09.316766 np0000005201 nova-conductor[98883]: DEBUG cotyledon.oslo_config_glue [-] oslo_messaging_rabbit.rabbit_quorum_delivery_limit = 0 {{(pid=98883) log_opt_values /opt/stack/data/venv/lib/python3.12/site-packages/oslo_config/cfg.py:3253}}
Jul 15 15:47:09.316766 np0000005201 nova-conductor[98883]: DEBUG cotyledon.oslo_config_glue [-] oslo_messaging_rabbit.rabbit_quorum_max_memory_bytes = 0 {{(pid=98883) log_opt_values /opt/stack/data/venv/lib/python3.12/site-packages/oslo_config/cfg.py:3253}}
Jul 15 15:47:09.316766 np0000005201 nova-conductor[98883]: DEBUG cotyledon.oslo_config_glue [-] oslo_messaging_rabbit.rabbit_quorum_max_memory_length = 0 {{(pid=98883) log_opt_values /opt/stack/data/venv/lib/python3.12/site-packages/oslo_config/cfg.py:3253}}
Jul 15 15:47:09.317091 np0000005201 nova-conductor[98883]: DEBUG cotyledon.oslo_config_glue [-] oslo_messaging_rabbit.rabbit_quorum_queue = False {{(pid=98883) log_opt_values /opt/stack/data/venv/lib/python3.12/site-packages/oslo_config/cfg.py:3253}}
Jul 15 15:47:09.317091 np0000005201 nova-conductor[98883]: DEBUG cotyledon.oslo_config_glue [-] oslo_messaging_rabbit.rabbit_retry_backoff = 2 {{(pid=98883) log_opt_values /opt/stack/data/venv/lib/python3.12/site-packages/oslo_config/cfg.py:3253}}
Jul 15 15:47:09.317091 np0000005201 nova-conductor[98883]: DEBUG cotyledon.oslo_config_glue [-] oslo_messaging_rabbit.rabbit_retry_interval = 1 {{(pid=98883) log_opt_values /opt/stack/data/venv/lib/python3.12/site-packages/oslo_config/cfg.py:3253}}
Jul 15 15:47:09.317091 np0000005201 nova-conductor[98883]: DEBUG cotyledon.oslo_config_glue [-] oslo_messaging_rabbit.rabbit_stream_fanout = False {{(pid=98883) log_opt_values /opt/stack/data/venv/lib/python3.12/site-packages/oslo_config/cfg.py:3253}}
Jul 15 15:47:09.317091 np0000005201 nova-conductor[98883]: DEBUG cotyledon.oslo_config_glue [-] oslo_messaging_rabbit.rabbit_transient_queues_ttl = 1800 {{(pid=98883) log_opt_values /opt/stack/data/venv/lib/python3.12/site-packages/oslo_config/cfg.py:3253}}
Jul 15 15:47:09.317240 np0000005201 nova-conductor[98856]: INFO dbcounter [None req-49e2f7c5-0a28-4793-8fed-a6a97316dc88 None None] Registered counter for database nova_cell0
Jul 15 15:47:09.317282 np0000005201 nova-conductor[98883]: DEBUG cotyledon.oslo_config_glue [-] oslo_messaging_rabbit.rabbit_transient_quorum_queue = False {{(pid=98883) log_opt_values /opt/stack/data/venv/lib/python3.12/site-packages/oslo_config/cfg.py:3253}}
Jul 15 15:47:09.317282 np0000005201 nova-conductor[98883]: DEBUG cotyledon.oslo_config_glue [-] oslo_messaging_rabbit.rpc_conn_pool_size = 30 {{(pid=98883) log_opt_values /opt/stack/data/venv/lib/python3.12/site-packages/oslo_config/cfg.py:3253}}
Jul 15 15:47:09.317282 np0000005201 nova-conductor[98883]: DEBUG cotyledon.oslo_config_glue [-] oslo_messaging_rabbit.ssl = False {{(pid=98883) log_opt_values /opt/stack/data/venv/lib/python3.12/site-packages/oslo_config/cfg.py:3253}}
Jul 15 15:47:09.317282 np0000005201 nova-conductor[98883]: DEBUG cotyledon.oslo_config_glue [-] oslo_messaging_rabbit.ssl_ca_file = {{(pid=98883) log_opt_values /opt/stack/data/venv/lib/python3.12/site-packages/oslo_config/cfg.py:3253}}
Jul 15 15:47:09.317282 np0000005201 nova-conductor[98883]: DEBUG cotyledon.oslo_config_glue [-] oslo_messaging_rabbit.ssl_cert_file = {{(pid=98883) log_opt_values /opt/stack/data/venv/lib/python3.12/site-packages/oslo_config/cfg.py:3253}}
Jul 15 15:47:09.317282 np0000005201 nova-conductor[98883]: DEBUG cotyledon.oslo_config_glue [-] oslo_messaging_rabbit.ssl_enforce_fips_mode = False {{(pid=98883) log_opt_values /opt/stack/data/venv/lib/python3.12/site-packages/oslo_config/cfg.py:3253}}
Jul 15 15:47:09.317282 np0000005201 nova-conductor[98883]: DEBUG cotyledon.oslo_config_glue [-] oslo_messaging_rabbit.ssl_enforce_hostname_verification = True {{(pid=98883) log_opt_values /opt/stack/data/venv/lib/python3.12/site-packages/oslo_config/cfg.py:3253}}
Jul 15 15:47:09.317282 np0000005201 nova-conductor[98883]: DEBUG cotyledon.oslo_config_glue [-] oslo_messaging_rabbit.ssl_key_file = {{(pid=98883) log_opt_values /opt/stack/data/venv/lib/python3.12/site-packages/oslo_config/cfg.py:3253}}
Jul 15 15:47:09.317282 np0000005201 nova-conductor[98883]: DEBUG cotyledon.oslo_config_glue [-] oslo_messaging_rabbit.ssl_version = {{(pid=98883) log_opt_values /opt/stack/data/venv/lib/python3.12/site-packages/oslo_config/cfg.py:3253}}
Jul 15 15:47:09.317586 np0000005201 nova-conductor[98883]: DEBUG cotyledon.oslo_config_glue [-] oslo_messaging_rabbit.use_queue_manager = False {{(pid=98883) log_opt_values /opt/stack/data/venv/lib/python3.12/site-packages/oslo_config/cfg.py:3253}}
Jul 15 15:47:09.317586 np0000005201 nova-conductor[98883]: DEBUG cotyledon.oslo_config_glue [-] oslo_messaging_notifications.driver = ['messagingv2'] {{(pid=98883) log_opt_values /opt/stack/data/venv/lib/python3.12/site-packages/oslo_config/cfg.py:3253}}
Jul 15 15:47:09.317586 np0000005201 nova-conductor[98883]: DEBUG cotyledon.oslo_config_glue [-] oslo_messaging_notifications.retry = -1 {{(pid=98883) log_opt_values /opt/stack/data/venv/lib/python3.12/site-packages/oslo_config/cfg.py:3253}}
Jul 15 15:47:09.317586 np0000005201 nova-conductor[98883]: DEBUG cotyledon.oslo_config_glue [-] oslo_messaging_notifications.topics = ['notifications'] {{(pid=98883) log_opt_values /opt/stack/data/venv/lib/python3.12/site-packages/oslo_config/cfg.py:3253}}
Jul 15 15:47:09.317586 np0000005201 nova-conductor[98883]: DEBUG cotyledon.oslo_config_glue [-] oslo_messaging_notifications.transport_url = **** {{(pid=98883) log_opt_values /opt/stack/data/venv/lib/python3.12/site-packages/oslo_config/cfg.py:3253}}
Jul 15 15:47:09.317586 np0000005201 nova-conductor[98883]: DEBUG cotyledon.oslo_config_glue [-] oslo_limit.auth_section = None {{(pid=98883) log_opt_values /opt/stack/data/venv/lib/python3.12/site-packages/oslo_config/cfg.py:3253}}
Jul 15 15:47:09.317586 np0000005201 nova-conductor[98883]: DEBUG cotyledon.oslo_config_glue [-] oslo_limit.auth_type = None {{(pid=98883) log_opt_values /opt/stack/data/venv/lib/python3.12/site-packages/oslo_config/cfg.py:3253}}
Jul 15 15:47:09.317586 np0000005201 nova-conductor[98883]: DEBUG cotyledon.oslo_config_glue [-] oslo_limit.cafile = None {{(pid=98883) log_opt_values /opt/stack/data/venv/lib/python3.12/site-packages/oslo_config/cfg.py:3253}}
Jul 15 15:47:09.317586 np0000005201 nova-conductor[98883]: DEBUG cotyledon.oslo_config_glue [-] oslo_limit.certfile = None {{(pid=98883) log_opt_values /opt/stack/data/venv/lib/python3.12/site-packages/oslo_config/cfg.py:3253}}
Jul 15 15:47:09.317853 np0000005201 nova-conductor[98883]: DEBUG cotyledon.oslo_config_glue [-] oslo_limit.collect_timing = False {{(pid=98883) log_opt_values /opt/stack/data/venv/lib/python3.12/site-packages/oslo_config/cfg.py:3253}}
Jul 15 15:47:09.317853 np0000005201 nova-conductor[98883]: DEBUG cotyledon.oslo_config_glue [-] oslo_limit.connect_retries = None {{(pid=98883) log_opt_values /opt/stack/data/venv/lib/python3.12/site-packages/oslo_config/cfg.py:3253}}
Jul 15 15:47:09.317853 np0000005201 nova-conductor[98883]: DEBUG cotyledon.oslo_config_glue [-] oslo_limit.connect_retry_delay = None {{(pid=98883) log_opt_values /opt/stack/data/venv/lib/python3.12/site-packages/oslo_config/cfg.py:3253}}
Jul 15 15:47:09.317853 np0000005201 nova-conductor[98883]: DEBUG cotyledon.oslo_config_glue [-] oslo_limit.endpoint_id = None {{(pid=98883) log_opt_values /opt/stack/data/venv/lib/python3.12/site-packages/oslo_config/cfg.py:3253}}
Jul 15 15:47:09.317853 np0000005201 nova-conductor[98883]: DEBUG cotyledon.oslo_config_glue [-] oslo_limit.endpoint_interface = public {{(pid=98883) log_opt_values /opt/stack/data/venv/lib/python3.12/site-packages/oslo_config/cfg.py:3253}}
Jul 15 15:47:09.317853 np0000005201 nova-conductor[98883]: DEBUG cotyledon.oslo_config_glue [-] oslo_limit.endpoint_override = None {{(pid=98883) log_opt_values /opt/stack/data/venv/lib/python3.12/site-packages/oslo_config/cfg.py:3253}}
Jul 15 15:47:09.317853 np0000005201 nova-conductor[98883]: DEBUG cotyledon.oslo_config_glue [-] oslo_limit.endpoint_region_name = None {{(pid=98883) log_opt_values /opt/stack/data/venv/lib/python3.12/site-packages/oslo_config/cfg.py:3253}}
Jul 15 15:47:09.317853 np0000005201 nova-conductor[98883]: DEBUG cotyledon.oslo_config_glue [-] oslo_limit.endpoint_service_name = None {{(pid=98883) log_opt_values /opt/stack/data/venv/lib/python3.12/site-packages/oslo_config/cfg.py:3253}}
Jul 15 15:47:09.318082 np0000005201 nova-conductor[98846]: DEBUG oslo_db.sqlalchemy.engines [None req-58ce8831-53c4-49c2-968b-d50c240c5721 None None] MySQL server mode set to STRICT_TRANS_TABLES,STRICT_ALL_TABLES,NO_ZERO_IN_DATE,NO_ZERO_DATE,ERROR_FOR_DIVISION_BY_ZERO,TRADITIONAL,NO_ENGINE_SUBSTITUTION {{(pid=98846) _check_effective_sql_mode /opt/stack/data/venv/lib/python3.12/site-packages/oslo_db/sqlalchemy/engines.py:325}}
Jul 15 15:47:09.318120 np0000005201 nova-conductor[98883]: DEBUG cotyledon.oslo_config_glue [-] oslo_limit.endpoint_service_type = None {{(pid=98883) log_opt_values /opt/stack/data/venv/lib/python3.12/site-packages/oslo_config/cfg.py:3253}}
Jul 15 15:47:09.318120 np0000005201 nova-conductor[98883]: DEBUG cotyledon.oslo_config_glue [-] oslo_limit.insecure = False {{(pid=98883) log_opt_values /opt/stack/data/venv/lib/python3.12/site-packages/oslo_config/cfg.py:3253}}
Jul 15 15:47:09.318120 np0000005201 nova-conductor[98883]: DEBUG cotyledon.oslo_config_glue [-] oslo_limit.keyfile = None {{(pid=98883) log_opt_values /opt/stack/data/venv/lib/python3.12/site-packages/oslo_config/cfg.py:3253}}
Jul 15 15:47:09.318120 np0000005201 nova-conductor[98883]: DEBUG cotyledon.oslo_config_glue [-] oslo_limit.max_version = None {{(pid=98883) log_opt_values /opt/stack/data/venv/lib/python3.12/site-packages/oslo_config/cfg.py:3253}}
Jul 15 15:47:09.318120 np0000005201 nova-conductor[98883]: DEBUG cotyledon.oslo_config_glue [-] oslo_limit.min_version = None {{(pid=98883) log_opt_values /opt/stack/data/venv/lib/python3.12/site-packages/oslo_config/cfg.py:3253}}
Jul 15 15:47:09.318120 np0000005201 nova-conductor[98883]: DEBUG cotyledon.oslo_config_glue [-] oslo_limit.region_name = None {{(pid=98883) log_opt_values /opt/stack/data/venv/lib/python3.12/site-packages/oslo_config/cfg.py:3253}}
Jul 15 15:47:09.318120 np0000005201 nova-conductor[98883]: DEBUG cotyledon.oslo_config_glue [-] oslo_limit.retriable_status_codes = None {{(pid=98883) log_opt_values /opt/stack/data/venv/lib/python3.12/site-packages/oslo_config/cfg.py:3253}}
Jul 15 15:47:09.318120 np0000005201 nova-conductor[98883]: DEBUG cotyledon.oslo_config_glue [-] oslo_limit.service_name = None {{(pid=98883) log_opt_values /opt/stack/data/venv/lib/python3.12/site-packages/oslo_config/cfg.py:3253}}
Jul 15 15:47:09.318120 np0000005201 nova-conductor[98883]: DEBUG cotyledon.oslo_config_glue [-] oslo_limit.service_type = None {{(pid=98883) log_opt_values /opt/stack/data/venv/lib/python3.12/site-packages/oslo_config/cfg.py:3253}}
Jul 15 15:47:09.318399 np0000005201 nova-conductor[98883]: DEBUG cotyledon.oslo_config_glue [-] oslo_limit.split_loggers = False {{(pid=98883) log_opt_values /opt/stack/data/venv/lib/python3.12/site-packages/oslo_config/cfg.py:3253}}
Jul 15 15:47:09.318399 np0000005201 nova-conductor[98883]: DEBUG cotyledon.oslo_config_glue [-] oslo_limit.status_code_retries = None {{(pid=98883) log_opt_values /opt/stack/data/venv/lib/python3.12/site-packages/oslo_config/cfg.py:3253}}
Jul 15 15:47:09.318399 np0000005201 nova-conductor[98883]: DEBUG cotyledon.oslo_config_glue [-] oslo_limit.status_code_retry_delay = None {{(pid=98883) log_opt_values /opt/stack/data/venv/lib/python3.12/site-packages/oslo_config/cfg.py:3253}}
Jul 15 15:47:09.318399 np0000005201 nova-conductor[98883]: DEBUG cotyledon.oslo_config_glue [-] oslo_limit.timeout = None {{(pid=98883) log_opt_values /opt/stack/data/venv/lib/python3.12/site-packages/oslo_config/cfg.py:3253}}
Jul 15 15:47:09.318399 np0000005201 nova-conductor[98883]: DEBUG cotyledon.oslo_config_glue [-] oslo_limit.valid_interfaces = None {{(pid=98883) log_opt_values /opt/stack/data/venv/lib/python3.12/site-packages/oslo_config/cfg.py:3253}}
Jul 15 15:47:09.318399 np0000005201 nova-conductor[98883]: DEBUG cotyledon.oslo_config_glue [-] oslo_limit.version = None {{(pid=98883) log_opt_values /opt/stack/data/venv/lib/python3.12/site-packages/oslo_config/cfg.py:3253}}
Jul 15 15:47:09.318399 np0000005201 nova-conductor[98883]: DEBUG cotyledon.oslo_config_glue [-] oslo_reports.file_event_handler = None {{(pid=98883) log_opt_values /opt/stack/data/venv/lib/python3.12/site-packages/oslo_config/cfg.py:3253}}
Jul 15 15:47:09.318399 np0000005201 nova-conductor[98883]: DEBUG cotyledon.oslo_config_glue [-] oslo_reports.file_event_handler_interval = 1 {{(pid=98883) log_opt_values /opt/stack/data/venv/lib/python3.12/site-packages/oslo_config/cfg.py:3253}}
Jul 15 15:47:09.318399 np0000005201 nova-conductor[98883]: DEBUG cotyledon.oslo_config_glue [-] oslo_reports.log_dir = None {{(pid=98883) log_opt_values /opt/stack/data/venv/lib/python3.12/site-packages/oslo_config/cfg.py:3253}}
Jul 15 15:47:09.318689 np0000005201 nova-conductor[98883]: DEBUG cotyledon.oslo_config_glue [-] ******************************************************************************** {{(pid=98883) log_opt_values /opt/stack/data/venv/lib/python3.12/site-packages/oslo_config/cfg.py:3260}}
Jul 15 15:47:09.318689 np0000005201 nova-conductor[98883]: DEBUG cotyledon._service_worker [-] Run service ServiceWrapper(3) [98883] {{(pid=98883) wait_forever /opt/stack/data/venv/lib/python3.12/site-packages/cotyledon/_service_worker.py:218}}
Jul 15 15:47:09.318689 np0000005201 nova-conductor[98883]: INFO nova.service [-] Starting conductor node (version 33.1.0)
Jul 15 15:47:09.318689 np0000005201 nova-conductor[98883]: INFO dbcounter [None req-e139c172-9f78-4610-a92e-9ed606d54470 None None] Registered counter for database nova_cell0
Jul 15 15:47:09.318811 np0000005201 nova-conductor[98846]: DEBUG dbcounter [-] [98846] Writer thread running {{(pid=98846) stat_writer /opt/stack/data/venv/lib/python3.12/site-packages/dbcounter.py:102}}
Jul 15 15:47:09.329613 np0000005201 nova-conductor[98852]: DEBUG oslo_db.sqlalchemy.engines [None req-e91bbd28-e50e-43e8-bd6e-7bf9f7dce3e7 None None] MySQL server mode set to STRICT_TRANS_TABLES,STRICT_ALL_TABLES,NO_ZERO_IN_DATE,NO_ZERO_DATE,ERROR_FOR_DIVISION_BY_ZERO,TRADITIONAL,NO_ENGINE_SUBSTITUTION {{(pid=98852) _check_effective_sql_mode /opt/stack/data/venv/lib/python3.12/site-packages/oslo_db/sqlalchemy/engines.py:325}}
Jul 15 15:47:09.332207 np0000005201 nova-conductor[98846]: DEBUG nova.service [None req-58ce8831-53c4-49c2-968b-d50c240c5721 None None] Creating RPC server for service: nova-conductor on topic: conductor {{(pid=98846) start /opt/stack/nova/nova/service.py:196}}
Jul 15 15:47:09.338635 np0000005201 nova-conductor[98856]: DEBUG oslo_db.sqlalchemy.engines [None req-49e2f7c5-0a28-4793-8fed-a6a97316dc88 None None] MySQL server mode set to STRICT_TRANS_TABLES,STRICT_ALL_TABLES,NO_ZERO_IN_DATE,NO_ZERO_DATE,ERROR_FOR_DIVISION_BY_ZERO,TRADITIONAL,NO_ENGINE_SUBSTITUTION {{(pid=98856) _check_effective_sql_mode /opt/stack/data/venv/lib/python3.12/site-packages/oslo_db/sqlalchemy/engines.py:325}}
Jul 15 15:47:09.339318 np0000005201 nova-conductor[98852]: DEBUG dbcounter [-] [98852] Writer thread running {{(pid=98852) stat_writer /opt/stack/data/venv/lib/python3.12/site-packages/dbcounter.py:102}}
Jul 15 15:47:09.342150 np0000005201 nova-conductor[98852]: DEBUG nova.service [None req-e91bbd28-e50e-43e8-bd6e-7bf9f7dce3e7 None None] Creating RPC server for service: nova-conductor on topic: conductor {{(pid=98852) start /opt/stack/nova/nova/service.py:196}}
Jul 15 15:47:09.348634 np0000005201 nova-conductor[98856]: DEBUG dbcounter [-] [98856] Writer thread running {{(pid=98856) stat_writer /opt/stack/data/venv/lib/python3.12/site-packages/dbcounter.py:102}}
Jul 15 15:47:09.352734 np0000005201 nova-conductor[98883]: DEBUG oslo_db.sqlalchemy.engines [None req-e139c172-9f78-4610-a92e-9ed606d54470 None None] MySQL server mode set to STRICT_TRANS_TABLES,STRICT_ALL_TABLES,NO_ZERO_IN_DATE,NO_ZERO_DATE,ERROR_FOR_DIVISION_BY_ZERO,TRADITIONAL,NO_ENGINE_SUBSTITUTION {{(pid=98883) _check_effective_sql_mode /opt/stack/data/venv/lib/python3.12/site-packages/oslo_db/sqlalchemy/engines.py:325}}
Jul 15 15:47:09.353063 np0000005201 nova-conductor[98856]: DEBUG nova.service [None req-49e2f7c5-0a28-4793-8fed-a6a97316dc88 None None] Creating RPC server for service: nova-conductor on topic: conductor {{(pid=98856) start /opt/stack/nova/nova/service.py:196}}
Jul 15 15:47:09.357821 np0000005201 nova-conductor[98846]: DEBUG nova.service [None req-58ce8831-53c4-49c2-968b-d50c240c5721 None None] Join ServiceGroup membership for this service conductor {{(pid=98846) start /opt/stack/nova/nova/service.py:222}}
Jul 15 15:47:09.358093 np0000005201 nova-conductor[98846]: DEBUG nova.servicegroup.drivers.db [None req-58ce8831-53c4-49c2-968b-d50c240c5721 None None] DB_Driver: join new ServiceGroup member np0000005201 to the conductor group, service = {{(pid=98846) join /opt/stack/nova/nova/servicegroup/drivers/db.py:44}}
Jul 15 15:47:09.361961 np0000005201 nova-conductor[98883]: DEBUG dbcounter [-] [98883] Writer thread running {{(pid=98883) stat_writer /opt/stack/data/venv/lib/python3.12/site-packages/dbcounter.py:102}}
Jul 15 15:47:09.364387 np0000005201 nova-conductor[98883]: DEBUG nova.service [None req-e139c172-9f78-4610-a92e-9ed606d54470 None None] Creating RPC server for service: nova-conductor on topic: conductor {{(pid=98883) start /opt/stack/nova/nova/service.py:196}}
Jul 15 15:47:09.369724 np0000005201 nova-conductor[98852]: DEBUG nova.service [None req-e91bbd28-e50e-43e8-bd6e-7bf9f7dce3e7 None None] Join ServiceGroup membership for this service conductor {{(pid=98852) start /opt/stack/nova/nova/service.py:222}}
Jul 15 15:47:09.370143 np0000005201 nova-conductor[98852]: DEBUG nova.servicegroup.drivers.db [None req-e91bbd28-e50e-43e8-bd6e-7bf9f7dce3e7 None None] DB_Driver: join new ServiceGroup member np0000005201 to the conductor group, service = {{(pid=98852) join /opt/stack/nova/nova/servicegroup/drivers/db.py:44}}
Jul 15 15:47:09.375740 np0000005201 nova-conductor[98856]: DEBUG nova.service [None req-49e2f7c5-0a28-4793-8fed-a6a97316dc88 None None] Join ServiceGroup membership for this service conductor {{(pid=98856) start /opt/stack/nova/nova/service.py:222}}
Jul 15 15:47:09.376020 np0000005201 nova-conductor[98856]: DEBUG nova.servicegroup.drivers.db [None req-49e2f7c5-0a28-4793-8fed-a6a97316dc88 None None] DB_Driver: join new ServiceGroup member np0000005201 to the conductor group, service = {{(pid=98856) join /opt/stack/nova/nova/servicegroup/drivers/db.py:44}}
Jul 15 15:47:09.379831 np0000005201 nova-conductor[98883]: DEBUG nova.service [None req-e139c172-9f78-4610-a92e-9ed606d54470 None None] Join ServiceGroup membership for this service conductor {{(pid=98883) start /opt/stack/nova/nova/service.py:222}}
Jul 15 15:47:09.380034 np0000005201 nova-conductor[98883]: DEBUG nova.servicegroup.drivers.db [None req-e139c172-9f78-4610-a92e-9ed606d54470 None None] DB_Driver: join new ServiceGroup member np0000005201 to the conductor group, service = {{(pid=98883) join /opt/stack/nova/nova/servicegroup/drivers/db.py:44}}
Jul 15 15:47:14.374441 np0000005201 nova-conductor[98846]: DEBUG oslo.service.backend._threading.loopingcall [-] Fixed interval looping call 'nova.servicegroup.drivers.db.DbDriver._report_state' sleeping for 119.99 seconds {{(pid=98846) _run_loop /opt/stack/data/venv/lib/python3.12/site-packages/oslo_service/backend/_threading/loopingcall.py:125}}
Jul 15 15:47:14.381639 np0000005201 nova-conductor[98852]: DEBUG oslo.service.backend._threading.loopingcall [-] Fixed interval looping call 'nova.servicegroup.drivers.db.DbDriver._report_state' sleeping for 119.99 seconds {{(pid=98852) _run_loop /opt/stack/data/venv/lib/python3.12/site-packages/oslo_service/backend/_threading/loopingcall.py:125}}
Jul 15 15:47:14.388813 np0000005201 nova-conductor[98856]: DEBUG oslo.service.backend._threading.loopingcall [-] Fixed interval looping call 'nova.servicegroup.drivers.db.DbDriver._report_state' sleeping for 119.99 seconds {{(pid=98856) _run_loop /opt/stack/data/venv/lib/python3.12/site-packages/oslo_service/backend/_threading/loopingcall.py:125}}
Jul 15 15:47:14.393203 np0000005201 nova-conductor[98883]: DEBUG oslo.service.backend._threading.loopingcall [-] Fixed interval looping call 'nova.servicegroup.drivers.db.DbDriver._report_state' sleeping for 119.99 seconds {{(pid=98883) _run_loop /opt/stack/data/venv/lib/python3.12/site-packages/oslo_service/backend/_threading/loopingcall.py:125}}
Jul 15 15:47:16.378077 np0000005201 nova-conductor[98856]: DEBUG oslo.service.backend._threading.loopingcall [None req-b549fec4-8483-464b-ab6c-35de5509b8b9 None None] Dynamic interval looping call 'nova.service.Service.periodic_tasks' sleeping for 60.00 seconds {{(pid=98856) _run_loop /opt/stack/data/venv/lib/python3.12/site-packages/oslo_service/backend/_threading/loopingcall.py:125}}
Jul 15 15:47:16.382156 np0000005201 nova-conductor[98883]: DEBUG oslo.service.backend._threading.loopingcall [None req-ddd63371-3097-48f9-bc92-2cffeb2d1ff3 None None] Dynamic interval looping call 'nova.service.Service.periodic_tasks' sleeping for 60.00 seconds {{(pid=98883) _run_loop /opt/stack/data/venv/lib/python3.12/site-packages/oslo_service/backend/_threading/loopingcall.py:125}}
Jul 15 15:47:17.938908 np0000005201 nova-conductor[97339]: DEBUG dbcounter [-] [97339] Writing DB stats nova_api:SELECT=1 {{(pid=97339) stat_writer /opt/stack/data/venv/lib/python3.12/site-packages/dbcounter.py:115}}
Jul 15 15:47:18.069936 np0000005201 nova-conductor[97339]: DEBUG dbcounter [-] [97339] Writing DB stats nova_cell0:SELECT=1 {{(pid=97339) stat_writer /opt/stack/data/venv/lib/python3.12/site-packages/dbcounter.py:115}}
Jul 15 15:47:18.079439 np0000005201 nova-conductor[97339]: DEBUG dbcounter [-] [97339] Writing DB stats nova_cell1:SELECT=1 {{(pid=97339) stat_writer /opt/stack/data/venv/lib/python3.12/site-packages/dbcounter.py:115}}
Jul 15 15:47:24.368725 np0000005201 nova-conductor[98846]: DEBUG dbcounter [-] [98846] Writing DB stats nova_cell0:SELECT=4,nova_cell0:INSERT=1,nova_cell0:UPDATE=1 {{(pid=98846) stat_writer /opt/stack/data/venv/lib/python3.12/site-packages/dbcounter.py:115}}
Jul 15 15:47:24.378646 np0000005201 nova-conductor[98852]: DEBUG dbcounter [-] [98852] Writing DB stats nova_cell0:SELECT=3 {{(pid=98852) stat_writer /opt/stack/data/venv/lib/python3.12/site-packages/dbcounter.py:115}}
Jul 15 15:47:24.385249 np0000005201 nova-conductor[98856]: DEBUG dbcounter [-] [98856] Writing DB stats nova_cell0:SELECT=3 {{(pid=98856) stat_writer /opt/stack/data/venv/lib/python3.12/site-packages/dbcounter.py:115}}
Jul 15 15:47:24.389218 np0000005201 nova-conductor[98883]: DEBUG dbcounter [-] [98883] Writing DB stats nova_cell0:SELECT=3 {{(pid=98883) stat_writer /opt/stack/data/venv/lib/python3.12/site-packages/dbcounter.py:115}}
Jul 15 15:47:29.360018 np0000005201 nova-conductor[98846]: DEBUG oslo.service.backend._threading.loopingcall [None req-e8910af3-84e0-465f-92e8-847865f05dc9 None None] Dynamic interval looping call 'nova.service.Service.periodic_tasks' sleeping for 60.00 seconds {{(pid=98846) _run_loop /opt/stack/data/venv/lib/python3.12/site-packages/oslo_service/backend/_threading/loopingcall.py:125}}
Jul 15 15:47:33.373147 np0000005201 nova-conductor[98852]: DEBUG oslo.service.backend._threading.loopingcall [None req-c813b172-11c3-4269-b399-626bc80401ba None None] Dynamic interval looping call 'nova.service.Service.periodic_tasks' sleeping for 60.00 seconds {{(pid=98852) _run_loop /opt/stack/data/venv/lib/python3.12/site-packages/oslo_service/backend/_threading/loopingcall.py:125}}
Jul 15 15:48:16.378963 np0000005201 nova-conductor[98856]: DEBUG oslo.service.backend._threading.loopingcall [None req-b549fec4-8483-464b-ab6c-35de5509b8b9 None None] Dynamic interval looping call 'nova.service.Service.periodic_tasks' sleeping for 60.00 seconds {{(pid=98856) _run_loop /opt/stack/data/venv/lib/python3.12/site-packages/oslo_service/backend/_threading/loopingcall.py:125}}
Jul 15 15:48:16.382813 np0000005201 nova-conductor[98883]: DEBUG oslo.service.backend._threading.loopingcall [None req-ddd63371-3097-48f9-bc92-2cffeb2d1ff3 None None] Dynamic interval looping call 'nova.service.Service.periodic_tasks' sleeping for 60.00 seconds {{(pid=98883) _run_loop /opt/stack/data/venv/lib/python3.12/site-packages/oslo_service/backend/_threading/loopingcall.py:125}}
Jul 15 15:48:29.360539 np0000005201 nova-conductor[98846]: DEBUG oslo.service.backend._threading.loopingcall [None req-e8910af3-84e0-465f-92e8-847865f05dc9 None None] Dynamic interval looping call 'nova.service.Service.periodic_tasks' sleeping for 60.00 seconds {{(pid=98846) _run_loop /opt/stack/data/venv/lib/python3.12/site-packages/oslo_service/backend/_threading/loopingcall.py:125}}
Jul 15 15:48:33.373777 np0000005201 nova-conductor[98852]: DEBUG oslo.service.backend._threading.loopingcall [None req-c813b172-11c3-4269-b399-626bc80401ba None None] Dynamic interval looping call 'nova.service.Service.periodic_tasks' sleeping for 60.00 seconds {{(pid=98852) _run_loop /opt/stack/data/venv/lib/python3.12/site-packages/oslo_service/backend/_threading/loopingcall.py:125}}
Jul 15 15:49:14.372336 np0000005201 nova-conductor[98846]: DEBUG oslo.service.backend._threading.loopingcall [-] Fixed interval looping call 'nova.servicegroup.drivers.db.DbDriver._report_state' sleeping for 119.99 seconds {{(pid=98846) _run_loop /opt/stack/data/venv/lib/python3.12/site-packages/oslo_service/backend/_threading/loopingcall.py:125}}
Jul 15 15:49:14.377581 np0000005201 nova-conductor[98852]: DEBUG oslo.service.backend._threading.loopingcall [-] Fixed interval looping call 'nova.servicegroup.drivers.db.DbDriver._report_state' sleeping for 119.99 seconds {{(pid=98852) _run_loop /opt/stack/data/venv/lib/python3.12/site-packages/oslo_service/backend/_threading/loopingcall.py:125}}
Jul 15 15:49:14.383624 np0000005201 nova-conductor[98856]: DEBUG oslo.service.backend._threading.loopingcall [-] Fixed interval looping call 'nova.servicegroup.drivers.db.DbDriver._report_state' sleeping for 120.00 seconds {{(pid=98856) _run_loop /opt/stack/data/venv/lib/python3.12/site-packages/oslo_service/backend/_threading/loopingcall.py:125}}
Jul 15 15:49:14.386739 np0000005201 nova-conductor[98883]: DEBUG oslo.service.backend._threading.loopingcall [-] Fixed interval looping call 'nova.servicegroup.drivers.db.DbDriver._report_state' sleeping for 120.00 seconds {{(pid=98883) _run_loop /opt/stack/data/venv/lib/python3.12/site-packages/oslo_service/backend/_threading/loopingcall.py:125}}
Jul 15 15:49:16.379607 np0000005201 nova-conductor[98856]: DEBUG oslo.service.backend._threading.loopingcall [None req-b549fec4-8483-464b-ab6c-35de5509b8b9 None None] Dynamic interval looping call 'nova.service.Service.periodic_tasks' sleeping for 60.00 seconds {{(pid=98856) _run_loop /opt/stack/data/venv/lib/python3.12/site-packages/oslo_service/backend/_threading/loopingcall.py:125}}
Jul 15 15:49:16.383430 np0000005201 nova-conductor[98883]: DEBUG oslo.service.backend._threading.loopingcall [None req-ddd63371-3097-48f9-bc92-2cffeb2d1ff3 None None] Dynamic interval looping call 'nova.service.Service.periodic_tasks' sleeping for 60.00 seconds {{(pid=98883) _run_loop /opt/stack/data/venv/lib/python3.12/site-packages/oslo_service/backend/_threading/loopingcall.py:125}}
Jul 15 15:49:24.371475 np0000005201 nova-conductor[98846]: DEBUG dbcounter [-] [98846] Writing DB stats nova_cell0:SELECT=1,nova_cell0:UPDATE=1 {{(pid=98846) stat_writer /opt/stack/data/venv/lib/python3.12/site-packages/dbcounter.py:115}}
Jul 15 15:49:24.375477 np0000005201 nova-conductor[98852]: DEBUG dbcounter [-] [98852] Writing DB stats nova_cell0:SELECT=1 {{(pid=98852) stat_writer /opt/stack/data/venv/lib/python3.12/site-packages/dbcounter.py:115}}
Jul 15 15:49:24.381033 np0000005201 nova-conductor[98856]: DEBUG dbcounter [-] [98856] Writing DB stats nova_cell0:SELECT=1 {{(pid=98856) stat_writer /opt/stack/data/venv/lib/python3.12/site-packages/dbcounter.py:115}}
Jul 15 15:49:24.387465 np0000005201 nova-conductor[98883]: DEBUG dbcounter [-] [98883] Writing DB stats nova_cell0:SELECT=1 {{(pid=98883) stat_writer /opt/stack/data/venv/lib/python3.12/site-packages/dbcounter.py:115}}
Jul 15 15:49:29.361010 np0000005201 nova-conductor[98846]: DEBUG oslo.service.backend._threading.loopingcall [None req-e8910af3-84e0-465f-92e8-847865f05dc9 None None] Dynamic interval looping call 'nova.service.Service.periodic_tasks' sleeping for 60.00 seconds {{(pid=98846) _run_loop /opt/stack/data/venv/lib/python3.12/site-packages/oslo_service/backend/_threading/loopingcall.py:125}}
Jul 15 15:49:33.374258 np0000005201 nova-conductor[98852]: DEBUG oslo.service.backend._threading.loopingcall [None req-c813b172-11c3-4269-b399-626bc80401ba None None] Dynamic interval looping call 'nova.service.Service.periodic_tasks' sleeping for 60.00 seconds {{(pid=98852) _run_loop /opt/stack/data/venv/lib/python3.12/site-packages/oslo_service/backend/_threading/loopingcall.py:125}}
Jul 15 15:49:46.592673 np0000005201 nova-conductor[98846]: DEBUG oslo_db.sqlalchemy.engines [None req-68d62d51-4588-46d0-b063-da146d6aa1d5 tempest-AttachSCSIVolumeTestJSON-180391223 tempest-AttachSCSIVolumeTestJSON-180391223-project-member] Parent process 97339 forked (98846) with an open database connection, which is being discarded and recreated. {{(pid=98846) checkout /opt/stack/data/venv/lib/python3.12/site-packages/oslo_db/sqlalchemy/engines.py:402}}
Jul 15 15:49:46.649497 np0000005201 nova-conductor[98846]: DEBUG dbcounter [-] [98846] Writer thread running {{(pid=98846) stat_writer /opt/stack/data/venv/lib/python3.12/site-packages/dbcounter.py:102}}
Jul 15 15:49:47.850241 np0000005201 nova-conductor[98852]: DEBUG dbcounter [-] [98852] Writer thread running {{(pid=98852) stat_writer /opt/stack/data/venv/lib/python3.12/site-packages/dbcounter.py:102}}
Jul 15 15:49:47.872253 np0000005201 nova-conductor[98846]: DEBUG nova.conductor.manager [None req-68d62d51-4588-46d0-b063-da146d6aa1d5 tempest-AttachSCSIVolumeTestJSON-180391223 tempest-AttachSCSIVolumeTestJSON-180391223-project-member] Took 1.22 seconds to select destinations for 1 instance(s). {{(pid=98846) _schedule_instances /opt/stack/nova/nova/conductor/manager.py:968}}
Jul 15 15:49:47.922278 np0000005201 nova-conductor[98846]: DEBUG oslo_concurrency.lockutils [None req-68d62d51-4588-46d0-b063-da146d6aa1d5 tempest-AttachSCSIVolumeTestJSON-180391223 tempest-AttachSCSIVolumeTestJSON-180391223-project-member] Acquiring lock "e9b908c8-67e3-43eb-b084-8da81f53177a" by "nova.context.set_target_cell..get_or_set_cached_cell_and_set_connections" {{(pid=98846) inner /opt/stack/data/venv/lib/python3.12/site-packages/oslo_concurrency/lockutils.py:511}}
Jul 15 15:49:47.923209 np0000005201 nova-conductor[98846]: DEBUG oslo_concurrency.lockutils [None req-68d62d51-4588-46d0-b063-da146d6aa1d5 tempest-AttachSCSIVolumeTestJSON-180391223 tempest-AttachSCSIVolumeTestJSON-180391223-project-member] Lock "e9b908c8-67e3-43eb-b084-8da81f53177a" acquired by "nova.context.set_target_cell..get_or_set_cached_cell_and_set_connections" :: waited 0.000s {{(pid=98846) inner /opt/stack/data/venv/lib/python3.12/site-packages/oslo_concurrency/lockutils.py:524}}
Jul 15 15:49:47.924722 np0000005201 nova-conductor[98846]: DEBUG oslo_concurrency.lockutils [None req-68d62d51-4588-46d0-b063-da146d6aa1d5 tempest-AttachSCSIVolumeTestJSON-180391223 tempest-AttachSCSIVolumeTestJSON-180391223-project-member] Lock "e9b908c8-67e3-43eb-b084-8da81f53177a" "released" by "nova.context.set_target_cell..get_or_set_cached_cell_and_set_connections" :: held 0.002s {{(pid=98846) inner /opt/stack/data/venv/lib/python3.12/site-packages/oslo_concurrency/lockutils.py:543}}
Jul 15 15:49:47.927534 np0000005201 nova-conductor[98846]: INFO dbcounter [None req-68d62d51-4588-46d0-b063-da146d6aa1d5 tempest-AttachSCSIVolumeTestJSON-180391223 tempest-AttachSCSIVolumeTestJSON-180391223-project-member] Registered counter for database nova_cell1
Jul 15 15:49:47.987600 np0000005201 nova-conductor[98846]: DEBUG oslo_db.sqlalchemy.engines [None req-68d62d51-4588-46d0-b063-da146d6aa1d5 tempest-AttachSCSIVolumeTestJSON-180391223 tempest-AttachSCSIVolumeTestJSON-180391223-project-member] MySQL server mode set to STRICT_TRANS_TABLES,STRICT_ALL_TABLES,NO_ZERO_IN_DATE,NO_ZERO_DATE,ERROR_FOR_DIVISION_BY_ZERO,TRADITIONAL,NO_ENGINE_SUBSTITUTION {{(pid=98846) _check_effective_sql_mode /opt/stack/data/venv/lib/python3.12/site-packages/oslo_db/sqlalchemy/engines.py:325}}
Jul 15 15:49:47.996372 np0000005201 nova-conductor[98846]: DEBUG dbcounter [-] [98846] Writer thread running {{(pid=98846) stat_writer /opt/stack/data/venv/lib/python3.12/site-packages/dbcounter.py:102}}
Jul 15 15:49:48.090651 np0000005201 nova-conductor[98846]: INFO nova.utils [None req-68d62d51-4588-46d0-b063-da146d6aa1d5 tempest-AttachSCSIVolumeTestJSON-180391223 tempest-AttachSCSIVolumeTestJSON-180391223-project-member] The cell worker thread pool ForkProcess-1.cell_worker is initialized
Jul 15 15:49:48.091582 np0000005201 nova-conductor[98846]: DEBUG oslo_concurrency.lockutils [None req-68d62d51-4588-46d0-b063-da146d6aa1d5 tempest-AttachSCSIVolumeTestJSON-180391223 tempest-AttachSCSIVolumeTestJSON-180391223-project-member] Acquiring lock "00000000-0000-0000-0000-000000000000" by "nova.context.set_target_cell..get_or_set_cached_cell_and_set_connections" {{(pid=98846) inner /opt/stack/data/venv/lib/python3.12/site-packages/oslo_concurrency/lockutils.py:511}}
Jul 15 15:49:48.091792 np0000005201 nova-conductor[98846]: DEBUG oslo_concurrency.lockutils [None req-68d62d51-4588-46d0-b063-da146d6aa1d5 tempest-AttachSCSIVolumeTestJSON-180391223 tempest-AttachSCSIVolumeTestJSON-180391223-project-member] Lock "00000000-0000-0000-0000-000000000000" acquired by "nova.context.set_target_cell..get_or_set_cached_cell_and_set_connections" :: waited 0.001s {{(pid=98846) inner /opt/stack/data/venv/lib/python3.12/site-packages/oslo_concurrency/lockutils.py:524}}
