Jul 15 15:46:39.260770 np0000005201 devstack@neutron-api.service[90551]: DEBUG neutron_lib.callbacks.manager [None req-b6d098ae-d764-4289-b601-efebedb3657b None None] Subscribe: port before_update 55550000, False {{(pid=90551) subscribe /opt/stack/data/venv/lib/python3.12/site-packages/neutron_lib/callbacks/manager.py:52}}
Jul 15 15:46:39.260770 np0000005201 devstack@neutron-api.service[90551]: DEBUG neutron_lib.callbacks.manager [None req-b6d098ae-d764-4289-b601-efebedb3657b None None] Subscribe: port before_delete 55550000, False {{(pid=90551) subscribe /opt/stack/data/venv/lib/python3.12/site-packages/neutron_lib/callbacks/manager.py:52}}
Jul 15 15:46:39.260944 np0000005201 devstack@neutron-api.service[90552]: DEBUG neutron.api.extensions [None req-56bc4e7b-bb7a-486d-bf67-b0239d875bad None None] Ext name="Floating IP Port Forwarding support port ranges" alias="floating-ip-port-forwarding-port-ranges" description="Add support to port ranges" updated="2020-07-01T10:00:00-00:00" {{(pid=90552) _check_extension /opt/stack/neutron/neutron/api/extensions.py:415}}
Jul 15 15:46:39.261023 np0000005201 devstack@neutron-api.service[90551]: DEBUG neutron_lib.callbacks.manager [None req-b6d098ae-d764-4289-b601-efebedb3657b None None] Subscribe: > router precommit_create 55550000, False {{(pid=90551) subscribe /opt/stack/data/venv/lib/python3.12/site-packages/neutron_lib/callbacks/manager.py:52}}
Jul 15 15:46:39.261243 np0000005201 devstack@neutron-api.service[90552]: INFO neutron.api.extensions [None req-56bc4e7b-bb7a-486d-bf67-b0239d875bad None None] Extension floating-ip-port-forwarding-port-ranges not supported by any of loaded plugins
Jul 15 15:46:39.261377 np0000005201 devstack@neutron-api.service[90551]: DEBUG neutron_lib.callbacks.manager [None req-b6d098ae-d764-4289-b601-efebedb3657b None None] Subscribe: > router precommit_create 55550000, False {{(pid=90551) subscribe /opt/stack/data/venv/lib/python3.12/site-packages/neutron_lib/callbacks/manager.py:52}}
Jul 15 15:46:39.261605 np0000005201 devstack@neutron-api.service[90552]: DEBUG neutron.api.extensions [None req-56bc4e7b-bb7a-486d-bf67-b0239d875bad None None] Loading extension file: fip_port_details.py {{(pid=90552) _load_all_extensions_from_path /opt/stack/neutron/neutron/api/extensions.py:449}}
Jul 15 15:46:39.261834 np0000005201 devstack@neutron-api.service[90551]: DEBUG neutron_lib.callbacks.manager [None req-b6d098ae-d764-4289-b601-efebedb3657b None None] Subscribe: > router precommit_update 55550000, False {{(pid=90551) subscribe /opt/stack/data/venv/lib/python3.12/site-packages/neutron_lib/callbacks/manager.py:52}}
Jul 15 15:46:39.261834 np0000005201 devstack@neutron-api.service[90551]: DEBUG neutron_lib.callbacks.manager [None req-b6d098ae-d764-4289-b601-efebedb3657b None None] Subscribe: subnet after_update 55550000, False {{(pid=90551) subscribe /opt/stack/data/venv/lib/python3.12/site-packages/neutron_lib/callbacks/manager.py:52}}
Jul 15 15:46:39.261945 np0000005201 devstack@neutron-api.service[90552]: DEBUG neutron.api.extensions [None req-56bc4e7b-bb7a-486d-bf67-b0239d875bad None None] Ext name="Floating IP Port Details Extension" alias="fip-port-details" description="Add port_details attribute to Floating IP resource" updated="2018-04-09T10:00:00-00:00" {{(pid=90552) _check_extension /opt/stack/neutron/neutron/api/extensions.py:415}}
Jul 15 15:46:39.262027 np0000005201 devstack@neutron-api.service[90551]: DEBUG neutron.quota.resource_registry [None req-b6d098ae-d764-4289-b601-efebedb3657b None None] Tracking information for resource: router configured {{(pid=90551) set_tracked_resource /opt/stack/neutron/neutron/quota/resource_registry.py:203}}
Jul 15 15:46:39.262266 np0000005201 devstack@neutron-api.service[90552]: INFO neutron.api.extensions [None req-56bc4e7b-bb7a-486d-bf67-b0239d875bad None None] Loaded extension: fip-port-details
Jul 15 15:46:39.262532 np0000005201 devstack@neutron-api.service[90551]: DEBUG neutron.quota.resource_registry [None req-b6d098ae-d764-4289-b601-efebedb3657b None None] Tracking information for resource: floatingip configured {{(pid=90551) set_tracked_resource /opt/stack/neutron/neutron/quota/resource_registry.py:203}}
Jul 15 15:46:39.262751 np0000005201 devstack@neutron-api.service[90552]: DEBUG neutron.api.extensions [None req-56bc4e7b-bb7a-486d-bf67-b0239d875bad None None] Loading extension file: flavors.py {{(pid=90552) _load_all_extensions_from_path /opt/stack/neutron/neutron/api/extensions.py:449}}
Jul 15 15:46:39.262962 np0000005201 devstack@neutron-api.service[90551]: INFO neutron.services.ovn_l3.plugin [None req-b6d098ae-d764-4289-b601-efebedb3657b None None] Starting OVNL3RouterPlugin
Jul 15 15:46:39.263204 np0000005201 devstack@neutron-api.service[90552]: DEBUG neutron.api.extensions [None req-56bc4e7b-bb7a-486d-bf67-b0239d875bad None None] Ext name="Neutron Service Flavors" alias="flavors" description="Flavor specification for Neutron advanced services." updated="2015-09-17T10:00:00-00:00" {{(pid=90552) _check_extension /opt/stack/neutron/neutron/api/extensions.py:415}}
Jul 15 15:46:39.263488 np0000005201 devstack@neutron-api.service[90551]: DEBUG neutron_lib.callbacks.manager [None req-b6d098ae-d764-4289-b601-efebedb3657b None None] Subscribe: > port_forwarding_plugin after_init 55550000, False {{(pid=90551) subscribe /opt/stack/data/venv/lib/python3.12/site-packages/neutron_lib/callbacks/manager.py:52}}
Jul 15 15:46:39.263707 np0000005201 devstack@neutron-api.service[90552]: INFO neutron.api.extensions [None req-56bc4e7b-bb7a-486d-bf67-b0239d875bad None None] Loaded extension: flavors
Jul 15 15:46:39.263707 np0000005201 devstack@neutron-api.service[90552]: DEBUG neutron.api.extensions [None req-56bc4e7b-bb7a-486d-bf67-b0239d875bad None None] Loading extension file: floating_ip_port_forwarding.py {{(pid=90552) _load_all_extensions_from_path /opt/stack/neutron/neutron/api/extensions.py:449}}
Jul 15 15:46:39.263959 np0000005201 devstack@neutron-api.service[90551]: DEBUG neutron_lib.callbacks.manager [None req-b6d098ae-d764-4289-b601-efebedb3657b None None] Subscribe: > router before_create 55550100, False {{(pid=90551) subscribe /opt/stack/data/venv/lib/python3.12/site-packages/neutron_lib/callbacks/manager.py:52}}
Jul 15 15:46:39.263959 np0000005201 devstack@neutron-api.service[90551]: DEBUG neutron_lib.callbacks.manager [None req-b6d098ae-d764-4289-b601-efebedb3657b None None] Subscribe: > router precommit_delete 55550100, False {{(pid=90551) subscribe /opt/stack/data/venv/lib/python3.12/site-packages/neutron_lib/callbacks/manager.py:52}}
Jul 15 15:46:39.263959 np0000005201 devstack@neutron-api.service[90551]: DEBUG neutron_lib.callbacks.manager [None req-b6d098ae-d764-4289-b601-efebedb3657b None None] Subscribe: > router precommit_create 55550100, False {{(pid=90551) subscribe /opt/stack/data/venv/lib/python3.12/site-packages/neutron_lib/callbacks/manager.py:52}}
Jul 15 15:46:39.263959 np0000005201 devstack@neutron-api.service[90551]: DEBUG neutron_lib.callbacks.manager [None req-b6d098ae-d764-4289-b601-efebedb3657b None None] Subscribe: > router precommit_update 55550100, False {{(pid=90551) subscribe /opt/stack/data/venv/lib/python3.12/site-packages/neutron_lib/callbacks/manager.py:52}}
Jul 15 15:46:39.264143 np0000005201 devstack@neutron-api.service[90552]: DEBUG neutron.api.extensions [None req-56bc4e7b-bb7a-486d-bf67-b0239d875bad None None] Ext name="Floating IP Port Forwarding" alias="floating-ip-port-forwarding" description="Allow port forwarding from floating IP port to an internal port" updated="2018-01-19T10:00:00-00:00" {{(pid=90552) _check_extension /opt/stack/neutron/neutron/api/extensions.py:415}}
Jul 15 15:46:39.264143 np0000005201 devstack@neutron-api.service[90552]: INFO neutron.api.extensions [None req-56bc4e7b-bb7a-486d-bf67-b0239d875bad None None] Extension floating-ip-port-forwarding not supported by any of loaded plugins
Jul 15 15:46:39.264143 np0000005201 devstack@neutron-api.service[90552]: DEBUG neutron.api.extensions [None req-56bc4e7b-bb7a-486d-bf67-b0239d875bad None None] Loading extension file: floatingip_pools.py {{(pid=90552) _load_all_extensions_from_path /opt/stack/neutron/neutron/api/extensions.py:449}}
Jul 15 15:46:39.264143 np0000005201 devstack@neutron-api.service[90552]: DEBUG neutron.api.extensions [None req-56bc4e7b-bb7a-486d-bf67-b0239d875bad None None] Ext name="Floating IP Pools Extension" alias="floatingip-pools" description="Provides a floating IP pools API." updated="2018-03-21T10:00:00-00:00" {{(pid=90552) _check_extension /opt/stack/neutron/neutron/api/extensions.py:415}}
Jul 15 15:46:39.264143 np0000005201 devstack@neutron-api.service[90552]: INFO neutron.api.extensions [None req-56bc4e7b-bb7a-486d-bf67-b0239d875bad None None] Loaded extension: floatingip-pools
Jul 15 15:46:39.264143 np0000005201 devstack@neutron-api.service[90552]: DEBUG neutron.api.extensions [None req-56bc4e7b-bb7a-486d-bf67-b0239d875bad None None] Loading extension file: ip_allocation.py {{(pid=90552) _load_all_extensions_from_path /opt/stack/neutron/neutron/api/extensions.py:449}}
Jul 15 15:46:39.264143 np0000005201 devstack@neutron-api.service[90552]: DEBUG neutron.api.extensions [None req-56bc4e7b-bb7a-486d-bf67-b0239d875bad None None] Ext name="IP Allocation" alias="ip_allocation" description="IP allocation extension." updated="2016-06-10T23:00:00-00:00" {{(pid=90552) _check_extension /opt/stack/neutron/neutron/api/extensions.py:415}}
Jul 15 15:46:39.264377 np0000005201 devstack@neutron-api.service[90552]: INFO neutron.api.extensions [None req-56bc4e7b-bb7a-486d-bf67-b0239d875bad None None] Extension ip_allocation not supported by any of loaded plugins
Jul 15 15:46:39.264377 np0000005201 devstack@neutron-api.service[90552]: DEBUG neutron.api.extensions [None req-56bc4e7b-bb7a-486d-bf67-b0239d875bad None None] Loading extension file: ip_substring_port_filtering.py {{(pid=90552) _load_all_extensions_from_path /opt/stack/neutron/neutron/api/extensions.py:449}}
Jul 15 15:46:39.264377 np0000005201 devstack@neutron-api.service[90552]: DEBUG neutron.api.extensions [None req-56bc4e7b-bb7a-486d-bf67-b0239d875bad None None] Ext name="IP address substring filtering" alias="ip-substring-filtering" description="Provides IP address substring filtering when listing ports" updated="2017-11-28T09:00:00-00:00" {{(pid=90552) _check_extension /opt/stack/neutron/neutron/api/extensions.py:415}}
Jul 15 15:46:39.264377 np0000005201 devstack@neutron-api.service[90552]: INFO neutron.api.extensions [None req-56bc4e7b-bb7a-486d-bf67-b0239d875bad None None] Extension ip-substring-filtering not supported by any of loaded plugins
Jul 15 15:46:39.264377 np0000005201 devstack@neutron-api.service[90552]: DEBUG neutron.api.extensions [None req-56bc4e7b-bb7a-486d-bf67-b0239d875bad None None] Loading extension file: l2_adjacency.py {{(pid=90552) _load_all_extensions_from_path /opt/stack/neutron/neutron/api/extensions.py:449}}
Jul 15 15:46:39.264377 np0000005201 devstack@neutron-api.service[90552]: DEBUG neutron.api.extensions [None req-56bc4e7b-bb7a-486d-bf67-b0239d875bad None None] Ext name="L2 Adjacency" alias="l2_adjacency" description="Display L2 Adjacency for Neutron Networks." updated="2016-04-12T16:00:00-00:00" {{(pid=90552) _check_extension /opt/stack/neutron/neutron/api/extensions.py:415}}
Jul 15 15:46:39.264377 np0000005201 devstack@neutron-api.service[90552]: INFO neutron.api.extensions [None req-56bc4e7b-bb7a-486d-bf67-b0239d875bad None None] Extension l2_adjacency not supported by any of loaded plugins
Jul 15 15:46:39.264971 np0000005201 devstack@neutron-api.service[90552]: DEBUG neutron.api.extensions [None req-56bc4e7b-bb7a-486d-bf67-b0239d875bad None None] Loading extension file: l3.py {{(pid=90552) _load_all_extensions_from_path /opt/stack/neutron/neutron/api/extensions.py:449}}
Jul 15 15:46:39.264971 np0000005201 devstack@neutron-api.service[90552]: DEBUG neutron.api.extensions [None req-56bc4e7b-bb7a-486d-bf67-b0239d875bad None None] Ext name="Neutron L3 Router" alias="router" description="Router abstraction for basic L3 forwarding between L2 Neutron networks and access to external networks via a NAT gateway." updated="2012-07-20T10:00:00-00:00" {{(pid=90552) _check_extension /opt/stack/neutron/neutron/api/extensions.py:415}}
Jul 15 15:46:39.264971 np0000005201 devstack@neutron-api.service[90552]: INFO neutron.api.extensions [None req-56bc4e7b-bb7a-486d-bf67-b0239d875bad None None] Loaded extension: router
Jul 15 15:46:39.264971 np0000005201 devstack@neutron-api.service[90552]: DEBUG neutron.api.extensions [None req-56bc4e7b-bb7a-486d-bf67-b0239d875bad None None] Loading extension file: l3_agent_scheduler_ha_chassis_priority.py {{(pid=90552) _load_all_extensions_from_path /opt/stack/neutron/neutron/api/extensions.py:449}}
Jul 15 15:46:39.265146 np0000005201 devstack@neutron-api.service[90551]: DEBUG neutron.services.provider_configuration [None req-b6d098ae-d764-4289-b601-efebedb3657b None None] Service providers = [] {{(pid=90551) parse_service_provider_opt /opt/stack/neutron/neutron/services/provider_configuration.py:170}}
Jul 15 15:46:39.265146 np0000005201 devstack@neutron-api.service[90551]: DEBUG neutron.db.servicetype_db [None req-b6d098ae-d764-4289-b601-efebedb3657b None None] Adding provider configuration for service L3_ROUTER_NAT {{(pid=90551) add_provider_configuration /opt/stack/neutron/neutron/db/servicetype_db.py:45}}
Jul 15 15:46:39.265418 np0000005201 devstack@neutron-api.service[90552]: DEBUG neutron.api.extensions [None req-56bc4e7b-bb7a-486d-bf67-b0239d875bad None None] Ext name="L3 Agent Scheduler HA Chassis Priority" alias="l3-agent-scheduler-ha-chassis-priority" description="Exposes the HA_Chassis priority in the L3 Agent Scheduler API responses and allows setting priority when scheduling a router to a chassis." updated="2026-03-31T00:00:00-00:00" {{(pid=90552) _check_extension /opt/stack/neutron/neutron/api/extensions.py:415}}
Jul 15 15:46:39.265418 np0000005201 devstack@neutron-api.service[90552]: INFO neutron.api.extensions [None req-56bc4e7b-bb7a-486d-bf67-b0239d875bad None None] Loaded extension: l3-agent-scheduler-ha-chassis-priority
Jul 15 15:46:39.265418 np0000005201 devstack@neutron-api.service[90552]: DEBUG neutron.api.extensions [None req-56bc4e7b-bb7a-486d-bf67-b0239d875bad None None] Loading extension file: l3_conntrack_helper.py {{(pid=90552) _load_all_extensions_from_path /opt/stack/neutron/neutron/api/extensions.py:449}}
Jul 15 15:46:39.265992 np0000005201 devstack@neutron-api.service[90552]: DEBUG neutron.api.extensions [None req-56bc4e7b-bb7a-486d-bf67-b0239d875bad None None] Ext name="L3 Conntrack helper" alias="l3-conntrack-helper" description="Allow adding CT target rules for conntrack helper" updated="2019-04-04T10:00:00-00:00" {{(pid=90552) _check_extension /opt/stack/neutron/neutron/api/extensions.py:415}}
Jul 15 15:46:39.266230 np0000005201 devstack@neutron-api.service[90552]: INFO neutron.api.extensions [None req-56bc4e7b-bb7a-486d-bf67-b0239d875bad None None] Extension l3-conntrack-helper not supported by any of loaded plugins
Jul 15 15:46:39.266230 np0000005201 devstack@neutron-api.service[90552]: DEBUG neutron.api.extensions [None req-56bc4e7b-bb7a-486d-bf67-b0239d875bad None None] Loading extension file: l3_enable_default_route_bfd.py {{(pid=90552) _load_all_extensions_from_path /opt/stack/neutron/neutron/api/extensions.py:449}}
Jul 15 15:46:39.266502 np0000005201 devstack@neutron-api.service[90551]: DEBUG neutron_lib.callbacks.manager [None req-b6d098ae-d764-4289-b601-efebedb3657b None None] Subscribe: > router precommit_create 55549900, False {{(pid=90551) subscribe /opt/stack/data/venv/lib/python3.12/site-packages/neutron_lib/callbacks/manager.py:52}}
Jul 15 15:46:39.266701 np0000005201 devstack@neutron-api.service[90552]: DEBUG neutron.api.extensions [None req-56bc4e7b-bb7a-486d-bf67-b0239d875bad None None] Ext name="Enable Default Route BFD" alias="enable-default-route-bfd" description="Enables configurable BFD behavior for default routes" updated="2023-02-27T00:00:00-00:00" {{(pid=90552) _check_extension /opt/stack/neutron/neutron/api/extensions.py:415}}
Jul 15 15:46:39.266926 np0000005201 devstack@neutron-api.service[90551]: DEBUG neutron_lib.callbacks.manager [None req-b6d098ae-d764-4289-b601-efebedb3657b None None] Subscribe: > router_interface after_create 55550000, False {{(pid=90551) subscribe /opt/stack/data/venv/lib/python3.12/site-packages/neutron_lib/callbacks/manager.py:52}}
Jul 15 15:46:39.267131 np0000005201 devstack@neutron-api.service[90552]: INFO neutron.api.extensions [None req-56bc4e7b-bb7a-486d-bf67-b0239d875bad None None] Loaded extension: enable-default-route-bfd
Jul 15 15:46:39.267131 np0000005201 devstack@neutron-api.service[90552]: DEBUG neutron.api.extensions [None req-56bc4e7b-bb7a-486d-bf67-b0239d875bad None None] Loading extension file: l3_enable_default_route_ecmp.py {{(pid=90552) _load_all_extensions_from_path /opt/stack/neutron/neutron/api/extensions.py:449}}
Jul 15 15:46:39.267405 np0000005201 devstack@neutron-api.service[90551]: DEBUG neutron_lib.callbacks.manager [None req-b6d098ae-d764-4289-b601-efebedb3657b None None] Subscribe: > floatingip after_create 55550000, False {{(pid=90551) subscribe /opt/stack/data/venv/lib/python3.12/site-packages/neutron_lib/callbacks/manager.py:52}}
Jul 15 15:46:39.267405 np0000005201 devstack@neutron-api.service[90551]: DEBUG neutron_lib.callbacks.manager [None req-b6d098ae-d764-4289-b601-efebedb3657b None None] Subscribe: > floatingip precommit_create 55550000, False {{(pid=90551) subscribe /opt/stack/data/venv/lib/python3.12/site-packages/neutron_lib/callbacks/manager.py:52}}
Jul 15 15:46:39.267786 np0000005201 devstack@neutron-api.service[90552]: DEBUG neutron.api.extensions [None req-56bc4e7b-bb7a-486d-bf67-b0239d875bad None None] Ext name="Enable Default Route ECMP" alias="enable-default-route-ecmp" description="Enables configurable ECMP behavior for default routes" updated="2023-02-27T00:00:00-00:00" {{(pid=90552) _check_extension /opt/stack/neutron/neutron/api/extensions.py:415}}
Jul 15 15:46:39.267990 np0000005201 devstack@neutron-api.service[90551]: DEBUG neutron_lib.callbacks.manager [None req-b6d098ae-d764-4289-b601-efebedb3657b None None] Subscribe: > floatingip precommit_update 55550000, False {{(pid=90551) subscribe /opt/stack/data/venv/lib/python3.12/site-packages/neutron_lib/callbacks/manager.py:52}}
Jul 15 15:46:39.268259 np0000005201 devstack@neutron-api.service[90552]: INFO neutron.api.extensions [None req-56bc4e7b-bb7a-486d-bf67-b0239d875bad None None] Loaded extension: enable-default-route-ecmp
Jul 15 15:46:39.268259 np0000005201 devstack@neutron-api.service[90552]: DEBUG neutron.api.extensions [None req-56bc4e7b-bb7a-486d-bf67-b0239d875bad None None] Loading extension file: l3_ext_gw_mode.py {{(pid=90552) _load_all_extensions_from_path /opt/stack/neutron/neutron/api/extensions.py:449}}
Jul 15 15:46:39.268527 np0000005201 devstack@neutron-api.service[90551]: DEBUG neutron_lib.callbacks.manager [None req-b6d098ae-d764-4289-b601-efebedb3657b None None] Subscribe: > floatingip after_delete 55550000, False {{(pid=90551) subscribe /opt/stack/data/venv/lib/python3.12/site-packages/neutron_lib/callbacks/manager.py:52}}
Jul 15 15:46:39.268527 np0000005201 devstack@neutron-api.service[90551]: DEBUG neutron_lib.callbacks.manager [None req-b6d098ae-d764-4289-b601-efebedb3657b None None] Subscribe: > floatingip after_status_update 55550000, False {{(pid=90551) subscribe /opt/stack/data/venv/lib/python3.12/site-packages/neutron_lib/callbacks/manager.py:52}}
Jul 15 15:46:39.268527 np0000005201 devstack@neutron-api.service[90551]: DEBUG neutron_lib.callbacks.manager [None req-b6d098ae-d764-4289-b601-efebedb3657b None None] Subscribe: > floatingip after_update 55550000, False {{(pid=90551) subscribe /opt/stack/data/venv/lib/python3.12/site-packages/neutron_lib/callbacks/manager.py:52}}
Jul 15 15:46:39.268786 np0000005201 devstack@neutron-api.service[90552]: DEBUG neutron.api.extensions [None req-56bc4e7b-bb7a-486d-bf67-b0239d875bad None None] Ext name="Neutron L3 Configurable external gateway mode" alias="ext-gw-mode" description="Extension of the router abstraction for specifying whether SNAT should occur on the external gateway" updated="2013-03-28T10:00:00-00:00" {{(pid=90552) _check_extension /opt/stack/neutron/neutron/api/extensions.py:415}}
Jul 15 15:46:39.268920 np0000005201 devstack@neutron-api.service[90551]: DEBUG neutron_lib.callbacks.manager [None req-b6d098ae-d764-4289-b601-efebedb3657b None None] Subscribe: > port_forwarding after_create 55550000, False {{(pid=90551) subscribe /opt/stack/data/venv/lib/python3.12/site-packages/neutron_lib/callbacks/manager.py:52}}
Jul 15 15:46:39.269006 np0000005201 devstack@neutron-api.service[90552]: INFO neutron.api.extensions [None req-56bc4e7b-bb7a-486d-bf67-b0239d875bad None None] Loaded extension: ext-gw-mode
Jul 15 15:46:39.269216 np0000005201 devstack@neutron-api.service[90551]: DEBUG neutron_lib.callbacks.manager [None req-b6d098ae-d764-4289-b601-efebedb3657b None None] Subscribe: > router_interface after_delete 55550000, False {{(pid=90551) subscribe /opt/stack/data/venv/lib/python3.12/site-packages/neutron_lib/callbacks/manager.py:52}}
Jul 15 15:46:39.269465 np0000005201 devstack@neutron-api.service[90552]: DEBUG neutron.api.extensions [None req-56bc4e7b-bb7a-486d-bf67-b0239d875bad None None] Loading extension file: l3_ext_ha_mode.py {{(pid=90552) _load_all_extensions_from_path /opt/stack/neutron/neutron/api/extensions.py:449}}
Jul 15 15:46:39.269680 np0000005201 devstack@neutron-api.service[90551]: DEBUG neutron_lib.callbacks.manager [None req-b6d098ae-d764-4289-b601-efebedb3657b None None] Subscribe: > router after_create 55550000, False {{(pid=90551) subscribe /opt/stack/data/venv/lib/python3.12/site-packages/neutron_lib/callbacks/manager.py:52}}
Jul 15 15:46:39.269680 np0000005201 devstack@neutron-api.service[90551]: DEBUG neutron_lib.callbacks.manager [None req-b6d098ae-d764-4289-b601-efebedb3657b None None] Subscribe: > router precommit_create 55550000, False {{(pid=90551) subscribe /opt/stack/data/venv/lib/python3.12/site-packages/neutron_lib/callbacks/manager.py:52}}
Jul 15 15:46:39.269680 np0000005201 devstack@neutron-api.service[90551]: DEBUG neutron_lib.callbacks.manager [None req-b6d098ae-d764-4289-b601-efebedb3657b None None] Subscribe: > router after_delete 55550000, False {{(pid=90551) subscribe /opt/stack/data/venv/lib/python3.12/site-packages/neutron_lib/callbacks/manager.py:52}}
Jul 15 15:46:39.269940 np0000005201 devstack@neutron-api.service[90552]: DEBUG neutron.api.extensions [None req-56bc4e7b-bb7a-486d-bf67-b0239d875bad None None] Ext name="HA Router extension" alias="l3-ha" description="Adds HA capability to routers." updated="2014-04-26T00:00:00-00:00" {{(pid=90552) _check_extension /opt/stack/neutron/neutron/api/extensions.py:415}}
Jul 15 15:46:39.270155 np0000005201 devstack@neutron-api.service[90551]: DEBUG neutron_lib.callbacks.manager [None req-b6d098ae-d764-4289-b601-efebedb3657b None None] Subscribe: > router after_update 55550000, False {{(pid=90551) subscribe /opt/stack/data/venv/lib/python3.12/site-packages/neutron_lib/callbacks/manager.py:52}}
Jul 15 15:46:39.270155 np0000005201 devstack@neutron-api.service[90551]: DEBUG neutron.services.service_base [None req-b6d098ae-d764-4289-b601-efebedb3657b None None] Loaded 'neutron.services.ovn_l3.service_providers.ovn.OvnDriver' provider for service L3_ROUTER_NAT {{(pid=90551) load_drivers /opt/stack/neutron/neutron/services/service_base.py:49}}
Jul 15 15:46:39.270481 np0000005201 devstack@neutron-api.service[90552]: INFO neutron.api.extensions [None req-56bc4e7b-bb7a-486d-bf67-b0239d875bad None None] Loaded extension: l3-ha
Jul 15 15:46:39.270481 np0000005201 devstack@neutron-api.service[90552]: DEBUG neutron.api.extensions [None req-56bc4e7b-bb7a-486d-bf67-b0239d875bad None None] Loading extension file: l3_ext_ndp_proxy.py {{(pid=90552) _load_all_extensions_from_path /opt/stack/neutron/neutron/api/extensions.py:449}}
Jul 15 15:46:39.270802 np0000005201 devstack@neutron-api.service[90551]: DEBUG neutron_lib.callbacks.manager [None req-b6d098ae-d764-4289-b601-efebedb3657b None None] Subscribe: > process after_init 55550001, True {{(pid=90551) subscribe /opt/stack/data/venv/lib/python3.12/site-packages/neutron_lib/callbacks/manager.py:52}}
Jul 15 15:46:39.270802 np0000005201 devstack@neutron-api.service[90551]: DEBUG neutron.manager [None req-b6d098ae-d764-4289-b601-efebedb3657b None None] Successfully loaded L3_ROUTER_NAT plugin. Description: L3 Router Service Plugin for basic L3 forwarding using OVN {{(pid=90551) _create_and_add_service_plugin /opt/stack/neutron/neutron/manager.py:236}}
Jul 15 15:46:39.271053 np0000005201 devstack@neutron-api.service[90552]: DEBUG neutron.api.extensions [None req-56bc4e7b-bb7a-486d-bf67-b0239d875bad None None] Ext name="Router support to enable NDP proxy" alias="l3-ext-ndp-proxy" description="Router extension to enable ndp proxy" updated="2020-08-25T00:00:00-00:00" {{(pid=90552) _check_extension /opt/stack/neutron/neutron/api/extensions.py:415}}
Jul 15 15:46:39.271332 np0000005201 devstack@neutron-api.service[90551]: INFO neutron.manager [None req-b6d098ae-d764-4289-b601-efebedb3657b None None] Loading Plugin: auto_allocate
Jul 15 15:46:39.271624 np0000005201 devstack@neutron-api.service[90552]: INFO neutron.api.extensions [None req-56bc4e7b-bb7a-486d-bf67-b0239d875bad None None] Extension l3-ext-ndp-proxy not supported by any of loaded plugins
Jul 15 15:46:39.271624 np0000005201 devstack@neutron-api.service[90552]: DEBUG neutron.api.extensions [None req-56bc4e7b-bb7a-486d-bf67-b0239d875bad None None] Loading extension file: l3_extra_gws.py {{(pid=90552) _load_all_extensions_from_path /opt/stack/neutron/neutron/api/extensions.py:449}}
Jul 15 15:46:39.271624 np0000005201 devstack@neutron-api.service[90552]: DEBUG neutron.api.extensions [None req-56bc4e7b-bb7a-486d-bf67-b0239d875bad None None] Ext name="Neutron L3 External Gateway Multihoming" alias="external-gateway-multihoming" description="Allow multiple external gateway ports per router" updated="2023-01-18T00:00:00-00:00" {{(pid=90552) _check_extension /opt/stack/neutron/neutron/api/extensions.py:415}}
Jul 15 15:46:39.271624 np0000005201 devstack@neutron-api.service[90552]: INFO neutron.api.extensions [None req-56bc4e7b-bb7a-486d-bf67-b0239d875bad None None] Loaded extension: external-gateway-multihoming
Jul 15 15:46:39.271624 np0000005201 devstack@neutron-api.service[90552]: DEBUG neutron.api.extensions [None req-56bc4e7b-bb7a-486d-bf67-b0239d875bad None None] Loading extension file: l3_flavors.py {{(pid=90552) _load_all_extensions_from_path /opt/stack/neutron/neutron/api/extensions.py:449}}
Jul 15 15:46:39.271900 np0000005201 devstack@neutron-api.service[90551]: DEBUG neutron_lib.callbacks.manager [None req-b6d098ae-d764-4289-b601-efebedb3657b None None] Subscribe: network precommit_update 55550000, False {{(pid=90551) subscribe /opt/stack/data/venv/lib/python3.12/site-packages/neutron_lib/callbacks/manager.py:52}}
Jul 15 15:46:39.272002 np0000005201 devstack@neutron-api.service[90552]: DEBUG neutron.api.extensions [None req-56bc4e7b-bb7a-486d-bf67-b0239d875bad None None] Ext name="Router Flavor Extension" alias="l3-flavors" description="Flavor support for routers." updated="2016-05-17T00:00:00-00:00" {{(pid=90552) _check_extension /opt/stack/neutron/neutron/api/extensions.py:415}}
Jul 15 15:46:39.272242 np0000005201 devstack@neutron-api.service[90551]: DEBUG neutron_lib.callbacks.manager [None req-b6d098ae-d764-4289-b601-efebedb3657b None None] Subscribe: network precommit_create 55550000, False {{(pid=90551) subscribe /opt/stack/data/venv/lib/python3.12/site-packages/neutron_lib/callbacks/manager.py:52}}
Jul 15 15:46:39.272524 np0000005201 devstack@neutron-api.service[90552]: INFO neutron.api.extensions [None req-56bc4e7b-bb7a-486d-bf67-b0239d875bad None None] Loaded extension: l3-flavors
Jul 15 15:46:39.272524 np0000005201 devstack@neutron-api.service[90552]: DEBUG neutron.api.extensions [None req-56bc4e7b-bb7a-486d-bf67-b0239d875bad None None] Loading extension file: l3_ndp_proxy.py {{(pid=90552) _load_all_extensions_from_path /opt/stack/neutron/neutron/api/extensions.py:449}}
Jul 15 15:46:39.272748 np0000005201 devstack@neutron-api.service[90551]: DEBUG neutron.manager [None req-b6d098ae-d764-4289-b601-efebedb3657b None None] Successfully loaded auto-allocated-topology plugin. Description: Auto Allocated Topology - aka get me a network. {{(pid=90551) _create_and_add_service_plugin /opt/stack/neutron/neutron/manager.py:236}}
Jul 15 15:46:39.272748 np0000005201 devstack@neutron-api.service[90551]: INFO neutron.manager [None req-b6d098ae-d764-4289-b601-efebedb3657b None None] Loading Plugin: tag
Jul 15 15:46:39.272987 np0000005201 devstack@neutron-api.service[90552]: DEBUG neutron.api.extensions [None req-56bc4e7b-bb7a-486d-bf67-b0239d875bad None None] Ext name="name" alias="l3-ndp-proxy" description="description" updated="2021-06-29T10:00:00-00:00" {{(pid=90552) _check_extension /opt/stack/neutron/neutron/api/extensions.py:415}}
Jul 15 15:46:39.272987 np0000005201 devstack@neutron-api.service[90552]: INFO neutron.api.extensions [None req-56bc4e7b-bb7a-486d-bf67-b0239d875bad None None] Extension l3-ndp-proxy not supported by any of loaded plugins
Jul 15 15:46:39.272987 np0000005201 devstack@neutron-api.service[90552]: DEBUG neutron.api.extensions [None req-56bc4e7b-bb7a-486d-bf67-b0239d875bad None None] Loading extension file: l3_port_ip_change_not_allowed.py {{(pid=90552) _load_all_extensions_from_path /opt/stack/neutron/neutron/api/extensions.py:449}}
Jul 15 15:46:39.272987 np0000005201 devstack@neutron-api.service[90552]: DEBUG neutron.api.extensions [None req-56bc4e7b-bb7a-486d-bf67-b0239d875bad None None] Ext name="Prevent L3 router ports IP address change extension" alias="l3-port-ip-change-not-allowed" description="Prevent change of IP address for some L3 router ports" updated="2018-10-09T10:00:00-00:00" {{(pid=90552) _check_extension /opt/stack/neutron/neutron/api/extensions.py:415}}
Jul 15 15:46:39.272987 np0000005201 devstack@neutron-api.service[90552]: INFO neutron.api.extensions [None req-56bc4e7b-bb7a-486d-bf67-b0239d875bad None None] Extension l3-port-ip-change-not-allowed not supported by any of loaded plugins
Jul 15 15:46:39.272987 np0000005201 devstack@neutron-api.service[90552]: DEBUG neutron.api.extensions [None req-56bc4e7b-bb7a-486d-bf67-b0239d875bad None None] Loading extension file: l3agentscheduler.py {{(pid=90552) _load_all_extensions_from_path /opt/stack/neutron/neutron/api/extensions.py:449}}
Jul 15 15:46:39.272987 np0000005201 devstack@neutron-api.service[90552]: DEBUG neutron.api.extensions [None req-56bc4e7b-bb7a-486d-bf67-b0239d875bad None None] Ext name="L3 Agent Scheduler" alias="l3_agent_scheduler" description="Schedule routers among l3 agents" updated="2013-02-07T10:00:00-00:00" {{(pid=90552) _check_extension /opt/stack/neutron/neutron/api/extensions.py:415}}
Jul 15 15:46:39.273328 np0000005201 devstack@neutron-api.service[90552]: INFO neutron.api.extensions [None req-56bc4e7b-bb7a-486d-bf67-b0239d875bad None None] Loaded extension: l3_agent_scheduler
Jul 15 15:46:39.273328 np0000005201 devstack@neutron-api.service[90552]: DEBUG neutron.api.extensions [None req-56bc4e7b-bb7a-486d-bf67-b0239d875bad None None] Loading extension file: local_ip.py {{(pid=90552) _load_all_extensions_from_path /opt/stack/neutron/neutron/api/extensions.py:449}}
Jul 15 15:46:39.273328 np0000005201 devstack@neutron-api.service[90552]: DEBUG neutron.api.extensions [None req-56bc4e7b-bb7a-486d-bf67-b0239d875bad None None] Ext name="Local IP" alias="local_ip" description="Support Node Local Virtual IP" updated="2021-07-26T10:00:00-00:00" {{(pid=90552) _check_extension /opt/stack/neutron/neutron/api/extensions.py:415}}
Jul 15 15:46:39.273328 np0000005201 devstack@neutron-api.service[90552]: INFO neutron.api.extensions [None req-56bc4e7b-bb7a-486d-bf67-b0239d875bad None None] Extension local_ip not supported by any of loaded plugins
Jul 15 15:46:39.273328 np0000005201 devstack@neutron-api.service[90552]: DEBUG neutron.api.extensions [None req-56bc4e7b-bb7a-486d-bf67-b0239d875bad None None] Loading extension file: logging.py {{(pid=90552) _load_all_extensions_from_path /opt/stack/neutron/neutron/api/extensions.py:449}}
Jul 15 15:46:39.273328 np0000005201 devstack@neutron-api.service[90552]: DEBUG neutron.api.extensions [None req-56bc4e7b-bb7a-486d-bf67-b0239d875bad None None] Ext name="Logging API Extension" alias="logging" description="Provides a logging API for resources such as security group and firewall." updated="2017-01-01T10:00:00-00:00" {{(pid=90552) _check_extension /opt/stack/neutron/neutron/api/extensions.py:415}}
Jul 15 15:46:39.273328 np0000005201 devstack@neutron-api.service[90552]: INFO neutron.api.extensions [None req-56bc4e7b-bb7a-486d-bf67-b0239d875bad None None] Extension logging not supported by any of loaded plugins
Jul 15 15:46:39.273842 np0000005201 devstack@neutron-api.service[90551]: DEBUG neutron.manager [None req-b6d098ae-d764-4289-b601-efebedb3657b None None] Successfully loaded TAG plugin. Description: Tag support {{(pid=90551) _create_and_add_service_plugin /opt/stack/neutron/neutron/manager.py:236}}
Jul 15 15:46:39.274057 np0000005201 devstack@neutron-api.service[90552]: DEBUG neutron.api.extensions [None req-56bc4e7b-bb7a-486d-bf67-b0239d875bad None None] Loading extension file: metering.py {{(pid=90552) _load_all_extensions_from_path /opt/stack/neutron/neutron/api/extensions.py:449}}
Jul 15 15:46:39.274315 np0000005201 devstack@neutron-api.service[90551]: INFO neutron.manager [None req-b6d098ae-d764-4289-b601-efebedb3657b None None] Loading Plugin: timestamp
Jul 15 15:46:39.274648 np0000005201 devstack@neutron-api.service[90552]: DEBUG neutron.api.extensions [None req-56bc4e7b-bb7a-486d-bf67-b0239d875bad None None] Ext name="Neutron Metering" alias="metering" description="Neutron Metering extension." updated="2013-06-12T10:00:00-00:00" {{(pid=90552) _check_extension /opt/stack/neutron/neutron/api/extensions.py:415}}
Jul 15 15:46:39.274648 np0000005201 devstack@neutron-api.service[90552]: INFO neutron.api.extensions [None req-56bc4e7b-bb7a-486d-bf67-b0239d875bad None None] Extension metering not supported by any of loaded plugins
Jul 15 15:46:39.274648 np0000005201 devstack@neutron-api.service[90552]: DEBUG neutron.api.extensions [None req-56bc4e7b-bb7a-486d-bf67-b0239d875bad None None] Loading extension file: metering_source_and_destination_fields.py {{(pid=90552) _load_all_extensions_from_path /opt/stack/neutron/neutron/api/extensions.py:449}}
Jul 15 15:46:39.274898 np0000005201 devstack@neutron-api.service[90550]: INFO neutron.plugins.ml2.drivers.type_vlan [None req-d37739c4-7564-404f-a02c-d243b04876c1 None None] VlanTypeDriver initialization complete
Jul 15 15:46:39.274898 np0000005201 devstack@neutron-api.service[90550]: INFO neutron.plugins.ml2.managers [None req-d37739c4-7564-404f-a02c-d243b04876c1 None None] Initializing extension driver 'port_security'
Jul 15 15:46:39.275710 np0000005201 devstack@neutron-api.service[90552]: DEBUG neutron.api.extensions [None req-56bc4e7b-bb7a-486d-bf67-b0239d875bad None None] Ext name="Neutron Metering with source and destination filtering" alias="metering_source_and_destination_fields" description="Neutron Metering extension that enables the use of source and destination IP prefixes to create metering label rules." updated="2020-08-21T08:12:00-00:00" {{(pid=90552) _check_extension /opt/stack/neutron/neutron/api/extensions.py:415}}
Jul 15 15:46:39.275938 np0000005201 devstack@neutron-api.service[90550]: INFO neutron.plugins.ml2.extensions.port_security [None req-d37739c4-7564-404f-a02c-d243b04876c1 None None] PortSecurityExtensionDriver initialization complete
Jul 15 15:46:39.276136 np0000005201 devstack@neutron-api.service[90552]: INFO neutron.api.extensions [None req-56bc4e7b-bb7a-486d-bf67-b0239d875bad None None] Extension metering_source_and_destination_fields not supported by any of loaded plugins
Jul 15 15:46:39.276214 np0000005201 devstack@neutron-api.service[90550]: INFO neutron.plugins.ml2.managers [None req-d37739c4-7564-404f-a02c-d243b04876c1 None None] Initializing extension driver 'qos'
Jul 15 15:46:39.276330 np0000005201 devstack@neutron-api.service[90552]: DEBUG neutron.api.extensions [None req-56bc4e7b-bb7a-486d-bf67-b0239d875bad None None] Loading extension file: multiprovidernet.py {{(pid=90552) _load_all_extensions_from_path /opt/stack/neutron/neutron/api/extensions.py:449}}
Jul 15 15:46:39.276651 np0000005201 devstack@neutron-api.service[90551]: DEBUG neutron.manager [None req-b6d098ae-d764-4289-b601-efebedb3657b None None] Successfully loaded timestamp plugin. Description: Adds timestamps to Neutron resources with standard attributes {{(pid=90551) _create_and_add_service_plugin /opt/stack/neutron/neutron/manager.py:236}}
Jul 15 15:46:39.276735 np0000005201 devstack@neutron-api.service[90550]: DEBUG neutron.plugins.ml2.extensions.qos [None req-d37739c4-7564-404f-a02c-d243b04876c1 None None] QosExtensionDriver initialization complete {{(pid=90550) initialize /opt/stack/neutron/neutron/plugins/ml2/extensions/qos.py:31}}
Jul 15 15:46:39.276809 np0000005201 devstack@neutron-api.service[90551]: INFO neutron.manager [None req-b6d098ae-d764-4289-b601-efebedb3657b None None] Loading Plugin: network_ip_availability
Jul 15 15:46:39.276891 np0000005201 devstack@neutron-api.service[90550]: INFO neutron.plugins.ml2.managers [None req-d37739c4-7564-404f-a02c-d243b04876c1 None None] Initializing mechanism driver 'ovn'
Jul 15 15:46:39.276963 np0000005201 devstack@neutron-api.service[90552]: DEBUG neutron.api.extensions [None req-56bc4e7b-bb7a-486d-bf67-b0239d875bad None None] Ext name="Multi Provider Network" alias="multi-provider" description="Expose mapping of virtual networks to multiple physical networks" updated="2013-06-27T10:00:00-00:00" {{(pid=90552) _check_extension /opt/stack/neutron/neutron/api/extensions.py:415}}
Jul 15 15:46:39.277035 np0000005201 devstack@neutron-api.service[90550]: INFO neutron.plugins.ml2.drivers.ovn.mech_driver.mech_driver [None req-d37739c4-7564-404f-a02c-d243b04876c1 None None] Starting OVNMechanismDriver
Jul 15 15:46:39.277109 np0000005201 devstack@neutron-api.service[90552]: INFO neutron.api.extensions [None req-56bc4e7b-bb7a-486d-bf67-b0239d875bad None None] Loaded extension: multi-provider
Jul 15 15:46:39.277109 np0000005201 devstack@neutron-api.service[90552]: DEBUG neutron.api.extensions [None req-56bc4e7b-bb7a-486d-bf67-b0239d875bad None None] Loading extension file: netmtu.py {{(pid=90552) _load_all_extensions_from_path /opt/stack/neutron/neutron/api/extensions.py:449}}
Jul 15 15:46:39.277109 np0000005201 devstack@neutron-api.service[90552]: DEBUG neutron.api.extensions [None req-56bc4e7b-bb7a-486d-bf67-b0239d875bad None None] Ext name="Network MTU" alias="net-mtu" description="Provides MTU attribute for a network resource." updated="2015-03-25T10:00:00-00:00" {{(pid=90552) _check_extension /opt/stack/neutron/neutron/api/extensions.py:415}}
Jul 15 15:46:39.277109 np0000005201 devstack@neutron-api.service[90552]: INFO neutron.api.extensions [None req-56bc4e7b-bb7a-486d-bf67-b0239d875bad None None] Loaded extension: net-mtu
Jul 15 15:46:39.277109 np0000005201 devstack@neutron-api.service[90552]: DEBUG neutron.api.extensions [None req-56bc4e7b-bb7a-486d-bf67-b0239d875bad None None] Loading extension file: netmtu_writable.py {{(pid=90552) _load_all_extensions_from_path /opt/stack/neutron/neutron/api/extensions.py:449}}
Jul 15 15:46:39.277109 np0000005201 devstack@neutron-api.service[90552]: DEBUG neutron.api.extensions [None req-56bc4e7b-bb7a-486d-bf67-b0239d875bad None None] Ext name="Network MTU (writable)" alias="net-mtu-writable" description="Provides a writable MTU attribute for a network resource." updated="2017-07-12T00:00:00-00:00" {{(pid=90552) _check_extension /opt/stack/neutron/neutron/api/extensions.py:415}}
Jul 15 15:46:39.277301 np0000005201 devstack@neutron-api.service[90551]: DEBUG neutron.manager [None req-b6d098ae-d764-4289-b601-efebedb3657b None None] Successfully loaded network-ip-availability plugin. Description: Provides IP availability data for each network and subnet. {{(pid=90551) _create_and_add_service_plugin /opt/stack/neutron/neutron/manager.py:236}}
Jul 15 15:46:39.277301 np0000005201 devstack@neutron-api.service[90551]: INFO neutron.manager [None req-b6d098ae-d764-4289-b601-efebedb3657b None None] Loading Plugin: flavors
Jul 15 15:46:39.277545 np0000005201 devstack@neutron-api.service[90552]: INFO neutron.api.extensions [None req-56bc4e7b-bb7a-486d-bf67-b0239d875bad None None] Loaded extension: net-mtu-writable
Jul 15 15:46:39.277545 np0000005201 devstack@neutron-api.service[90552]: DEBUG neutron.api.extensions [None req-56bc4e7b-bb7a-486d-bf67-b0239d875bad None None] Loading extension file: network_availability_zone.py {{(pid=90552) _load_all_extensions_from_path /opt/stack/neutron/neutron/api/extensions.py:449}}
Jul 15 15:46:39.277647 np0000005201 devstack@neutron-api.service[90550]: DEBUG neutron_lib.callbacks.manager [None req-d37739c4-7564-404f-a02c-d243b04876c1 None None] Subscribe: > process before_spawn 55550000, False {{(pid=90550) subscribe /opt/stack/data/venv/lib/python3.12/site-packages/neutron_lib/callbacks/manager.py:52}}
Jul 15 15:46:39.277718 np0000005201 devstack@neutron-api.service[90552]: DEBUG neutron.api.extensions [None req-56bc4e7b-bb7a-486d-bf67-b0239d875bad None None] Ext name="Network Availability Zone" alias="network_availability_zone" description="Availability zone support for network." updated="2015-01-01T10:00:00-00:00" {{(pid=90552) _check_extension /opt/stack/neutron/neutron/api/extensions.py:415}}
Jul 15 15:46:39.277797 np0000005201 devstack@neutron-api.service[90550]: DEBUG neutron_lib.callbacks.manager [None req-d37739c4-7564-404f-a02c-d243b04876c1 None None] Subscribe: > process after_init 55550000, True {{(pid=90550) subscribe /opt/stack/data/venv/lib/python3.12/site-packages/neutron_lib/callbacks/manager.py:52}}
Jul 15 15:46:39.277797 np0000005201 devstack@neutron-api.service[90550]: DEBUG neutron_lib.callbacks.manager [None req-d37739c4-7564-404f-a02c-d243b04876c1 None None] Subscribe: > segment after_create 55550000, False {{(pid=90550) subscribe /opt/stack/data/venv/lib/python3.12/site-packages/neutron_lib/callbacks/manager.py:52}}
Jul 15 15:46:39.277900 np0000005201 devstack@neutron-api.service[90551]: DEBUG neutron.manager [None req-b6d098ae-d764-4289-b601-efebedb3657b None None] Successfully loaded FLAVORS plugin. Description: Neutron Flavors and Service Profiles manager plugin {{(pid=90551) _create_and_add_service_plugin /opt/stack/neutron/neutron/manager.py:236}}
Jul 15 15:46:39.277972 np0000005201 devstack@neutron-api.service[90552]: INFO neutron.api.extensions [None req-56bc4e7b-bb7a-486d-bf67-b0239d875bad None None] Loaded extension: network_availability_zone
Jul 15 15:46:39.278048 np0000005201 devstack@neutron-api.service[90551]: INFO neutron.manager [None req-b6d098ae-d764-4289-b601-efebedb3657b None None] Loading Plugin: revisions
Jul 15 15:46:39.278136 np0000005201 devstack@neutron-api.service[90550]: DEBUG neutron_lib.callbacks.manager [None req-d37739c4-7564-404f-a02c-d243b04876c1 None None] Subscribe: > segment after_create 55550000, False {{(pid=90550) subscribe /opt/stack/data/venv/lib/python3.12/site-packages/neutron_lib/callbacks/manager.py:52}}
Jul 15 15:46:39.278208 np0000005201 devstack@neutron-api.service[90552]: DEBUG neutron.api.extensions [None req-56bc4e7b-bb7a-486d-bf67-b0239d875bad None None] Loading extension file: network_ha.py {{(pid=90552) _load_all_extensions_from_path /opt/stack/neutron/neutron/api/extensions.py:449}}
Jul 15 15:46:39.278279 np0000005201 devstack@neutron-api.service[90550]: DEBUG neutron_lib.callbacks.manager [None req-d37739c4-7564-404f-a02c-d243b04876c1 None None] Subscribe: > segment after_delete 55550000, False {{(pid=90550) subscribe /opt/stack/data/venv/lib/python3.12/site-packages/neutron_lib/callbacks/manager.py:52}}
Jul 15 15:46:39.278279 np0000005201 devstack@neutron-api.service[90550]: DEBUG neutron_lib.callbacks.manager [None req-d37739c4-7564-404f-a02c-d243b04876c1 None None] Subscribe: > allowed_address_pair before_create 55550000, False {{(pid=90550) subscribe /opt/stack/data/venv/lib/python3.12/site-packages/neutron_lib/callbacks/manager.py:52}}
Jul 15 15:46:39.278431 np0000005201 devstack@neutron-api.service[90552]: DEBUG neutron.api.extensions [None req-56bc4e7b-bb7a-486d-bf67-b0239d875bad None None] Ext name="Network HA creation flag" alias="network_ha" description="Network high availability creation flag." updated="2023-04-27T10:00:00-00:00" {{(pid=90552) _check_extension /opt/stack/neutron/neutron/api/extensions.py:415}}
Jul 15 15:46:39.278506 np0000005201 devstack@neutron-api.service[90550]: DEBUG neutron_lib.callbacks.manager [None req-d37739c4-7564-404f-a02c-d243b04876c1 None None] Subscribe: > security_group precommit_create 55550000, False {{(pid=90550) subscribe /opt/stack/data/venv/lib/python3.12/site-packages/neutron_lib/callbacks/manager.py:52}}
Jul 15 15:46:39.278587 np0000005201 devstack@neutron-api.service[90552]: INFO neutron.api.extensions [None req-56bc4e7b-bb7a-486d-bf67-b0239d875bad None None] Extension network_ha not supported by any of loaded plugins
Jul 15 15:46:39.278703 np0000005201 devstack@neutron-api.service[90550]: DEBUG neutron_lib.callbacks.manager [None req-d37739c4-7564-404f-a02c-d243b04876c1 None None] Subscribe: > security_group after_update 55550000, False {{(pid=90550) subscribe /opt/stack/data/venv/lib/python3.12/site-packages/neutron_lib/callbacks/manager.py:52}}
Jul 15 15:46:39.278834 np0000005201 devstack@neutron-api.service[90552]: DEBUG neutron.api.extensions [None req-56bc4e7b-bb7a-486d-bf67-b0239d875bad None None] Loading extension file: network_ip_availability.py {{(pid=90552) _load_all_extensions_from_path /opt/stack/neutron/neutron/api/extensions.py:449}}
Jul 15 15:46:39.278940 np0000005201 devstack@neutron-api.service[90550]: DEBUG neutron_lib.callbacks.manager [None req-d37739c4-7564-404f-a02c-d243b04876c1 None None] Subscribe: > security_group after_create 55550000, False {{(pid=90550) subscribe /opt/stack/data/venv/lib/python3.12/site-packages/neutron_lib/callbacks/manager.py:52}}
Jul 15 15:46:39.278940 np0000005201 devstack@neutron-api.service[90550]: DEBUG neutron_lib.callbacks.manager [None req-d37739c4-7564-404f-a02c-d243b04876c1 None None] Subscribe: > security_group precommit_delete 55550000, False {{(pid=90550) subscribe /opt/stack/data/venv/lib/python3.12/site-packages/neutron_lib/callbacks/manager.py:52}}
Jul 15 15:46:39.279037 np0000005201 devstack@neutron-api.service[90552]: DEBUG neutron.api.extensions [None req-56bc4e7b-bb7a-486d-bf67-b0239d875bad None None] Ext name="Network IP Availability" alias="network-ip-availability" description="Provides IP availability data for each network and subnet." updated="2015-09-24T00:00:00-00:00" {{(pid=90552) _check_extension /opt/stack/neutron/neutron/api/extensions.py:415}}
Jul 15 15:46:39.279124 np0000005201 devstack@neutron-api.service[90550]: DEBUG neutron_lib.callbacks.manager [None req-d37739c4-7564-404f-a02c-d243b04876c1 None None] Subscribe: > security_group after_delete 55550000, False {{(pid=90550) subscribe /opt/stack/data/venv/lib/python3.12/site-packages/neutron_lib/callbacks/manager.py:52}}
Jul 15 15:46:39.279201 np0000005201 devstack@neutron-api.service[90552]: INFO neutron.api.extensions [None req-56bc4e7b-bb7a-486d-bf67-b0239d875bad None None] Loaded extension: network-ip-availability
Jul 15 15:46:39.279289 np0000005201 devstack@neutron-api.service[90551]: DEBUG neutron.manager [None req-b6d098ae-d764-4289-b601-efebedb3657b None None] Successfully loaded revision_plugin plugin. Description: Adds revision numbers to resources. {{(pid=90551) _create_and_add_service_plugin /opt/stack/neutron/neutron/manager.py:236}}
Jul 15 15:46:39.279384 np0000005201 devstack@neutron-api.service[90552]: DEBUG neutron.api.extensions [None req-56bc4e7b-bb7a-486d-bf67-b0239d875bad None None] Loading extension file: network_ip_availability_details.py {{(pid=90552) _load_all_extensions_from_path /opt/stack/neutron/neutron/api/extensions.py:449}}
Jul 15 15:46:39.279478 np0000005201 devstack@neutron-api.service[90550]: DEBUG neutron_lib.callbacks.manager [None req-d37739c4-7564-404f-a02c-d243b04876c1 None None] Subscribe: > security_group_rule precommit_create 55550000, False {{(pid=90550) subscribe /opt/stack/data/venv/lib/python3.12/site-packages/neutron_lib/callbacks/manager.py:52}}
Jul 15 15:46:39.279559 np0000005201 devstack@neutron-api.service[90551]: DEBUG oslo_concurrency.lockutils [None req-b6d098ae-d764-4289-b601-efebedb3657b None None] Lock "manager" "released" by "neutron.manager.NeutronManager._create_instance" :: held 3.961s {{(pid=90551) inner /opt/stack/data/venv/lib/python3.12/site-packages/oslo_concurrency/lockutils.py:543}}
Jul 15 15:46:39.279652 np0000005201 devstack@neutron-api.service[90550]: DEBUG neutron_lib.callbacks.manager [None req-d37739c4-7564-404f-a02c-d243b04876c1 None None] Subscribe: > security_group_rule after_create 55550000, False {{(pid=90550) subscribe /opt/stack/data/venv/lib/python3.12/site-packages/neutron_lib/callbacks/manager.py:52}}
Jul 15 15:46:39.279734 np0000005201 devstack@neutron-api.service[90552]: DEBUG neutron.api.extensions [None req-56bc4e7b-bb7a-486d-bf67-b0239d875bad None None] Ext name="Network IP Availability Details Extension" alias="network-ip-availability-details" description="Add ip_availability_details attribute to network-ip-availabilities resource." updated="2025-10-31T00:00:00-00:00" {{(pid=90552) _check_extension /opt/stack/neutron/neutron/api/extensions.py:415}}
