Jul 18 05:17:23.653844 np0000005384 devstack@g-api.service[102873]: DEBUG keystoneclient.auth.identity.v3.base [None req-f2f84977-309d-47cf-a1ef-231dcca208de tempest-AttachVolumeShelveTestJSON-1416260295 tempest-AttachVolumeShelveTestJSON-1416260295-project-member] {"token": {"methods": ["password"], "user": {"domain": {"id": "default", "name": "Default"}, "id": "8f7be62b5e904315931895d5bc108353", "name": "glance-swift", "password_expires_at": null}, "audit_ids": ["TSZddquTQV-qOpgVHJ3nNQ"], "expires_at": "2026-07-18T06:17:23.000000Z", "issued_at": "2026-07-18T05:17:23.000000Z", "project": {"domain": {"id": "default", "name": "Default"}, "id": "687b79e63d244cb1986f642627891d75", "name": "service"}, "is_domain": false, "roles": [{"id": "816bbb0542e941aabfb9c9783d10a03a", "name": "ResellerAdmin"}, {"id": "ec436e1a54b94dceb71260d21c4b5950", "name": "service"}], "catalog": [{"endpoints": [{"id": "045a5991774f4092adcd42e07e223552", "interface": "public", "region_id": "RegionOne", "url": "https://10.4.3.126/placement", "region": "RegionOne"}], "id": "00285c11a48d420eb62ae19dc94fadca", "type": "placement", "name": "placement"}, {"endpoints": [{"id": "4831924a7684468d9a32cc12c844a4a0", "interface": "public", "region_id": "RegionOne", "url": "https://10.4.3.126/compute/v2.1", "region": "RegionOne"}], "id": "04d8f073f78d4c6e834b4b9a46ba9996", "type": "compute", "name": "nova"}, {"endpoints": [{"id": "ff87f909dfb24e64924ec5a9f44401e9", "interface": "public", "region_id": "RegionOne", "url": "https://10.4.3.126/image", "region": "RegionOne"}], "id": "16b9e27f619a4fca9d4f58fbf68542fa", "type": "image", "name": "glance"}, {"endpoints": [{"id": "3d63929bfc834e08a780b74241acd401", "interface": "public", "region_id": "RegionOne", "url": "https://10.4.3.126/volume/v3", "region": "RegionOne"}], "id": "2791bd1e14b14714b3b474ff4cea7a48", "type": "block-storage", "name": "cinder"}, {"endpoints": [{"id": "31468ce66a8242c7af45dd7f01795e4e", "interface": "public", "region_id": "RegionOne", "url": "https://10.4.3.126:8080/v1/AUTH_687b79e63d244cb1986f642627891d75", "region": "RegionOne"}, {"id": "dd10b5fd152b4a1184158196a7a05082", "interface": "admin", "region_id": "RegionOne", "url": "https://10.4.3.126:8080", "region": "RegionOne"}], "id": "3fcff761690d4a328cb347a750f50ab1", "type": "object-store", "name": "swift"}, {"endpoints": [{"id": "e20e88fcdec849349623b98de1412015", "interface": "public", "region_id": "RegionOne", "url": "https://10.4.3.126/networking", "region": "RegionOne"}], "id": "6142ac7c38f94235966a35fcb8c1891d", "type": "network", "name": "neutron"}, {"endpoints": [{"id": "75b6ffd1be684952bbe71d9496b03c12", "interface": "public", "region_id": "RegionOne", "url": "https://10.4.3.126/compute/v2/687b79e63d244cb1986f642627891d75", "region": "RegionOne"}], "id": "a72c62b93e9e4254b2c0ae4ae57f3f21", "type": "compute_legacy", "name": "nova_legacy"}, {"endpoints": [{"id": "797d6058261a496290b513955cb6c826", "interface": "public", "region_id": "RegionOne", "url": "https://10.4.3.126/identity", "region": "RegionOne"}], "id": "bb673c4c6d4f4c64b2d2a8e49486acb8", "type": "identity", "name": "keystone"}]}} {{(pid=102873) get_auth_ref /opt/stack/data/venv/lib/python3.12/site-packages/keystoneclient/auth/identity/v3/base.py:190}}
Jul 18 05:17:23.654198 np0000005384 devstack@g-api.service[102873]: DEBUG keystoneclient.httpclient [None req-f2f84977-309d-47cf-a1ef-231dcca208de tempest-AttachVolumeShelveTestJSON-1416260295 tempest-AttachVolumeShelveTestJSON-1416260295-project-member] Failed to find endpoint for management url admin endpoint for identity service not found {{(pid=102873) _process_management_url /opt/stack/data/venv/lib/python3.12/site-packages/keystoneclient/httpclient.py:670}}
Jul 18 05:17:23.719326 np0000005384 devstack@g-api.service[102873]: DEBUG swiftclient [None req-f2f84977-309d-47cf-a1ef-231dcca208de tempest-AttachVolumeShelveTestJSON-1416260295 tempest-AttachVolumeShelveTestJSON-1416260295-project-member] REQ: curl -i https://10.4.3.126:8080/v1/AUTH_687b79e63d244cb1986f642627891d75/glance/32b385af-2786-4566-8381-b1c964eecec5 -I -H "X-Auth-Token: gAAAAABqWwxj82VK..." {{(pid=102873) http_log /opt/stack/data/venv/lib/python3.12/site-packages/swiftclient/client.py:160}}
Jul 18 05:17:23.719505 np0000005384 devstack@g-api.service[102873]: DEBUG swiftclient [None req-f2f84977-309d-47cf-a1ef-231dcca208de tempest-AttachVolumeShelveTestJSON-1416260295 tempest-AttachVolumeShelveTestJSON-1416260295-project-member] RESP STATUS: 200 OK {{(pid=102873) http_log /opt/stack/data/venv/lib/python3.12/site-packages/swiftclient/client.py:161}}
Jul 18 05:17:23.719617 np0000005384 devstack@g-api.service[102873]: DEBUG swiftclient [None req-f2f84977-309d-47cf-a1ef-231dcca208de tempest-AttachVolumeShelveTestJSON-1416260295 tempest-AttachVolumeShelveTestJSON-1416260295-project-member] RESP HEADERS: {'Date': 'Sat, 18 Jul 2026 05:17:23 GMT', 'Server': 'Apache/2.4.58 (Ubuntu)', 'Content-Type': 'application/octet-stream', 'Content-Length': '53542912', 'X-Object-Manifest': 'glance/32b385af-2786-4566-8381-b1c964eecec5-', 'Last-Modified': 'Sat, 18 Jul 2026 05:17:12 GMT', 'X-Timestamp': '1784351831.25747', 'Accept-Ranges': 'bytes', 'Etag': '"a3495f229a2c09cafe9aa0c6a73e6964"', 'X-Trans-Id': 'txe8188b85f8c84a57a80ab-006a5b0c63', 'X-Openstack-Request-Id': 'txe8188b85f8c84a57a80ab-006a5b0c63', 'Connection': 'close'} {{(pid=102873) http_log /opt/stack/data/venv/lib/python3.12/site-packages/swiftclient/client.py:162}}
Jul 18 05:17:23.751512 np0000005384 devstack@g-api.service[102873]: DEBUG swiftclient [None req-f2f84977-309d-47cf-a1ef-231dcca208de tempest-AttachVolumeShelveTestJSON-1416260295 tempest-AttachVolumeShelveTestJSON-1416260295-project-member] REQ: curl -i https://10.4.3.126:8080/v1/AUTH_687b79e63d244cb1986f642627891d75/glance?format=json&prefix=32b385af-2786-4566-8381-b1c964eecec5- -X GET -H "X-Auth-Token: gAAAAABqWwxj82VK..." -H "Accept-Encoding: gzip" {{(pid=102873) http_log /opt/stack/data/venv/lib/python3.12/site-packages/swiftclient/client.py:160}}
Jul 18 05:17:23.751610 np0000005384 devstack@g-api.service[102873]: DEBUG swiftclient [None req-f2f84977-309d-47cf-a1ef-231dcca208de tempest-AttachVolumeShelveTestJSON-1416260295 tempest-AttachVolumeShelveTestJSON-1416260295-project-member] RESP STATUS: 200 OK {{(pid=102873) http_log /opt/stack/data/venv/lib/python3.12/site-packages/swiftclient/client.py:161}}
Jul 18 05:17:23.751778 np0000005384 devstack@g-api.service[102873]: DEBUG swiftclient [None req-f2f84977-309d-47cf-a1ef-231dcca208de tempest-AttachVolumeShelveTestJSON-1416260295 tempest-AttachVolumeShelveTestJSON-1416260295-project-member] RESP HEADERS: {'Date': 'Sat, 18 Jul 2026 05:17:23 GMT', 'Server': 'Apache/2.4.58 (Ubuntu)', 'Content-Type': 'application/json; charset=utf-8', 'Content-Length': '210', 'X-Container-Object-Count': '6', 'X-Container-Bytes-Used': '117900288', 'X-Timestamp': '1784351457.70206', 'Last-Modified': 'Sat, 18 Jul 2026 05:10:58 GMT', 'Accept-Ranges': 'bytes', 'X-Storage-Policy': 'Policy-0', 'X-Container-Sharding': 'False', 'X-Trans-Id': 'txa0f9131df85140cb85119-006a5b0c63', 'X-Openstack-Request-Id': 'txa0f9131df85140cb85119-006a5b0c63', 'Connection': 'close'} {{(pid=102873) http_log /opt/stack/data/venv/lib/python3.12/site-packages/swiftclient/client.py:162}}
Jul 18 05:17:23.751919 np0000005384 devstack@g-api.service[102873]: DEBUG swiftclient [None req-f2f84977-309d-47cf-a1ef-231dcca208de tempest-AttachVolumeShelveTestJSON-1416260295 tempest-AttachVolumeShelveTestJSON-1416260295-project-member] RESP BODY: b'[{"bytes": 53542912, "hash": "8877481986ac3da7deeb0a5ccb901ebb", "name": "32b385af-2786-4566-8381-b1c964eecec5-00001", "content_type": "application/octet-stream", "last_modified": "2026-07-18T05:17:10.813840"}]' {{(pid=102873) http_log /opt/stack/data/venv/lib/python3.12/site-packages/swiftclient/client.py:166}}
Jul 18 05:17:23.775556 np0000005384 devstack@g-api.service[102873]: DEBUG swiftclient [None req-f2f84977-309d-47cf-a1ef-231dcca208de tempest-AttachVolumeShelveTestJSON-1416260295 tempest-AttachVolumeShelveTestJSON-1416260295-project-member] REQ: curl -i https://10.4.3.126:8080/v1/AUTH_687b79e63d244cb1986f642627891d75/glance/32b385af-2786-4566-8381-b1c964eecec5-00001 DELETE -H "X-Auth-Token: gAAAAABqWwxj82VK..." {{(pid=102873) http_log /opt/stack/data/venv/lib/python3.12/site-packages/swiftclient/client.py:160}}
Jul 18 05:17:23.775672 np0000005384 devstack@g-api.service[102873]: DEBUG swiftclient [None req-f2f84977-309d-47cf-a1ef-231dcca208de tempest-AttachVolumeShelveTestJSON-1416260295 tempest-AttachVolumeShelveTestJSON-1416260295-project-member] RESP STATUS: 204 No Content {{(pid=102873) http_log /opt/stack/data/venv/lib/python3.12/site-packages/swiftclient/client.py:161}}
Jul 18 05:17:23.775819 np0000005384 devstack@g-api.service[102873]: DEBUG swiftclient [None req-f2f84977-309d-47cf-a1ef-231dcca208de tempest-AttachVolumeShelveTestJSON-1416260295 tempest-AttachVolumeShelveTestJSON-1416260295-project-member] RESP HEADERS: {'Date': 'Sat, 18 Jul 2026 05:17:23 GMT', 'Server': 'Apache/2.4.58 (Ubuntu)', 'Content-Type': 'text/html; charset=UTF-8', 'X-Trans-Id': 'txf4d32863fc99496692f99-006a5b0c63', 'X-Openstack-Request-Id': 'txf4d32863fc99496692f99-006a5b0c63', 'Connection': 'close'} {{(pid=102873) http_log /opt/stack/data/venv/lib/python3.12/site-packages/swiftclient/client.py:162}}
Jul 18 05:17:23.809863 np0000005384 devstack@g-api.service[102873]: DEBUG swiftclient [None req-f2f84977-309d-47cf-a1ef-231dcca208de tempest-AttachVolumeShelveTestJSON-1416260295 tempest-AttachVolumeShelveTestJSON-1416260295-project-member] REQ: curl -i https://10.4.3.126:8080/v1/AUTH_687b79e63d244cb1986f642627891d75/glance/32b385af-2786-4566-8381-b1c964eecec5 DELETE -H "X-Auth-Token: gAAAAABqWwxj82VK..." {{(pid=102873) http_log /opt/stack/data/venv/lib/python3.12/site-packages/swiftclient/client.py:160}}
Jul 18 05:17:23.809947 np0000005384 devstack@g-api.service[102873]: DEBUG swiftclient [None req-f2f84977-309d-47cf-a1ef-231dcca208de tempest-AttachVolumeShelveTestJSON-1416260295 tempest-AttachVolumeShelveTestJSON-1416260295-project-member] RESP STATUS: 204 No Content {{(pid=102873) http_log /opt/stack/data/venv/lib/python3.12/site-packages/swiftclient/client.py:161}}
Jul 18 05:17:23.810120 np0000005384 devstack@g-api.service[102873]: DEBUG swiftclient [None req-f2f84977-309d-47cf-a1ef-231dcca208de tempest-AttachVolumeShelveTestJSON-1416260295 tempest-AttachVolumeShelveTestJSON-1416260295-project-member] RESP HEADERS: {'Date': 'Sat, 18 Jul 2026 05:17:23 GMT', 'Server': 'Apache/2.4.58 (Ubuntu)', 'Content-Type': 'text/html; charset=UTF-8', 'X-Trans-Id': 'tx108ec8000ef24904863e9-006a5b0c63', 'X-Openstack-Request-Id': 'tx108ec8000ef24904863e9-006a5b0c63', 'Connection': 'close'} {{(pid=102873) http_log /opt/stack/data/venv/lib/python3.12/site-packages/swiftclient/client.py:162}}
Jul 18 05:17:23.893198 np0000005384 devstack@g-api.service[102873]: DEBUG glance.api.middleware.cache [None req-f2f84977-309d-47cf-a1ef-231dcca208de tempest-AttachVolumeShelveTestJSON-1416260295 tempest-AttachVolumeShelveTestJSON-1416260295-project-member] Removing image 32b385af-2786-4566-8381-b1c964eecec5 from cache {{(pid=102873) _process_DELETE_response /opt/stack/glance/glance/api/middleware/cache.py:264}}
Jul 18 05:17:23.893405 np0000005384 devstack@g-api.service[102873]: DEBUG glance.image_cache.drivers.centralized_db [None req-f2f84977-309d-47cf-a1ef-231dcca208de tempest-AttachVolumeShelveTestJSON-1416260295 tempest-AttachVolumeShelveTestJSON-1416260295-project-member] Deleting image cache file '/opt/stack/data/glance/cache/32b385af-2786-4566-8381-b1c964eecec5' {{(pid=102873) delete_cached_file /opt/stack/glance/glance/image_cache/drivers/centralized_db.py:400}}
Jul 18 05:17:23.912734 np0000005384 devstack@g-api.service[102873]: [pid: 102873|app: 0|req: 81/330] 127.0.0.1 () {46 vars in 1137 bytes} [Sat Jul 18 05:17:23 2026] DELETE /v2/images/32b385af-2786-4566-8381-b1c964eecec5 => generated 0 bytes in 323 msecs (HTTP/1.1 204) 4 headers in 171 bytes (1 switches on core 0)
Jul 18 05:17:26.924927 np0000005384 devstack@g-api.service[102872]: DEBUG dbcounter [-] [102872] Writing DB stats glance:SELECT=19,glance:INSERT=18 {{(pid=102872) stat_writer /opt/stack/data/venv/lib/python3.12/site-packages/dbcounter.py:115}}
Jul 18 05:17:28.351206 np0000005384 devstack@g-api.service[102875]: DEBUG glance.api.middleware.version_negotiation [None req-1f556373-cdd1-4572-ac08-bbfdd21a2830 tempest-ServerActionsV293TestJSON-441777502 tempest-ServerActionsV293TestJSON-441777502-project-member] Determining version of request: GET /v2/schemas/image Accept: */* {{(pid=102875) process_request /opt/stack/glance/glance/api/middleware/version_negotiation.py:44}}
Jul 18 05:17:28.351625 np0000005384 devstack@g-api.service[102875]: DEBUG glance.api.middleware.version_negotiation [None req-1f556373-cdd1-4572-ac08-bbfdd21a2830 tempest-ServerActionsV293TestJSON-441777502 tempest-ServerActionsV293TestJSON-441777502-project-member] Using url versioning {{(pid=102875) process_request /opt/stack/glance/glance/api/middleware/version_negotiation.py:57}}
Jul 18 05:17:28.351625 np0000005384 devstack@g-api.service[102875]: DEBUG glance.api.middleware.version_negotiation [None req-1f556373-cdd1-4572-ac08-bbfdd21a2830 tempest-ServerActionsV293TestJSON-441777502 tempest-ServerActionsV293TestJSON-441777502-project-member] Matched version: v2 {{(pid=102875) process_request /opt/stack/glance/glance/api/middleware/version_negotiation.py:69}}
Jul 18 05:17:28.351625 np0000005384 devstack@g-api.service[102875]: DEBUG glance.api.middleware.version_negotiation [None req-1f556373-cdd1-4572-ac08-bbfdd21a2830 tempest-ServerActionsV293TestJSON-441777502 tempest-ServerActionsV293TestJSON-441777502-project-member] new path /v2/schemas/image {{(pid=102875) process_request /opt/stack/glance/glance/api/middleware/version_negotiation.py:70}}
Jul 18 05:17:28.353727 np0000005384 devstack@g-api.service[102875]: [pid: 102875|app: 0|req: 83/331] 127.0.0.1 () {44 vars in 1055 bytes} [Sat Jul 18 05:17:28 2026] GET /v2/schemas/image => generated 6083 bytes in 2 msecs (HTTP/1.1 200) 4 headers in 158 bytes (1 switches on core 0)
Jul 18 05:17:28.385637 np0000005384 devstack@g-api.service[102874]: DEBUG glance.api.middleware.version_negotiation [None req-1f556373-cdd1-4572-ac08-bbfdd21a2830 tempest-ServerActionsV293TestJSON-441777502 tempest-ServerActionsV293TestJSON-441777502-project-member] Determining version of request: POST /v2/images Accept: */* {{(pid=102874) process_request /opt/stack/glance/glance/api/middleware/version_negotiation.py:44}}
Jul 18 05:17:28.386015 np0000005384 devstack@g-api.service[102874]: DEBUG glance.api.middleware.version_negotiation [None req-1f556373-cdd1-4572-ac08-bbfdd21a2830 tempest-ServerActionsV293TestJSON-441777502 tempest-ServerActionsV293TestJSON-441777502-project-member] Using url versioning {{(pid=102874) process_request /opt/stack/glance/glance/api/middleware/version_negotiation.py:57}}
Jul 18 05:17:28.386015 np0000005384 devstack@g-api.service[102874]: DEBUG glance.api.middleware.version_negotiation [None req-1f556373-cdd1-4572-ac08-bbfdd21a2830 tempest-ServerActionsV293TestJSON-441777502 tempest-ServerActionsV293TestJSON-441777502-project-member] Matched version: v2 {{(pid=102874) process_request /opt/stack/glance/glance/api/middleware/version_negotiation.py:69}}
Jul 18 05:17:28.386015 np0000005384 devstack@g-api.service[102874]: DEBUG glance.api.middleware.version_negotiation [None req-1f556373-cdd1-4572-ac08-bbfdd21a2830 tempest-ServerActionsV293TestJSON-441777502 tempest-ServerActionsV293TestJSON-441777502-project-member] new path /v2/images {{(pid=102874) process_request /opt/stack/glance/glance/api/middleware/version_negotiation.py:70}}
Jul 18 05:17:28.773557 np0000005384 devstack@g-api.service[102874]: [pid: 102874|app: 0|req: 84/332] 127.0.0.1 () {46 vars in 1056 bytes} [Sat Jul 18 05:17:28 2026] POST /v2/images => generated 1605 bytes in 388 msecs (HTTP/1.1 201) 6 headers in 316 bytes (1 switches on core 0)
Jul 18 05:17:28.812811 np0000005384 devstack@g-api.service[102872]: DEBUG glance.api.middleware.version_negotiation [None req-1f556373-cdd1-4572-ac08-bbfdd21a2830 tempest-ServerActionsV293TestJSON-441777502 tempest-ServerActionsV293TestJSON-441777502-project-member] Determining version of request: PUT /v2/images/4383bd35-7396-43bf-944a-d016544f6907/file Accept: */* {{(pid=102872) process_request /opt/stack/glance/glance/api/middleware/version_negotiation.py:44}}
Jul 18 05:17:28.813115 np0000005384 devstack@g-api.service[102872]: DEBUG glance.api.middleware.version_negotiation [None req-1f556373-cdd1-4572-ac08-bbfdd21a2830 tempest-ServerActionsV293TestJSON-441777502 tempest-ServerActionsV293TestJSON-441777502-project-member] Using url versioning {{(pid=102872) process_request /opt/stack/glance/glance/api/middleware/version_negotiation.py:57}}
Jul 18 05:17:28.813115 np0000005384 devstack@g-api.service[102872]: DEBUG glance.api.middleware.version_negotiation [None req-1f556373-cdd1-4572-ac08-bbfdd21a2830 tempest-ServerActionsV293TestJSON-441777502 tempest-ServerActionsV293TestJSON-441777502-project-member] Matched version: v2 {{(pid=102872) process_request /opt/stack/glance/glance/api/middleware/version_negotiation.py:69}}
Jul 18 05:17:28.813115 np0000005384 devstack@g-api.service[102872]: DEBUG glance.api.middleware.version_negotiation [None req-1f556373-cdd1-4572-ac08-bbfdd21a2830 tempest-ServerActionsV293TestJSON-441777502 tempest-ServerActionsV293TestJSON-441777502-project-member] new path /v2/images/4383bd35-7396-43bf-944a-d016544f6907/file {{(pid=102872) process_request /opt/stack/glance/glance/api/middleware/version_negotiation.py:70}}
Jul 18 05:17:29.254638 np0000005384 devstack@g-api.service[102872]: INFO glance.api.v2.image_data [None req-9b64d054-480a-4a22-b100-359b76205bbf tempest-ImageDependencyTests-1212699475 tempest-ImageDependencyTests-1212699475-project-member] Unable to create trust: no such option collect_timing in group [keystone_authtoken] Use the existing user token.
Jul 18 05:17:29.630914 np0000005384 devstack@g-api.service[102873]: DEBUG glance.api.middleware.version_negotiation [None req-f2f84977-309d-47cf-a1ef-231dcca208de tempest-AttachVolumeShelveTestJSON-1416260295 tempest-AttachVolumeShelveTestJSON-1416260295-project-member] Determining version of request: GET /v2/images/e01e282d-41ec-43df-8fbb-e8535aeac48d Accept: */* {{(pid=102873) process_request /opt/stack/glance/glance/api/middleware/version_negotiation.py:44}}
Jul 18 05:17:29.631217 np0000005384 devstack@g-api.service[102873]: DEBUG glance.api.middleware.version_negotiation [None req-f2f84977-309d-47cf-a1ef-231dcca208de tempest-AttachVolumeShelveTestJSON-1416260295 tempest-AttachVolumeShelveTestJSON-1416260295-project-member] Using url versioning {{(pid=102873) process_request /opt/stack/glance/glance/api/middleware/version_negotiation.py:57}}
Jul 18 05:17:29.631312 np0000005384 devstack@g-api.service[102873]: DEBUG glance.api.middleware.version_negotiation [None req-f2f84977-309d-47cf-a1ef-231dcca208de tempest-AttachVolumeShelveTestJSON-1416260295 tempest-AttachVolumeShelveTestJSON-1416260295-project-member] Matched version: v2 {{(pid=102873) process_request /opt/stack/glance/glance/api/middleware/version_negotiation.py:69}}
Jul 18 05:17:29.631446 np0000005384 devstack@g-api.service[102873]: DEBUG glance.api.middleware.version_negotiation [None req-f2f84977-309d-47cf-a1ef-231dcca208de tempest-AttachVolumeShelveTestJSON-1416260295 tempest-AttachVolumeShelveTestJSON-1416260295-project-member] new path /v2/images/e01e282d-41ec-43df-8fbb-e8535aeac48d {{(pid=102873) process_request /opt/stack/glance/glance/api/middleware/version_negotiation.py:70}}
Jul 18 05:17:29.646322 np0000005384 devstack@g-api.service[102873]: [pid: 102873|app: 0|req: 82/333] 127.0.0.1 () {44 vars in 1115 bytes} [Sat Jul 18 05:17:29 2026] GET /v2/images/e01e282d-41ec-43df-8fbb-e8535aeac48d => generated 1044 bytes in 16 msecs (HTTP/1.1 200) 4 headers in 158 bytes (1 switches on core 0)
Jul 18 05:17:29.680763 np0000005384 devstack@g-api.service[102875]: DEBUG glance.api.middleware.version_negotiation [None req-9b64d054-480a-4a22-b100-359b76205bbf tempest-ImageDependencyTests-1212699475 tempest-ImageDependencyTests-1212699475-project-member] Determining version of request: GET /v2/schemas/image Accept: */* {{(pid=102875) process_request /opt/stack/glance/glance/api/middleware/version_negotiation.py:44}}
Jul 18 05:17:29.681113 np0000005384 devstack@g-api.service[102875]: DEBUG glance.api.middleware.version_negotiation [None req-9b64d054-480a-4a22-b100-359b76205bbf tempest-ImageDependencyTests-1212699475 tempest-ImageDependencyTests-1212699475-project-member] Using url versioning {{(pid=102875) process_request /opt/stack/glance/glance/api/middleware/version_negotiation.py:57}}
Jul 18 05:17:29.681113 np0000005384 devstack@g-api.service[102875]: DEBUG glance.api.middleware.version_negotiation [None req-9b64d054-480a-4a22-b100-359b76205bbf tempest-ImageDependencyTests-1212699475 tempest-ImageDependencyTests-1212699475-project-member] Matched version: v2 {{(pid=102875) process_request /opt/stack/glance/glance/api/middleware/version_negotiation.py:69}}
Jul 18 05:17:29.681275 np0000005384 devstack@g-api.service[102875]: DEBUG glance.api.middleware.version_negotiation [None req-9b64d054-480a-4a22-b100-359b76205bbf tempest-ImageDependencyTests-1212699475 tempest-ImageDependencyTests-1212699475-project-member] new path /v2/schemas/image {{(pid=102875) process_request /opt/stack/glance/glance/api/middleware/version_negotiation.py:70}}
Jul 18 05:17:29.684412 np0000005384 devstack@g-api.service[102875]: [pid: 102875|app: 0|req: 84/334] 127.0.0.1 () {44 vars in 1055 bytes} [Sat Jul 18 05:17:29 2026] GET /v2/schemas/image => generated 6083 bytes in 4 msecs (HTTP/1.1 200) 4 headers in 158 bytes (1 switches on core 0)
Jul 18 05:17:29.724851 np0000005384 devstack@g-api.service[102874]: DEBUG glance.api.middleware.version_negotiation [None req-9b64d054-480a-4a22-b100-359b76205bbf tempest-ImageDependencyTests-1212699475 tempest-ImageDependencyTests-1212699475-project-member] Determining version of request: GET /v2/images/e01e282d-41ec-43df-8fbb-e8535aeac48d Accept: */* {{(pid=102874) process_request /opt/stack/glance/glance/api/middleware/version_negotiation.py:44}}
Jul 18 05:17:29.724851 np0000005384 devstack@g-api.service[102874]: DEBUG glance.api.middleware.version_negotiation [None req-9b64d054-480a-4a22-b100-359b76205bbf tempest-ImageDependencyTests-1212699475 tempest-ImageDependencyTests-1212699475-project-member] Using url versioning {{(pid=102874) process_request /opt/stack/glance/glance/api/middleware/version_negotiation.py:57}}
Jul 18 05:17:29.724851 np0000005384 devstack@g-api.service[102874]: DEBUG glance.api.middleware.version_negotiation [None req-9b64d054-480a-4a22-b100-359b76205bbf tempest-ImageDependencyTests-1212699475 tempest-ImageDependencyTests-1212699475-project-member] Matched version: v2 {{(pid=102874) process_request /opt/stack/glance/glance/api/middleware/version_negotiation.py:69}}
Jul 18 05:17:29.729161 np0000005384 devstack@g-api.service[102874]: DEBUG glance.api.middleware.version_negotiation [None req-9b64d054-480a-4a22-b100-359b76205bbf tempest-ImageDependencyTests-1212699475 tempest-ImageDependencyTests-1212699475-project-member] new path /v2/images/e01e282d-41ec-43df-8fbb-e8535aeac48d {{(pid=102874) process_request /opt/stack/glance/glance/api/middleware/version_negotiation.py:70}}
Jul 18 05:17:29.739327 np0000005384 devstack@g-api.service[102874]: [pid: 102874|app: 0|req: 85/335] 127.0.0.1 () {44 vars in 1115 bytes} [Sat Jul 18 05:17:29 2026] GET /v2/images/e01e282d-41ec-43df-8fbb-e8535aeac48d => generated 1044 bytes in 16 msecs (HTTP/1.1 200) 4 headers in 158 bytes (1 switches on core 0)
Jul 18 05:17:29.746853 np0000005384 devstack@g-api.service[102872]: DEBUG glance.location [None req-9b64d054-480a-4a22-b100-359b76205bbf tempest-ImageDependencyTests-1212699475 tempest-ImageDependencyTests-1212699475-project-member] Enabling in-flight format inspection for raw {{(pid=102872) set_data /opt/stack/glance/glance/location.py:596}}
Jul 18 05:17:29.747162 np0000005384 devstack@g-api.service[102873]: DEBUG glance.api.middleware.version_negotiation [None req-1f556373-cdd1-4572-ac08-bbfdd21a2830 tempest-ServerActionsV293TestJSON-441777502 tempest-ServerActionsV293TestJSON-441777502-project-member] Determining version of request: GET /v2/schemas/image Accept: */* {{(pid=102873) process_request /opt/stack/glance/glance/api/middleware/version_negotiation.py:44}}
Jul 18 05:17:29.747210 np0000005384 devstack@g-api.service[102872]: DEBUG glance_store.backend [None req-9b64d054-480a-4a22-b100-359b76205bbf tempest-ImageDependencyTests-1212699475 tempest-ImageDependencyTests-1212699475-project-member] Attempting to import store swift {{(pid=102872) _load_store /opt/stack/data/venv/lib/python3.12/site-packages/glance_store/backend.py:215}}
Jul 18 05:17:29.747339 np0000005384 devstack@g-api.service[102873]: DEBUG glance.api.middleware.version_negotiation [None req-1f556373-cdd1-4572-ac08-bbfdd21a2830 tempest-ServerActionsV293TestJSON-441777502 tempest-ServerActionsV293TestJSON-441777502-project-member] Using url versioning {{(pid=102873) process_request /opt/stack/glance/glance/api/middleware/version_negotiation.py:57}}
Jul 18 05:17:29.747504 np0000005384 devstack@g-api.service[102873]: DEBUG glance.api.middleware.version_negotiation [None req-1f556373-cdd1-4572-ac08-bbfdd21a2830 tempest-ServerActionsV293TestJSON-441777502 tempest-ServerActionsV293TestJSON-441777502-project-member] Matched version: v2 {{(pid=102873) process_request /opt/stack/glance/glance/api/middleware/version_negotiation.py:69}}
Jul 18 05:17:29.747650 np0000005384 devstack@g-api.service[102873]: DEBUG glance.api.middleware.version_negotiation [None req-1f556373-cdd1-4572-ac08-bbfdd21a2830 tempest-ServerActionsV293TestJSON-441777502 tempest-ServerActionsV293TestJSON-441777502-project-member] new path /v2/schemas/image {{(pid=102873) process_request /opt/stack/glance/glance/api/middleware/version_negotiation.py:70}}
Jul 18 05:17:29.748542 np0000005384 devstack@g-api.service[102872]: DEBUG glance_store.capabilities [None req-9b64d054-480a-4a22-b100-359b76205bbf tempest-ImageDependencyTests-1212699475 tempest-ImageDependencyTests-1212699475-project-member] Store glance_store._drivers.swift.store.SingleTenantStore doesn't support updating dynamic storage capabilities. Please overwrite 'update_capabilities' method of the store to implement updating logics if needed. {{(pid=102872) update_capabilities /opt/stack/data/venv/lib/python3.12/site-packages/glance_store/capabilities.py:91}}
Jul 18 05:17:29.748630 np0000005384 devstack@g-api.service[102872]: DEBUG glance_store.driver [None req-9b64d054-480a-4a22-b100-359b76205bbf tempest-ImageDependencyTests-1212699475 tempest-ImageDependencyTests-1212699475-project-member] Late loading location class glance_store._drivers.swift.store.StoreLocation {{(pid=102872) get_store_location_class /opt/stack/data/venv/lib/python3.12/site-packages/glance_store/driver.py:134}}
Jul 18 05:17:29.748748 np0000005384 devstack@g-api.service[102872]: DEBUG glance_store.location [None req-9b64d054-480a-4a22-b100-359b76205bbf tempest-ImageDependencyTests-1212699475 tempest-ImageDependencyTests-1212699475-project-member] Registering scheme swift+https with {'store': , 'location_class': , 'store_entry': 'swift'} {{(pid=102872) register_scheme_map /opt/stack/data/venv/lib/python3.12/site-packages/glance_store/location.py:146}}
Jul 18 05:17:29.748828 np0000005384 devstack@g-api.service[102872]: DEBUG glance_store.location [None req-9b64d054-480a-4a22-b100-359b76205bbf tempest-ImageDependencyTests-1212699475 tempest-ImageDependencyTests-1212699475-project-member] Registering scheme swift+https with {'store': , 'location_class': , 'store_entry': 'swift'} {{(pid=102872) register_scheme_map /opt/stack/data/venv/lib/python3.12/site-packages/glance_store/location.py:146}}
Jul 18 05:17:29.748902 np0000005384 devstack@g-api.service[102872]: DEBUG glance_store.location [None req-9b64d054-480a-4a22-b100-359b76205bbf tempest-ImageDependencyTests-1212699475 tempest-ImageDependencyTests-1212699475-project-member] Registering scheme swift with {'store': , 'location_class': , 'store_entry': 'swift'} {{(pid=102872) register_scheme_map /opt/stack/data/venv/lib/python3.12/site-packages/glance_store/location.py:146}}
Jul 18 05:17:29.748976 np0000005384 devstack@g-api.service[102872]: DEBUG glance_store.location [None req-9b64d054-480a-4a22-b100-359b76205bbf tempest-ImageDependencyTests-1212699475 tempest-ImageDependencyTests-1212699475-project-member] Registering scheme swift+https with {'store': , 'location_class': , 'store_entry': 'swift'} {{(pid=102872) register_scheme_map /opt/stack/data/venv/lib/python3.12/site-packages/glance_store/location.py:146}}
Jul 18 05:17:29.749051 np0000005384 devstack@g-api.service[102872]: DEBUG glance_store.location [None req-9b64d054-480a-4a22-b100-359b76205bbf tempest-ImageDependencyTests-1212699475 tempest-ImageDependencyTests-1212699475-project-member] Registering scheme swift with {'store': , 'location_class': , 'store_entry': 'swift'} {{(pid=102872) register_scheme_map /opt/stack/data/venv/lib/python3.12/site-packages/glance_store/location.py:146}}
Jul 18 05:17:29.749116 np0000005384 devstack@g-api.service[102872]: DEBUG glance_store.location [None req-9b64d054-480a-4a22-b100-359b76205bbf tempest-ImageDependencyTests-1212699475 tempest-ImageDependencyTests-1212699475-project-member] Registering scheme swift+http with {'store': , 'location_class': , 'store_entry': 'swift'} {{(pid=102872) register_scheme_map /opt/stack/data/venv/lib/python3.12/site-packages/glance_store/location.py:146}}
Jul 18 05:17:29.749189 np0000005384 devstack@g-api.service[102872]: DEBUG glance_store.location [None req-9b64d054-480a-4a22-b100-359b76205bbf tempest-ImageDependencyTests-1212699475 tempest-ImageDependencyTests-1212699475-project-member] Registering scheme swift+https with {'store': , 'location_class': , 'store_entry': 'swift'} {{(pid=102872) register_scheme_map /opt/stack/data/venv/lib/python3.12/site-packages/glance_store/location.py:146}}
Jul 18 05:17:29.749256 np0000005384 devstack@g-api.service[102872]: DEBUG glance_store.location [None req-9b64d054-480a-4a22-b100-359b76205bbf tempest-ImageDependencyTests-1212699475 tempest-ImageDependencyTests-1212699475-project-member] Registering scheme swift with {'store': , 'location_class': , 'store_entry': 'swift'} {{(pid=102872) register_scheme_map /opt/stack/data/venv/lib/python3.12/site-packages/glance_store/location.py:146}}
Jul 18 05:17:29.749344 np0000005384 devstack@g-api.service[102872]: DEBUG glance_store.location [None req-9b64d054-480a-4a22-b100-359b76205bbf tempest-ImageDependencyTests-1212699475 tempest-ImageDependencyTests-1212699475-project-member] Registering scheme swift+http with {'store': , 'location_class': , 'store_entry': 'swift'} {{(pid=102872) register_scheme_map /opt/stack/data/venv/lib/python3.12/site-packages/glance_store/location.py:146}}
Jul 18 05:17:29.749399 np0000005384 devstack@g-api.service[102872]: DEBUG glance_store.location [None req-9b64d054-480a-4a22-b100-359b76205bbf tempest-ImageDependencyTests-1212699475 tempest-ImageDependencyTests-1212699475-project-member] Registering scheme swift+config with {'store': , 'location_class': , 'store_entry': 'swift'} {{(pid=102872) register_scheme_map /opt/stack/data/venv/lib/python3.12/site-packages/glance_store/location.py:146}}
Jul 18 05:17:29.752350 np0000005384 devstack@g-api.service[102873]: [pid: 102873|app: 0|req: 83/336] 127.0.0.1 () {44 vars in 1055 bytes} [Sat Jul 18 05:17:29 2026] GET /v2/schemas/image => generated 6083 bytes in 5 msecs (HTTP/1.1 200) 4 headers in 158 bytes (1 switches on core 0)
Jul 18 05:17:29.763597 np0000005384 devstack@g-api.service[102875]: DEBUG glance.api.middleware.version_negotiation [None req-1f556373-cdd1-4572-ac08-bbfdd21a2830 tempest-ServerActionsV293TestJSON-441777502 tempest-ServerActionsV293TestJSON-441777502-project-member] Determining version of request: GET /v2/schemas/image Accept: */* {{(pid=102875) process_request /opt/stack/glance/glance/api/middleware/version_negotiation.py:44}}
Jul 18 05:17:29.763813 np0000005384 devstack@g-api.service[102875]: DEBUG glance.api.middleware.version_negotiation [None req-1f556373-cdd1-4572-ac08-bbfdd21a2830 tempest-ServerActionsV293TestJSON-441777502 tempest-ServerActionsV293TestJSON-441777502-project-member] Using url versioning {{(pid=102875) process_request /opt/stack/glance/glance/api/middleware/version_negotiation.py:57}}
Jul 18 05:17:29.763992 np0000005384 devstack@g-api.service[102875]: DEBUG glance.api.middleware.version_negotiation [None req-1f556373-cdd1-4572-ac08-bbfdd21a2830 tempest-ServerActionsV293TestJSON-441777502 tempest-ServerActionsV293TestJSON-441777502-project-member] Matched version: v2 {{(pid=102875) process_request /opt/stack/glance/glance/api/middleware/version_negotiation.py:69}}
Jul 18 05:17:29.764142 np0000005384 devstack@g-api.service[102875]: DEBUG glance.api.middleware.version_negotiation [None req-1f556373-cdd1-4572-ac08-bbfdd21a2830 tempest-ServerActionsV293TestJSON-441777502 tempest-ServerActionsV293TestJSON-441777502-project-member] new path /v2/schemas/image {{(pid=102875) process_request /opt/stack/glance/glance/api/middleware/version_negotiation.py:70}}
Jul 18 05:17:29.766655 np0000005384 devstack@g-api.service[102875]: [pid: 102875|app: 0|req: 85/337] 127.0.0.1 () {44 vars in 1055 bytes} [Sat Jul 18 05:17:29 2026] GET /v2/schemas/image => generated 6083 bytes in 3 msecs (HTTP/1.1 200) 4 headers in 158 bytes (1 switches on core 0)
Jul 18 05:17:29.797619 np0000005384 devstack@g-api.service[102874]: DEBUG glance.api.middleware.version_negotiation [None req-1f556373-cdd1-4572-ac08-bbfdd21a2830 tempest-ServerActionsV293TestJSON-441777502 tempest-ServerActionsV293TestJSON-441777502-project-member] Determining version of request: GET /v2/images/e01e282d-41ec-43df-8fbb-e8535aeac48d Accept: */* {{(pid=102874) process_request /opt/stack/glance/glance/api/middleware/version_negotiation.py:44}}
Jul 18 05:17:29.797619 np0000005384 devstack@g-api.service[102874]: DEBUG glance.api.middleware.version_negotiation [None req-1f556373-cdd1-4572-ac08-bbfdd21a2830 tempest-ServerActionsV293TestJSON-441777502 tempest-ServerActionsV293TestJSON-441777502-project-member] Using url versioning {{(pid=102874) process_request /opt/stack/glance/glance/api/middleware/version_negotiation.py:57}}
Jul 18 05:17:29.797619 np0000005384 devstack@g-api.service[102874]: DEBUG glance.api.middleware.version_negotiation [None req-1f556373-cdd1-4572-ac08-bbfdd21a2830 tempest-ServerActionsV293TestJSON-441777502 tempest-ServerActionsV293TestJSON-441777502-project-member] Matched version: v2 {{(pid=102874) process_request /opt/stack/glance/glance/api/middleware/version_negotiation.py:69}}
Jul 18 05:17:29.797619 np0000005384 devstack@g-api.service[102874]: DEBUG glance.api.middleware.version_negotiation [None req-1f556373-cdd1-4572-ac08-bbfdd21a2830 tempest-ServerActionsV293TestJSON-441777502 tempest-ServerActionsV293TestJSON-441777502-project-member] new path /v2/images/e01e282d-41ec-43df-8fbb-e8535aeac48d {{(pid=102874) process_request /opt/stack/glance/glance/api/middleware/version_negotiation.py:70}}
Jul 18 05:17:29.807132 np0000005384 devstack@g-api.service[102874]: [pid: 102874|app: 0|req: 86/338] 127.0.0.1 () {44 vars in 1115 bytes} [Sat Jul 18 05:17:29 2026] GET /v2/images/e01e282d-41ec-43df-8fbb-e8535aeac48d => generated 1044 bytes in 10 msecs (HTTP/1.1 200) 4 headers in 158 bytes (1 switches on core 0)
Jul 18 05:17:29.813101 np0000005384 devstack@g-api.service[102873]: DEBUG glance.api.middleware.version_negotiation [None req-1f556373-cdd1-4572-ac08-bbfdd21a2830 tempest-ServerActionsV293TestJSON-441777502 tempest-ServerActionsV293TestJSON-441777502-project-member] Determining version of request: GET /v2/schemas/image Accept: */* {{(pid=102873) process_request /opt/stack/glance/glance/api/middleware/version_negotiation.py:44}}
Jul 18 05:17:29.813336 np0000005384 devstack@g-api.service[102873]: DEBUG glance.api.middleware.version_negotiation [None req-1f556373-cdd1-4572-ac08-bbfdd21a2830 tempest-ServerActionsV293TestJSON-441777502 tempest-ServerActionsV293TestJSON-441777502-project-member] Using url versioning {{(pid=102873) process_request /opt/stack/glance/glance/api/middleware/version_negotiation.py:57}}
Jul 18 05:17:29.813537 np0000005384 devstack@g-api.service[102873]: DEBUG glance.api.middleware.version_negotiation [None req-1f556373-cdd1-4572-ac08-bbfdd21a2830 tempest-ServerActionsV293TestJSON-441777502 tempest-ServerActionsV293TestJSON-441777502-project-member] Matched version: v2 {{(pid=102873) process_request /opt/stack/glance/glance/api/middleware/version_negotiation.py:69}}
Jul 18 05:17:29.813647 np0000005384 devstack@g-api.service[102873]: DEBUG glance.api.middleware.version_negotiation [None req-1f556373-cdd1-4572-ac08-bbfdd21a2830 tempest-ServerActionsV293TestJSON-441777502 tempest-ServerActionsV293TestJSON-441777502-project-member] new path /v2/schemas/image {{(pid=102873) process_request /opt/stack/glance/glance/api/middleware/version_negotiation.py:70}}
Jul 18 05:17:29.816144 np0000005384 devstack@g-api.service[102873]: [pid: 102873|app: 0|req: 84/339] 127.0.0.1 () {44 vars in 1055 bytes} [Sat Jul 18 05:17:29 2026] GET /v2/schemas/image => generated 6083 bytes in 3 msecs (HTTP/1.1 200) 4 headers in 158 bytes (1 switches on core 0)
Jul 18 05:17:29.823118 np0000005384 devstack@g-api.service[102875]: DEBUG glance.api.middleware.version_negotiation [None req-1f556373-cdd1-4572-ac08-bbfdd21a2830 tempest-ServerActionsV293TestJSON-441777502 tempest-ServerActionsV293TestJSON-441777502-project-member] Determining version of request: GET /v2/schemas/image Accept: */* {{(pid=102875) process_request /opt/stack/glance/glance/api/middleware/version_negotiation.py:44}}
Jul 18 05:17:29.823281 np0000005384 devstack@g-api.service[102875]: DEBUG glance.api.middleware.version_negotiation [None req-1f556373-cdd1-4572-ac08-bbfdd21a2830 tempest-ServerActionsV293TestJSON-441777502 tempest-ServerActionsV293TestJSON-441777502-project-member] Using url versioning {{(pid=102875) process_request /opt/stack/glance/glance/api/middleware/version_negotiation.py:57}}
Jul 18 05:17:29.823437 np0000005384 devstack@g-api.service[102875]: DEBUG glance.api.middleware.version_negotiation [None req-1f556373-cdd1-4572-ac08-bbfdd21a2830 tempest-ServerActionsV293TestJSON-441777502 tempest-ServerActionsV293TestJSON-441777502-project-member] Matched version: v2 {{(pid=102875) process_request /opt/stack/glance/glance/api/middleware/version_negotiation.py:69}}
Jul 18 05:17:29.823533 np0000005384 devstack@g-api.service[102875]: DEBUG glance.api.middleware.version_negotiation [None req-1f556373-cdd1-4572-ac08-bbfdd21a2830 tempest-ServerActionsV293TestJSON-441777502 tempest-ServerActionsV293TestJSON-441777502-project-member] new path /v2/schemas/image {{(pid=102875) process_request /opt/stack/glance/glance/api/middleware/version_negotiation.py:70}}
Jul 18 05:17:29.825791 np0000005384 devstack@g-api.service[102875]: [pid: 102875|app: 0|req: 86/340] 127.0.0.1 () {44 vars in 1055 bytes} [Sat Jul 18 05:17:29 2026] GET /v2/schemas/image => generated 6083 bytes in 3 msecs (HTTP/1.1 200) 4 headers in 158 bytes (1 switches on core 0)
Jul 18 05:17:29.923596 np0000005384 devstack@g-api.service[102874]: DEBUG glance.api.middleware.version_negotiation [None req-1f556373-cdd1-4572-ac08-bbfdd21a2830 tempest-ServerActionsV293TestJSON-441777502 tempest-ServerActionsV293TestJSON-441777502-project-member] Determining version of request: GET /versions Accept: */* {{(pid=102874) process_request /opt/stack/glance/glance/api/middleware/version_negotiation.py:44}}
Jul 18 05:17:29.923596 np0000005384 devstack@g-api.service[102874]: [pid: 102874|app: 0|req: 87/341] 127.0.0.1 () {44 vars in 1039 bytes} [Sat Jul 18 05:17:29 2026] GET /versions => generated 1515 bytes in 1 msecs (HTTP/1.1 200) 3 headers in 92 bytes (1 switches on core 0)
Jul 18 05:17:29.934602 np0000005384 devstack@g-api.service[102873]: DEBUG glance.api.middleware.version_negotiation [None req-1f556373-cdd1-4572-ac08-bbfdd21a2830 tempest-ServerActionsV293TestJSON-441777502 tempest-ServerActionsV293TestJSON-441777502-project-member] Determining version of request: GET /v2/images/e01e282d-41ec-43df-8fbb-e8535aeac48d/locations Accept: */* {{(pid=102873) process_request /opt/stack/glance/glance/api/middleware/version_negotiation.py:44}}
Jul 18 05:17:29.934838 np0000005384 devstack@g-api.service[102873]: DEBUG glance.api.middleware.version_negotiation [None req-1f556373-cdd1-4572-ac08-bbfdd21a2830 tempest-ServerActionsV293TestJSON-441777502 tempest-ServerActionsV293TestJSON-441777502-project-member] Using url versioning {{(pid=102873) process_request /opt/stack/glance/glance/api/middleware/version_negotiation.py:57}}
Jul 18 05:17:29.934981 np0000005384 devstack@g-api.service[102873]: DEBUG glance.api.middleware.version_negotiation [None req-1f556373-cdd1-4572-ac08-bbfdd21a2830 tempest-ServerActionsV293TestJSON-441777502 tempest-ServerActionsV293TestJSON-441777502-project-member] Matched version: v2 {{(pid=102873) process_request /opt/stack/glance/glance/api/middleware/version_negotiation.py:69}}
Jul 18 05:17:29.935100 np0000005384 devstack@g-api.service[102873]: DEBUG glance.api.middleware.version_negotiation [None req-1f556373-cdd1-4572-ac08-bbfdd21a2830 tempest-ServerActionsV293TestJSON-441777502 tempest-ServerActionsV293TestJSON-441777502-project-member] new path /v2/images/e01e282d-41ec-43df-8fbb-e8535aeac48d/locations {{(pid=102873) process_request /opt/stack/glance/glance/api/middleware/version_negotiation.py:70}}
Jul 18 05:17:29.936728 np0000005384 devstack@g-api.service[102872]: DEBUG swiftclient [None req-9b64d054-480a-4a22-b100-359b76205bbf tempest-ImageDependencyTests-1212699475 tempest-ImageDependencyTests-1212699475-project-member] REQ: curl -i https://10.4.3.126:8080/v1/AUTH_687b79e63d244cb1986f642627891d75/glance -I -H "X-Auth-Token: gAAAAABqWwxpM4GP..." {{(pid=102872) http_log /opt/stack/data/venv/lib/python3.12/site-packages/swiftclient/client.py:160}}
Jul 18 05:17:29.937002 np0000005384 devstack@g-api.service[102872]: DEBUG swiftclient [None req-9b64d054-480a-4a22-b100-359b76205bbf tempest-ImageDependencyTests-1212699475 tempest-ImageDependencyTests-1212699475-project-member] RESP STATUS: 204 No Content {{(pid=102872) http_log /opt/stack/data/venv/lib/python3.12/site-packages/swiftclient/client.py:161}}
Jul 18 05:17:29.937042 np0000005384 devstack@g-api.service[102872]: DEBUG swiftclient [None req-9b64d054-480a-4a22-b100-359b76205bbf tempest-ImageDependencyTests-1212699475 tempest-ImageDependencyTests-1212699475-project-member] RESP HEADERS: {'Date': 'Sat, 18 Jul 2026 05:17:29 GMT', 'Server': 'Apache/2.4.58 (Ubuntu)', 'Content-Type': 'text/plain; charset=utf-8', 'X-Container-Object-Count': '4', 'X-Container-Bytes-Used': '64357376', 'X-Timestamp': '1784351457.70206', 'Last-Modified': 'Sat, 18 Jul 2026 05:10:58 GMT', 'Accept-Ranges': 'bytes', 'X-Storage-Policy': 'Policy-0', 'X-Container-Sharding': 'False', 'Vary': 'Accept', 'X-Trans-Id': 'txffa21f4fc42e4101ab764-006a5b0c69', 'X-Openstack-Request-Id': 'txffa21f4fc42e4101ab764-006a5b0c69', 'Connection': 'close'} {{(pid=102872) http_log /opt/stack/data/venv/lib/python3.12/site-packages/swiftclient/client.py:162}}
Jul 18 05:17:29.938642 np0000005384 devstack@g-api.service[102872]: DEBUG glance_store._drivers.swift.store [None req-9b64d054-480a-4a22-b100-359b76205bbf tempest-ImageDependencyTests-1212699475 tempest-ImageDependencyTests-1212699475-project-member] Adding image object '4383bd35-7396-43bf-944a-d016544f6907' to Swift {{(pid=102872) add /opt/stack/data/venv/lib/python3.12/site-packages/glance_store/_drivers/swift/store.py:970}}
Jul 18 05:17:29.938642 np0000005384 devstack@g-api.service[102872]: DEBUG glance_store._drivers.swift.store [None req-9b64d054-480a-4a22-b100-359b76205bbf tempest-ImageDependencyTests-1212699475 tempest-ImageDependencyTests-1212699475-project-member] Cannot determine image size because it is either not provided in the request or chunked-transfer encoding is used. Adding image as a segmented object to Swift. {{(pid=102872) add /opt/stack/data/venv/lib/python3.12/site-packages/glance_store/_drivers/swift/store.py:994}}
Jul 18 05:17:29.938642 np0000005384 devstack@g-api.service[102872]: DEBUG glance_store._drivers.swift.store [None req-9b64d054-480a-4a22-b100-359b76205bbf tempest-ImageDependencyTests-1212699475 tempest-ImageDependencyTests-1212699475-project-member] Not writing zero-length chunk. {{(pid=102872) add /opt/stack/data/venv/lib/python3.12/site-packages/glance_store/_drivers/swift/store.py:1028}}
Jul 18 05:17:29.972026 np0000005384 devstack@g-api.service[102872]: DEBUG swiftclient [None req-9b64d054-480a-4a22-b100-359b76205bbf tempest-ImageDependencyTests-1212699475 tempest-ImageDependencyTests-1212699475-project-member] REQ: curl -i https://10.4.3.126:8080/v1/AUTH_687b79e63d244cb1986f642627891d75/glance/4383bd35-7396-43bf-944a-d016544f6907 -X PUT -H "X-Object-Manifest: glance/4383bd35-7396-43bf-944a-d016544f6907-" -H "X-Auth-Token: gAAAAABqWwxpM4GP..." -H "Content-Length: 0" {{(pid=102872) http_log /opt/stack/data/venv/lib/python3.12/site-packages/swiftclient/client.py:160}}
Jul 18 05:17:29.972190 np0000005384 devstack@g-api.service[102872]: DEBUG swiftclient [None req-9b64d054-480a-4a22-b100-359b76205bbf tempest-ImageDependencyTests-1212699475 tempest-ImageDependencyTests-1212699475-project-member] RESP STATUS: 201 Created {{(pid=102872) http_log /opt/stack/data/venv/lib/python3.12/site-packages/swiftclient/client.py:161}}
Jul 18 05:17:29.972391 np0000005384 devstack@g-api.service[102872]: DEBUG swiftclient [None req-9b64d054-480a-4a22-b100-359b76205bbf tempest-ImageDependencyTests-1212699475 tempest-ImageDependencyTests-1212699475-project-member] RESP HEADERS: {'Date': 'Sat, 18 Jul 2026 05:17:29 GMT', 'Server': 'Apache/2.4.58 (Ubuntu)', 'Content-Type': 'text/html; charset=UTF-8', 'Content-Length': '0', 'Etag': 'd41d8cd98f00b204e9800998ecf8427e', 'Last-Modified': 'Sat, 18 Jul 2026 05:17:30 GMT', 'X-Trans-Id': 'tx1c1d793608344fdda0a2a-006a5b0c69', 'X-Openstack-Request-Id': 'tx1c1d793608344fdda0a2a-006a5b0c69', 'Connection': 'close'} {{(pid=102872) http_log /opt/stack/data/venv/lib/python3.12/site-packages/swiftclient/client.py:162}}
Jul 18 05:17:29.972869 np0000005384 devstack@g-api.service[102872]: INFO glance.location [None req-9b64d054-480a-4a22-b100-359b76205bbf tempest-ImageDependencyTests-1212699475 tempest-ImageDependencyTests-1212699475-project-member] Image format matched and virtual size computed: 0
Jul 18 05:17:30.007992 np0000005384 devstack@g-api.service[102873]: [pid: 102873|app: 0|req: 85/342] 127.0.0.1 () {44 vars in 1135 bytes} [Sat Jul 18 05:17:29 2026] GET /v2/images/e01e282d-41ec-43df-8fbb-e8535aeac48d/locations => generated 92 bytes in 73 msecs (HTTP/1.1 200) 4 headers in 156 bytes (1 switches on core 0)
Jul 18 05:17:30.008170 np0000005384 devstack@g-api.service[102872]: DEBUG glance_store.backend [None req-9b64d054-480a-4a22-b100-359b76205bbf tempest-ImageDependencyTests-1212699475 tempest-ImageDependencyTests-1212699475-project-member] Attempting to import store swift {{(pid=102872) _load_store /opt/stack/data/venv/lib/python3.12/site-packages/glance_store/backend.py:215}}
Jul 18 05:17:30.009568 np0000005384 devstack@g-api.service[102872]: DEBUG glance_store.capabilities [None req-9b64d054-480a-4a22-b100-359b76205bbf tempest-ImageDependencyTests-1212699475 tempest-ImageDependencyTests-1212699475-project-member] Store glance_store._drivers.swift.store.SingleTenantStore doesn't support updating dynamic storage capabilities. Please overwrite 'update_capabilities' method of the store to implement updating logics if needed. {{(pid=102872) update_capabilities /opt/stack/data/venv/lib/python3.12/site-packages/glance_store/capabilities.py:91}}
Jul 18 05:17:30.009708 np0000005384 devstack@g-api.service[102872]: DEBUG glance_store.driver [None req-9b64d054-480a-4a22-b100-359b76205bbf tempest-ImageDependencyTests-1212699475 tempest-ImageDependencyTests-1212699475-project-member] Late loading location class glance_store._drivers.swift.store.StoreLocation {{(pid=102872) get_store_location_class /opt/stack/data/venv/lib/python3.12/site-packages/glance_store/driver.py:134}}
Jul 18 05:17:30.009856 np0000005384 devstack@g-api.service[102872]: DEBUG glance_store.location [None req-9b64d054-480a-4a22-b100-359b76205bbf tempest-ImageDependencyTests-1212699475 tempest-ImageDependencyTests-1212699475-project-member] Registering scheme swift+https with {'store': , 'location_class': , 'store_entry': 'swift'} {{(pid=102872) register_scheme_map /opt/stack/data/venv/lib/python3.12/site-packages/glance_store/location.py:146}}
Jul 18 05:17:30.009973 np0000005384 devstack@g-api.service[102872]: DEBUG glance_store.location [None req-9b64d054-480a-4a22-b100-359b76205bbf tempest-ImageDependencyTests-1212699475 tempest-ImageDependencyTests-1212699475-project-member] Registering scheme swift+https with {'store': , 'location_class': , 'store_entry': 'swift'} {{(pid=102872) register_scheme_map /opt/stack/data/venv/lib/python3.12/site-packages/glance_store/location.py:146}}
Jul 18 05:17:30.010053 np0000005384 devstack@g-api.service[102872]: DEBUG glance_store.location [None req-9b64d054-480a-4a22-b100-359b76205bbf tempest-ImageDependencyTests-1212699475 tempest-ImageDependencyTests-1212699475-project-member] Registering scheme swift with {'store': , 'location_class': , 'store_entry': 'swift'} {{(pid=102872) register_scheme_map /opt/stack/data/venv/lib/python3.12/site-packages/glance_store/location.py:146}}
