Jul 09 16:30:34.193839 np0000004922 nova-scheduler[96301]: DEBUG cotyledon.oslo_config_glue [-] oslo_messaging_metrics.metrics_socket_file = /var/tmp/metrics_collector.sock {{(pid=96301) log_opt_values /opt/stack/data/venv/lib/python3.12/site-packages/oslo_config/cfg.py:3253}}
Jul 09 16:30:34.193839 np0000004922 nova-scheduler[96301]: DEBUG cotyledon.oslo_config_glue [-] oslo_messaging_metrics.metrics_thread_stop_timeout = 10 {{(pid=96301) log_opt_values /opt/stack/data/venv/lib/python3.12/site-packages/oslo_config/cfg.py:3253}}
Jul 09 16:30:34.193839 np0000004922 nova-scheduler[96301]: DEBUG cotyledon.oslo_config_glue [-] profiler.connection_string = messaging:// {{(pid=96301) log_opt_values /opt/stack/data/venv/lib/python3.12/site-packages/oslo_config/cfg.py:3253}}
Jul 09 16:30:34.193839 np0000004922 nova-scheduler[96301]: DEBUG cotyledon.oslo_config_glue [-] profiler.enabled = False {{(pid=96301) log_opt_values /opt/stack/data/venv/lib/python3.12/site-packages/oslo_config/cfg.py:3253}}
Jul 09 16:30:34.193839 np0000004922 nova-scheduler[96301]: DEBUG cotyledon.oslo_config_glue [-] profiler.es_doc_type = notification {{(pid=96301) log_opt_values /opt/stack/data/venv/lib/python3.12/site-packages/oslo_config/cfg.py:3253}}
Jul 09 16:30:34.193839 np0000004922 nova-scheduler[96301]: DEBUG cotyledon.oslo_config_glue [-] profiler.es_scroll_size = 10000 {{(pid=96301) log_opt_values /opt/stack/data/venv/lib/python3.12/site-packages/oslo_config/cfg.py:3253}}
Jul 09 16:30:34.194014 np0000004922 nova-scheduler[96301]: DEBUG cotyledon.oslo_config_glue [-] profiler.es_scroll_time = 2m {{(pid=96301) log_opt_values /opt/stack/data/venv/lib/python3.12/site-packages/oslo_config/cfg.py:3253}}
Jul 09 16:30:34.194014 np0000004922 nova-scheduler[96301]: DEBUG cotyledon.oslo_config_glue [-] profiler.filter_error_trace = False {{(pid=96301) log_opt_values /opt/stack/data/venv/lib/python3.12/site-packages/oslo_config/cfg.py:3253}}
Jul 09 16:30:34.194014 np0000004922 nova-scheduler[96301]: DEBUG cotyledon.oslo_config_glue [-] profiler.hmac_keys = **** {{(pid=96301) log_opt_values /opt/stack/data/venv/lib/python3.12/site-packages/oslo_config/cfg.py:3253}}
Jul 09 16:30:34.194014 np0000004922 nova-scheduler[96301]: DEBUG cotyledon.oslo_config_glue [-] profiler.sentinel_service_name = mymaster {{(pid=96301) log_opt_values /opt/stack/data/venv/lib/python3.12/site-packages/oslo_config/cfg.py:3253}}
Jul 09 16:30:34.194014 np0000004922 nova-scheduler[96301]: DEBUG cotyledon.oslo_config_glue [-] profiler.socket_timeout = 0.1 {{(pid=96301) log_opt_values /opt/stack/data/venv/lib/python3.12/site-packages/oslo_config/cfg.py:3253}}
Jul 09 16:30:34.194014 np0000004922 nova-scheduler[96301]: DEBUG cotyledon.oslo_config_glue [-] profiler.trace_requests = False {{(pid=96301) log_opt_values /opt/stack/data/venv/lib/python3.12/site-packages/oslo_config/cfg.py:3253}}
Jul 09 16:30:34.194014 np0000004922 nova-scheduler[96301]: DEBUG cotyledon.oslo_config_glue [-] profiler.trace_sqlalchemy = False {{(pid=96301) log_opt_values /opt/stack/data/venv/lib/python3.12/site-packages/oslo_config/cfg.py:3253}}
Jul 09 16:30:34.194014 np0000004922 nova-scheduler[96301]: DEBUG cotyledon.oslo_config_glue [-] profiler_jaeger.process_tags = {} {{(pid=96301) log_opt_values /opt/stack/data/venv/lib/python3.12/site-packages/oslo_config/cfg.py:3253}}
Jul 09 16:30:34.194014 np0000004922 nova-scheduler[96301]: DEBUG cotyledon.oslo_config_glue [-] profiler_jaeger.service_name_prefix = None {{(pid=96301) log_opt_values /opt/stack/data/venv/lib/python3.12/site-packages/oslo_config/cfg.py:3253}}
Jul 09 16:30:34.194390 np0000004922 nova-scheduler[96301]: DEBUG cotyledon.oslo_config_glue [-] profiler_otlp.service_name_prefix = None {{(pid=96301) log_opt_values /opt/stack/data/venv/lib/python3.12/site-packages/oslo_config/cfg.py:3253}}
Jul 09 16:30:34.194390 np0000004922 nova-scheduler[96301]: DEBUG cotyledon.oslo_config_glue [-] oslo_messaging_rabbit.amqp_auto_delete = False {{(pid=96301) log_opt_values /opt/stack/data/venv/lib/python3.12/site-packages/oslo_config/cfg.py:3253}}
Jul 09 16:30:34.194390 np0000004922 nova-scheduler[96301]: DEBUG cotyledon.oslo_config_glue [-] oslo_messaging_rabbit.amqp_durable_queues = False {{(pid=96301) log_opt_values /opt/stack/data/venv/lib/python3.12/site-packages/oslo_config/cfg.py:3253}}
Jul 09 16:30:34.194390 np0000004922 nova-scheduler[96301]: DEBUG cotyledon.oslo_config_glue [-] oslo_messaging_rabbit.conn_pool_min_size = 2 {{(pid=96301) log_opt_values /opt/stack/data/venv/lib/python3.12/site-packages/oslo_config/cfg.py:3253}}
Jul 09 16:30:34.194390 np0000004922 nova-scheduler[96301]: DEBUG cotyledon.oslo_config_glue [-] oslo_messaging_rabbit.conn_pool_ttl = 1200 {{(pid=96301) log_opt_values /opt/stack/data/venv/lib/python3.12/site-packages/oslo_config/cfg.py:3253}}
Jul 09 16:30:34.194390 np0000004922 nova-scheduler[96301]: DEBUG cotyledon.oslo_config_glue [-] oslo_messaging_rabbit.direct_mandatory_flag = True {{(pid=96301) log_opt_values /opt/stack/data/venv/lib/python3.12/site-packages/oslo_config/cfg.py:3253}}
Jul 09 16:30:34.194390 np0000004922 nova-scheduler[96301]: DEBUG cotyledon.oslo_config_glue [-] oslo_messaging_rabbit.enable_cancel_on_failover = False {{(pid=96301) log_opt_values /opt/stack/data/venv/lib/python3.12/site-packages/oslo_config/cfg.py:3253}}
Jul 09 16:30:34.194390 np0000004922 nova-scheduler[96301]: DEBUG cotyledon.oslo_config_glue [-] oslo_messaging_rabbit.heartbeat_rate = 3 {{(pid=96301) log_opt_values /opt/stack/data/venv/lib/python3.12/site-packages/oslo_config/cfg.py:3253}}
Jul 09 16:30:34.194390 np0000004922 nova-scheduler[96301]: DEBUG cotyledon.oslo_config_glue [-] oslo_messaging_rabbit.heartbeat_timeout_threshold = 60 {{(pid=96301) log_opt_values /opt/stack/data/venv/lib/python3.12/site-packages/oslo_config/cfg.py:3253}}
Jul 09 16:30:34.194661 np0000004922 nova-scheduler[96301]: DEBUG cotyledon.oslo_config_glue [-] oslo_messaging_rabbit.hostname = np0000004922 {{(pid=96301) log_opt_values /opt/stack/data/venv/lib/python3.12/site-packages/oslo_config/cfg.py:3253}}
Jul 09 16:30:34.194661 np0000004922 nova-scheduler[96301]: DEBUG cotyledon.oslo_config_glue [-] oslo_messaging_rabbit.kombu_compression = None {{(pid=96301) log_opt_values /opt/stack/data/venv/lib/python3.12/site-packages/oslo_config/cfg.py:3253}}
Jul 09 16:30:34.194661 np0000004922 nova-scheduler[96301]: DEBUG cotyledon.oslo_config_glue [-] oslo_messaging_rabbit.kombu_failover_strategy = round-robin {{(pid=96301) log_opt_values /opt/stack/data/venv/lib/python3.12/site-packages/oslo_config/cfg.py:3253}}
Jul 09 16:30:34.194661 np0000004922 nova-scheduler[96301]: DEBUG cotyledon.oslo_config_glue [-] oslo_messaging_rabbit.kombu_missing_consumer_retry_timeout = 60 {{(pid=96301) log_opt_values /opt/stack/data/venv/lib/python3.12/site-packages/oslo_config/cfg.py:3253}}
Jul 09 16:30:34.194661 np0000004922 nova-scheduler[96301]: DEBUG cotyledon.oslo_config_glue [-] oslo_messaging_rabbit.kombu_reconnect_delay = 1.0 {{(pid=96301) log_opt_values /opt/stack/data/venv/lib/python3.12/site-packages/oslo_config/cfg.py:3253}}
Jul 09 16:30:34.194661 np0000004922 nova-scheduler[96301]: DEBUG cotyledon.oslo_config_glue [-] oslo_messaging_rabbit.kombu_reconnect_splay = 0.0 {{(pid=96301) log_opt_values /opt/stack/data/venv/lib/python3.12/site-packages/oslo_config/cfg.py:3253}}
Jul 09 16:30:34.194661 np0000004922 nova-scheduler[96301]: DEBUG cotyledon.oslo_config_glue [-] oslo_messaging_rabbit.processname = nova-scheduler {{(pid=96301) log_opt_values /opt/stack/data/venv/lib/python3.12/site-packages/oslo_config/cfg.py:3253}}
Jul 09 16:30:34.194661 np0000004922 nova-scheduler[96301]: DEBUG cotyledon.oslo_config_glue [-] oslo_messaging_rabbit.rabbit_ha_queues = False {{(pid=96301) log_opt_values /opt/stack/data/venv/lib/python3.12/site-packages/oslo_config/cfg.py:3253}}
Jul 09 16:30:34.194661 np0000004922 nova-scheduler[96301]: DEBUG cotyledon.oslo_config_glue [-] oslo_messaging_rabbit.rabbit_interval_max = 30 {{(pid=96301) log_opt_values /opt/stack/data/venv/lib/python3.12/site-packages/oslo_config/cfg.py:3253}}
Jul 09 16:30:34.195034 np0000004922 nova-scheduler[96301]: DEBUG cotyledon.oslo_config_glue [-] oslo_messaging_rabbit.rabbit_login_method = AMQPLAIN {{(pid=96301) log_opt_values /opt/stack/data/venv/lib/python3.12/site-packages/oslo_config/cfg.py:3253}}
Jul 09 16:30:34.195034 np0000004922 nova-scheduler[96301]: DEBUG cotyledon.oslo_config_glue [-] oslo_messaging_rabbit.rabbit_qos_prefetch_count = 0 {{(pid=96301) log_opt_values /opt/stack/data/venv/lib/python3.12/site-packages/oslo_config/cfg.py:3253}}
Jul 09 16:30:34.195034 np0000004922 nova-scheduler[96301]: DEBUG cotyledon.oslo_config_glue [-] oslo_messaging_rabbit.rabbit_quorum_delivery_limit = 0 {{(pid=96301) log_opt_values /opt/stack/data/venv/lib/python3.12/site-packages/oslo_config/cfg.py:3253}}
Jul 09 16:30:34.195034 np0000004922 nova-scheduler[96301]: DEBUG cotyledon.oslo_config_glue [-] oslo_messaging_rabbit.rabbit_quorum_max_memory_bytes = 0 {{(pid=96301) log_opt_values /opt/stack/data/venv/lib/python3.12/site-packages/oslo_config/cfg.py:3253}}
Jul 09 16:30:34.195034 np0000004922 nova-scheduler[96301]: DEBUG cotyledon.oslo_config_glue [-] oslo_messaging_rabbit.rabbit_quorum_max_memory_length = 0 {{(pid=96301) log_opt_values /opt/stack/data/venv/lib/python3.12/site-packages/oslo_config/cfg.py:3253}}
Jul 09 16:30:34.195034 np0000004922 nova-scheduler[96301]: DEBUG cotyledon.oslo_config_glue [-] oslo_messaging_rabbit.rabbit_quorum_queue = False {{(pid=96301) log_opt_values /opt/stack/data/venv/lib/python3.12/site-packages/oslo_config/cfg.py:3253}}
Jul 09 16:30:34.195034 np0000004922 nova-scheduler[96301]: DEBUG cotyledon.oslo_config_glue [-] oslo_messaging_rabbit.rabbit_retry_backoff = 2 {{(pid=96301) log_opt_values /opt/stack/data/venv/lib/python3.12/site-packages/oslo_config/cfg.py:3253}}
Jul 09 16:30:34.195034 np0000004922 nova-scheduler[96301]: DEBUG cotyledon.oslo_config_glue [-] oslo_messaging_rabbit.rabbit_retry_interval = 1 {{(pid=96301) log_opt_values /opt/stack/data/venv/lib/python3.12/site-packages/oslo_config/cfg.py:3253}}
Jul 09 16:30:34.195034 np0000004922 nova-scheduler[96301]: DEBUG cotyledon.oslo_config_glue [-] oslo_messaging_rabbit.rabbit_stream_fanout = False {{(pid=96301) log_opt_values /opt/stack/data/venv/lib/python3.12/site-packages/oslo_config/cfg.py:3253}}
Jul 09 16:30:34.195410 np0000004922 nova-scheduler[96301]: DEBUG cotyledon.oslo_config_glue [-] oslo_messaging_rabbit.rabbit_transient_queues_ttl = 1800 {{(pid=96301) log_opt_values /opt/stack/data/venv/lib/python3.12/site-packages/oslo_config/cfg.py:3253}}
Jul 09 16:30:34.195410 np0000004922 nova-scheduler[96301]: DEBUG cotyledon.oslo_config_glue [-] oslo_messaging_rabbit.rabbit_transient_quorum_queue = False {{(pid=96301) log_opt_values /opt/stack/data/venv/lib/python3.12/site-packages/oslo_config/cfg.py:3253}}
Jul 09 16:30:34.195410 np0000004922 nova-scheduler[96301]: DEBUG cotyledon.oslo_config_glue [-] oslo_messaging_rabbit.rpc_conn_pool_size = 30 {{(pid=96301) log_opt_values /opt/stack/data/venv/lib/python3.12/site-packages/oslo_config/cfg.py:3253}}
Jul 09 16:30:34.195410 np0000004922 nova-scheduler[96301]: DEBUG cotyledon.oslo_config_glue [-] oslo_messaging_rabbit.ssl = False {{(pid=96301) log_opt_values /opt/stack/data/venv/lib/python3.12/site-packages/oslo_config/cfg.py:3253}}
Jul 09 16:30:34.195410 np0000004922 nova-scheduler[96301]: DEBUG cotyledon.oslo_config_glue [-] oslo_messaging_rabbit.ssl_ca_file = {{(pid=96301) log_opt_values /opt/stack/data/venv/lib/python3.12/site-packages/oslo_config/cfg.py:3253}}
Jul 09 16:30:34.195410 np0000004922 nova-scheduler[96301]: DEBUG cotyledon.oslo_config_glue [-] oslo_messaging_rabbit.ssl_cert_file = {{(pid=96301) log_opt_values /opt/stack/data/venv/lib/python3.12/site-packages/oslo_config/cfg.py:3253}}
Jul 09 16:30:34.195410 np0000004922 nova-scheduler[96301]: DEBUG cotyledon.oslo_config_glue [-] oslo_messaging_rabbit.ssl_enforce_fips_mode = False {{(pid=96301) log_opt_values /opt/stack/data/venv/lib/python3.12/site-packages/oslo_config/cfg.py:3253}}
Jul 09 16:30:34.195410 np0000004922 nova-scheduler[96301]: DEBUG cotyledon.oslo_config_glue [-] oslo_messaging_rabbit.ssl_enforce_hostname_verification = True {{(pid=96301) log_opt_values /opt/stack/data/venv/lib/python3.12/site-packages/oslo_config/cfg.py:3253}}
Jul 09 16:30:34.195410 np0000004922 nova-scheduler[96301]: DEBUG cotyledon.oslo_config_glue [-] oslo_messaging_rabbit.ssl_key_file = {{(pid=96301) log_opt_values /opt/stack/data/venv/lib/python3.12/site-packages/oslo_config/cfg.py:3253}}
Jul 09 16:30:34.195731 np0000004922 nova-scheduler[96301]: DEBUG cotyledon.oslo_config_glue [-] oslo_messaging_rabbit.ssl_version = {{(pid=96301) log_opt_values /opt/stack/data/venv/lib/python3.12/site-packages/oslo_config/cfg.py:3253}}
Jul 09 16:30:34.195731 np0000004922 nova-scheduler[96301]: DEBUG cotyledon.oslo_config_glue [-] oslo_messaging_rabbit.use_queue_manager = False {{(pid=96301) log_opt_values /opt/stack/data/venv/lib/python3.12/site-packages/oslo_config/cfg.py:3253}}
Jul 09 16:30:34.195731 np0000004922 nova-scheduler[96301]: DEBUG cotyledon.oslo_config_glue [-] oslo_messaging_notifications.driver = ['messagingv2'] {{(pid=96301) log_opt_values /opt/stack/data/venv/lib/python3.12/site-packages/oslo_config/cfg.py:3253}}
Jul 09 16:30:34.195731 np0000004922 nova-scheduler[96301]: DEBUG cotyledon.oslo_config_glue [-] oslo_messaging_notifications.retry = -1 {{(pid=96301) log_opt_values /opt/stack/data/venv/lib/python3.12/site-packages/oslo_config/cfg.py:3253}}
Jul 09 16:30:34.195731 np0000004922 nova-scheduler[96301]: DEBUG cotyledon.oslo_config_glue [-] oslo_messaging_notifications.topics = ['notifications'] {{(pid=96301) log_opt_values /opt/stack/data/venv/lib/python3.12/site-packages/oslo_config/cfg.py:3253}}
Jul 09 16:30:34.195731 np0000004922 nova-scheduler[96301]: DEBUG cotyledon.oslo_config_glue [-] oslo_messaging_notifications.transport_url = **** {{(pid=96301) log_opt_values /opt/stack/data/venv/lib/python3.12/site-packages/oslo_config/cfg.py:3253}}
Jul 09 16:30:34.195731 np0000004922 nova-scheduler[96301]: DEBUG cotyledon.oslo_config_glue [-] oslo_limit.auth_section = None {{(pid=96301) log_opt_values /opt/stack/data/venv/lib/python3.12/site-packages/oslo_config/cfg.py:3253}}
Jul 09 16:30:34.195731 np0000004922 nova-scheduler[96301]: DEBUG cotyledon.oslo_config_glue [-] oslo_limit.auth_type = None {{(pid=96301) log_opt_values /opt/stack/data/venv/lib/python3.12/site-packages/oslo_config/cfg.py:3253}}
Jul 09 16:30:34.195731 np0000004922 nova-scheduler[96301]: DEBUG cotyledon.oslo_config_glue [-] oslo_limit.cafile = None {{(pid=96301) log_opt_values /opt/stack/data/venv/lib/python3.12/site-packages/oslo_config/cfg.py:3253}}
Jul 09 16:30:34.196093 np0000004922 nova-scheduler[96301]: DEBUG cotyledon.oslo_config_glue [-] oslo_limit.certfile = None {{(pid=96301) log_opt_values /opt/stack/data/venv/lib/python3.12/site-packages/oslo_config/cfg.py:3253}}
Jul 09 16:30:34.196093 np0000004922 nova-scheduler[96301]: DEBUG cotyledon.oslo_config_glue [-] oslo_limit.collect_timing = False {{(pid=96301) log_opt_values /opt/stack/data/venv/lib/python3.12/site-packages/oslo_config/cfg.py:3253}}
Jul 09 16:30:34.196093 np0000004922 nova-scheduler[96301]: DEBUG cotyledon.oslo_config_glue [-] oslo_limit.connect_retries = None {{(pid=96301) log_opt_values /opt/stack/data/venv/lib/python3.12/site-packages/oslo_config/cfg.py:3253}}
Jul 09 16:30:34.196093 np0000004922 nova-scheduler[96301]: DEBUG cotyledon.oslo_config_glue [-] oslo_limit.connect_retry_delay = None {{(pid=96301) log_opt_values /opt/stack/data/venv/lib/python3.12/site-packages/oslo_config/cfg.py:3253}}
Jul 09 16:30:34.196093 np0000004922 nova-scheduler[96301]: DEBUG cotyledon.oslo_config_glue [-] oslo_limit.endpoint_id = None {{(pid=96301) log_opt_values /opt/stack/data/venv/lib/python3.12/site-packages/oslo_config/cfg.py:3253}}
Jul 09 16:30:34.196093 np0000004922 nova-scheduler[96301]: DEBUG cotyledon.oslo_config_glue [-] oslo_limit.endpoint_interface = public {{(pid=96301) log_opt_values /opt/stack/data/venv/lib/python3.12/site-packages/oslo_config/cfg.py:3253}}
Jul 09 16:30:34.196093 np0000004922 nova-scheduler[96301]: DEBUG cotyledon.oslo_config_glue [-] oslo_limit.endpoint_override = None {{(pid=96301) log_opt_values /opt/stack/data/venv/lib/python3.12/site-packages/oslo_config/cfg.py:3253}}
Jul 09 16:30:34.196093 np0000004922 nova-scheduler[96301]: DEBUG cotyledon.oslo_config_glue [-] oslo_limit.endpoint_region_name = None {{(pid=96301) log_opt_values /opt/stack/data/venv/lib/python3.12/site-packages/oslo_config/cfg.py:3253}}
Jul 09 16:30:34.196093 np0000004922 nova-scheduler[96301]: DEBUG cotyledon.oslo_config_glue [-] oslo_limit.endpoint_service_name = None {{(pid=96301) log_opt_values /opt/stack/data/venv/lib/python3.12/site-packages/oslo_config/cfg.py:3253}}
Jul 09 16:30:34.196396 np0000004922 nova-scheduler[96301]: DEBUG cotyledon.oslo_config_glue [-] oslo_limit.endpoint_service_type = None {{(pid=96301) log_opt_values /opt/stack/data/venv/lib/python3.12/site-packages/oslo_config/cfg.py:3253}}
Jul 09 16:30:34.196396 np0000004922 nova-scheduler[96301]: DEBUG cotyledon.oslo_config_glue [-] oslo_limit.insecure = False {{(pid=96301) log_opt_values /opt/stack/data/venv/lib/python3.12/site-packages/oslo_config/cfg.py:3253}}
Jul 09 16:30:34.196396 np0000004922 nova-scheduler[96301]: DEBUG cotyledon.oslo_config_glue [-] oslo_limit.keyfile = None {{(pid=96301) log_opt_values /opt/stack/data/venv/lib/python3.12/site-packages/oslo_config/cfg.py:3253}}
Jul 09 16:30:34.196396 np0000004922 nova-scheduler[96301]: DEBUG cotyledon.oslo_config_glue [-] oslo_limit.max_version = None {{(pid=96301) log_opt_values /opt/stack/data/venv/lib/python3.12/site-packages/oslo_config/cfg.py:3253}}
Jul 09 16:30:34.196396 np0000004922 nova-scheduler[96301]: DEBUG cotyledon.oslo_config_glue [-] oslo_limit.min_version = None {{(pid=96301) log_opt_values /opt/stack/data/venv/lib/python3.12/site-packages/oslo_config/cfg.py:3253}}
Jul 09 16:30:34.196396 np0000004922 nova-scheduler[96301]: DEBUG cotyledon.oslo_config_glue [-] oslo_limit.region_name = None {{(pid=96301) log_opt_values /opt/stack/data/venv/lib/python3.12/site-packages/oslo_config/cfg.py:3253}}
Jul 09 16:30:34.196396 np0000004922 nova-scheduler[96301]: DEBUG cotyledon.oslo_config_glue [-] oslo_limit.retriable_status_codes = None {{(pid=96301) log_opt_values /opt/stack/data/venv/lib/python3.12/site-packages/oslo_config/cfg.py:3253}}
Jul 09 16:30:34.196396 np0000004922 nova-scheduler[96301]: DEBUG cotyledon.oslo_config_glue [-] oslo_limit.service_name = None {{(pid=96301) log_opt_values /opt/stack/data/venv/lib/python3.12/site-packages/oslo_config/cfg.py:3253}}
Jul 09 16:30:34.196396 np0000004922 nova-scheduler[96301]: DEBUG cotyledon.oslo_config_glue [-] oslo_limit.service_type = None {{(pid=96301) log_opt_values /opt/stack/data/venv/lib/python3.12/site-packages/oslo_config/cfg.py:3253}}
Jul 09 16:30:34.196692 np0000004922 nova-scheduler[96301]: DEBUG cotyledon.oslo_config_glue [-] oslo_limit.split_loggers = False {{(pid=96301) log_opt_values /opt/stack/data/venv/lib/python3.12/site-packages/oslo_config/cfg.py:3253}}
Jul 09 16:30:34.196692 np0000004922 nova-scheduler[96301]: DEBUG cotyledon.oslo_config_glue [-] oslo_limit.status_code_retries = None {{(pid=96301) log_opt_values /opt/stack/data/venv/lib/python3.12/site-packages/oslo_config/cfg.py:3253}}
Jul 09 16:30:34.196692 np0000004922 nova-scheduler[96301]: DEBUG cotyledon.oslo_config_glue [-] oslo_limit.status_code_retry_delay = None {{(pid=96301) log_opt_values /opt/stack/data/venv/lib/python3.12/site-packages/oslo_config/cfg.py:3253}}
Jul 09 16:30:34.196692 np0000004922 nova-scheduler[96301]: DEBUG cotyledon.oslo_config_glue [-] oslo_limit.timeout = None {{(pid=96301) log_opt_values /opt/stack/data/venv/lib/python3.12/site-packages/oslo_config/cfg.py:3253}}
Jul 09 16:30:34.196692 np0000004922 nova-scheduler[96301]: DEBUG cotyledon.oslo_config_glue [-] oslo_limit.valid_interfaces = None {{(pid=96301) log_opt_values /opt/stack/data/venv/lib/python3.12/site-packages/oslo_config/cfg.py:3253}}
Jul 09 16:30:34.196692 np0000004922 nova-scheduler[96301]: DEBUG cotyledon.oslo_config_glue [-] oslo_limit.version = None {{(pid=96301) log_opt_values /opt/stack/data/venv/lib/python3.12/site-packages/oslo_config/cfg.py:3253}}
Jul 09 16:30:34.196692 np0000004922 nova-scheduler[96301]: DEBUG cotyledon.oslo_config_glue [-] oslo_reports.file_event_handler = None {{(pid=96301) log_opt_values /opt/stack/data/venv/lib/python3.12/site-packages/oslo_config/cfg.py:3253}}
Jul 09 16:30:34.196692 np0000004922 nova-scheduler[96301]: DEBUG cotyledon.oslo_config_glue [-] oslo_reports.file_event_handler_interval = 1 {{(pid=96301) log_opt_values /opt/stack/data/venv/lib/python3.12/site-packages/oslo_config/cfg.py:3253}}
Jul 09 16:30:34.196692 np0000004922 nova-scheduler[96301]: DEBUG cotyledon.oslo_config_glue [-] oslo_reports.log_dir = None {{(pid=96301) log_opt_values /opt/stack/data/venv/lib/python3.12/site-packages/oslo_config/cfg.py:3253}}
Jul 09 16:30:34.197014 np0000004922 nova-scheduler[96301]: DEBUG cotyledon.oslo_config_glue [-] ******************************************************************************** {{(pid=96301) log_opt_values /opt/stack/data/venv/lib/python3.12/site-packages/oslo_config/cfg.py:3260}}
Jul 09 16:30:34.197014 np0000004922 nova-scheduler[96301]: DEBUG cotyledon._service_worker [-] Run service ServiceWrapper(3) [96301] {{(pid=96301) wait_forever /opt/stack/data/venv/lib/python3.12/site-packages/cotyledon/_service_worker.py:218}}
Jul 09 16:30:34.197014 np0000004922 nova-scheduler[96301]: INFO nova.service [-] Starting scheduler node (version 33.1.0)
Jul 09 16:30:34.197014 np0000004922 nova-scheduler[96301]: INFO dbcounter [None req-f6f6da22-81bd-4283-96b0-3278cbe393ee None None] Registered counter for database nova_cell0
Jul 09 16:30:34.197183 np0000004922 nova-scheduler[96297]: DEBUG oslo_db.sqlalchemy.engines [None req-e260a3a7-52a0-45fd-bc65-98046504dfd2 None None] MySQL server mode set to STRICT_TRANS_TABLES,STRICT_ALL_TABLES,NO_ZERO_IN_DATE,NO_ZERO_DATE,ERROR_FOR_DIVISION_BY_ZERO,TRADITIONAL,NO_ENGINE_SUBSTITUTION {{(pid=96297) _check_effective_sql_mode /opt/stack/data/venv/lib/python3.12/site-packages/oslo_db/sqlalchemy/engines.py:325}}
Jul 09 16:30:34.197232 np0000004922 nova-scheduler[96295]: DEBUG oslo_db.sqlalchemy.engines [None req-3e3319c9-efe1-4853-a57b-734e14c2d473 None None] MySQL server mode set to STRICT_TRANS_TABLES,STRICT_ALL_TABLES,NO_ZERO_IN_DATE,NO_ZERO_DATE,ERROR_FOR_DIVISION_BY_ZERO,TRADITIONAL,NO_ENGINE_SUBSTITUTION {{(pid=96295) _check_effective_sql_mode /opt/stack/data/venv/lib/python3.12/site-packages/oslo_db/sqlalchemy/engines.py:325}}
Jul 09 16:30:34.197278 np0000004922 nova-scheduler[96297]: DEBUG dbcounter [-] [96297] Writer thread running {{(pid=96297) stat_writer /opt/stack/data/venv/lib/python3.12/site-packages/dbcounter.py:102}}
Jul 09 16:30:34.197327 np0000004922 nova-scheduler[96295]: DEBUG dbcounter [-] [96295] Writer thread running {{(pid=96295) stat_writer /opt/stack/data/venv/lib/python3.12/site-packages/dbcounter.py:102}}
Jul 09 16:30:34.205470 np0000004922 nova-scheduler[96297]: DEBUG nova.service [None req-e260a3a7-52a0-45fd-bc65-98046504dfd2 None None] Creating RPC server for service: nova-scheduler on topic: scheduler {{(pid=96297) start /opt/stack/nova/nova/service.py:196}}
Jul 09 16:30:34.205594 np0000004922 nova-scheduler[96299]: DEBUG oslo_db.sqlalchemy.engines [None req-1a0fff44-ce4e-4158-a3f6-cf1dc2afbd67 None None] MySQL server mode set to STRICT_TRANS_TABLES,STRICT_ALL_TABLES,NO_ZERO_IN_DATE,NO_ZERO_DATE,ERROR_FOR_DIVISION_BY_ZERO,TRADITIONAL,NO_ENGINE_SUBSTITUTION {{(pid=96299) _check_effective_sql_mode /opt/stack/data/venv/lib/python3.12/site-packages/oslo_db/sqlalchemy/engines.py:325}}
Jul 09 16:30:34.210684 np0000004922 nova-scheduler[96295]: DEBUG nova.service [None req-3e3319c9-efe1-4853-a57b-734e14c2d473 None None] Creating RPC server for service: nova-scheduler on topic: scheduler {{(pid=96295) start /opt/stack/nova/nova/service.py:196}}
Jul 09 16:30:34.216196 np0000004922 nova-scheduler[96299]: DEBUG dbcounter [-] [96299] Writer thread running {{(pid=96299) stat_writer /opt/stack/data/venv/lib/python3.12/site-packages/dbcounter.py:102}}
Jul 09 16:30:34.219899 np0000004922 nova-scheduler[96299]: DEBUG nova.service [None req-1a0fff44-ce4e-4158-a3f6-cf1dc2afbd67 None None] Creating RPC server for service: nova-scheduler on topic: scheduler {{(pid=96299) start /opt/stack/nova/nova/service.py:196}}
Jul 09 16:30:34.224421 np0000004922 nova-scheduler[96301]: DEBUG oslo_db.sqlalchemy.engines [None req-f6f6da22-81bd-4283-96b0-3278cbe393ee None None] MySQL server mode set to STRICT_TRANS_TABLES,STRICT_ALL_TABLES,NO_ZERO_IN_DATE,NO_ZERO_DATE,ERROR_FOR_DIVISION_BY_ZERO,TRADITIONAL,NO_ENGINE_SUBSTITUTION {{(pid=96301) _check_effective_sql_mode /opt/stack/data/venv/lib/python3.12/site-packages/oslo_db/sqlalchemy/engines.py:325}}
Jul 09 16:30:34.235447 np0000004922 nova-scheduler[96297]: DEBUG nova.service [None req-e260a3a7-52a0-45fd-bc65-98046504dfd2 None None] Join ServiceGroup membership for this service scheduler {{(pid=96297) start /opt/stack/nova/nova/service.py:222}}
Jul 09 16:30:34.235708 np0000004922 nova-scheduler[96297]: DEBUG nova.servicegroup.drivers.db [None req-e260a3a7-52a0-45fd-bc65-98046504dfd2 None None] DB_Driver: join new ServiceGroup member np0000004922 to the scheduler group, service = {{(pid=96297) join /opt/stack/nova/nova/servicegroup/drivers/db.py:44}}
Jul 09 16:30:34.235879 np0000004922 nova-scheduler[96295]: DEBUG nova.service [None req-3e3319c9-efe1-4853-a57b-734e14c2d473 None None] Join ServiceGroup membership for this service scheduler {{(pid=96295) start /opt/stack/nova/nova/service.py:222}}
Jul 09 16:30:34.236104 np0000004922 nova-scheduler[96295]: DEBUG nova.servicegroup.drivers.db [None req-3e3319c9-efe1-4853-a57b-734e14c2d473 None None] DB_Driver: join new ServiceGroup member np0000004922 to the scheduler group, service = {{(pid=96295) join /opt/stack/nova/nova/servicegroup/drivers/db.py:44}}
Jul 09 16:30:34.236424 np0000004922 nova-scheduler[96301]: DEBUG dbcounter [-] [96301] Writer thread running {{(pid=96301) stat_writer /opt/stack/data/venv/lib/python3.12/site-packages/dbcounter.py:102}}
Jul 09 16:30:34.241005 np0000004922 nova-scheduler[96301]: DEBUG nova.service [None req-f6f6da22-81bd-4283-96b0-3278cbe393ee None None] Creating RPC server for service: nova-scheduler on topic: scheduler {{(pid=96301) start /opt/stack/nova/nova/service.py:196}}
Jul 09 16:30:34.243664 np0000004922 nova-scheduler[96299]: DEBUG nova.service [None req-1a0fff44-ce4e-4158-a3f6-cf1dc2afbd67 None None] Join ServiceGroup membership for this service scheduler {{(pid=96299) start /opt/stack/nova/nova/service.py:222}}
Jul 09 16:30:34.243926 np0000004922 nova-scheduler[96299]: DEBUG nova.servicegroup.drivers.db [None req-1a0fff44-ce4e-4158-a3f6-cf1dc2afbd67 None None] DB_Driver: join new ServiceGroup member np0000004922 to the scheduler group, service = {{(pid=96299) join /opt/stack/nova/nova/servicegroup/drivers/db.py:44}}
Jul 09 16:30:34.265203 np0000004922 nova-scheduler[96301]: DEBUG nova.service [None req-f6f6da22-81bd-4283-96b0-3278cbe393ee None None] Join ServiceGroup membership for this service scheduler {{(pid=96301) start /opt/stack/nova/nova/service.py:222}}
Jul 09 16:30:34.265511 np0000004922 nova-scheduler[96301]: DEBUG nova.servicegroup.drivers.db [None req-f6f6da22-81bd-4283-96b0-3278cbe393ee None None] DB_Driver: join new ServiceGroup member np0000004922 to the scheduler group, service = {{(pid=96301) join /opt/stack/nova/nova/servicegroup/drivers/db.py:44}}
Jul 09 16:30:35.239053 np0000004922 nova-scheduler[96295]: DEBUG oslo.service.backend._threading.loopingcall [None req-2041cd48-2e38-400d-a144-ae912642d19b None None] Dynamic interval looping call 'nova.service.Service.periodic_tasks' sleeping for 60.00 seconds {{(pid=96295) _run_loop /opt/stack/data/venv/lib/python3.12/site-packages/oslo_service/backend/_threading/loopingcall.py:125}}
Jul 09 16:30:39.252317 np0000004922 nova-scheduler[96295]: DEBUG oslo.service.backend._threading.loopingcall [-] Fixed interval looping call 'nova.servicegroup.drivers.db.DbDriver._report_state' sleeping for 119.99 seconds {{(pid=96295) _run_loop /opt/stack/data/venv/lib/python3.12/site-packages/oslo_service/backend/_threading/loopingcall.py:125}}
Jul 09 16:30:39.253802 np0000004922 nova-scheduler[96297]: DEBUG oslo.service.backend._threading.loopingcall [-] Fixed interval looping call 'nova.servicegroup.drivers.db.DbDriver._report_state' sleeping for 119.98 seconds {{(pid=96297) _run_loop /opt/stack/data/venv/lib/python3.12/site-packages/oslo_service/backend/_threading/loopingcall.py:125}}
Jul 09 16:30:39.256539 np0000004922 nova-scheduler[96299]: DEBUG oslo.service.backend._threading.loopingcall [-] Fixed interval looping call 'nova.servicegroup.drivers.db.DbDriver._report_state' sleeping for 119.99 seconds {{(pid=96299) _run_loop /opt/stack/data/venv/lib/python3.12/site-packages/oslo_service/backend/_threading/loopingcall.py:125}}
Jul 09 16:30:39.279632 np0000004922 nova-scheduler[96301]: DEBUG oslo.service.backend._threading.loopingcall [-] Fixed interval looping call 'nova.servicegroup.drivers.db.DbDriver._report_state' sleeping for 119.99 seconds {{(pid=96301) _run_loop /opt/stack/data/venv/lib/python3.12/site-packages/oslo_service/backend/_threading/loopingcall.py:125}}
Jul 09 16:30:42.268455 np0000004922 nova-scheduler[96301]: DEBUG oslo.service.backend._threading.loopingcall [None req-d06fb34c-870b-481d-980d-7117c98e72c5 None None] Dynamic interval looping call 'nova.service.Service.periodic_tasks' sleeping for 60.00 seconds {{(pid=96301) _run_loop /opt/stack/data/venv/lib/python3.12/site-packages/oslo_service/backend/_threading/loopingcall.py:125}}
Jul 09 16:30:42.706096 np0000004922 nova-scheduler[95103]: DEBUG dbcounter [-] [95103] Writing DB stats nova_api:SELECT=3 {{(pid=95103) stat_writer /opt/stack/data/venv/lib/python3.12/site-packages/dbcounter.py:115}}
Jul 09 16:30:42.870452 np0000004922 nova-scheduler[95103]: DEBUG dbcounter [-] [95103] Writing DB stats nova_cell0:SELECT=1 {{(pid=95103) stat_writer /opt/stack/data/venv/lib/python3.12/site-packages/dbcounter.py:115}}
Jul 09 16:30:42.875702 np0000004922 nova-scheduler[95103]: DEBUG dbcounter [-] [95103] Writing DB stats nova_cell1:SELECT=1 {{(pid=95103) stat_writer /opt/stack/data/venv/lib/python3.12/site-packages/dbcounter.py:115}}
Jul 09 16:30:49.247178 np0000004922 nova-scheduler[96295]: DEBUG dbcounter [-] [96295] Writing DB stats nova_cell0:SELECT=5,nova_cell0:INSERT=1,nova_cell0:UPDATE=1 {{(pid=96295) stat_writer /opt/stack/data/venv/lib/python3.12/site-packages/dbcounter.py:115}}
Jul 09 16:30:49.249101 np0000004922 nova-scheduler[96297]: DEBUG dbcounter [-] [96297] Writing DB stats nova_cell0:SELECT=4,nova_cell0:INSERT=1,nova_cell0:UPDATE=1 {{(pid=96297) stat_writer /opt/stack/data/venv/lib/python3.12/site-packages/dbcounter.py:115}}
Jul 09 16:30:49.255969 np0000004922 nova-scheduler[96299]: DEBUG dbcounter [-] [96299] Writing DB stats nova_cell0:SELECT=3 {{(pid=96299) stat_writer /opt/stack/data/venv/lib/python3.12/site-packages/dbcounter.py:115}}
Jul 09 16:30:49.275947 np0000004922 nova-scheduler[96301]: DEBUG dbcounter [-] [96301] Writing DB stats nova_cell0:SELECT=3 {{(pid=96301) stat_writer /opt/stack/data/venv/lib/python3.12/site-packages/dbcounter.py:115}}
Jul 09 16:30:53.246475 np0000004922 nova-scheduler[96299]: DEBUG oslo.service.backend._threading.loopingcall [None req-5454044a-490c-424b-ab63-07554a363e42 None None] Dynamic interval looping call 'nova.service.Service.periodic_tasks' sleeping for 60.00 seconds {{(pid=96299) _run_loop /opt/stack/data/venv/lib/python3.12/site-packages/oslo_service/backend/_threading/loopingcall.py:125}}
Jul 09 16:31:22.238536 np0000004922 nova-scheduler[96297]: DEBUG oslo.service.backend._threading.loopingcall [None req-13c68c1f-1a3f-4052-b8c0-646458ed8ccd None None] Dynamic interval looping call 'nova.service.Service.periodic_tasks' sleeping for 60.00 seconds {{(pid=96297) _run_loop /opt/stack/data/venv/lib/python3.12/site-packages/oslo_service/backend/_threading/loopingcall.py:125}}
Jul 09 16:31:35.239999 np0000004922 nova-scheduler[96295]: DEBUG oslo.service.backend._threading.loopingcall [None req-2041cd48-2e38-400d-a144-ae912642d19b None None] Dynamic interval looping call 'nova.service.Service.periodic_tasks' sleeping for 60.00 seconds {{(pid=96295) _run_loop /opt/stack/data/venv/lib/python3.12/site-packages/oslo_service/backend/_threading/loopingcall.py:125}}
Jul 09 16:31:42.269272 np0000004922 nova-scheduler[96301]: DEBUG oslo.service.backend._threading.loopingcall [None req-d06fb34c-870b-481d-980d-7117c98e72c5 None None] Dynamic interval looping call 'nova.service.Service.periodic_tasks' sleeping for 60.00 seconds {{(pid=96301) _run_loop /opt/stack/data/venv/lib/python3.12/site-packages/oslo_service/backend/_threading/loopingcall.py:125}}
Jul 09 16:31:53.247073 np0000004922 nova-scheduler[96299]: DEBUG oslo.service.backend._threading.loopingcall [None req-5454044a-490c-424b-ab63-07554a363e42 None None] Dynamic interval looping call 'nova.service.Service.periodic_tasks' sleeping for 60.00 seconds {{(pid=96299) _run_loop /opt/stack/data/venv/lib/python3.12/site-packages/oslo_service/backend/_threading/loopingcall.py:125}}
Jul 09 16:32:22.239129 np0000004922 nova-scheduler[96297]: DEBUG oslo.service.backend._threading.loopingcall [None req-13c68c1f-1a3f-4052-b8c0-646458ed8ccd None None] Dynamic interval looping call 'nova.service.Service.periodic_tasks' sleeping for 60.00 seconds {{(pid=96297) _run_loop /opt/stack/data/venv/lib/python3.12/site-packages/oslo_service/backend/_threading/loopingcall.py:125}}
Jul 09 16:32:35.240174 np0000004922 nova-scheduler[96295]: DEBUG oslo.service.backend._threading.loopingcall [None req-2041cd48-2e38-400d-a144-ae912642d19b None None] Dynamic interval looping call 'nova.service.Service.periodic_tasks' sleeping for 60.00 seconds {{(pid=96295) _run_loop /opt/stack/data/venv/lib/python3.12/site-packages/oslo_service/backend/_threading/loopingcall.py:125}}
Jul 09 16:32:39.241043 np0000004922 nova-scheduler[96297]: DEBUG oslo.service.backend._threading.loopingcall [-] Fixed interval looping call 'nova.servicegroup.drivers.db.DbDriver._report_state' sleeping for 119.99 seconds {{(pid=96297) _run_loop /opt/stack/data/venv/lib/python3.12/site-packages/oslo_service/backend/_threading/loopingcall.py:125}}
Jul 09 16:32:39.245954 np0000004922 nova-scheduler[96295]: DEBUG oslo.service.backend._threading.loopingcall [-] Fixed interval looping call 'nova.servicegroup.drivers.db.DbDriver._report_state' sleeping for 120.00 seconds {{(pid=96295) _run_loop /opt/stack/data/venv/lib/python3.12/site-packages/oslo_service/backend/_threading/loopingcall.py:125}}
Jul 09 16:32:39.250291 np0000004922 nova-scheduler[96299]: DEBUG oslo.service.backend._threading.loopingcall [-] Fixed interval looping call 'nova.servicegroup.drivers.db.DbDriver._report_state' sleeping for 120.00 seconds {{(pid=96299) _run_loop /opt/stack/data/venv/lib/python3.12/site-packages/oslo_service/backend/_threading/loopingcall.py:125}}
Jul 09 16:32:39.274140 np0000004922 nova-scheduler[96301]: DEBUG oslo.service.backend._threading.loopingcall [-] Fixed interval looping call 'nova.servicegroup.drivers.db.DbDriver._report_state' sleeping for 120.00 seconds {{(pid=96301) _run_loop /opt/stack/data/venv/lib/python3.12/site-packages/oslo_service/backend/_threading/loopingcall.py:125}}
Jul 09 16:32:42.269812 np0000004922 nova-scheduler[96301]: DEBUG oslo.service.backend._threading.loopingcall [None req-d06fb34c-870b-481d-980d-7117c98e72c5 None None] Dynamic interval looping call 'nova.service.Service.periodic_tasks' sleeping for 60.00 seconds {{(pid=96301) _run_loop /opt/stack/data/venv/lib/python3.12/site-packages/oslo_service/backend/_threading/loopingcall.py:125}}
Jul 09 16:32:49.238174 np0000004922 nova-scheduler[96297]: DEBUG dbcounter [-] [96297] Writing DB stats nova_cell0:SELECT=1,nova_cell0:UPDATE=1 {{(pid=96297) stat_writer /opt/stack/data/venv/lib/python3.12/site-packages/dbcounter.py:115}}
Jul 09 16:32:49.244099 np0000004922 nova-scheduler[96295]: DEBUG dbcounter [-] [96295] Writing DB stats nova_cell0:SELECT=1 {{(pid=96295) stat_writer /opt/stack/data/venv/lib/python3.12/site-packages/dbcounter.py:115}}
Jul 09 16:32:49.248516 np0000004922 nova-scheduler[96299]: DEBUG dbcounter [-] [96299] Writing DB stats nova_cell0:SELECT=1 {{(pid=96299) stat_writer /opt/stack/data/venv/lib/python3.12/site-packages/dbcounter.py:115}}
Jul 09 16:32:49.272287 np0000004922 nova-scheduler[96301]: DEBUG dbcounter [-] [96301] Writing DB stats nova_cell0:SELECT=1 {{(pid=96301) stat_writer /opt/stack/data/venv/lib/python3.12/site-packages/dbcounter.py:115}}
Jul 09 16:32:53.247582 np0000004922 nova-scheduler[96299]: DEBUG oslo.service.backend._threading.loopingcall [None req-5454044a-490c-424b-ab63-07554a363e42 None None] Dynamic interval looping call 'nova.service.Service.periodic_tasks' sleeping for 60.00 seconds {{(pid=96299) _run_loop /opt/stack/data/venv/lib/python3.12/site-packages/oslo_service/backend/_threading/loopingcall.py:125}}
Jul 09 16:33:13.163131 np0000004922 nova-scheduler[96297]: DEBUG nova.scheduler.manager [None req-fef3797d-5545-46b8-97f5-119b06aa76e7 tempest-ServerBootFromVolumeStableRescueTest-1106684030 tempest-ServerBootFromVolumeStableRescueTest-1106684030-project-member] Starting to schedule for instances: ['003c0469-db56-4bb0-9f7d-9234eebbc487'] {{(pid=96297) select_destinations /opt/stack/nova/nova/scheduler/manager.py:209}}
Jul 09 16:33:13.164403 np0000004922 nova-scheduler[96297]: DEBUG nova.scheduler.request_filter [None req-fef3797d-5545-46b8-97f5-119b06aa76e7 tempest-ServerBootFromVolumeStableRescueTest-1106684030 tempest-ServerBootFromVolumeStableRescueTest-1106684030-project-member] compute_status_filter request filter added forbidden trait COMPUTE_STATUS_DISABLED {{(pid=96297) compute_status_filter /opt/stack/nova/nova/scheduler/request_filter.py:253}}
Jul 09 16:33:13.164403 np0000004922 nova-scheduler[96297]: DEBUG nova.scheduler.request_filter [None req-fef3797d-5545-46b8-97f5-119b06aa76e7 tempest-ServerBootFromVolumeStableRescueTest-1106684030 tempest-ServerBootFromVolumeStableRescueTest-1106684030-project-member] Request filter 'compute_status_filter' took 0.0 seconds {{(pid=96297) wrapper /opt/stack/nova/nova/scheduler/request_filter.py:46}}
Jul 09 16:33:13.164403 np0000004922 nova-scheduler[96297]: DEBUG nova.scheduler.request_filter [None req-fef3797d-5545-46b8-97f5-119b06aa76e7 tempest-ServerBootFromVolumeStableRescueTest-1106684030 tempest-ServerBootFromVolumeStableRescueTest-1106684030-project-member] Request filter 'accelerators_filter' took 0.0 seconds {{(pid=96297) wrapper /opt/stack/nova/nova/scheduler/request_filter.py:46}}
Jul 09 16:33:13.164664 np0000004922 nova-scheduler[96297]: DEBUG nova.scheduler.request_filter [None req-fef3797d-5545-46b8-97f5-119b06aa76e7 tempest-ServerBootFromVolumeStableRescueTest-1106684030 tempest-ServerBootFromVolumeStableRescueTest-1106684030-project-member] Request filter 'packed_virtqueue_filter' took 0.0 seconds {{(pid=96297) wrapper /opt/stack/nova/nova/scheduler/request_filter.py:46}}
Jul 09 16:33:13.164812 np0000004922 nova-scheduler[96297]: DEBUG nova.scheduler.request_filter [None req-fef3797d-5545-46b8-97f5-119b06aa76e7 tempest-ServerBootFromVolumeStableRescueTest-1106684030 tempest-ServerBootFromVolumeStableRescueTest-1106684030-project-member] Request filter 'remote_managed_ports_filter' took 0.0 seconds {{(pid=96297) wrapper /opt/stack/nova/nova/scheduler/request_filter.py:46}}
Jul 09 16:33:13.165715 np0000004922 nova-scheduler[96297]: DEBUG nova.scheduler.request_filter [None req-fef3797d-5545-46b8-97f5-119b06aa76e7 tempest-ServerBootFromVolumeStableRescueTest-1106684030 tempest-ServerBootFromVolumeStableRescueTest-1106684030-project-member] ephemeral_encryption_filter skipped {{(pid=96297) ephemeral_encryption_filter /opt/stack/nova/nova/scheduler/request_filter.py:426}}
Jul 09 16:33:13.165715 np0000004922 nova-scheduler[96297]: DEBUG nova.scheduler.request_filter [None req-fef3797d-5545-46b8-97f5-119b06aa76e7 tempest-ServerBootFromVolumeStableRescueTest-1106684030 tempest-ServerBootFromVolumeStableRescueTest-1106684030-project-member] virtio_sound_filter skipped {{(pid=96297) virtio_sound_filter /opt/stack/nova/nova/scheduler/request_filter.py:460}}
Jul 09 16:33:13.165715 np0000004922 nova-scheduler[96297]: DEBUG nova.scheduler.request_filter [None req-fef3797d-5545-46b8-97f5-119b06aa76e7 tempest-ServerBootFromVolumeStableRescueTest-1106684030 tempest-ServerBootFromVolumeStableRescueTest-1106684030-project-member] tpm_secret_security_filter skipped {{(pid=96297) tpm_secret_security_filter /opt/stack/nova/nova/scheduler/request_filter.py:477}}
Jul 09 16:33:13.798032 np0000004922 nova-scheduler[96297]: INFO nova.utils [None req-fef3797d-5545-46b8-97f5-119b06aa76e7 tempest-ServerBootFromVolumeStableRescueTest-1106684030 tempest-ServerBootFromVolumeStableRescueTest-1106684030-project-member] The cell worker thread pool ForkProcess-2.cell_worker is initialized
Jul 09 16:33:13.798032 np0000004922 nova-scheduler[96297]: DEBUG oslo_concurrency.lockutils [None req-fef3797d-5545-46b8-97f5-119b06aa76e7 tempest-ServerBootFromVolumeStableRescueTest-1106684030 tempest-ServerBootFromVolumeStableRescueTest-1106684030-project-member] Acquiring lock "58e17098-a2b8-41bf-8c05-bf9066b22e0d" by "nova.context.set_target_cell..get_or_set_cached_cell_and_set_connections" {{(pid=96297) inner /opt/stack/data/venv/lib/python3.12/site-packages/oslo_concurrency/lockutils.py:511}}
Jul 09 16:33:13.798032 np0000004922 nova-scheduler[96297]: DEBUG oslo_concurrency.lockutils [None req-fef3797d-5545-46b8-97f5-119b06aa76e7 tempest-ServerBootFromVolumeStableRescueTest-1106684030 tempest-ServerBootFromVolumeStableRescueTest-1106684030-project-member] Lock "58e17098-a2b8-41bf-8c05-bf9066b22e0d" acquired by "nova.context.set_target_cell..get_or_set_cached_cell_and_set_connections" :: waited 0.000s {{(pid=96297) inner /opt/stack/data/venv/lib/python3.12/site-packages/oslo_concurrency/lockutils.py:524}}
Jul 09 16:33:13.799643 np0000004922 nova-scheduler[96297]: DEBUG oslo_concurrency.lockutils [None req-fef3797d-5545-46b8-97f5-119b06aa76e7 tempest-ServerBootFromVolumeStableRescueTest-1106684030 tempest-ServerBootFromVolumeStableRescueTest-1106684030-project-member] Lock "58e17098-a2b8-41bf-8c05-bf9066b22e0d" "released" by "nova.context.set_target_cell..get_or_set_cached_cell_and_set_connections" :: held 0.002s {{(pid=96297) inner /opt/stack/data/venv/lib/python3.12/site-packages/oslo_concurrency/lockutils.py:543}}
Jul 09 16:33:13.802094 np0000004922 nova-scheduler[96297]: INFO dbcounter [None req-fef3797d-5545-46b8-97f5-119b06aa76e7 tempest-ServerBootFromVolumeStableRescueTest-1106684030 tempest-ServerBootFromVolumeStableRescueTest-1106684030-project-member] Registered counter for database nova_cell1
Jul 09 16:33:13.854248 np0000004922 nova-scheduler[96297]: DEBUG oslo_db.sqlalchemy.engines [None req-fef3797d-5545-46b8-97f5-119b06aa76e7 tempest-ServerBootFromVolumeStableRescueTest-1106684030 tempest-ServerBootFromVolumeStableRescueTest-1106684030-project-member] MySQL server mode set to STRICT_TRANS_TABLES,STRICT_ALL_TABLES,NO_ZERO_IN_DATE,NO_ZERO_DATE,ERROR_FOR_DIVISION_BY_ZERO,TRADITIONAL,NO_ENGINE_SUBSTITUTION {{(pid=96297) _check_effective_sql_mode /opt/stack/data/venv/lib/python3.12/site-packages/oslo_db/sqlalchemy/engines.py:325}}
Jul 09 16:33:13.863028 np0000004922 nova-scheduler[96297]: DEBUG dbcounter [-] [96297] Writer thread running {{(pid=96297) stat_writer /opt/stack/data/venv/lib/python3.12/site-packages/dbcounter.py:102}}
Jul 09 16:33:13.876516 np0000004922 nova-scheduler[96297]: DEBUG oslo_db.sqlalchemy.engines [None req-fef3797d-5545-46b8-97f5-119b06aa76e7 tempest-ServerBootFromVolumeStableRescueTest-1106684030 tempest-ServerBootFromVolumeStableRescueTest-1106684030-project-member] Parent process 95103 forked (96297) with an open database connection, which is being discarded and recreated. {{(pid=96297) checkout /opt/stack/data/venv/lib/python3.12/site-packages/oslo_db/sqlalchemy/engines.py:402}}
Jul 09 16:33:13.930398 np0000004922 nova-scheduler[96297]: DEBUG dbcounter [-] [96297] Writer thread running {{(pid=96297) stat_writer /opt/stack/data/venv/lib/python3.12/site-packages/dbcounter.py:102}}
Jul 09 16:33:13.934950 np0000004922 nova-scheduler[96297]: DEBUG oslo_concurrency.lockutils [None req-fef3797d-5545-46b8-97f5-119b06aa76e7 tempest-ServerBootFromVolumeStableRescueTest-1106684030 tempest-ServerBootFromVolumeStableRescueTest-1106684030-project-member] Acquiring lock "58e17098-a2b8-41bf-8c05-bf9066b22e0d" by "nova.context.set_target_cell..get_or_set_cached_cell_and_set_connections" {{(pid=96297) inner /opt/stack/data/venv/lib/python3.12/site-packages/oslo_concurrency/lockutils.py:511}}
Jul 09 16:33:13.935128 np0000004922 nova-scheduler[96297]: DEBUG oslo_concurrency.lockutils [None req-fef3797d-5545-46b8-97f5-119b06aa76e7 tempest-ServerBootFromVolumeStableRescueTest-1106684030 tempest-ServerBootFromVolumeStableRescueTest-1106684030-project-member] Lock "58e17098-a2b8-41bf-8c05-bf9066b22e0d" acquired by "nova.context.set_target_cell..get_or_set_cached_cell_and_set_connections" :: waited 0.000s {{(pid=96297) inner /opt/stack/data/venv/lib/python3.12/site-packages/oslo_concurrency/lockutils.py:524}}
Jul 09 16:33:13.935499 np0000004922 nova-scheduler[96297]: DEBUG oslo_concurrency.lockutils [None req-fef3797d-5545-46b8-97f5-119b06aa76e7 tempest-ServerBootFromVolumeStableRescueTest-1106684030 tempest-ServerBootFromVolumeStableRescueTest-1106684030-project-member] Lock "58e17098-a2b8-41bf-8c05-bf9066b22e0d" "released" by "nova.context.set_target_cell..get_or_set_cached_cell_and_set_connections" :: held 0.000s {{(pid=96297) inner /opt/stack/data/venv/lib/python3.12/site-packages/oslo_concurrency/lockutils.py:543}}
Jul 09 16:33:13.940238 np0000004922 nova-scheduler[96297]: DEBUG oslo_concurrency.lockutils [None req-fef3797d-5545-46b8-97f5-119b06aa76e7 tempest-ServerBootFromVolumeStableRescueTest-1106684030 tempest-ServerBootFromVolumeStableRescueTest-1106684030-project-member] Acquiring lock "np0000004922-np0000004922" by "nova.scheduler.host_manager.HostState.update.._locked_update" {{(pid=96297) inner /opt/stack/data/venv/lib/python3.12/site-packages/oslo_concurrency/lockutils.py:511}}
Jul 09 16:33:13.940492 np0000004922 nova-scheduler[96297]: DEBUG oslo_concurrency.lockutils [None req-fef3797d-5545-46b8-97f5-119b06aa76e7 tempest-ServerBootFromVolumeStableRescueTest-1106684030 tempest-ServerBootFromVolumeStableRescueTest-1106684030-project-member] Lock "np0000004922-np0000004922" acquired by "nova.scheduler.host_manager.HostState.update.._locked_update" :: waited 0.000s {{(pid=96297) inner /opt/stack/data/venv/lib/python3.12/site-packages/oslo_concurrency/lockutils.py:524}}
