Jul 09 16:30:05.690017 np0000004922 devstack@neutron-api.service[90445]: DEBUG neutron.api.extensions [None req-9c707899-01f0-43fc-aa93-083eddd39066 None None] Ext name="standard-attr-description" alias="standard-attr-description" description="Extension to add descriptions to standard attributes" updated="2016-02-10T10:00:00-00:00" {{(pid=90445) _check_extension /opt/stack/neutron/neutron/api/extensions.py:415}}
Jul 09 16:30:05.690214 np0000004922 devstack@neutron-api.service[90445]: INFO neutron.api.extensions [None req-9c707899-01f0-43fc-aa93-083eddd39066 None None] Loaded extension: standard-attr-description
Jul 09 16:30:05.690353 np0000004922 devstack@neutron-api.service[90445]: DEBUG neutron.api.extensions [None req-9c707899-01f0-43fc-aa93-083eddd39066 None None] Loading extension file: stateful_security_group.py {{(pid=90445) _load_all_extensions_from_path /opt/stack/neutron/neutron/api/extensions.py:449}}
Jul 09 16:30:05.690668 np0000004922 devstack@neutron-api.service[90445]: DEBUG neutron.api.extensions [None req-9c707899-01f0-43fc-aa93-083eddd39066 None None] Ext name="Stateful security group" alias="stateful-security-group" description="Indicates if the security group is stateful or not" updated="2019-11-26T09:00:00-00:00" {{(pid=90445) _check_extension /opt/stack/neutron/neutron/api/extensions.py:415}}
Jul 09 16:30:05.690840 np0000004922 devstack@neutron-api.service[90445]: INFO neutron.api.extensions [None req-9c707899-01f0-43fc-aa93-083eddd39066 None None] Loaded extension: stateful-security-group
Jul 09 16:30:05.690939 np0000004922 devstack@neutron-api.service[90445]: DEBUG neutron.api.extensions [None req-9c707899-01f0-43fc-aa93-083eddd39066 None None] Loading extension file: stdattrs_common.py {{(pid=90445) _load_all_extensions_from_path /opt/stack/neutron/neutron/api/extensions.py:449}}
Jul 09 16:30:05.691190 np0000004922 devstack@neutron-api.service[90445]: WARNING neutron.api.extensions [None req-9c707899-01f0-43fc-aa93-083eddd39066 None None] Did not find expected name "Stdattrs_common" in /opt/stack/neutron/neutron/extensions/stdattrs_common.py
Jul 09 16:30:05.691349 np0000004922 devstack@neutron-api.service[90445]: DEBUG neutron.api.extensions [None req-9c707899-01f0-43fc-aa93-083eddd39066 None None] Loading extension file: subnet_dns_publish_fixed_ip.py {{(pid=90445) _load_all_extensions_from_path /opt/stack/neutron/neutron/api/extensions.py:449}}
Jul 09 16:30:05.691567 np0000004922 devstack@neutron-api.service[90445]: DEBUG neutron.api.extensions [None req-9c707899-01f0-43fc-aa93-083eddd39066 None None] Ext name="Subnet DNS publish fixed IP" alias="subnet-dns-publish-fixed-ip" description="Support choosing to publish DNS records for IPs from a subnet" updated="2019-05-24T10:00:00-00:00" {{(pid=90445) _check_extension /opt/stack/neutron/neutron/api/extensions.py:415}}
Jul 09 16:30:05.691714 np0000004922 devstack@neutron-api.service[90443]: DEBUG neutron.manager [None req-78ff79ce-0dc4-4cfc-b021-c31cc3453078 None None] Successfully loaded network-ip-availability plugin. Description: Provides IP availability data for each network and subnet. {{(pid=90443) _create_and_add_service_plugin /opt/stack/neutron/neutron/manager.py:236}}
Jul 09 16:30:05.692436 np0000004922 devstack@neutron-api.service[90445]: INFO neutron.api.extensions [None req-9c707899-01f0-43fc-aa93-083eddd39066 None None] Loaded extension: subnet-dns-publish-fixed-ip
Jul 09 16:30:05.692512 np0000004922 devstack@neutron-api.service[90443]: INFO neutron.manager [None req-78ff79ce-0dc4-4cfc-b021-c31cc3453078 None None] Loading Plugin: flavors
Jul 09 16:30:05.692593 np0000004922 devstack@neutron-api.service[90445]: DEBUG neutron.api.extensions [None req-9c707899-01f0-43fc-aa93-083eddd39066 None None] Loading extension file: subnet_external_network.py {{(pid=90445) _load_all_extensions_from_path /opt/stack/neutron/neutron/api/extensions.py:449}}
Jul 09 16:30:05.692593 np0000004922 devstack@neutron-api.service[90445]: DEBUG neutron.api.extensions [None req-9c707899-01f0-43fc-aa93-083eddd39066 None None] Ext name="Subnet belongs to an external network" alias="subnet-external-network" description="Informs if the subnet belongs to an external network" updated="2024-02-05T18:00:00-00:00" {{(pid=90445) _check_extension /opt/stack/neutron/neutron/api/extensions.py:415}}
Jul 09 16:30:05.692593 np0000004922 devstack@neutron-api.service[90445]: INFO neutron.api.extensions [None req-9c707899-01f0-43fc-aa93-083eddd39066 None None] Loaded extension: subnet-external-network
Jul 09 16:30:05.692593 np0000004922 devstack@neutron-api.service[90445]: DEBUG neutron.api.extensions [None req-9c707899-01f0-43fc-aa93-083eddd39066 None None] Loading extension file: subnet_onboard.py {{(pid=90445) _load_all_extensions_from_path /opt/stack/neutron/neutron/api/extensions.py:449}}
Jul 09 16:30:05.692959 np0000004922 devstack@neutron-api.service[90445]: DEBUG neutron.api.extensions [None req-9c707899-01f0-43fc-aa93-083eddd39066 None None] Ext name="Subnet Onboard" alias="subnet_onboard" description="Provides support for onboarding subnets into subnet pools" updated="2018-12-18T09:00:00-00:00" {{(pid=90445) _check_extension /opt/stack/neutron/neutron/api/extensions.py:415}}
Jul 09 16:30:05.693036 np0000004922 devstack@neutron-api.service[90443]: DEBUG neutron.manager [None req-78ff79ce-0dc4-4cfc-b021-c31cc3453078 None None] Successfully loaded FLAVORS plugin. Description: Neutron Flavors and Service Profiles manager plugin {{(pid=90443) _create_and_add_service_plugin /opt/stack/neutron/neutron/manager.py:236}}
Jul 09 16:30:05.693036 np0000004922 devstack@neutron-api.service[90443]: INFO neutron.manager [None req-78ff79ce-0dc4-4cfc-b021-c31cc3453078 None None] Loading Plugin: revisions
Jul 09 16:30:05.693155 np0000004922 devstack@neutron-api.service[90445]: INFO neutron.api.extensions [None req-9c707899-01f0-43fc-aa93-083eddd39066 None None] Loaded extension: subnet_onboard
Jul 09 16:30:05.693155 np0000004922 devstack@neutron-api.service[90445]: DEBUG neutron.api.extensions [None req-9c707899-01f0-43fc-aa93-083eddd39066 None None] Loading extension file: subnet_segmentid_writable.py {{(pid=90445) _load_all_extensions_from_path /opt/stack/neutron/neutron/api/extensions.py:449}}
Jul 09 16:30:05.693476 np0000004922 devstack@neutron-api.service[90445]: DEBUG neutron.api.extensions [None req-9c707899-01f0-43fc-aa93-083eddd39066 None None] Ext name="Subnet SegmentID (writable)" alias="subnet-segmentid-writable" description="Provides a writable segment_id attribute for a subnet resource." updated="2018-03-12T00:00:00-00:00" {{(pid=90445) _check_extension /opt/stack/neutron/neutron/api/extensions.py:415}}
Jul 09 16:30:05.693736 np0000004922 devstack@neutron-api.service[90445]: INFO neutron.api.extensions [None req-9c707899-01f0-43fc-aa93-083eddd39066 None None] Extension subnet-segmentid-writable not supported by any of loaded plugins
Jul 09 16:30:05.693858 np0000004922 devstack@neutron-api.service[90445]: DEBUG neutron.api.extensions [None req-9c707899-01f0-43fc-aa93-083eddd39066 None None] Loading extension file: subnet_service_types.py {{(pid=90445) _load_all_extensions_from_path /opt/stack/neutron/neutron/api/extensions.py:449}}
Jul 09 16:30:05.694095 np0000004922 devstack@neutron-api.service[90445]: DEBUG neutron.api.extensions [None req-9c707899-01f0-43fc-aa93-083eddd39066 None None] Ext name="Subnet service types" alias="subnet-service-types" description="Provides ability to set the subnet service_types field" updated="2016-03-15T18:00:00-00:00" {{(pid=90445) _check_extension /opt/stack/neutron/neutron/api/extensions.py:415}}
Jul 09 16:30:05.694244 np0000004922 devstack@neutron-api.service[90445]: INFO neutron.api.extensions [None req-9c707899-01f0-43fc-aa93-083eddd39066 None None] Loaded extension: subnet-service-types
Jul 09 16:30:05.694320 np0000004922 devstack@neutron-api.service[90445]: DEBUG neutron.api.extensions [None req-9c707899-01f0-43fc-aa93-083eddd39066 None None] Loading extension file: subnetallocation.py {{(pid=90445) _load_all_extensions_from_path /opt/stack/neutron/neutron/api/extensions.py:449}}
Jul 09 16:30:05.694398 np0000004922 devstack@neutron-api.service[90443]: DEBUG neutron.manager [None req-78ff79ce-0dc4-4cfc-b021-c31cc3453078 None None] Successfully loaded revision_plugin plugin. Description: Adds revision numbers to resources. {{(pid=90443) _create_and_add_service_plugin /opt/stack/neutron/neutron/manager.py:236}}
Jul 09 16:30:05.694506 np0000004922 devstack@neutron-api.service[90443]: DEBUG oslo_concurrency.lockutils [None req-78ff79ce-0dc4-4cfc-b021-c31cc3453078 None None] Lock "manager" "released" by "neutron.manager.NeutronManager._create_instance" :: held 4.750s {{(pid=90443) inner /opt/stack/data/venv/lib/python3.12/site-packages/oslo_concurrency/lockutils.py:543}}
Jul 09 16:30:05.694600 np0000004922 devstack@neutron-api.service[90445]: DEBUG neutron.api.extensions [None req-9c707899-01f0-43fc-aa93-083eddd39066 None None] Ext name="Subnet Allocation" alias="subnet_allocation" description="Enables allocation of subnets from a subnet pool" updated="2015-03-30T10:00:00-00:00" {{(pid=90445) _check_extension /opt/stack/neutron/neutron/api/extensions.py:415}}
Jul 09 16:30:05.694782 np0000004922 devstack@neutron-api.service[90445]: INFO neutron.api.extensions [None req-9c707899-01f0-43fc-aa93-083eddd39066 None None] Loaded extension: subnet_allocation
Jul 09 16:30:05.694904 np0000004922 devstack@neutron-api.service[90443]: DEBUG neutron.api.extensions [None req-78ff79ce-0dc4-4cfc-b021-c31cc3453078 None None] get_extension_paths = OrderedDict({'/opt/stack/neutron/neutron/extensions': 1}) {{(pid=90443) get_extensions_path /opt/stack/neutron/neutron/api/extensions.py:640}}
Jul 09 16:30:05.694996 np0000004922 devstack@neutron-api.service[90445]: DEBUG neutron.api.extensions [None req-9c707899-01f0-43fc-aa93-083eddd39066 None None] Loading extension file: subnetpool_prefix_ops.py {{(pid=90445) _load_all_extensions_from_path /opt/stack/neutron/neutron/api/extensions.py:449}}
Jul 09 16:30:05.695094 np0000004922 devstack@neutron-api.service[90443]: INFO neutron.api.extensions [None req-78ff79ce-0dc4-4cfc-b021-c31cc3453078 None None] Initializing extension manager.
Jul 09 16:30:05.695208 np0000004922 devstack@neutron-api.service[90445]: DEBUG neutron.api.extensions [None req-9c707899-01f0-43fc-aa93-083eddd39066 None None] Ext name="Subnet Pool Prefix Operations" alias="subnetpool-prefix-ops" description="Provides support for adjusting the prefix list of subnet pools" updated="2019-02-08T10:00:00-00:00" {{(pid=90445) _check_extension /opt/stack/neutron/neutron/api/extensions.py:415}}
Jul 09 16:30:05.695293 np0000004922 devstack@neutron-api.service[90443]: DEBUG neutron.api.extensions [None req-78ff79ce-0dc4-4cfc-b021-c31cc3453078 None None] Loading extension file: __init__.py {{(pid=90443) _load_all_extensions_from_path /opt/stack/neutron/neutron/api/extensions.py:449}}
Jul 09 16:30:05.695378 np0000004922 devstack@neutron-api.service[90445]: INFO neutron.api.extensions [None req-9c707899-01f0-43fc-aa93-083eddd39066 None None] Loaded extension: subnetpool-prefix-ops
Jul 09 16:30:05.695475 np0000004922 devstack@neutron-api.service[90443]: DEBUG neutron.api.extensions [None req-78ff79ce-0dc4-4cfc-b021-c31cc3453078 None None] Loading extension file: __pycache__ {{(pid=90443) _load_all_extensions_from_path /opt/stack/neutron/neutron/api/extensions.py:449}}
Jul 09 16:30:05.695552 np0000004922 devstack@neutron-api.service[90445]: DEBUG neutron.api.extensions [None req-9c707899-01f0-43fc-aa93-083eddd39066 None None] Loading extension file: tag_creation.py {{(pid=90445) _load_all_extensions_from_path /opt/stack/neutron/neutron/api/extensions.py:449}}
Jul 09 16:30:05.695636 np0000004922 devstack@neutron-api.service[90443]: DEBUG neutron.api.extensions [None req-78ff79ce-0dc4-4cfc-b021-c31cc3453078 None None] Loading extension file: aap_reject_multicast.py {{(pid=90443) _load_all_extensions_from_path /opt/stack/neutron/neutron/api/extensions.py:449}}
Jul 09 16:30:05.695804 np0000004922 devstack@neutron-api.service[90445]: DEBUG neutron.api.extensions [None req-9c707899-01f0-43fc-aa93-083eddd39066 None None] Ext name="Tag creation extension" alias="tag-creation" description="Allow to create multiple tags for a resource" updated="2024-23-07T10:00:00-00:00" {{(pid=90445) _check_extension /opt/stack/neutron/neutron/api/extensions.py:415}}
Jul 09 16:30:05.695879 np0000004922 devstack@neutron-api.service[90443]: DEBUG neutron.api.extensions [None req-78ff79ce-0dc4-4cfc-b021-c31cc3453078 None None] Ext name="Allowed address pairs reject multicast extension" alias="aap-reject-multicast" description="Reject multicast addresses in Allowed Address Pairs" updated="2026-04-01T00:00:00-00:00" {{(pid=90443) _check_extension /opt/stack/neutron/neutron/api/extensions.py:415}}
Jul 09 16:30:05.696005 np0000004922 devstack@neutron-api.service[90445]: INFO neutron.api.extensions [None req-9c707899-01f0-43fc-aa93-083eddd39066 None None] Loaded extension: tag-creation
Jul 09 16:30:05.696086 np0000004922 devstack@neutron-api.service[90445]: DEBUG neutron.api.extensions [None req-9c707899-01f0-43fc-aa93-083eddd39066 None None] Loading extension file: tag_ports_during_bulk_creation.py {{(pid=90445) _load_all_extensions_from_path /opt/stack/neutron/neutron/api/extensions.py:449}}
Jul 09 16:30:05.696238 np0000004922 devstack@neutron-api.service[90443]: INFO neutron.api.extensions [None req-78ff79ce-0dc4-4cfc-b021-c31cc3453078 None None] Extension aap-reject-multicast not supported by any of loaded plugins
Jul 09 16:30:05.696324 np0000004922 devstack@neutron-api.service[90443]: DEBUG neutron.api.extensions [None req-78ff79ce-0dc4-4cfc-b021-c31cc3453078 None None] Loading extension file: address_group.py {{(pid=90443) _load_all_extensions_from_path /opt/stack/neutron/neutron/api/extensions.py:449}}
Jul 09 16:30:05.696477 np0000004922 devstack@neutron-api.service[90445]: DEBUG neutron.api.extensions [None req-9c707899-01f0-43fc-aa93-083eddd39066 None None] Ext name="Tag Ports During Bulk Creation" alias="tag-ports-during-bulk-creation" description="Allow to tag ports during bulk creation" updated="2019-12-29T19:00:00-00:00" {{(pid=90445) _check_extension /opt/stack/neutron/neutron/api/extensions.py:415}}
Jul 09 16:30:05.696573 np0000004922 devstack@neutron-api.service[90445]: INFO neutron.api.extensions [None req-9c707899-01f0-43fc-aa93-083eddd39066 None None] Extension tag-ports-during-bulk-creation not supported by any of loaded plugins
Jul 09 16:30:05.697631 np0000004922 devstack@neutron-api.service[90445]: DEBUG neutron.api.extensions [None req-9c707899-01f0-43fc-aa93-083eddd39066 None None] Loading extension file: tagging.py {{(pid=90445) _load_all_extensions_from_path /opt/stack/neutron/neutron/api/extensions.py:449}}
Jul 09 16:30:05.697959 np0000004922 devstack@neutron-api.service[90443]: DEBUG neutron.api.extensions [None req-78ff79ce-0dc4-4cfc-b021-c31cc3453078 None None] Ext name="Address group" alias="address-group" description="Support address group" updated="2020-07-15T10:00:00-00:00" {{(pid=90443) _check_extension /opt/stack/neutron/neutron/api/extensions.py:415}}
Jul 09 16:30:05.697959 np0000004922 devstack@neutron-api.service[90443]: INFO neutron.api.extensions [None req-78ff79ce-0dc4-4cfc-b021-c31cc3453078 None None] Loaded extension: address-group
Jul 09 16:30:05.697959 np0000004922 devstack@neutron-api.service[90443]: DEBUG neutron.api.extensions [None req-78ff79ce-0dc4-4cfc-b021-c31cc3453078 None None] Loading extension file: address_scope.py {{(pid=90443) _load_all_extensions_from_path /opt/stack/neutron/neutron/api/extensions.py:449}}
Jul 09 16:30:05.697959 np0000004922 devstack@neutron-api.service[90443]: DEBUG neutron.api.extensions [None req-78ff79ce-0dc4-4cfc-b021-c31cc3453078 None None] Ext name="Address scope" alias="address-scope" description="Address scopes extension." updated="2015-07-26T10:00:00-00:00" {{(pid=90443) _check_extension /opt/stack/neutron/neutron/api/extensions.py:415}}
Jul 09 16:30:05.697959 np0000004922 devstack@neutron-api.service[90443]: INFO neutron.api.extensions [None req-78ff79ce-0dc4-4cfc-b021-c31cc3453078 None None] Loaded extension: address-scope
Jul 09 16:30:05.697959 np0000004922 devstack@neutron-api.service[90443]: DEBUG neutron.api.extensions [None req-78ff79ce-0dc4-4cfc-b021-c31cc3453078 None None] Loading extension file: admin_state_down_before_update.py {{(pid=90443) _load_all_extensions_from_path /opt/stack/neutron/neutron/api/extensions.py:449}}
Jul 09 16:30:05.698278 np0000004922 devstack@neutron-api.service[90445]: DEBUG neutron.api.extensions [None req-9c707899-01f0-43fc-aa93-083eddd39066 None None] Ext name="Tag support for resources with standard attribute: port, subnet, subnetpool, network, security_group, router, floatingip, policy, trunk, network_segment_range" alias="standard-attr-tag" description="Enables to set tag on resources with standard attribute." updated="2017-01-01T00:00:00-00:00" {{(pid=90445) _check_extension /opt/stack/neutron/neutron/api/extensions.py:415}}
Jul 09 16:30:05.698460 np0000004922 devstack@neutron-api.service[90443]: DEBUG neutron.api.extensions [None req-78ff79ce-0dc4-4cfc-b021-c31cc3453078 None None] Ext name="Enforce Router's Admin State Down Before Update Extension" alias="router-admin-state-down-before-update" description="Ensure that the admin state of a router is DOWN (admin_state_up=False) before updating the distributed attribute" updated="2019-07-02T15:56:00" {{(pid=90443) _check_extension /opt/stack/neutron/neutron/api/extensions.py:415}}
Jul 09 16:30:05.698624 np0000004922 devstack@neutron-api.service[90445]: INFO neutron.api.extensions [None req-9c707899-01f0-43fc-aa93-083eddd39066 None None] Loaded extension: standard-attr-tag
Jul 09 16:30:05.698624 np0000004922 devstack@neutron-api.service[90445]: DEBUG neutron.api.extensions [None req-9c707899-01f0-43fc-aa93-083eddd39066 None None] Loading extension file: timestamp.py {{(pid=90445) _load_all_extensions_from_path /opt/stack/neutron/neutron/api/extensions.py:449}}
Jul 09 16:30:05.698842 np0000004922 devstack@neutron-api.service[90443]: INFO neutron.api.extensions [None req-78ff79ce-0dc4-4cfc-b021-c31cc3453078 None None] Extension router-admin-state-down-before-update not supported by any of loaded plugins
Jul 09 16:30:05.698842 np0000004922 devstack@neutron-api.service[90443]: DEBUG neutron.api.extensions [None req-78ff79ce-0dc4-4cfc-b021-c31cc3453078 None None] Loading extension file: agent.py {{(pid=90443) _load_all_extensions_from_path /opt/stack/neutron/neutron/api/extensions.py:449}}
Jul 09 16:30:05.699056 np0000004922 devstack@neutron-api.service[90445]: DEBUG neutron.api.extensions [None req-9c707899-01f0-43fc-aa93-083eddd39066 None None] Ext name="Resource timestamps" alias="standard-attr-timestamp" description="Adds created_at and updated_at fields to all Neutron resources that have Neutron standard attributes." updated="2016-09-12T10:00:00-00:00" {{(pid=90445) _check_extension /opt/stack/neutron/neutron/api/extensions.py:415}}
Jul 09 16:30:05.699238 np0000004922 devstack@neutron-api.service[90443]: DEBUG neutron.api.extensions [None req-78ff79ce-0dc4-4cfc-b021-c31cc3453078 None None] Ext name="agent" alias="agent" description="The agent management extension." updated="2013-02-03T10:00:00-00:00" {{(pid=90443) _check_extension /opt/stack/neutron/neutron/api/extensions.py:415}}
Jul 09 16:30:05.699399 np0000004922 devstack@neutron-api.service[90445]: INFO neutron.api.extensions [None req-9c707899-01f0-43fc-aa93-083eddd39066 None None] Loaded extension: standard-attr-timestamp
Jul 09 16:30:05.699399 np0000004922 devstack@neutron-api.service[90445]: DEBUG neutron.api.extensions [None req-9c707899-01f0-43fc-aa93-083eddd39066 None None] Loading extension file: trunk.py {{(pid=90445) _load_all_extensions_from_path /opt/stack/neutron/neutron/api/extensions.py:449}}
Jul 09 16:30:05.699585 np0000004922 devstack@neutron-api.service[90443]: INFO neutron.api.extensions [None req-78ff79ce-0dc4-4cfc-b021-c31cc3453078 None None] Loaded extension: agent
Jul 09 16:30:05.699585 np0000004922 devstack@neutron-api.service[90443]: DEBUG neutron.api.extensions [None req-78ff79ce-0dc4-4cfc-b021-c31cc3453078 None None] Loading extension file: agent_resources_synced.py {{(pid=90443) _load_all_extensions_from_path /opt/stack/neutron/neutron/api/extensions.py:449}}
Jul 09 16:30:05.699793 np0000004922 devstack@neutron-api.service[90445]: DEBUG neutron.api.extensions [None req-9c707899-01f0-43fc-aa93-083eddd39066 None None] Ext name="Trunk Extension" alias="trunk" description="Provides support for trunk ports" updated="2016-01-01T10:00:00-00:00" {{(pid=90445) _check_extension /opt/stack/neutron/neutron/api/extensions.py:415}}
Jul 09 16:30:05.700110 np0000004922 devstack@neutron-api.service[90443]: DEBUG neutron.api.extensions [None req-78ff79ce-0dc4-4cfc-b021-c31cc3453078 None None] Ext name="Agent's Resource View Synced to Placement" alias="agent-resources-synced" description="Stores success/failure of last sync to Placement" updated="2018-12-19T00:00:00-00:00" {{(pid=90443) _check_extension /opt/stack/neutron/neutron/api/extensions.py:415}}
Jul 09 16:30:05.700262 np0000004922 devstack@neutron-api.service[90445]: INFO neutron.api.extensions [None req-9c707899-01f0-43fc-aa93-083eddd39066 None None] Extension trunk not supported by any of loaded plugins
Jul 09 16:30:05.700262 np0000004922 devstack@neutron-api.service[90445]: DEBUG neutron.api.extensions [None req-9c707899-01f0-43fc-aa93-083eddd39066 None None] Loading extension file: trunk_details.py {{(pid=90445) _load_all_extensions_from_path /opt/stack/neutron/neutron/api/extensions.py:449}}
Jul 09 16:30:05.700449 np0000004922 devstack@neutron-api.service[90443]: INFO neutron.api.extensions [None req-78ff79ce-0dc4-4cfc-b021-c31cc3453078 None None] Extension agent-resources-synced not supported by any of loaded plugins
Jul 09 16:30:05.700449 np0000004922 devstack@neutron-api.service[90443]: DEBUG neutron.api.extensions [None req-78ff79ce-0dc4-4cfc-b021-c31cc3453078 None None] Loading extension file: agent_sort_key.py {{(pid=90443) _load_all_extensions_from_path /opt/stack/neutron/neutron/api/extensions.py:449}}
Jul 09 16:30:05.700644 np0000004922 devstack@neutron-api.service[90445]: DEBUG neutron.api.extensions [None req-9c707899-01f0-43fc-aa93-083eddd39066 None None] Ext name="Trunk port details" alias="trunk-details" description="Expose trunk port details" updated="2016-01-01T10:00:00-00:00" {{(pid=90445) _check_extension /opt/stack/neutron/neutron/api/extensions.py:415}}
Jul 09 16:30:05.700900 np0000004922 devstack@neutron-api.service[90443]: DEBUG neutron.api.extensions [None req-78ff79ce-0dc4-4cfc-b021-c31cc3453078 None None] Ext name="Agents Sort Key" alias="agent_sort_key" description="Enabling the keyword sort_key for sorting in agents." updated="2013-02-03T10:00:00-00:00" {{(pid=90443) _check_extension /opt/stack/neutron/neutron/api/extensions.py:415}}
Jul 09 16:30:05.701060 np0000004922 devstack@neutron-api.service[90445]: INFO neutron.api.extensions [None req-9c707899-01f0-43fc-aa93-083eddd39066 None None] Extension trunk-details not supported by any of loaded plugins
Jul 09 16:30:05.701205 np0000004922 devstack@neutron-api.service[90443]: INFO neutron.api.extensions [None req-78ff79ce-0dc4-4cfc-b021-c31cc3453078 None None] Extension agent_sort_key not supported by any of loaded plugins
Jul 09 16:30:05.701352 np0000004922 devstack@neutron-api.service[90445]: DEBUG neutron.api.extensions [None req-9c707899-01f0-43fc-aa93-083eddd39066 None None] Loading extension file: uplink_status_propagation.py {{(pid=90445) _load_all_extensions_from_path /opt/stack/neutron/neutron/api/extensions.py:449}}
Jul 09 16:30:05.701509 np0000004922 devstack@neutron-api.service[90443]: DEBUG neutron.api.extensions [None req-78ff79ce-0dc4-4cfc-b021-c31cc3453078 None None] Loading extension file: allowedaddresspairs.py {{(pid=90443) _load_all_extensions_from_path /opt/stack/neutron/neutron/api/extensions.py:449}}
Jul 09 16:30:05.701673 np0000004922 devstack@neutron-api.service[90445]: DEBUG neutron.api.extensions [None req-9c707899-01f0-43fc-aa93-083eddd39066 None None] Ext name="Uplink status propagation extension" alias="uplink-status-propagation" description="Provides ability to propagate port uplink status." updated="2018-05-31T18:00:00-00:00" {{(pid=90445) _check_extension /opt/stack/neutron/neutron/api/extensions.py:415}}
Jul 09 16:30:05.701673 np0000004922 devstack@neutron-api.service[90445]: INFO neutron.api.extensions [None req-9c707899-01f0-43fc-aa93-083eddd39066 None None] Extension uplink-status-propagation not supported by any of loaded plugins
Jul 09 16:30:05.701673 np0000004922 devstack@neutron-api.service[90445]: DEBUG neutron.api.extensions [None req-9c707899-01f0-43fc-aa93-083eddd39066 None None] Loading extension file: uplink_status_propagation_updatable.py {{(pid=90445) _load_all_extensions_from_path /opt/stack/neutron/neutron/api/extensions.py:449}}
Jul 09 16:30:05.701673 np0000004922 devstack@neutron-api.service[90445]: DEBUG neutron.api.extensions [None req-9c707899-01f0-43fc-aa93-083eddd39066 None None] Ext name="Uplink status propagation updatable extension" alias="uplink-status-propagation-updatable" description="Provides ability to update the port uplink status." updated="2024-09-03T18:00:00-00:00" {{(pid=90445) _check_extension /opt/stack/neutron/neutron/api/extensions.py:415}}
Jul 09 16:30:05.701988 np0000004922 devstack@neutron-api.service[90443]: DEBUG neutron.api.extensions [None req-78ff79ce-0dc4-4cfc-b021-c31cc3453078 None None] Ext name="Allowed Address Pairs" alias="allowed-address-pairs" description="Provides allowed address pairs" updated="2013-07-23T10:00:00-00:00" {{(pid=90443) _check_extension /opt/stack/neutron/neutron/api/extensions.py:415}}
Jul 09 16:30:05.701988 np0000004922 devstack@neutron-api.service[90443]: INFO neutron.api.extensions [None req-78ff79ce-0dc4-4cfc-b021-c31cc3453078 None None] Loaded extension: allowed-address-pairs
Jul 09 16:30:05.701988 np0000004922 devstack@neutron-api.service[90443]: DEBUG neutron.api.extensions [None req-78ff79ce-0dc4-4cfc-b021-c31cc3453078 None None] Loading extension file: auto_allocated_topology.py {{(pid=90443) _load_all_extensions_from_path /opt/stack/neutron/neutron/api/extensions.py:449}}
Jul 09 16:30:05.702353 np0000004922 devstack@neutron-api.service[90443]: DEBUG neutron.api.extensions [None req-78ff79ce-0dc4-4cfc-b021-c31cc3453078 None None] Ext name="Auto Allocated Topology Services" alias="auto-allocated-topology" description="Auto Allocated Topology Services." updated="2016-01-01T00:00:00-00:00" {{(pid=90443) _check_extension /opt/stack/neutron/neutron/api/extensions.py:415}}
Jul 09 16:30:05.702554 np0000004922 devstack@neutron-api.service[90443]: INFO neutron.api.extensions [None req-78ff79ce-0dc4-4cfc-b021-c31cc3453078 None None] Loaded extension: auto-allocated-topology
Jul 09 16:30:05.702723 np0000004922 devstack@neutron-api.service[90443]: DEBUG neutron.api.extensions [None req-78ff79ce-0dc4-4cfc-b021-c31cc3453078 None None] Loading extension file: availability_zone.py {{(pid=90443) _load_all_extensions_from_path /opt/stack/neutron/neutron/api/extensions.py:449}}
Jul 09 16:30:05.702894 np0000004922 devstack@neutron-api.service[90442]: INFO neutron.plugins.ml2.drivers.type_vlan [None req-87bb9fa6-c136-4cbf-bfc5-9759ba7686f4 None None] VlanTypeDriver initialization complete
Jul 09 16:30:05.703435 np0000004922 devstack@neutron-api.service[90443]: DEBUG neutron.api.extensions [None req-78ff79ce-0dc4-4cfc-b021-c31cc3453078 None None] Ext name="Availability Zone" alias="availability_zone" description="The availability zone extension." updated="2015-01-01T10:00:00-00:00" {{(pid=90443) _check_extension /opt/stack/neutron/neutron/api/extensions.py:415}}
Jul 09 16:30:05.703580 np0000004922 devstack@neutron-api.service[90442]: INFO neutron.plugins.ml2.managers [None req-87bb9fa6-c136-4cbf-bfc5-9759ba7686f4 None None] Initializing extension driver 'port_security'
Jul 09 16:30:05.703580 np0000004922 devstack@neutron-api.service[90442]: INFO neutron.plugins.ml2.extensions.port_security [None req-87bb9fa6-c136-4cbf-bfc5-9759ba7686f4 None None] PortSecurityExtensionDriver initialization complete
Jul 09 16:30:05.703756 np0000004922 devstack@neutron-api.service[90443]: INFO neutron.api.extensions [None req-78ff79ce-0dc4-4cfc-b021-c31cc3453078 None None] Loaded extension: availability_zone
Jul 09 16:30:05.703915 np0000004922 devstack@neutron-api.service[90442]: INFO neutron.plugins.ml2.managers [None req-87bb9fa6-c136-4cbf-bfc5-9759ba7686f4 None None] Initializing extension driver 'qos'
Jul 09 16:30:05.704043 np0000004922 devstack@neutron-api.service[90443]: DEBUG neutron.api.extensions [None req-78ff79ce-0dc4-4cfc-b021-c31cc3453078 None None] Loading extension file: availability_zone_filter.py {{(pid=90443) _load_all_extensions_from_path /opt/stack/neutron/neutron/api/extensions.py:449}}
Jul 09 16:30:05.704202 np0000004922 devstack@neutron-api.service[90442]: DEBUG neutron.plugins.ml2.extensions.qos [None req-87bb9fa6-c136-4cbf-bfc5-9759ba7686f4 None None] QosExtensionDriver initialization complete {{(pid=90442) initialize /opt/stack/neutron/neutron/plugins/ml2/extensions/qos.py:31}}
Jul 09 16:30:05.704202 np0000004922 devstack@neutron-api.service[90442]: INFO neutron.plugins.ml2.managers [None req-87bb9fa6-c136-4cbf-bfc5-9759ba7686f4 None None] Initializing mechanism driver 'ovn'
Jul 09 16:30:05.704202 np0000004922 devstack@neutron-api.service[90442]: INFO neutron.plugins.ml2.drivers.ovn.mech_driver.mech_driver [None req-87bb9fa6-c136-4cbf-bfc5-9759ba7686f4 None None] Starting OVNMechanismDriver
Jul 09 16:30:05.704428 np0000004922 devstack@neutron-api.service[90443]: DEBUG neutron.api.extensions [None req-78ff79ce-0dc4-4cfc-b021-c31cc3453078 None None] Ext name="Availability Zone Filter Extension" alias="availability_zone_filter" description="Add filter parameters to AvailabilityZone resource" updated="2018-06-22T10:00:00-00:00" {{(pid=90443) _check_extension /opt/stack/neutron/neutron/api/extensions.py:415}}
Jul 09 16:30:05.704428 np0000004922 devstack@neutron-api.service[90443]: INFO neutron.api.extensions [None req-78ff79ce-0dc4-4cfc-b021-c31cc3453078 None None] Extension availability_zone_filter not supported by any of loaded plugins
Jul 09 16:30:05.704428 np0000004922 devstack@neutron-api.service[90443]: DEBUG neutron.api.extensions [None req-78ff79ce-0dc4-4cfc-b021-c31cc3453078 None None] Loading extension file: data_plane_status.py {{(pid=90443) _load_all_extensions_from_path /opt/stack/neutron/neutron/api/extensions.py:449}}
Jul 09 16:30:05.704643 np0000004922 devstack@neutron-api.service[90445]: INFO neutron.api.extensions [None req-9c707899-01f0-43fc-aa93-083eddd39066 None None] Extension uplink-status-propagation-updatable not supported by any of loaded plugins
Jul 09 16:30:05.704643 np0000004922 devstack@neutron-api.service[90445]: DEBUG neutron.api.extensions [None req-9c707899-01f0-43fc-aa93-083eddd39066 None None] Loading extension file: vlantransparent.py {{(pid=90445) _load_all_extensions_from_path /opt/stack/neutron/neutron/api/extensions.py:449}}
Jul 09 16:30:05.704919 np0000004922 devstack@neutron-api.service[90443]: DEBUG neutron.api.extensions [None req-78ff79ce-0dc4-4cfc-b021-c31cc3453078 None None] Ext name="Port data plane status extension" alias="data-plane-status" description="Expose status of underlying data plane" updated="2017-01-24T10:00:00-00:00" {{(pid=90443) _check_extension /opt/stack/neutron/neutron/api/extensions.py:415}}
Jul 09 16:30:05.704919 np0000004922 devstack@neutron-api.service[90443]: INFO neutron.api.extensions [None req-78ff79ce-0dc4-4cfc-b021-c31cc3453078 None None] Extension data-plane-status not supported by any of loaded plugins
Jul 09 16:30:05.705099 np0000004922 devstack@neutron-api.service[90445]: DEBUG neutron.api.extensions [None req-9c707899-01f0-43fc-aa93-083eddd39066 None None] Ext name="Vlantransparent" alias="vlan-transparent" description="Provides Vlan Transparent Networks" updated="2015-03-23T09:00:00-00:00" {{(pid=90445) _check_extension /opt/stack/neutron/neutron/api/extensions.py:415}}
Jul 09 16:30:05.705249 np0000004922 devstack@neutron-api.service[90443]: DEBUG neutron.api.extensions [None req-78ff79ce-0dc4-4cfc-b021-c31cc3453078 None None] Loading extension file: default_subnetpools.py {{(pid=90443) _load_all_extensions_from_path /opt/stack/neutron/neutron/api/extensions.py:449}}
Jul 09 16:30:05.705453 np0000004922 devstack@neutron-api.service[90445]: INFO neutron.api.extensions [None req-9c707899-01f0-43fc-aa93-083eddd39066 None None] Loaded extension: vlan-transparent
Jul 09 16:30:05.705600 np0000004922 devstack@neutron-api.service[90443]: DEBUG neutron.api.extensions [None req-78ff79ce-0dc4-4cfc-b021-c31cc3453078 None None] Ext name="Default Subnetpools" alias="default-subnetpools" description="Provides ability to mark and use a subnetpool as the default." updated="2016-02-18T18:00:00-00:00" {{(pid=90443) _check_extension /opt/stack/neutron/neutron/api/extensions.py:415}}
Jul 09 16:30:05.705600 np0000004922 devstack@neutron-api.service[90443]: INFO neutron.api.extensions [None req-78ff79ce-0dc4-4cfc-b021-c31cc3453078 None None] Loaded extension: default-subnetpools
Jul 09 16:30:05.705600 np0000004922 devstack@neutron-api.service[90443]: DEBUG neutron.api.extensions [None req-78ff79ce-0dc4-4cfc-b021-c31cc3453078 None None] Loading extension file: dhcpagentscheduler.py {{(pid=90443) _load_all_extensions_from_path /opt/stack/neutron/neutron/api/extensions.py:449}}
Jul 09 16:30:05.705909 np0000004922 devstack@neutron-api.service[90442]: DEBUG neutron_lib.callbacks.manager [None req-87bb9fa6-c136-4cbf-bfc5-9759ba7686f4 None None] Subscribe: > process before_spawn 55550000, False {{(pid=90442) subscribe /opt/stack/data/venv/lib/python3.12/site-packages/neutron_lib/callbacks/manager.py:52}}
Jul 09 16:30:05.706132 np0000004922 devstack@neutron-api.service[90442]: DEBUG neutron_lib.callbacks.manager [None req-87bb9fa6-c136-4cbf-bfc5-9759ba7686f4 None None] Subscribe: > process after_init 55550000, True {{(pid=90442) subscribe /opt/stack/data/venv/lib/python3.12/site-packages/neutron_lib/callbacks/manager.py:52}}
Jul 09 16:30:05.706262 np0000004922 devstack@neutron-api.service[90443]: DEBUG neutron.api.extensions [None req-78ff79ce-0dc4-4cfc-b021-c31cc3453078 None None] Ext name="DHCP Agent Scheduler" alias="dhcp_agent_scheduler" description="Schedule networks among dhcp agents" updated="2013-02-07T10:00:00-00:00" {{(pid=90443) _check_extension /opt/stack/neutron/neutron/api/extensions.py:415}}
Jul 09 16:30:05.706392 np0000004922 devstack@neutron-api.service[90442]: DEBUG neutron_lib.callbacks.manager [None req-87bb9fa6-c136-4cbf-bfc5-9759ba7686f4 None None] Subscribe: > segment after_create 55550000, False {{(pid=90442) subscribe /opt/stack/data/venv/lib/python3.12/site-packages/neutron_lib/callbacks/manager.py:52}}
Jul 09 16:30:05.706392 np0000004922 devstack@neutron-api.service[90442]: DEBUG neutron_lib.callbacks.manager [None req-87bb9fa6-c136-4cbf-bfc5-9759ba7686f4 None None] Subscribe: > segment after_create 55550000, False {{(pid=90442) subscribe /opt/stack/data/venv/lib/python3.12/site-packages/neutron_lib/callbacks/manager.py:52}}
Jul 09 16:30:05.706576 np0000004922 devstack@neutron-api.service[90443]: INFO neutron.api.extensions [None req-78ff79ce-0dc4-4cfc-b021-c31cc3453078 None None] Loaded extension: dhcp_agent_scheduler
Jul 09 16:30:05.706576 np0000004922 devstack@neutron-api.service[90443]: DEBUG neutron.api.extensions [None req-78ff79ce-0dc4-4cfc-b021-c31cc3453078 None None] Loading extension file: dns.py {{(pid=90443) _load_all_extensions_from_path /opt/stack/neutron/neutron/api/extensions.py:449}}
Jul 09 16:30:05.706750 np0000004922 devstack@neutron-api.service[90442]: DEBUG neutron_lib.callbacks.manager [None req-87bb9fa6-c136-4cbf-bfc5-9759ba7686f4 None None] Subscribe: > segment after_delete 55550000, False {{(pid=90442) subscribe /opt/stack/data/venv/lib/python3.12/site-packages/neutron_lib/callbacks/manager.py:52}}
Jul 09 16:30:05.706750 np0000004922 devstack@neutron-api.service[90442]: DEBUG neutron_lib.callbacks.manager [None req-87bb9fa6-c136-4cbf-bfc5-9759ba7686f4 None None] Subscribe: > allowed_address_pair before_create 55550000, False {{(pid=90442) subscribe /opt/stack/data/venv/lib/python3.12/site-packages/neutron_lib/callbacks/manager.py:52}}
Jul 09 16:30:05.706750 np0000004922 devstack@neutron-api.service[90442]: DEBUG neutron_lib.callbacks.manager [None req-87bb9fa6-c136-4cbf-bfc5-9759ba7686f4 None None] Subscribe: > security_group precommit_create 55550000, False {{(pid=90442) subscribe /opt/stack/data/venv/lib/python3.12/site-packages/neutron_lib/callbacks/manager.py:52}}
Jul 09 16:30:05.707000 np0000004922 devstack@neutron-api.service[90443]: DEBUG neutron.api.extensions [None req-78ff79ce-0dc4-4cfc-b021-c31cc3453078 None None] Ext name="DNS Integration" alias="dns-integration" description="Provides integration with DNS." updated="2015-08-15T18:00:00-00:00" {{(pid=90443) _check_extension /opt/stack/neutron/neutron/api/extensions.py:415}}
Jul 09 16:30:05.707133 np0000004922 devstack@neutron-api.service[90442]: DEBUG neutron_lib.callbacks.manager [None req-87bb9fa6-c136-4cbf-bfc5-9759ba7686f4 None None] Subscribe: > security_group after_update 55550000, False {{(pid=90442) subscribe /opt/stack/data/venv/lib/python3.12/site-packages/neutron_lib/callbacks/manager.py:52}}
Jul 09 16:30:05.707133 np0000004922 devstack@neutron-api.service[90442]: DEBUG neutron_lib.callbacks.manager [None req-87bb9fa6-c136-4cbf-bfc5-9759ba7686f4 None None] Subscribe: > security_group after_create 55550000, False {{(pid=90442) subscribe /opt/stack/data/venv/lib/python3.12/site-packages/neutron_lib/callbacks/manager.py:52}}
Jul 09 16:30:05.707328 np0000004922 devstack@neutron-api.service[90443]: INFO neutron.api.extensions [None req-78ff79ce-0dc4-4cfc-b021-c31cc3453078 None None] Loaded extension: dns-integration
Jul 09 16:30:05.707328 np0000004922 devstack@neutron-api.service[90443]: DEBUG neutron.api.extensions [None req-78ff79ce-0dc4-4cfc-b021-c31cc3453078 None None] Loading extension file: dns_domain_ports.py {{(pid=90443) _load_all_extensions_from_path /opt/stack/neutron/neutron/api/extensions.py:449}}
Jul 09 16:30:05.707494 np0000004922 devstack@neutron-api.service[90442]: DEBUG neutron_lib.callbacks.manager [None req-87bb9fa6-c136-4cbf-bfc5-9759ba7686f4 None None] Subscribe: > security_group precommit_delete 55550000, False {{(pid=90442) subscribe /opt/stack/data/venv/lib/python3.12/site-packages/neutron_lib/callbacks/manager.py:52}}
Jul 09 16:30:05.707494 np0000004922 devstack@neutron-api.service[90442]: DEBUG neutron_lib.callbacks.manager [None req-87bb9fa6-c136-4cbf-bfc5-9759ba7686f4 None None] Subscribe: > security_group after_delete 55550000, False {{(pid=90442) subscribe /opt/stack/data/venv/lib/python3.12/site-packages/neutron_lib/callbacks/manager.py:52}}
Jul 09 16:30:05.707647 np0000004922 devstack@neutron-api.service[90443]: DEBUG neutron.api.extensions [None req-78ff79ce-0dc4-4cfc-b021-c31cc3453078 None None] Ext name="dns_domain for ports" alias="dns-domain-ports" description="Allows the DNS domain to be specified for a network port." updated="2017-04-24T10:00:00-00:00" {{(pid=90443) _check_extension /opt/stack/neutron/neutron/api/extensions.py:415}}
Jul 09 16:30:05.707814 np0000004922 devstack@neutron-api.service[90442]: DEBUG neutron_lib.callbacks.manager [None req-87bb9fa6-c136-4cbf-bfc5-9759ba7686f4 None None] Subscribe: > security_group_rule precommit_create 55550000, False {{(pid=90442) subscribe /opt/stack/data/venv/lib/python3.12/site-packages/neutron_lib/callbacks/manager.py:52}}
Jul 09 16:30:05.707814 np0000004922 devstack@neutron-api.service[90442]: DEBUG neutron_lib.callbacks.manager [None req-87bb9fa6-c136-4cbf-bfc5-9759ba7686f4 None None] Subscribe: > security_group_rule after_create 55550000, False {{(pid=90442) subscribe /opt/stack/data/venv/lib/python3.12/site-packages/neutron_lib/callbacks/manager.py:52}}
Jul 09 16:30:05.707987 np0000004922 devstack@neutron-api.service[90445]: INFO neutron.quota.resource_registry [None req-9c707899-01f0-43fc-aa93-083eddd39066 None None] Creating instance of TrackedResource for resource:network
Jul 09 16:30:05.708118 np0000004922 devstack@neutron-api.service[90442]: DEBUG neutron_lib.callbacks.manager [None req-87bb9fa6-c136-4cbf-bfc5-9759ba7686f4 None None] Subscribe: > security_group_rule before_delete 55550000, False {{(pid=90442) subscribe /opt/stack/data/venv/lib/python3.12/site-packages/neutron_lib/callbacks/manager.py:52}}
Jul 09 16:30:05.708266 np0000004922 devstack@neutron-api.service[90443]: INFO neutron.api.extensions [None req-78ff79ce-0dc4-4cfc-b021-c31cc3453078 None None] Loaded extension: dns-domain-ports
Jul 09 16:30:05.708397 np0000004922 devstack@neutron-api.service[90442]: DEBUG neutron_lib.callbacks.manager [None req-87bb9fa6-c136-4cbf-bfc5-9759ba7686f4 None None] Subscribe: > address_group after_create 55550000, False {{(pid=90442) subscribe /opt/stack/data/venv/lib/python3.12/site-packages/neutron_lib/callbacks/manager.py:52}}
Jul 09 16:30:05.708526 np0000004922 devstack@neutron-api.service[90443]: DEBUG neutron.api.extensions [None req-78ff79ce-0dc4-4cfc-b021-c31cc3453078 None None] Loading extension file: dns_integration_domain_keywords.py {{(pid=90443) _load_all_extensions_from_path /opt/stack/neutron/neutron/api/extensions.py:449}}
Jul 09 16:30:05.708664 np0000004922 devstack@neutron-api.service[90442]: DEBUG neutron_lib.callbacks.manager [None req-87bb9fa6-c136-4cbf-bfc5-9759ba7686f4 None None] Subscribe: > address_group after_update 55550000, False {{(pid=90442) subscribe /opt/stack/data/venv/lib/python3.12/site-packages/neutron_lib/callbacks/manager.py:52}}
Jul 09 16:30:05.708840 np0000004922 devstack@neutron-api.service[90445]: INFO neutron.quota.resource_registry [None req-9c707899-01f0-43fc-aa93-083eddd39066 None None] Creating instance of TrackedResource for resource:subnet
Jul 09 16:30:05.708967 np0000004922 devstack@neutron-api.service[90442]: DEBUG neutron_lib.callbacks.manager [None req-87bb9fa6-c136-4cbf-bfc5-9759ba7686f4 None None] Subscribe: > address_group after_delete 55550000, False {{(pid=90442) subscribe /opt/stack/data/venv/lib/python3.12/site-packages/neutron_lib/callbacks/manager.py:52}}
Jul 09 16:30:05.709126 np0000004922 devstack@neutron-api.service[90445]: INFO neutron.quota.resource_registry [None req-9c707899-01f0-43fc-aa93-083eddd39066 None None] Creating instance of TrackedResource for resource:subnetpool
Jul 09 16:30:05.709376 np0000004922 devstack@neutron-api.service[90443]: DEBUG neutron.api.extensions [None req-78ff79ce-0dc4-4cfc-b021-c31cc3453078 None None] Ext name="DNS domain names with keywords allowed" alias="dns-integration-domain-keywords" description="Allows to use keywords like , , and as DNS domain name" updated="2020-06-15T18:00:00-00:00" {{(pid=90443) _check_extension /opt/stack/neutron/neutron/api/extensions.py:415}}
Jul 09 16:30:05.709525 np0000004922 devstack@neutron-api.service[90445]: INFO neutron.quota.resource_registry [None req-9c707899-01f0-43fc-aa93-083eddd39066 None None] Creating instance of TrackedResource for resource:port
Jul 09 16:30:05.709709 np0000004922 devstack@neutron-api.service[90442]: DEBUG neutron_lib.callbacks.manager [None req-87bb9fa6-c136-4cbf-bfc5-9759ba7686f4 None None] Subscribe: > qos_plugin after_init 55550000, False {{(pid=90442) subscribe /opt/stack/data/venv/lib/python3.12/site-packages/neutron_lib/callbacks/manager.py:52}}
Jul 09 16:30:05.709877 np0000004922 devstack@neutron-api.service[90443]: INFO neutron.api.extensions [None req-78ff79ce-0dc4-4cfc-b021-c31cc3453078 None None] Loaded extension: dns-integration-domain-keywords
Jul 09 16:30:05.709877 np0000004922 devstack@neutron-api.service[90443]: DEBUG neutron.api.extensions [None req-78ff79ce-0dc4-4cfc-b021-c31cc3453078 None None] Loading extension file: dvr.py {{(pid=90443) _load_all_extensions_from_path /opt/stack/neutron/neutron/api/extensions.py:449}}
Jul 09 16:30:05.710067 np0000004922 devstack@neutron-api.service[90442]: DEBUG neutron_lib.callbacks.manager [None req-87bb9fa6-c136-4cbf-bfc5-9759ba7686f4 None None] Subscribe: > trunk_plugin after_init 55550000, False {{(pid=90442) subscribe /opt/stack/data/venv/lib/python3.12/site-packages/neutron_lib/callbacks/manager.py:52}}
Jul 09 16:30:05.710227 np0000004922 devstack@neutron-api.service[90443]: DEBUG neutron.api.extensions [None req-78ff79ce-0dc4-4cfc-b021-c31cc3453078 None None] Ext name="Distributed Virtual Router" alias="dvr" description="Enables configuration of Distributed Virtual Routers." updated="2014-06-1T10:00:00-00:00" {{(pid=90443) _check_extension /opt/stack/neutron/neutron/api/extensions.py:415}}
Jul 09 16:30:05.710391 np0000004922 devstack@neutron-api.service[90442]: DEBUG neutron_lib.callbacks.manager [None req-87bb9fa6-c136-4cbf-bfc5-9759ba7686f4 None None] Subscribe: > logging-plugin after_init 55550000, False {{(pid=90442) subscribe /opt/stack/data/venv/lib/python3.12/site-packages/neutron_lib/callbacks/manager.py:52}}
Jul 09 16:30:05.710523 np0000004922 devstack@neutron-api.service[90443]: INFO neutron.api.extensions [None req-78ff79ce-0dc4-4cfc-b021-c31cc3453078 None None] Extension dvr not supported by any of loaded plugins
Jul 09 16:30:05.710523 np0000004922 devstack@neutron-api.service[90443]: DEBUG neutron.api.extensions [None req-78ff79ce-0dc4-4cfc-b021-c31cc3453078 None None] Loading extension file: ecmp_routes.py {{(pid=90443) _load_all_extensions_from_path /opt/stack/neutron/neutron/api/extensions.py:449}}
Jul 09 16:30:05.710523 np0000004922 devstack@neutron-api.service[90443]: DEBUG neutron.api.extensions [None req-78ff79ce-0dc4-4cfc-b021-c31cc3453078 None None] Ext name="Equal Cost Multipath Routing" alias="ecmp_routes" description="Allows traffic to reach thesame destination via multiple different links " updated="2020-11-26T18:00:00-00:00" {{(pid=90443) _check_extension /opt/stack/neutron/neutron/api/extensions.py:415}}
Jul 09 16:30:05.710523 np0000004922 devstack@neutron-api.service[90443]: INFO neutron.api.extensions [None req-78ff79ce-0dc4-4cfc-b021-c31cc3453078 None None] Extension ecmp_routes not supported by any of loaded plugins
Jul 09 16:30:05.710796 np0000004922 devstack@neutron-api.service[90442]: INFO neutron.services.logapi.drivers.ovn.driver [None req-87bb9fa6-c136-4cbf-bfc5-9759ba7686f4 None None] OVN logging driver registered
Jul 09 16:30:05.710958 np0000004922 devstack@neutron-api.service[90443]: DEBUG neutron.api.extensions [None req-78ff79ce-0dc4-4cfc-b021-c31cc3453078 None None] Loading extension file: empty_string_filtering.py {{(pid=90443) _load_all_extensions_from_path /opt/stack/neutron/neutron/api/extensions.py:449}}
Jul 09 16:30:05.711110 np0000004922 devstack@neutron-api.service[90442]: DEBUG neutron_lib.callbacks.manager [None req-87bb9fa6-c136-4cbf-bfc5-9759ba7686f4 None None] Subscribe: ._register_pvlan_driver at 0x7224a2be04a0> pvlan_plugin before_spawn 55550000, False {{(pid=90442) subscribe /opt/stack/data/venv/lib/python3.12/site-packages/neutron_lib/callbacks/manager.py:52}}
Jul 09 16:30:05.711110 np0000004922 devstack@neutron-api.service[90442]: DEBUG neutron_lib.callbacks.manager [None req-87bb9fa6-c136-4cbf-bfc5-9759ba7686f4 None None] Subscribe: process after_init 55550000, False {{(pid=90442) subscribe /opt/stack/data/venv/lib/python3.12/site-packages/neutron_lib/callbacks/manager.py:52}}
Jul 09 16:30:05.711271 np0000004922 devstack@neutron-api.service[90443]: DEBUG neutron.api.extensions [None req-78ff79ce-0dc4-4cfc-b021-c31cc3453078 None None] Ext name="Empty String Filtering Extension" alias="empty-string-filtering" description="Allow filtering by attributes with empty string value" updated="2018-05-01T10:00:00-00:00" {{(pid=90443) _check_extension /opt/stack/neutron/neutron/api/extensions.py:415}}
Jul 09 16:30:05.711397 np0000004922 devstack@neutron-api.service[90445]: INFO neutron.quota.resource_registry [None req-9c707899-01f0-43fc-aa93-083eddd39066 None None] Creating instance of CountableResource for resource:router_route
Jul 09 16:30:05.711627 np0000004922 devstack@neutron-api.service[90443]: INFO neutron.api.extensions [None req-78ff79ce-0dc4-4cfc-b021-c31cc3453078 None None] Loaded extension: empty-string-filtering
Jul 09 16:30:05.711627 np0000004922 devstack@neutron-api.service[90443]: DEBUG neutron.api.extensions [None req-78ff79ce-0dc4-4cfc-b021-c31cc3453078 None None] Loading extension file: evpn.py {{(pid=90443) _load_all_extensions_from_path /opt/stack/neutron/neutron/api/extensions.py:449}}
Jul 09 16:30:05.711846 np0000004922 devstack@neutron-api.service[90445]: DEBUG neutron.api.v2.resource_helper [None req-9c707899-01f0-43fc-aa93-083eddd39066 None None] Service L3_ROUTER_NAT assigned prefix: {{(pid=90445) build_resource_info /opt/stack/neutron/neutron/api/v2/resource_helper.py:77}}
Jul 09 16:30:05.712079 np0000004922 devstack@neutron-api.service[90443]: DEBUG neutron.api.extensions [None req-78ff79ce-0dc4-4cfc-b021-c31cc3453078 None None] Ext name="EVPN" alias="evpn" description="Router extension to support EVPN Type-5 route advertisement" updated="2026-04-28T00:00:00-00:00" {{(pid=90443) _check_extension /opt/stack/neutron/neutron/api/extensions.py:415}}
Jul 09 16:30:05.712079 np0000004922 devstack@neutron-api.service[90443]: INFO neutron.api.extensions [None req-78ff79ce-0dc4-4cfc-b021-c31cc3453078 None None] Extension evpn not supported by any of loaded plugins
Jul 09 16:30:05.712079 np0000004922 devstack@neutron-api.service[90443]: DEBUG neutron.api.extensions [None req-78ff79ce-0dc4-4cfc-b021-c31cc3453078 None None] Loading extension file: expose_l3_conntrack_helper.py {{(pid=90443) _load_all_extensions_from_path /opt/stack/neutron/neutron/api/extensions.py:449}}
