May 18 12:06:51.176358 np0000000939 devstack@neutron-api.service[89670]: DEBUG ovsdbapp.backend.ovs_idl.transaction [None req-67941d48-998b-4feb-90b7-83674af35afe None None] Running txn n=1 command(idx=0): DbSetCommand(_result=None, table=HA_Chassis_Group, record=neutron-2f8a519d-fc0a-4170-8761-634be8c5bf59, col_values=(('external_ids', {'neutron:availability_zone_hints': '', 'neutron:network_id': '2f8a519d-fc0a-4170-8761-634be8c5bf59', 'neutron:router_id': '96f6c866-8f8f-4469-8d4c-7644cf7bd2c3'}),), if_exists=True) {{(pid=89670) do_commit /opt/stack/data/venv/lib/python3.12/site-packages/ovsdbapp/backend/ovs_idl/transaction.py:89}}
May 18 12:06:51.176677 np0000000939 devstack@neutron-api.service[89670]: DEBUG ovsdbapp.backend.ovs_idl.transaction [None req-67941d48-998b-4feb-90b7-83674af35afe None None] Running txn n=1 command(idx=1): HAChassisGroupAddChassisCommand(_result=None, hcg=neutron-2f8a519d-fc0a-4170-8761-634be8c5bf59, chassis=9cb0bbda-a3f9-4e30-ac25-e7cd7fa09e30, priority=1, columns={}) {{(pid=89670) do_commit /opt/stack/data/venv/lib/python3.12/site-packages/ovsdbapp/backend/ovs_idl/transaction.py:89}}
May 18 12:06:51.176905 np0000000939 devstack@neutron-api.service[89670]: DEBUG ovsdbapp.backend.ovs_idl.transaction [None req-67941d48-998b-4feb-90b7-83674af35afe None None] Transaction caused no change {{(pid=89670) do_commit /opt/stack/data/venv/lib/python3.12/site-packages/ovsdbapp/backend/ovs_idl/transaction.py:129}}
May 18 12:06:51.203995 np0000000939 devstack@neutron-api.service[89670]: INFO neutron.common.ovn.utils [None req-bda416a9-e35c-4104-bea0-41482ffd28d7 None None] HA Chassis Group neutron-2f8a519d-fc0a-4170-8761-634be8c5bf59 synchronized; highest priority chassis 9cb0bbda-a3f9-4e30-ac25-e7cd7fa09e30
May 18 12:06:51.204640 np0000000939 devstack@neutron-api.service[89670]: DEBUG ovsdbapp.backend.ovs_idl.transaction [None req-67941d48-998b-4feb-90b7-83674af35afe None None] Running txn n=1 command(idx=0): DbSetCommand(_result=None, table=HA_Chassis_Group, record=neutron-2f8a519d-fc0a-4170-8761-634be8c5bf59, col_values=(('external_ids', {'neutron:availability_zone_hints': '', 'neutron:network_id': '2f8a519d-fc0a-4170-8761-634be8c5bf59', 'neutron:router_id': '96f6c866-8f8f-4469-8d4c-7644cf7bd2c3'}),), if_exists=True) {{(pid=89670) do_commit /opt/stack/data/venv/lib/python3.12/site-packages/ovsdbapp/backend/ovs_idl/transaction.py:89}}
May 18 12:06:51.204917 np0000000939 devstack@neutron-api.service[89670]: DEBUG ovsdbapp.backend.ovs_idl.transaction [None req-67941d48-998b-4feb-90b7-83674af35afe None None] Running txn n=1 command(idx=1): HAChassisGroupAddChassisCommand(_result=None, hcg=neutron-2f8a519d-fc0a-4170-8761-634be8c5bf59, chassis=9cb0bbda-a3f9-4e30-ac25-e7cd7fa09e30, priority=1, columns={}) {{(pid=89670) do_commit /opt/stack/data/venv/lib/python3.12/site-packages/ovsdbapp/backend/ovs_idl/transaction.py:89}}
May 18 12:06:51.205159 np0000000939 devstack@neutron-api.service[89670]: DEBUG ovsdbapp.backend.ovs_idl.transaction [None req-67941d48-998b-4feb-90b7-83674af35afe None None] Transaction caused no change {{(pid=89670) do_commit /opt/stack/data/venv/lib/python3.12/site-packages/ovsdbapp/backend/ovs_idl/transaction.py:129}}
May 18 12:06:56.101435 np0000000939 devstack@neutron-api.service[89670]: DEBUG futurist.periodics [-] Submitting periodic callback 'neutron.plugins.ml2.drivers.ovn.mech_driver.ovsdb.maintenance.HashRingHealthCheckPeriodics.touch_hash_ring_node' {{(pid=89670) _process_scheduled /opt/stack/data/venv/lib/python3.12/site-packages/futurist/periodics.py:784}}
May 18 12:06:56.101767 np0000000939 devstack@neutron-api.service[89670]: DEBUG neutron.plugins.ml2.drivers.ovn.mech_driver.ovsdb.maintenance [-] Touching Hash Ring node "15f50cb7313656e89b6445ded5f29f02" from periodic health check thread {{(pid=89670) touch_hash_ring_node /opt/stack/neutron/neutron/plugins/ml2/drivers/ovn/mech_driver/ovsdb/maintenance.py:1466}}
May 18 12:06:56.781356 np0000000939 devstack@neutron-api.service[89669]: DEBUG dbcounter [-] [89669] Writing DB stats neutron:SELECT=2471,neutron:INSERT=56,neutron:DELETE=10,neutron:UPDATE=44 {{(pid=89669) stat_writer /opt/stack/data/venv/lib/python3.12/site-packages/dbcounter.py:115}}
May 18 12:06:56.898349 np0000000939 devstack@neutron-api.service[89671]: DEBUG futurist.periodics [-] Submitting periodic callback 'neutron.plugins.ml2.drivers.ovn.mech_driver.ovsdb.maintenance.HashRingHealthCheckPeriodics.touch_hash_ring_node' {{(pid=89671) _process_scheduled /opt/stack/data/venv/lib/python3.12/site-packages/futurist/periodics.py:784}}
May 18 12:06:56.898793 np0000000939 devstack@neutron-api.service[89671]: DEBUG neutron.plugins.ml2.drivers.ovn.mech_driver.ovsdb.maintenance [-] Touching Hash Ring node "2f20db9d2fde59088f6591a19061f8cd" from periodic health check thread {{(pid=89671) touch_hash_ring_node /opt/stack/neutron/neutron/plugins/ml2/drivers/ovn/mech_driver/ovsdb/maintenance.py:1466}}
May 18 12:06:56.956186 np0000000939 devstack@neutron-api.service[89669]: DEBUG futurist.periodics [-] Submitting periodic callback 'neutron.plugins.ml2.drivers.ovn.mech_driver.ovsdb.maintenance.HashRingHealthCheckPeriodics.touch_hash_ring_node' {{(pid=89669) _process_scheduled /opt/stack/data/venv/lib/python3.12/site-packages/futurist/periodics.py:784}}
May 18 12:06:56.956508 np0000000939 devstack@neutron-api.service[89669]: DEBUG neutron.plugins.ml2.drivers.ovn.mech_driver.ovsdb.maintenance [-] Touching Hash Ring node "59942a579eb0598b99ef8344c4226f60" from periodic health check thread {{(pid=89669) touch_hash_ring_node /opt/stack/neutron/neutron/plugins/ml2/drivers/ovn/mech_driver/ovsdb/maintenance.py:1466}}
May 18 12:07:06.113817 np0000000939 devstack@neutron-api.service[89670]: DEBUG dbcounter [-] [89670] Writing DB stats neutron:SELECT=3314,neutron:INSERT=729,neutron:DELETE=12,neutron:UPDATE=136 {{(pid=89670) stat_writer /opt/stack/data/venv/lib/python3.12/site-packages/dbcounter.py:115}}
May 18 12:07:06.910593 np0000000939 devstack@neutron-api.service[89671]: DEBUG dbcounter [-] [89671] Writing DB stats neutron:SELECT=724,neutron:INSERT=19,neutron:DELETE=7,neutron:UPDATE=35 {{(pid=89671) stat_writer /opt/stack/data/venv/lib/python3.12/site-packages/dbcounter.py:115}}
May 18 12:07:06.963598 np0000000939 devstack@neutron-api.service[89669]: DEBUG dbcounter [-] [89669] Writing DB stats neutron:UPDATE=1,neutron:SELECT=1 {{(pid=89669) stat_writer /opt/stack/data/venv/lib/python3.12/site-packages/dbcounter.py:115}}
May 18 12:07:11.102069 np0000000939 devstack@neutron-api.service[89670]: DEBUG futurist.periodics [-] Submitting periodic callback 'neutron.plugins.ml2.drivers.ovn.mech_driver.ovsdb.maintenance.HashRingHealthCheckPeriodics.touch_hash_ring_node' {{(pid=89670) _process_scheduled /opt/stack/data/venv/lib/python3.12/site-packages/futurist/periodics.py:784}}
May 18 12:07:11.102373 np0000000939 devstack@neutron-api.service[89670]: DEBUG neutron.plugins.ml2.drivers.ovn.mech_driver.ovsdb.maintenance [-] Touching Hash Ring node "15f50cb7313656e89b6445ded5f29f02" from periodic health check thread {{(pid=89670) touch_hash_ring_node /opt/stack/neutron/neutron/plugins/ml2/drivers/ovn/mech_driver/ovsdb/maintenance.py:1466}}
May 18 12:07:11.899603 np0000000939 devstack@neutron-api.service[89671]: DEBUG futurist.periodics [-] Submitting periodic callback 'neutron.plugins.ml2.drivers.ovn.mech_driver.ovsdb.maintenance.HashRingHealthCheckPeriodics.touch_hash_ring_node' {{(pid=89671) _process_scheduled /opt/stack/data/venv/lib/python3.12/site-packages/futurist/periodics.py:784}}
May 18 12:07:11.899999 np0000000939 devstack@neutron-api.service[89671]: DEBUG neutron.plugins.ml2.drivers.ovn.mech_driver.ovsdb.maintenance [-] Touching Hash Ring node "2f20db9d2fde59088f6591a19061f8cd" from periodic health check thread {{(pid=89671) touch_hash_ring_node /opt/stack/neutron/neutron/plugins/ml2/drivers/ovn/mech_driver/ovsdb/maintenance.py:1466}}
May 18 12:07:11.956872 np0000000939 devstack@neutron-api.service[89669]: DEBUG futurist.periodics [-] Submitting periodic callback 'neutron.plugins.ml2.drivers.ovn.mech_driver.ovsdb.maintenance.HashRingHealthCheckPeriodics.touch_hash_ring_node' {{(pid=89669) _process_scheduled /opt/stack/data/venv/lib/python3.12/site-packages/futurist/periodics.py:784}}
May 18 12:07:11.957539 np0000000939 devstack@neutron-api.service[89669]: DEBUG neutron.plugins.ml2.drivers.ovn.mech_driver.ovsdb.maintenance [-] Touching Hash Ring node "59942a579eb0598b99ef8344c4226f60" from periodic health check thread {{(pid=89669) touch_hash_ring_node /opt/stack/neutron/neutron/plugins/ml2/drivers/ovn/mech_driver/ovsdb/maintenance.py:1466}}
May 18 12:07:21.111283 np0000000939 devstack@neutron-api.service[89670]: DEBUG dbcounter [-] [89670] Writing DB stats neutron:UPDATE=1,neutron:SELECT=1 {{(pid=89670) stat_writer /opt/stack/data/venv/lib/python3.12/site-packages/dbcounter.py:115}}
May 18 12:07:21.906661 np0000000939 devstack@neutron-api.service[89671]: DEBUG dbcounter [-] [89671] Writing DB stats neutron:UPDATE=1,neutron:SELECT=1 {{(pid=89671) stat_writer /opt/stack/data/venv/lib/python3.12/site-packages/dbcounter.py:115}}
May 18 12:07:21.968208 np0000000939 devstack@neutron-api.service[89669]: DEBUG dbcounter [-] [89669] Writing DB stats neutron:UPDATE=1,neutron:SELECT=1 {{(pid=89669) stat_writer /opt/stack/data/venv/lib/python3.12/site-packages/dbcounter.py:115}}
May 18 12:07:26.102495 np0000000939 devstack@neutron-api.service[89670]: DEBUG futurist.periodics [-] Submitting periodic callback 'neutron.plugins.ml2.drivers.ovn.mech_driver.ovsdb.maintenance.HashRingHealthCheckPeriodics.touch_hash_ring_node' {{(pid=89670) _process_scheduled /opt/stack/data/venv/lib/python3.12/site-packages/futurist/periodics.py:784}}
May 18 12:07:26.102836 np0000000939 devstack@neutron-api.service[89670]: DEBUG neutron.plugins.ml2.drivers.ovn.mech_driver.ovsdb.maintenance [-] Touching Hash Ring node "15f50cb7313656e89b6445ded5f29f02" from periodic health check thread {{(pid=89670) touch_hash_ring_node /opt/stack/neutron/neutron/plugins/ml2/drivers/ovn/mech_driver/ovsdb/maintenance.py:1466}}
May 18 12:07:26.900127 np0000000939 devstack@neutron-api.service[89671]: DEBUG futurist.periodics [-] Submitting periodic callback 'neutron.plugins.ml2.drivers.ovn.mech_driver.ovsdb.maintenance.HashRingHealthCheckPeriodics.touch_hash_ring_node' {{(pid=89671) _process_scheduled /opt/stack/data/venv/lib/python3.12/site-packages/futurist/periodics.py:784}}
May 18 12:07:26.900521 np0000000939 devstack@neutron-api.service[89671]: DEBUG neutron.plugins.ml2.drivers.ovn.mech_driver.ovsdb.maintenance [-] Touching Hash Ring node "2f20db9d2fde59088f6591a19061f8cd" from periodic health check thread {{(pid=89671) touch_hash_ring_node /opt/stack/neutron/neutron/plugins/ml2/drivers/ovn/mech_driver/ovsdb/maintenance.py:1466}}
May 18 12:07:26.957322 np0000000939 devstack@neutron-api.service[89669]: DEBUG futurist.periodics [-] Submitting periodic callback 'neutron.plugins.ml2.drivers.ovn.mech_driver.ovsdb.maintenance.HashRingHealthCheckPeriodics.touch_hash_ring_node' {{(pid=89669) _process_scheduled /opt/stack/data/venv/lib/python3.12/site-packages/futurist/periodics.py:784}}
May 18 12:07:26.957737 np0000000939 devstack@neutron-api.service[89669]: DEBUG neutron.plugins.ml2.drivers.ovn.mech_driver.ovsdb.maintenance [-] Touching Hash Ring node "59942a579eb0598b99ef8344c4226f60" from periodic health check thread {{(pid=89669) touch_hash_ring_node /opt/stack/neutron/neutron/plugins/ml2/drivers/ovn/mech_driver/ovsdb/maintenance.py:1466}}
May 18 12:07:36.171191 np0000000939 devstack@neutron-api.service[89670]: DEBUG dbcounter [-] [89670] Writing DB stats neutron:UPDATE=1,neutron:SELECT=1 {{(pid=89670) stat_writer /opt/stack/data/venv/lib/python3.12/site-packages/dbcounter.py:115}}
May 18 12:07:36.914169 np0000000939 devstack@neutron-api.service[89671]: DEBUG dbcounter [-] [89671] Writing DB stats neutron:UPDATE=1,neutron:SELECT=1 {{(pid=89671) stat_writer /opt/stack/data/venv/lib/python3.12/site-packages/dbcounter.py:115}}
May 18 12:07:36.966846 np0000000939 devstack@neutron-api.service[89669]: DEBUG dbcounter [-] [89669] Writing DB stats neutron:UPDATE=1,neutron:SELECT=1 {{(pid=89669) stat_writer /opt/stack/data/venv/lib/python3.12/site-packages/dbcounter.py:115}}
May 18 12:07:41.103039 np0000000939 devstack@neutron-api.service[89670]: DEBUG futurist.periodics [-] Submitting periodic callback 'neutron.plugins.ml2.drivers.ovn.mech_driver.ovsdb.maintenance.HashRingHealthCheckPeriodics.touch_hash_ring_node' {{(pid=89670) _process_scheduled /opt/stack/data/venv/lib/python3.12/site-packages/futurist/periodics.py:784}}
May 18 12:07:41.103420 np0000000939 devstack@neutron-api.service[89670]: DEBUG neutron.plugins.ml2.drivers.ovn.mech_driver.ovsdb.maintenance [-] Touching Hash Ring node "15f50cb7313656e89b6445ded5f29f02" from periodic health check thread {{(pid=89670) touch_hash_ring_node /opt/stack/neutron/neutron/plugins/ml2/drivers/ovn/mech_driver/ovsdb/maintenance.py:1466}}
May 18 12:07:41.900568 np0000000939 devstack@neutron-api.service[89671]: DEBUG futurist.periodics [-] Submitting periodic callback 'neutron.plugins.ml2.drivers.ovn.mech_driver.ovsdb.maintenance.HashRingHealthCheckPeriodics.touch_hash_ring_node' {{(pid=89671) _process_scheduled /opt/stack/data/venv/lib/python3.12/site-packages/futurist/periodics.py:784}}
May 18 12:07:41.900983 np0000000939 devstack@neutron-api.service[89671]: DEBUG neutron.plugins.ml2.drivers.ovn.mech_driver.ovsdb.maintenance [-] Touching Hash Ring node "2f20db9d2fde59088f6591a19061f8cd" from periodic health check thread {{(pid=89671) touch_hash_ring_node /opt/stack/neutron/neutron/plugins/ml2/drivers/ovn/mech_driver/ovsdb/maintenance.py:1466}}
May 18 12:07:41.957816 np0000000939 devstack@neutron-api.service[89669]: DEBUG futurist.periodics [-] Submitting periodic callback 'neutron.plugins.ml2.drivers.ovn.mech_driver.ovsdb.maintenance.HashRingHealthCheckPeriodics.touch_hash_ring_node' {{(pid=89669) _process_scheduled /opt/stack/data/venv/lib/python3.12/site-packages/futurist/periodics.py:784}}
May 18 12:07:41.958247 np0000000939 devstack@neutron-api.service[89669]: DEBUG neutron.plugins.ml2.drivers.ovn.mech_driver.ovsdb.maintenance [-] Touching Hash Ring node "59942a579eb0598b99ef8344c4226f60" from periodic health check thread {{(pid=89669) touch_hash_ring_node /opt/stack/neutron/neutron/plugins/ml2/drivers/ovn/mech_driver/ovsdb/maintenance.py:1466}}
May 18 12:07:43.465619 np0000000939 devstack@neutron-api.service[89669]: DEBUG neutron.api.wsgi [None req-cf433a35-dcd1-4ed1-8b7d-1b1404d4a1ae admin admin] Missing Content-Type {{(pid=89669) get_content_type /opt/stack/neutron/neutron/api/wsgi.py:80}}
May 18 12:07:43.465976 np0000000939 devstack@neutron-api.service[89669]: DEBUG neutron.api.wsgi [None req-cf433a35-dcd1-4ed1-8b7d-1b1404d4a1ae admin admin] https://10.4.3.223/networking/v2.0/extensions returned with HTTP 200 {{(pid=89669) __call__ /opt/stack/neutron/neutron/api/wsgi.py:540}}
May 18 12:07:43.466407 np0000000939 devstack@neutron-api.service[89669]: [pid: 89669|app: 0|req: 11/34] 10.4.3.223 () {64 vars in 1292 bytes} [Mon May 18 12:07:43 2026] GET /networking/v2.0/extensions => generated 15209 bytes in 3 msecs (HTTP/1.1 200) 4 headers in 159 bytes (1 switches on core 0)
May 18 12:07:43.700411 np0000000939 devstack@neutron-api.service[89670]: INFO neutron.pecan_wsgi.hooks.translation [None req-5a030058-a4e3-497f-9a58-6d64e7e2662c admin admin] GET failed (client error): The resource could not be found.
May 18 12:07:43.701035 np0000000939 devstack@neutron-api.service[89670]: [pid: 89670|app: 0|req: 13/35] 10.4.3.223 () {64 vars in 1294 bytes} [Mon May 18 12:07:43 2026] GET /networking/v2.0/networks/public => generated 108 bytes in 7 msecs (HTTP/1.1 404) 4 headers in 164 bytes (1 switches on core 0)
May 18 12:07:43.738553 np0000000939 devstack@neutron-api.service[89671]: DEBUG neutron.pecan_wsgi.hooks.policy_enforcement [None req-039139cf-70ab-4c6b-b357-8671c0aa26f7 admin admin] Attributes excluded by policy engine: ['standard_attr_id'] {{(pid=89671) _exclude_attributes_by_policy /opt/stack/neutron/neutron/pecan_wsgi/hooks/policy_enforcement.py:256}}
May 18 12:07:43.739172 np0000000939 devstack@neutron-api.service[89671]: [pid: 89671|app: 0|req: 12/36] 10.4.3.223 () {64 vars in 1309 bytes} [Mon May 18 12:07:43 2026] GET /networking/v2.0/networks?name=public => generated 759 bytes in 32 msecs (HTTP/1.1 200) 4 headers in 157 bytes (1 switches on core 0)
May 18 12:07:43.919184 np0000000939 devstack@neutron-api.service[89669]: DEBUG neutron.api.v2.base [None req-7632b524-9410-4929-94b4-ca917632a100 admin admin] Request body: {'network': {'name': 'shared', 'shared': True, 'admin_state_up': True}} {{(pid=89669) prepare_request_body /opt/stack/neutron/neutron/api/v2/base.py:727}}
May 18 12:07:43.931667 np0000000939 devstack@neutron-api.service[89669]: DEBUG neutron.pecan_wsgi.hooks.quota_enforcement [None req-7632b524-9410-4929-94b4-ca917632a100 admin admin] Made reservation on behalf of 02a340dd532f49859cd0b86bed984153 for: {'network': 1} {{(pid=89669) before /opt/stack/neutron/neutron/pecan_wsgi/hooks/quota_enforcement.py:66}}
May 18 12:07:43.933937 np0000000939 devstack@neutron-api.service[89669]: DEBUG neutron_lib.callbacks.manager [None req-7632b524-9410-4929-94b4-ca917632a100 admin admin] Publish callbacks ['neutron.plugins.ml2.plugin.SecurityGroupDbMixin._ensure_default_security_group_handler-220875'] for network (None), before_create {{(pid=89669) _notify_loop /opt/stack/data/venv/lib/python3.12/site-packages/neutron_lib/callbacks/manager.py:184}}
May 18 12:07:43.955396 np0000000939 devstack@neutron-api.service[89669]: WARNING neutron.services.revisions.revision_plugin [None req-7632b524-9410-4929-94b4-ca917632a100 admin admin] Could not find related network for resource to bump revision.
May 18 12:07:43.980607 np0000000939 devstack@neutron-api.service[89669]: DEBUG neutron.plugins.ml2.drivers.helpers [None req-7632b524-9410-4929-94b4-ca917632a100 admin admin] geneve segment allocate from pool success with {'geneve_vni': 11712} {{(pid=89669) allocate_partially_specified_segment /opt/stack/neutron/neutron/plugins/ml2/drivers/helpers.py:142}}
May 18 12:07:43.986631 np0000000939 devstack@neutron-api.service[89669]: DEBUG neutron_lib.callbacks.manager [None req-7632b524-9410-4929-94b4-ca917632a100 admin admin] Publish callbacks ['neutron.plugins.ml2.plugin.Ml2Plugin._handle_segment_change-956621'] for segment (57d143db-b962-4a0c-9c73-65b470dd47cb), precommit_create {{(pid=89669) _notify_loop /opt/stack/data/venv/lib/python3.12/site-packages/neutron_lib/callbacks/manager.py:184}}
May 18 12:07:43.986753 np0000000939 devstack@neutron-api.service[89669]: INFO neutron.db.segments_db [None req-7632b524-9410-4929-94b4-ca917632a100 admin admin] Added segment 57d143db-b962-4a0c-9c73-65b470dd47cb of type geneve for network 50ae6e08-68dd-4bfc-b4f4-d6b1219b7e5e
May 18 12:07:43.997602 np0000000939 devstack@neutron-api.service[89669]: DEBUG neutron_lib.callbacks.manager [None req-7632b524-9410-4929-94b4-ca917632a100 admin admin] Publish callbacks ['neutron.services.auto_allocate.db._ensure_external_network_default_value_callback-8307440907338'] for network (50ae6e08-68dd-4bfc-b4f4-d6b1219b7e5e), precommit_create {{(pid=89669) _notify_loop /opt/stack/data/venv/lib/python3.12/site-packages/neutron_lib/callbacks/manager.py:184}}
May 18 12:07:44.006409 np0000000939 devstack@neutron-api.service[89669]: DEBUG neutron.plugins.ml2.drivers.ovn.mech_driver.mech_driver [None req-7632b524-9410-4929-94b4-ca917632a100 admin admin] Validating network segment with type geneve, segmentation ID 11712, physical network None {{(pid=89669) _validate_network_segments /opt/stack/neutron/neutron/plugins/ml2/drivers/ovn/mech_driver/mech_driver.py:641}}
May 18 12:07:44.006538 np0000000939 devstack@neutron-api.service[89669]: DEBUG neutron.db.ovn_revision_numbers_db [None req-7632b524-9410-4929-94b4-ca917632a100 admin admin] create_initial_revision uuid=50ae6e08-68dd-4bfc-b4f4-d6b1219b7e5e, type=networks, rev=-1 {{(pid=89669) create_initial_revision /opt/stack/neutron/neutron/db/ovn_revision_numbers_db.py:98}}
May 18 12:07:44.015641 np0000000939 devstack@neutron-api.service[89669]: DEBUG neutron_lib.callbacks.manager [None req-7632b524-9410-4929-94b4-ca917632a100 admin admin] Publish callbacks ['neutron.plugins.ml2.ovo_rpc._ObjectChangeHandler.handle_event-2474154'] for network (50ae6e08-68dd-4bfc-b4f4-d6b1219b7e5e), after_create {{(pid=89669) _notify_loop /opt/stack/data/venv/lib/python3.12/site-packages/neutron_lib/callbacks/manager.py:184}}
May 18 12:07:44.026770 np0000000939 devstack@neutron-api.service[89669]: DEBUG neutron.api.rpc.handlers.resources_rpc [None req-7632b524-9410-4929-94b4-ca917632a100 admin admin] Pushing event updated for resources: {'Network': ['ID=50ae6e08-68dd-4bfc-b4f4-d6b1219b7e5e,revision_number=1']} {{(pid=89669) push /opt/stack/neutron/neutron/api/rpc/handlers/resources_rpc.py:237}}
May 18 12:07:44.030339 np0000000939 devstack@neutron-api.service[89669]: DEBUG ovsdbapp.backend.ovs_idl.transaction [-] Running txn n=1 command(idx=0): CheckLivenessCommand(_result=None) {{(pid=89669) do_commit /opt/stack/data/venv/lib/python3.12/site-packages/ovsdbapp/backend/ovs_idl/transaction.py:89}}
May 18 12:07:44.035837 np0000000939 devstack@neutron-api.service[89670]: DEBUG neutron.plugins.ml2.drivers.ovn.mech_driver.ovsdb.ovsdb_monitor [None req-08fafdb6-3043-445e-827d-48f65bd66d93 None None] ChassisAgentWriteEvent : Matched Chassis_Private, update, None None {{(pid=89670) matches /opt/stack/neutron/neutron/plugins/ml2/drivers/ovn/mech_driver/ovsdb/ovsdb_monitor.py:64}}
May 18 12:07:44.036010 np0000000939 devstack@neutron-api.service[89671]: DEBUG neutron.plugins.ml2.drivers.ovn.mech_driver.ovsdb.ovsdb_monitor [None req-4e1a7046-0c8b-496a-9a29-4908da2f48e8 None None] ChassisAgentWriteEvent : Matched Chassis_Private, update, None None {{(pid=89671) matches /opt/stack/neutron/neutron/plugins/ml2/drivers/ovn/mech_driver/ovsdb/ovsdb_monitor.py:64}}
May 18 12:07:44.037178 np0000000939 devstack@neutron-api.service[89669]: DEBUG neutron.plugins.ml2.drivers.ovn.mech_driver.ovsdb.ovsdb_monitor [None req-b9c78ec5-31e7-43b3-aef6-804a35ea3740 None None] ChassisAgentWriteEvent : Matched Chassis_Private, update, None None {{(pid=89669) matches /opt/stack/neutron/neutron/plugins/ml2/drivers/ovn/mech_driver/ovsdb/ovsdb_monitor.py:64}}
May 18 12:07:44.040723 np0000000939 devstack@neutron-api.service[89669]: DEBUG neutron.common.ovn.hash_ring_manager [-] Hash Ring loaded. 3 active nodes. 0 offline nodes {{(pid=89669) _load_hash_ring /opt/stack/neutron/neutron/common/ovn/hash_ring_manager.py:102}}
May 18 12:07:44.042069 np0000000939 devstack@neutron-api.service[89670]: DEBUG neutron.common.ovn.hash_ring_manager [None req-67941d48-998b-4feb-90b7-83674af35afe None None] Hash Ring loaded. 3 active nodes. 0 offline nodes {{(pid=89670) _load_hash_ring /opt/stack/neutron/neutron/common/ovn/hash_ring_manager.py:102}}
May 18 12:07:44.042205 np0000000939 devstack@neutron-api.service[89670]: DEBUG neutron.plugins.ml2.drivers.ovn.mech_driver.ovsdb.ovsdb_monitor [None req-67941d48-998b-4feb-90b7-83674af35afe None None] Hash Ring: Node 15f50cb7313656e89b6445ded5f29f02 (host: np0000000939) handling event "update" for row 4f9c6e71-33a9-4d32-a989-5fa7988dc2b8 (table: NB_Global) {{(pid=89670) notify /opt/stack/neutron/neutron/plugins/ml2/drivers/ovn/mech_driver/ovsdb/ovsdb_monitor.py:942}}
May 18 12:07:44.043310 np0000000939 devstack@neutron-api.service[89671]: DEBUG neutron.common.ovn.hash_ring_manager [None req-27e2633e-5f5b-4480-b3c0-3bb33b6e5ce3 None None] Hash Ring loaded. 3 active nodes. 0 offline nodes {{(pid=89671) _load_hash_ring /opt/stack/neutron/neutron/common/ovn/hash_ring_manager.py:102}}
May 18 12:07:44.043385 np0000000939 devstack@neutron-api.service[89670]: DEBUG neutron.plugins.ml2.drivers.ovn.mech_driver.ovsdb.ovsdb_monitor [None req-67941d48-998b-4feb-90b7-83674af35afe None None] Hash Ring: Node 15f50cb7313656e89b6445ded5f29f02 (host: np0000000939) handling event "update" for row 4f9c6e71-33a9-4d32-a989-5fa7988dc2b8 (table: NB_Global) {{(pid=89670) notify /opt/stack/neutron/neutron/plugins/ml2/drivers/ovn/mech_driver/ovsdb/ovsdb_monitor.py:942}}
May 18 12:07:44.043656 np0000000939 devstack@neutron-api.service[89671]: DEBUG neutron.common.ovn.hash_ring_manager [None req-4e1a7046-0c8b-496a-9a29-4908da2f48e8 None None] Hash Ring loaded. 3 active nodes. 0 offline nodes {{(pid=89671) _load_hash_ring /opt/stack/neutron/neutron/common/ovn/hash_ring_manager.py:102}}
May 18 12:07:44.043889 np0000000939 devstack@neutron-api.service[89671]: DEBUG neutron.plugins.ml2.drivers.ovn.mech_driver.ovsdb.ovsdb_monitor [None req-4e1a7046-0c8b-496a-9a29-4908da2f48e8 None None] Hash Ring: Node 2f20db9d2fde59088f6591a19061f8cd (host: np0000000939) handling event "update" for row 59eb20bb-ddb8-402a-abd1-66bb8dc819c9 (table: Chassis_Private) {{(pid=89671) notify /opt/stack/neutron/neutron/plugins/ml2/drivers/ovn/mech_driver/ovsdb/ovsdb_monitor.py:942}}
May 18 12:07:44.044044 np0000000939 devstack@neutron-api.service[89670]: DEBUG neutron.plugins.ml2.drivers.ovn.mech_driver.ovsdb.ovsdb_monitor [None req-67941d48-998b-4feb-90b7-83674af35afe None None] Hash Ring: Node 15f50cb7313656e89b6445ded5f29f02 (host: np0000000939) handling event "update" for row 4f9c6e71-33a9-4d32-a989-5fa7988dc2b8 (table: NB_Global) {{(pid=89670) notify /opt/stack/neutron/neutron/plugins/ml2/drivers/ovn/mech_driver/ovsdb/ovsdb_monitor.py:942}}
May 18 12:07:44.044365 np0000000939 devstack@neutron-api.service[89670]: DEBUG neutron.common.ovn.hash_ring_manager [None req-08fafdb6-3043-445e-827d-48f65bd66d93 None None] Hash Ring loaded. 3 active nodes. 0 offline nodes {{(pid=89670) _load_hash_ring /opt/stack/neutron/neutron/common/ovn/hash_ring_manager.py:102}}
May 18 12:07:44.044637 np0000000939 devstack@neutron-api.service[89670]: DEBUG neutron.plugins.ml2.drivers.ovn.mech_driver.ovsdb.ovsdb_monitor [None req-67941d48-998b-4feb-90b7-83674af35afe None None] Hash Ring: Node 15f50cb7313656e89b6445ded5f29f02 (host: np0000000939) handling event "update" for row 4f9c6e71-33a9-4d32-a989-5fa7988dc2b8 (table: NB_Global) {{(pid=89670) notify /opt/stack/neutron/neutron/plugins/ml2/drivers/ovn/mech_driver/ovsdb/ovsdb_monitor.py:942}}
May 18 12:07:44.046151 np0000000939 devstack@neutron-api.service[89669]: DEBUG neutron.api.rpc.callbacks.version_manager [None req-7632b524-9410-4929-94b4-ca917632a100 admin admin] Tracked resource versions report:
May 18 12:07:44.046151 np0000000939 devstack@neutron-api.service[89669]: pushed versions:
May 18 12:07:44.046151 np0000000939 devstack@neutron-api.service[89669]: { 'AddressGroup': {'1.2'},
May 18 12:07:44.046151 np0000000939 devstack@neutron-api.service[89669]: 'Agent': {'1.1'},
May 18 12:07:44.046151 np0000000939 devstack@neutron-api.service[89669]: 'ConntrackHelper': {'1.0'},
May 18 12:07:44.046151 np0000000939 devstack@neutron-api.service[89669]: 'LocalIPAssociation': {'1.0'},
May 18 12:07:44.046151 np0000000939 devstack@neutron-api.service[89669]: 'Log': {'1.0'},
May 18 12:07:44.046151 np0000000939 devstack@neutron-api.service[89669]: 'NDPProxy': {'1.0'},
May 18 12:07:44.046151 np0000000939 devstack@neutron-api.service[89669]: 'Network': {'1.2'},
May 18 12:07:44.046151 np0000000939 devstack@neutron-api.service[89669]: 'Port': {'1.10'},
May 18 12:07:44.046151 np0000000939 devstack@neutron-api.service[89669]: 'PortForwarding': {'1.3'},
May 18 12:07:44.046151 np0000000939 devstack@neutron-api.service[89669]: 'QosPolicy': {'1.10'},
May 18 12:07:44.046151 np0000000939 devstack@neutron-api.service[89669]: 'SecurityGroup': {'1.6'},
May 18 12:07:44.046151 np0000000939 devstack@neutron-api.service[89669]: 'SecurityGroupRule': {'1.3'},
May 18 12:07:44.046151 np0000000939 devstack@neutron-api.service[89669]: 'SubPort': {'1.0'},
May 18 12:07:44.046151 np0000000939 devstack@neutron-api.service[89669]: 'Subnet': {'1.2'},
May 18 12:07:44.046151 np0000000939 devstack@neutron-api.service[89669]: 'Trunk': {'1.1'}}
May 18 12:07:44.046151 np0000000939 devstack@neutron-api.service[89669]: consumer versions:
May 18 12:07:44.046151 np0000000939 devstack@neutron-api.service[89669]: { OVN Controller Gateway agent@np0000000939: {},
May 18 12:07:44.046151 np0000000939 devstack@neutron-api.service[89669]: OVN Neutron agent@np0000000939: {}}
May 18 12:07:44.046151 np0000000939 devstack@neutron-api.service[89669]: {{(pid=89669) report /opt/stack/neutron/neutron/api/rpc/callbacks/version_manager.py:183}}
May 18 12:07:44.047424 np0000000939 devstack@neutron-api.service[89669]: DEBUG neutron.common.ovn.hash_ring_manager [None req-b9c78ec5-31e7-43b3-aef6-804a35ea3740 None None] Hash Ring loaded. 3 active nodes. 0 offline nodes {{(pid=89669) _load_hash_ring /opt/stack/neutron/neutron/common/ovn/hash_ring_manager.py:102}}
May 18 12:07:44.052762 np0000000939 devstack@neutron-api.service[89669]: DEBUG ovsdbapp.backend.ovs_idl.transaction [-] Running txn n=1 command(idx=0): AddNetworkCommand(_result=None, network_uuid=50ae6e08-68dd-4bfc-b4f4-d6b1219b7e5e, may_exist=True, columns={'external_ids': {'neutron:network_name': 'shared', 'neutron:mtu': '1372', 'neutron:revision_number': '1', 'neutron:availability_zone_hints': '', 'neutron:provnet-network-type': 'geneve'}, 'other_config': {'mcast_snoop': 'false', 'mcast_flood_unregistered': 'false', 'vlan-passthru': 'false'}}) {{(pid=89669) do_commit /opt/stack/data/venv/lib/python3.12/site-packages/ovsdbapp/backend/ovs_idl/transaction.py:89}}
May 18 12:07:44.054439 np0000000939 devstack@neutron-api.service[89669]: DEBUG neutron.plugins.ml2.drivers.ovn.mech_driver.ovsdb.ovsdb_monitor [-] Hash Ring: Node 59942a579eb0598b99ef8344c4226f60 (host: np0000000939) handling event "create" for row 50ae6e08-68dd-4bfc-b4f4-d6b1219b7e5e (table: Logical_Switch) {{(pid=89669) notify /opt/stack/neutron/neutron/plugins/ml2/drivers/ovn/mech_driver/ovsdb/ovsdb_monitor.py:942}}
May 18 12:07:44.056798 np0000000939 devstack@neutron-api.service[89671]: DEBUG neutron.plugins.ml2.drivers.ovn.mech_driver.ovsdb.ovsdb_monitor [None req-4e1a7046-0c8b-496a-9a29-4908da2f48e8 None None] Hash Ring: Node 2f20db9d2fde59088f6591a19061f8cd (host: np0000000939) handling event "create" for row 2c846dc0-a386-4098-9aea-0b7ae4d67e64 (table: Datapath_Binding) {{(pid=89671) notify /opt/stack/neutron/neutron/plugins/ml2/drivers/ovn/mech_driver/ovsdb/ovsdb_monitor.py:942}}
May 18 12:07:44.073554 np0000000939 devstack@neutron-api.service[89669]: INFO neutron.db.ovn_revision_numbers_db [None req-7632b524-9410-4929-94b4-ca917632a100 admin admin] Successfully bumped revision number for resource 50ae6e08-68dd-4bfc-b4f4-d6b1219b7e5e (type: networks) to 1
May 18 12:07:44.083694 np0000000939 devstack@neutron-api.service[89669]: DEBUG neutron_lib.callbacks.manager [None req-7632b524-9410-4929-94b4-ca917632a100 admin admin] Publish callbacks ['neutron.plugins.ml2.plugin.SecurityGroupDbMixin._ensure_default_security_group_handler-220875'] for port (None), before_create {{(pid=89669) _notify_loop /opt/stack/data/venv/lib/python3.12/site-packages/neutron_lib/callbacks/manager.py:184}}
May 18 12:07:44.139323 np0000000939 devstack@neutron-api.service[89669]: DEBUG neutron_lib.callbacks.manager [None req-7632b524-9410-4929-94b4-ca917632a100 admin admin] Publish callbacks ['neutron.plugins.ml2.drivers.ovn.mech_driver.mech_driver.OVNMechanismDriver._validate_allowed_address_pairs-358467'] for allowed_address_pair (e299c012-cbd0-4f6b-8ff5-0b9b4f6e7c65), before_create {{(pid=89669) _notify_loop /opt/stack/data/venv/lib/python3.12/site-packages/neutron_lib/callbacks/manager.py:184}}
May 18 12:07:44.139813 np0000000939 devstack@neutron-api.service[89669]: DEBUG neutron_lib.callbacks.manager [None req-7632b524-9410-4929-94b4-ca917632a100 admin admin] Publish callbacks [] for port (e299c012-cbd0-4f6b-8ff5-0b9b4f6e7c65), precommit_create {{(pid=89669) _notify_loop /opt/stack/data/venv/lib/python3.12/site-packages/neutron_lib/callbacks/manager.py:184}}
May 18 12:07:44.139982 np0000000939 devstack@neutron-api.service[89669]: DEBUG neutron.plugins.ml2.drivers.ovn.mech_driver.mech_driver [None req-7632b524-9410-4929-94b4-ca917632a100 admin admin] No provisioning block for port e299c012-cbd0-4f6b-8ff5-0b9b4f6e7c65 since it does not have a host {{(pid=89669) _is_port_provisioning_required /opt/stack/neutron/neutron/plugins/ml2/drivers/ovn/mech_driver/mech_driver.py:894}}
May 18 12:07:44.140084 np0000000939 devstack@neutron-api.service[89669]: DEBUG neutron.db.ovn_revision_numbers_db [None req-7632b524-9410-4929-94b4-ca917632a100 admin admin] create_initial_revision uuid=e299c012-cbd0-4f6b-8ff5-0b9b4f6e7c65, type=ports, rev=-1 {{(pid=89669) create_initial_revision /opt/stack/neutron/neutron/db/ovn_revision_numbers_db.py:98}}
May 18 12:07:44.172114 np0000000939 devstack@neutron-api.service[89669]: DEBUG neutron_lib.callbacks.manager [None req-7632b524-9410-4929-94b4-ca917632a100 admin admin] Publish callbacks ['neutron.plugins.ml2.ovo_rpc._ObjectChangeHandler.handle_event-2474323'] for port (e299c012-cbd0-4f6b-8ff5-0b9b4f6e7c65), after_create {{(pid=89669) _notify_loop /opt/stack/data/venv/lib/python3.12/site-packages/neutron_lib/callbacks/manager.py:184}}
May 18 12:07:44.199932 np0000000939 devstack@neutron-api.service[89669]: DEBUG neutron.api.rpc.handlers.resources_rpc [None req-7632b524-9410-4929-94b4-ca917632a100 admin admin] Pushing event updated for resources: {'Port': ['ID=e299c012-cbd0-4f6b-8ff5-0b9b4f6e7c65,revision_number=1']} {{(pid=89669) push /opt/stack/neutron/neutron/api/rpc/handlers/resources_rpc.py:237}}
May 18 12:07:44.205399 np0000000939 devstack@neutron-api.service[89669]: DEBUG ovsdbapp.backend.ovs_idl.transaction [-] Running txn n=1 command(idx=0): AddLSwitchPortCommand(_result=None, lport=e299c012-cbd0-4f6b-8ff5-0b9b4f6e7c65, lswitch=neutron-50ae6e08-68dd-4bfc-b4f4-d6b1219b7e5e, may_exist=True, network_uuid=50ae6e08-68dd-4bfc-b4f4-d6b1219b7e5e, columns={'addresses': ['fa:16:3e:20:2d:05'], 'external_ids': {'neutron:port_name': '', 'neutron:device_id': 'ovnmeta-50ae6e08-68dd-4bfc-b4f4-d6b1219b7e5e', 'neutron:project_id': '02a340dd532f49859cd0b86bed984153', 'neutron:cidrs': '', 'neutron:device_owner': 'network:distributed', 'neutron:subnet_pool_addr_scope4': '', 'neutron:subnet_pool_addr_scope6': '', 'neutron:network_name': 'neutron-50ae6e08-68dd-4bfc-b4f4-d6b1219b7e5e', 'neutron:security_group_ids': '', 'neutron:revision_number': '1', 'neutron:vnic_type': 'normal', 'neutron:port_capabilities': '', 'neutron:mtu': ''}, 'parent_name': [], 'tag': [], 'enabled': True, 'options': {}, 'type': 'localport', 'port_security': [], 'dhcpv4_options': [], 'dhcpv6_options': []}) {{(pid=89669) do_commit /opt/stack/data/venv/lib/python3.12/site-packages/ovsdbapp/backend/ovs_idl/transaction.py:89}}
May 18 12:07:44.206051 np0000000939 devstack@neutron-api.service[89669]: DEBUG ovsdbapp.backend.ovs_idl.transaction [-] Running txn n=1 command(idx=1): QoSDelCommand(_result=None, switch=neutron-50ae6e08-68dd-4bfc-b4f4-d6b1219b7e5e, conditions=[('direction', '=', 'to-lport'), ('priority', '=', 2002), ('match', '=', 'outport == "e299c012-cbd0-4f6b-8ff5-0b9b4f6e7c65"')], if_exists=True) {{(pid=89669) do_commit /opt/stack/data/venv/lib/python3.12/site-packages/ovsdbapp/backend/ovs_idl/transaction.py:89}}
May 18 12:07:44.206255 np0000000939 devstack@neutron-api.service[89669]: DEBUG ovsdbapp.backend.ovs_idl.transaction [-] Running txn n=1 command(idx=2): QoSDelCommand(_result=None, switch=neutron-50ae6e08-68dd-4bfc-b4f4-d6b1219b7e5e, conditions=[('direction', '=', 'from-lport'), ('priority', '=', 2002), ('match', '=', 'inport == "e299c012-cbd0-4f6b-8ff5-0b9b4f6e7c65"')], if_exists=True) {{(pid=89669) do_commit /opt/stack/data/venv/lib/python3.12/site-packages/ovsdbapp/backend/ovs_idl/transaction.py:89}}
May 18 12:07:44.209324 np0000000939 devstack@neutron-api.service[89669]: DEBUG neutron.plugins.ml2.drivers.ovn.mech_driver.ovsdb.ovsdb_monitor [-] Hash Ring: Node 59942a579eb0598b99ef8344c4226f60 (host: np0000000939) handling event "update" for row 50ae6e08-68dd-4bfc-b4f4-d6b1219b7e5e (table: Logical_Switch) {{(pid=89669) notify /opt/stack/neutron/neutron/plugins/ml2/drivers/ovn/mech_driver/ovsdb/ovsdb_monitor.py:942}}
May 18 12:07:44.209324 np0000000939 devstack@neutron-api.service[89669]: DEBUG neutron.plugins.ml2.drivers.ovn.mech_driver.ovsdb.ovsdb_monitor [-] Hash Ring: Node 59942a579eb0598b99ef8344c4226f60 (host: np0000000939) handling event "create" for row 9cdee38d-2d61-4763-9e0b-7c83f9032451 (table: Logical_Switch_Port) {{(pid=89669) notify /opt/stack/neutron/neutron/plugins/ml2/drivers/ovn/mech_driver/ovsdb/ovsdb_monitor.py:942}}
May 18 12:07:44.210916 np0000000939 devstack@neutron-api.service[89669]: DEBUG ovsdbapp.backend.ovs_idl.event [-] Matched CREATE: LogicalSwitchPortCreateEvent(events=('create',), table='Logical_Switch_Port', conditions=[], old_conditions=None), priority=20 to row=Logical_Switch_Port(uuid=9cdee38d-2d61-4763-9e0b-7c83f9032451, addresses=['fa:16:3e:20:2d:05'], dhcpv4_options=[], dhcpv6_options=[], dynamic_addresses=[], enabled=True, external_ids={'neutron:cidrs': '', 'neutron:device_id': 'ovnmeta-50ae6e08-68dd-4bfc-b4f4-d6b1219b7e5e', 'neutron:device_owner': 'network:distributed', 'neutron:mtu': '', 'neutron:network_name': 'neutron-50ae6e08-68dd-4bfc-b4f4-d6b1219b7e5e', 'neutron:port_capabilities': '', 'neutron:port_name': '', 'neutron:project_id': '02a340dd532f49859cd0b86bed984153', 'neutron:revision_number': '1', 'neutron:security_group_ids': '', 'neutron:subnet_pool_addr_scope4': '', 'neutron:subnet_pool_addr_scope6': '', 'neutron:vnic_type': 'normal'}, ha_chassis_group=[], mirror_rules=[], name='e299c012-cbd0-4f6b-8ff5-0b9b4f6e7c65', options={}, parent_name=[], port_security=[], tag=[], tag_request=[], type='localport', up=[]) old= {{(pid=89669) matches /opt/stack/data/venv/lib/python3.12/site-packages/ovsdbapp/backend/ovs_idl/event.py:55}}
May 18 12:07:44.211661 np0000000939 devstack@neutron-api.service[89670]: DEBUG neutron.plugins.ml2.drivers.ovn.mech_driver.ovsdb.ovsdb_monitor [None req-08fafdb6-3043-445e-827d-48f65bd66d93 None None] Hash Ring: Node 15f50cb7313656e89b6445ded5f29f02 (host: np0000000939) handling event "create" for row 34b7d954-e093-4553-9498-5904d8dceaf1 (table: Port_Binding) {{(pid=89670) notify /opt/stack/neutron/neutron/plugins/ml2/drivers/ovn/mech_driver/ovsdb/ovsdb_monitor.py:942}}
May 18 12:07:44.211792 np0000000939 devstack@neutron-api.service[89669]: INFO neutron.plugins.ml2.drivers.ovn.mech_driver.mech_driver [None req-5286e5b6-8b5d-4df2-9ca5-61f7ccc6f6ce None None] OVN reports status down for port: e299c012-cbd0-4f6b-8ff5-0b9b4f6e7c65
May 18 12:07:44.213854 np0000000939 devstack@neutron-api.service[89669]: DEBUG neutron.plugins.ml2.drivers.ovn.mech_driver.ovsdb.ovsdb_monitor [-] Hash Ring: Node 59942a579eb0598b99ef8344c4226f60 (host: np0000000939) handling event "update" for row 9cdee38d-2d61-4763-9e0b-7c83f9032451 (table: Logical_Switch_Port) {{(pid=89669) notify /opt/stack/neutron/neutron/plugins/ml2/drivers/ovn/mech_driver/ovsdb/ovsdb_monitor.py:942}}
May 18 12:07:44.252662 np0000000939 devstack@neutron-api.service[89669]: DEBUG neutron.db.provisioning_blocks [None req-5286e5b6-8b5d-4df2-9ca5-61f7ccc6f6ce None None] Transition to ACTIVE for port object e299c012-cbd0-4f6b-8ff5-0b9b4f6e7c65 will not be triggered until provisioned by entity L2. {{(pid=89669) add_provisioning_component /opt/stack/neutron/neutron/db/provisioning_blocks.py:74}}
May 18 12:07:44.255359 np0000000939 devstack@neutron-api.service[89669]: INFO neutron.db.ovn_revision_numbers_db [None req-7632b524-9410-4929-94b4-ca917632a100 admin admin] Successfully bumped revision number for resource e299c012-cbd0-4f6b-8ff5-0b9b4f6e7c65 (type: ports) to 1
May 18 12:07:44.263455 np0000000939 devstack@neutron-api.service[89669]: DEBUG neutron.pecan_wsgi.hooks.policy_enforcement [None req-7632b524-9410-4929-94b4-ca917632a100 admin admin] Attributes excluded by policy engine: ['standard_attr_id'] {{(pid=89669) _exclude_attributes_by_policy /opt/stack/neutron/neutron/pecan_wsgi/hooks/policy_enforcement.py:256}}
May 18 12:07:44.263828 np0000000939 devstack@neutron-api.service[89669]: DEBUG neutron_lib.callbacks.manager [None req-7632b524-9410-4929-94b4-ca917632a100 admin admin] Publish callbacks [] for network (None), before_response {{(pid=89669) _notify_loop /opt/stack/data/venv/lib/python3.12/site-packages/neutron_lib/callbacks/manager.py:184}}
May 18 12:07:44.281916 np0000000939 devstack@neutron-api.service[89669]: DEBUG neutron.plugins.ml2.plugin [None req-5286e5b6-8b5d-4df2-9ca5-61f7ccc6f6ce None None] Current status of the port e299c012-cbd0-4f6b-8ff5-0b9b4f6e7c65 is: DOWN; New status is: DOWN {{(pid=89669) _update_individual_port_db_status /opt/stack/neutron/neutron/plugins/ml2/plugin.py:2466}}
May 18 12:07:44.283074 np0000000939 devstack@neutron-api.service[89669]: DEBUG ovsdbapp.backend.ovs_idl.transaction [-] Running txn n=1 command(idx=0): DbRemoveCommand(_result=None, table=Logical_Switch_Port, record=e299c012-cbd0-4f6b-8ff5-0b9b4f6e7c65, column=external_ids, values=('neutron:host_id',), keyvalues={}, if_exists=True) {{(pid=89669) do_commit /opt/stack/data/venv/lib/python3.12/site-packages/ovsdbapp/backend/ovs_idl/transaction.py:89}}
May 18 12:07:44.286410 np0000000939 devstack@neutron-api.service[89669]: [pid: 89669|app: 0|req: 12/37] 10.4.3.223 () {68 vars in 1326 bytes} [Mon May 18 12:07:43 2026] POST /networking/v2.0/networks => generated 679 bytes in 369 msecs (HTTP/1.1 201) 4 headers in 162 bytes (1 switches on core 0)
May 18 12:07:44.470570 np0000000939 devstack@neutron-api.service[89670]: INFO neutron.pecan_wsgi.hooks.translation [None req-2c233bfa-7137-4187-975e-448b2f94eb91 admin admin] GET failed (client error): The resource could not be found.
May 18 12:07:44.471235 np0000000939 devstack@neutron-api.service[89670]: [pid: 89670|app: 0|req: 14/38] 10.4.3.223 () {64 vars in 1294 bytes} [Mon May 18 12:07:44 2026] GET /networking/v2.0/networks/shared => generated 108 bytes in 8 msecs (HTTP/1.1 404) 4 headers in 164 bytes (1 switches on core 0)
May 18 12:07:44.496024 np0000000939 devstack@neutron-api.service[89671]: DEBUG neutron.pecan_wsgi.hooks.policy_enforcement [None req-2d1a3e3f-c657-463f-bf4e-7cbdc52b8508 admin admin] Attributes excluded by policy engine: ['standard_attr_id'] {{(pid=89671) _exclude_attributes_by_policy /opt/stack/neutron/neutron/pecan_wsgi/hooks/policy_enforcement.py:256}}
May 18 12:07:44.496893 np0000000939 devstack@neutron-api.service[89671]: [pid: 89671|app: 0|req: 13/39] 10.4.3.223 () {64 vars in 1309 bytes} [Mon May 18 12:07:44 2026] GET /networking/v2.0/networks?name=shared => generated 663 bytes in 20 msecs (HTTP/1.1 200) 4 headers in 157 bytes (1 switches on core 0)
May 18 12:07:44.507031 np0000000939 devstack@neutron-api.service[89669]: DEBUG neutron.api.v2.base [None req-67aa98ff-c880-4407-ba0b-29d0218b60ab admin admin] Request body: {'subnet': {'description': 'shared-subnet', 'network_id': '50ae6e08-68dd-4bfc-b4f4-d6b1219b7e5e', 'ip_version': 4, 'cidr': '192.168.233.0/24', 'name': 'shared-subnet'}} {{(pid=89669) prepare_request_body /opt/stack/neutron/neutron/api/v2/base.py:727}}
May 18 12:07:44.520503 np0000000939 devstack@neutron-api.service[89669]: DEBUG neutron.pecan_wsgi.hooks.quota_enforcement [None req-67aa98ff-c880-4407-ba0b-29d0218b60ab admin admin] Made reservation on behalf of 02a340dd532f49859cd0b86bed984153 for: {'subnet': 1} {{(pid=89669) before /opt/stack/neutron/neutron/pecan_wsgi/hooks/quota_enforcement.py:66}}
May 18 12:07:44.522671 np0000000939 devstack@neutron-api.service[89669]: DEBUG neutron_lib.callbacks.manager [None req-67aa98ff-c880-4407-ba0b-29d0218b60ab admin admin] Publish callbacks [] for subnet (None), before_create {{(pid=89669) _notify_loop /opt/stack/data/venv/lib/python3.12/site-packages/neutron_lib/callbacks/manager.py:184}}
May 18 12:07:44.567918 np0000000939 devstack@neutron-api.service[89669]: DEBUG neutron.db.ovn_revision_numbers_db [None req-67aa98ff-c880-4407-ba0b-29d0218b60ab admin admin] create_initial_revision uuid=c2504e8b-2500-47fd-9daf-c015bfe281ee, type=subnets, rev=-1 {{(pid=89669) create_initial_revision /opt/stack/neutron/neutron/db/ovn_revision_numbers_db.py:98}}
May 18 12:07:44.583761 np0000000939 devstack@neutron-api.service[89669]: DEBUG neutron_lib.callbacks.manager [None req-67aa98ff-c880-4407-ba0b-29d0218b60ab admin admin] Publish callbacks ['neutron.plugins.ml2.ovo_rpc._ObjectChangeHandler.handle_event-2474320'] for subnet (c2504e8b-2500-47fd-9daf-c015bfe281ee), after_create {{(pid=89669) _notify_loop /opt/stack/data/venv/lib/python3.12/site-packages/neutron_lib/callbacks/manager.py:184}}
May 18 12:07:44.595154 np0000000939 devstack@neutron-api.service[89669]: DEBUG neutron.api.rpc.handlers.resources_rpc [None req-67aa98ff-c880-4407-ba0b-29d0218b60ab admin admin] Pushing event updated for resources: {'Subnet': ['ID=c2504e8b-2500-47fd-9daf-c015bfe281ee,revision_number=0']} {{(pid=89669) push /opt/stack/neutron/neutron/api/rpc/handlers/resources_rpc.py:237}}
May 18 12:07:44.637185 np0000000939 devstack@neutron-api.service[89669]: DEBUG neutron_lib.callbacks.manager [None req-67aa98ff-c880-4407-ba0b-29d0218b60ab admin admin] Publish callbacks ['neutron.plugins.ml2.plugin.SecurityGroupDbMixin._ensure_default_security_group_handler-220875', 'neutron.services.ovn_l3.plugin.OVNL3RouterPlugin._port_update-8307440900940', 'neutron.db.l3_db.L3_NAT_dbonly_mixin._prevent_internal_ip_change_for_fip-8307442439282'] for port (e299c012-cbd0-4f6b-8ff5-0b9b4f6e7c65), before_update {{(pid=89669) _notify_loop /opt/stack/data/venv/lib/python3.12/site-packages/neutron_lib/callbacks/manager.py:184}}
May 18 12:07:44.709921 np0000000939 devstack@neutron-api.service[89669]: DEBUG neutron.db.db_base_plugin_common [None req-67aa98ff-c880-4407-ba0b-29d0218b60ab admin admin] Allocated IP 192.168.233.2 (50ae6e08-68dd-4bfc-b4f4-d6b1219b7e5e/c2504e8b-2500-47fd-9daf-c015bfe281ee/e299c012-cbd0-4f6b-8ff5-0b9b4f6e7c65) {{(pid=89669) _store_ip_allocation /opt/stack/neutron/neutron/db/db_base_plugin_common.py:131}}
May 18 12:07:44.766447 np0000000939 devstack@neutron-api.service[89669]: DEBUG neutron_lib.callbacks.manager [None req-67aa98ff-c880-4407-ba0b-29d0218b60ab admin admin] Publish callbacks [] for port (e299c012-cbd0-4f6b-8ff5-0b9b4f6e7c65), precommit_update {{(pid=89669) _notify_loop /opt/stack/data/venv/lib/python3.12/site-packages/neutron_lib/callbacks/manager.py:184}}
May 18 12:07:44.766613 np0000000939 devstack@neutron-api.service[89669]: DEBUG neutron.plugins.ml2.drivers.ovn.mech_driver.mech_driver [None req-67aa98ff-c880-4407-ba0b-29d0218b60ab admin admin] No provisioning block for port e299c012-cbd0-4f6b-8ff5-0b9b4f6e7c65 since it does not have a host {{(pid=89669) _is_port_provisioning_required /opt/stack/neutron/neutron/plugins/ml2/drivers/ovn/mech_driver/mech_driver.py:894}}
May 18 12:07:44.776960 np0000000939 devstack@neutron-api.service[89669]: DEBUG neutron_lib.callbacks.manager [None req-67aa98ff-c880-4407-ba0b-29d0218b60ab admin admin] Publish callbacks ['neutron.plugins.ml2.ovo_rpc._ObjectChangeHandler.handle_event-2474323', 'neutron.services.ovn_l3.plugin.OVNL3RouterPlugin._port_update-8307440900940'] for port (e299c012-cbd0-4f6b-8ff5-0b9b4f6e7c65), after_update {{(pid=89669) _notify_loop /opt/stack/data/venv/lib/python3.12/site-packages/neutron_lib/callbacks/manager.py:184}}
May 18 12:07:44.806771 np0000000939 devstack@neutron-api.service[89669]: DEBUG neutron.api.rpc.handlers.resources_rpc [None req-67aa98ff-c880-4407-ba0b-29d0218b60ab admin admin] Pushing event updated for resources: {'Port': ['ID=e299c012-cbd0-4f6b-8ff5-0b9b4f6e7c65,revision_number=2']} {{(pid=89669) push /opt/stack/neutron/neutron/api/rpc/handlers/resources_rpc.py:237}}
May 18 12:07:44.889740 np0000000939 devstack@neutron-api.service[89669]: DEBUG ovsdbapp.backend.ovs_idl.transaction [-] Running txn n=1 command(idx=0): CheckRevisionNumberCommand(_result=None, name=e299c012-cbd0-4f6b-8ff5-0b9b4f6e7c65, resource={'id': 'e299c012-cbd0-4f6b-8ff5-0b9b4f6e7c65', 'name': '', 'network_id': '50ae6e08-68dd-4bfc-b4f4-d6b1219b7e5e', 'project_id': '02a340dd532f49859cd0b86bed984153', 'mac_address': 'fa:16:3e:20:2d:05', 'admin_state_up': True, 'status': 'DOWN', 'device_id': 'ovnmeta-50ae6e08-68dd-4bfc-b4f4-d6b1219b7e5e', 'device_owner': 'network:distributed', 'standard_attr_id': 28, 'fixed_ips': [{'subnet_id': 'c2504e8b-2500-47fd-9daf-c015bfe281ee', 'ip_address': '192.168.233.2'}], 'allowed_address_pairs': [], 'extra_dhcp_opts': [], 'security_groups': [], 'description': '', 'binding:vnic_type': 'normal', 'binding:profile': {}, 'binding:host_id': '', 'binding:vif_type': 'unbound', 'binding:vif_details': {}, 'port_security_enabled': False, 'tags': [], 'created_at': '2026-05-18T12:07:44Z', 'updated_at': '2026-05-18T12:07:44Z', 'revision_number': 2, 'tenant_id': '02a340dd532f49859cd0b86bed984153', 'network': {'id': '50ae6e08-68dd-4bfc-b4f4-d6b1219b7e5e', 'name': 'shared', 'tenant_id': '02a340dd532f49859cd0b86bed984153', 'project_id': '02a340dd532f49859cd0b86bed984153', 'admin_state_up': True, 'mtu': 1372, 'status': 'ACTIVE', 'subnets': ['c2504e8b-2500-47fd-9daf-c015bfe281ee'], 'standard_attr_id': 26, 'shared': True, 'availability_zone_hints': [], 'availability_zones': [], 'ipv4_address_scope': None, 'ipv6_address_scope': None, 'router:external': False, 'qinq': False, 'vlan_transparent': False, 'description': '', 'port_security_enabled': True, 'tags': [], 'created_at': '2026-05-18T12:07:43Z', 'updated_at': '2026-05-18T12:07:44Z', 'revision_number': 2, 'provider:network_type': 'geneve', 'provider:physical_network': None, 'provider:segmentation_id': 11712}}, resource_type=ports, if_exists=True) {{(pid=89669) do_commit /opt/stack/data/venv/lib/python3.12/site-packages/ovsdbapp/backend/ovs_idl/transaction.py:89}}
