May 18 12:06:26.673724 np0000000939 devstack@neutron-api.service[89671]: DEBUG neutron_lib.callbacks.manager [None req-1694f2c5-f13d-4c66-a092-7796fbd0d9c6 None None] Subscribe: > address_group after_delete 55550000, False {{(pid=89671) subscribe /opt/stack/data/venv/lib/python3.12/site-packages/neutron_lib/callbacks/manager.py:52}}
May 18 12:06:26.673816 np0000000939 devstack@neutron-api.service[89671]: DEBUG neutron.plugins.ml2.ovo_rpc [None req-1694f2c5-f13d-4c66-a092-7796fbd0d9c6 None None] ML2 OVO RPC backend initialized. {{(pid=89671) __init__ /opt/stack/neutron/neutron/plugins/ml2/ovo_rpc.py:117}}
May 18 12:06:26.674997 np0000000939 devstack@neutron-api.service[89671]: INFO neutron.quota [None req-1694f2c5-f13d-4c66-a092-7796fbd0d9c6 None None] Loaded quota_driver: .
May 18 12:06:26.674997 np0000000939 devstack@neutron-api.service[89671]: INFO neutron.plugins.ml2.plugin [None req-1694f2c5-f13d-4c66-a092-7796fbd0d9c6 None None] Modular L2 Plugin initialization complete
May 18 12:06:26.674997 np0000000939 devstack@neutron-api.service[89671]: DEBUG neutron.manager [None req-1694f2c5-f13d-4c66-a092-7796fbd0d9c6 None None] Loading services supported by the core plugin {{(pid=89671) _load_services_from_core_plugin /opt/stack/neutron/neutron/manager.py:170}}
May 18 12:06:26.674997 np0000000939 devstack@neutron-api.service[89671]: INFO neutron.plugins.ml2.managers [None req-1694f2c5-f13d-4c66-a092-7796fbd0d9c6 None None] Got port-security extension from driver 'port_security'
May 18 12:06:26.675281 np0000000939 devstack@neutron-api.service[89671]: DEBUG neutron.manager [None req-1694f2c5-f13d-4c66-a092-7796fbd0d9c6 None None] Loading service plugins: ['ovn-router', 'auto_allocate', 'tag', 'timestamp', 'network_ip_availability', 'flavors', 'revisions'] {{(pid=89671) _load_service_plugins /opt/stack/neutron/neutron/manager.py:195}}
May 18 12:06:26.675433 np0000000939 devstack@neutron-api.service[89671]: INFO neutron.manager [None req-1694f2c5-f13d-4c66-a092-7796fbd0d9c6 None None] Loading Plugin: ovn-router
May 18 12:06:26.685090 np0000000939 devstack@neutron-api.service[89671]: DEBUG neutron_lib.callbacks.manager [None req-1694f2c5-f13d-4c66-a092-7796fbd0d9c6 None None] Subscribe: > router before_delete 55550000, False {{(pid=89671) subscribe /opt/stack/data/venv/lib/python3.12/site-packages/neutron_lib/callbacks/manager.py:52}}
May 18 12:06:26.685090 np0000000939 devstack@neutron-api.service[89671]: DEBUG neutron_lib.callbacks.manager [None req-1694f2c5-f13d-4c66-a092-7796fbd0d9c6 None None] Subscribe: port before_update 55550000, False {{(pid=89671) subscribe /opt/stack/data/venv/lib/python3.12/site-packages/neutron_lib/callbacks/manager.py:52}}
May 18 12:06:26.685392 np0000000939 devstack@neutron-api.service[89671]: DEBUG neutron_lib.callbacks.manager [None req-1694f2c5-f13d-4c66-a092-7796fbd0d9c6 None None] Subscribe: port after_update 55550000, False {{(pid=89671) subscribe /opt/stack/data/venv/lib/python3.12/site-packages/neutron_lib/callbacks/manager.py:52}}
May 18 12:06:26.685392 np0000000939 devstack@neutron-api.service[89671]: DEBUG neutron_lib.callbacks.manager [None req-1694f2c5-f13d-4c66-a092-7796fbd0d9c6 None None] Subscribe: > port precommit_delete 55550000, False {{(pid=89671) subscribe /opt/stack/data/venv/lib/python3.12/site-packages/neutron_lib/callbacks/manager.py:52}}
May 18 12:06:26.685392 np0000000939 devstack@neutron-api.service[89671]: DEBUG neutron_lib.callbacks.manager [None req-1694f2c5-f13d-4c66-a092-7796fbd0d9c6 None None] Subscribe: port before_update 55550000, False {{(pid=89671) subscribe /opt/stack/data/venv/lib/python3.12/site-packages/neutron_lib/callbacks/manager.py:52}}
May 18 12:06:26.685694 np0000000939 devstack@neutron-api.service[89671]: DEBUG neutron_lib.callbacks.manager [None req-1694f2c5-f13d-4c66-a092-7796fbd0d9c6 None None] Subscribe: port before_delete 55550000, False {{(pid=89671) subscribe /opt/stack/data/venv/lib/python3.12/site-packages/neutron_lib/callbacks/manager.py:52}}
May 18 12:06:26.685694 np0000000939 devstack@neutron-api.service[89671]: DEBUG neutron_lib.callbacks.manager [None req-1694f2c5-f13d-4c66-a092-7796fbd0d9c6 None None] Subscribe: > router precommit_create 55550000, False {{(pid=89671) subscribe /opt/stack/data/venv/lib/python3.12/site-packages/neutron_lib/callbacks/manager.py:52}}
May 18 12:06:26.685694 np0000000939 devstack@neutron-api.service[89671]: DEBUG neutron_lib.callbacks.manager [None req-1694f2c5-f13d-4c66-a092-7796fbd0d9c6 None None] Subscribe: > router precommit_create 55550000, False {{(pid=89671) subscribe /opt/stack/data/venv/lib/python3.12/site-packages/neutron_lib/callbacks/manager.py:52}}
May 18 12:06:26.685835 np0000000939 devstack@neutron-api.service[89671]: DEBUG neutron_lib.callbacks.manager [None req-1694f2c5-f13d-4c66-a092-7796fbd0d9c6 None None] Subscribe: > router precommit_update 55550000, False {{(pid=89671) subscribe /opt/stack/data/venv/lib/python3.12/site-packages/neutron_lib/callbacks/manager.py:52}}
May 18 12:06:26.685902 np0000000939 devstack@neutron-api.service[89671]: DEBUG neutron_lib.callbacks.manager [None req-1694f2c5-f13d-4c66-a092-7796fbd0d9c6 None None] Subscribe: subnet after_update 55550000, False {{(pid=89671) subscribe /opt/stack/data/venv/lib/python3.12/site-packages/neutron_lib/callbacks/manager.py:52}}
May 18 12:06:26.686118 np0000000939 devstack@neutron-api.service[89671]: DEBUG neutron.quota.resource_registry [None req-1694f2c5-f13d-4c66-a092-7796fbd0d9c6 None None] Tracking information for resource: router configured {{(pid=89671) set_tracked_resource /opt/stack/neutron/neutron/quota/resource_registry.py:203}}
May 18 12:06:26.686206 np0000000939 devstack@neutron-api.service[89671]: DEBUG neutron.quota.resource_registry [None req-1694f2c5-f13d-4c66-a092-7796fbd0d9c6 None None] Tracking information for resource: floatingip configured {{(pid=89671) set_tracked_resource /opt/stack/neutron/neutron/quota/resource_registry.py:203}}
May 18 12:06:26.686300 np0000000939 devstack@neutron-api.service[89671]: INFO neutron.services.ovn_l3.plugin [None req-1694f2c5-f13d-4c66-a092-7796fbd0d9c6 None None] Starting OVNL3RouterPlugin
May 18 12:06:26.686567 np0000000939 devstack@neutron-api.service[89671]: DEBUG neutron_lib.callbacks.manager [None req-1694f2c5-f13d-4c66-a092-7796fbd0d9c6 None None] Subscribe: > port_forwarding_plugin after_init 55550000, False {{(pid=89671) subscribe /opt/stack/data/venv/lib/python3.12/site-packages/neutron_lib/callbacks/manager.py:52}}
May 18 12:06:26.686743 np0000000939 devstack@neutron-api.service[89671]: DEBUG neutron_lib.callbacks.manager [None req-1694f2c5-f13d-4c66-a092-7796fbd0d9c6 None None] Subscribe: > router before_create 55550100, False {{(pid=89671) subscribe /opt/stack/data/venv/lib/python3.12/site-packages/neutron_lib/callbacks/manager.py:52}}
May 18 12:06:26.686845 np0000000939 devstack@neutron-api.service[89671]: DEBUG neutron_lib.callbacks.manager [None req-1694f2c5-f13d-4c66-a092-7796fbd0d9c6 None None] Subscribe: > router precommit_delete 55550100, False {{(pid=89671) subscribe /opt/stack/data/venv/lib/python3.12/site-packages/neutron_lib/callbacks/manager.py:52}}
May 18 12:06:26.686937 np0000000939 devstack@neutron-api.service[89671]: DEBUG neutron_lib.callbacks.manager [None req-1694f2c5-f13d-4c66-a092-7796fbd0d9c6 None None] Subscribe: > router precommit_create 55550100, False {{(pid=89671) subscribe /opt/stack/data/venv/lib/python3.12/site-packages/neutron_lib/callbacks/manager.py:52}}
May 18 12:06:26.687049 np0000000939 devstack@neutron-api.service[89671]: DEBUG neutron_lib.callbacks.manager [None req-1694f2c5-f13d-4c66-a092-7796fbd0d9c6 None None] Subscribe: > router precommit_update 55550100, False {{(pid=89671) subscribe /opt/stack/data/venv/lib/python3.12/site-packages/neutron_lib/callbacks/manager.py:52}}
May 18 12:06:26.691070 np0000000939 devstack@neutron-api.service[89671]: DEBUG neutron.services.provider_configuration [None req-1694f2c5-f13d-4c66-a092-7796fbd0d9c6 None None] Service providers = [] {{(pid=89671) parse_service_provider_opt /opt/stack/neutron/neutron/services/provider_configuration.py:170}}
May 18 12:06:26.691262 np0000000939 devstack@neutron-api.service[89671]: DEBUG neutron.db.servicetype_db [None req-1694f2c5-f13d-4c66-a092-7796fbd0d9c6 None None] Adding provider configuration for service L3_ROUTER_NAT {{(pid=89671) add_provider_configuration /opt/stack/neutron/neutron/db/servicetype_db.py:45}}
May 18 12:06:26.693150 np0000000939 devstack@neutron-api.service[89671]: DEBUG neutron_lib.callbacks.manager [None req-1694f2c5-f13d-4c66-a092-7796fbd0d9c6 None None] Subscribe: > router precommit_create 55549900, False {{(pid=89671) subscribe /opt/stack/data/venv/lib/python3.12/site-packages/neutron_lib/callbacks/manager.py:52}}
May 18 12:06:26.693370 np0000000939 devstack@neutron-api.service[89671]: DEBUG neutron_lib.callbacks.manager [None req-1694f2c5-f13d-4c66-a092-7796fbd0d9c6 None None] Subscribe: > router_interface after_create 55550000, False {{(pid=89671) subscribe /opt/stack/data/venv/lib/python3.12/site-packages/neutron_lib/callbacks/manager.py:52}}
May 18 12:06:26.693524 np0000000939 devstack@neutron-api.service[89671]: DEBUG neutron_lib.callbacks.manager [None req-1694f2c5-f13d-4c66-a092-7796fbd0d9c6 None None] Subscribe: > floatingip after_create 55550000, False {{(pid=89671) subscribe /opt/stack/data/venv/lib/python3.12/site-packages/neutron_lib/callbacks/manager.py:52}}
May 18 12:06:26.693696 np0000000939 devstack@neutron-api.service[89671]: DEBUG neutron_lib.callbacks.manager [None req-1694f2c5-f13d-4c66-a092-7796fbd0d9c6 None None] Subscribe: > floatingip precommit_create 55550000, False {{(pid=89671) subscribe /opt/stack/data/venv/lib/python3.12/site-packages/neutron_lib/callbacks/manager.py:52}}
May 18 12:06:26.693905 np0000000939 devstack@neutron-api.service[89671]: DEBUG neutron_lib.callbacks.manager [None req-1694f2c5-f13d-4c66-a092-7796fbd0d9c6 None None] Subscribe: > floatingip precommit_update 55550000, False {{(pid=89671) subscribe /opt/stack/data/venv/lib/python3.12/site-packages/neutron_lib/callbacks/manager.py:52}}
May 18 12:06:26.694037 np0000000939 devstack@neutron-api.service[89671]: DEBUG neutron_lib.callbacks.manager [None req-1694f2c5-f13d-4c66-a092-7796fbd0d9c6 None None] Subscribe: > floatingip after_delete 55550000, False {{(pid=89671) subscribe /opt/stack/data/venv/lib/python3.12/site-packages/neutron_lib/callbacks/manager.py:52}}
May 18 12:06:26.694088 np0000000939 devstack@neutron-api.service[89669]: INFO neutron.plugins.ml2.drivers.type_vlan [None req-9cc25836-a67c-4bda-a3a7-7065d39c2ffd None None] VlanTypeDriver initialization complete
May 18 12:06:26.694405 np0000000939 devstack@neutron-api.service[89669]: INFO neutron.plugins.ml2.managers [None req-9cc25836-a67c-4bda-a3a7-7065d39c2ffd None None] Initializing extension driver 'port_security'
May 18 12:06:26.694494 np0000000939 devstack@neutron-api.service[89671]: DEBUG neutron_lib.callbacks.manager [None req-1694f2c5-f13d-4c66-a092-7796fbd0d9c6 None None] Subscribe: > floatingip after_status_update 55550000, False {{(pid=89671) subscribe /opt/stack/data/venv/lib/python3.12/site-packages/neutron_lib/callbacks/manager.py:52}}
May 18 12:06:26.694577 np0000000939 devstack@neutron-api.service[89669]: INFO neutron.plugins.ml2.extensions.port_security [None req-9cc25836-a67c-4bda-a3a7-7065d39c2ffd None None] PortSecurityExtensionDriver initialization complete
May 18 12:06:26.694643 np0000000939 devstack@neutron-api.service[89671]: DEBUG neutron_lib.callbacks.manager [None req-1694f2c5-f13d-4c66-a092-7796fbd0d9c6 None None] Subscribe: > floatingip after_update 55550000, False {{(pid=89671) subscribe /opt/stack/data/venv/lib/python3.12/site-packages/neutron_lib/callbacks/manager.py:52}}
May 18 12:06:26.694714 np0000000939 devstack@neutron-api.service[89669]: INFO neutron.plugins.ml2.managers [None req-9cc25836-a67c-4bda-a3a7-7065d39c2ffd None None] Initializing extension driver 'qos'
May 18 12:06:26.694714 np0000000939 devstack@neutron-api.service[89669]: DEBUG neutron.plugins.ml2.extensions.qos [None req-9cc25836-a67c-4bda-a3a7-7065d39c2ffd None None] QosExtensionDriver initialization complete {{(pid=89669) initialize /opt/stack/neutron/neutron/plugins/ml2/extensions/qos.py:31}}
May 18 12:06:26.694794 np0000000939 devstack@neutron-api.service[89671]: DEBUG neutron_lib.callbacks.manager [None req-1694f2c5-f13d-4c66-a092-7796fbd0d9c6 None None] Subscribe: > port_forwarding after_create 55550000, False {{(pid=89671) subscribe /opt/stack/data/venv/lib/python3.12/site-packages/neutron_lib/callbacks/manager.py:52}}
May 18 12:06:26.694864 np0000000939 devstack@neutron-api.service[89669]: INFO neutron.plugins.ml2.managers [None req-9cc25836-a67c-4bda-a3a7-7065d39c2ffd None None] Initializing mechanism driver 'ovn'
May 18 12:06:26.694924 np0000000939 devstack@neutron-api.service[89671]: DEBUG neutron_lib.callbacks.manager [None req-1694f2c5-f13d-4c66-a092-7796fbd0d9c6 None None] Subscribe: > router_interface after_delete 55550000, False {{(pid=89671) subscribe /opt/stack/data/venv/lib/python3.12/site-packages/neutron_lib/callbacks/manager.py:52}}
May 18 12:06:26.694972 np0000000939 devstack@neutron-api.service[89669]: INFO neutron.plugins.ml2.drivers.ovn.mech_driver.mech_driver [None req-9cc25836-a67c-4bda-a3a7-7065d39c2ffd None None] Starting OVNMechanismDriver
May 18 12:06:26.695041 np0000000939 devstack@neutron-api.service[89671]: DEBUG neutron_lib.callbacks.manager [None req-1694f2c5-f13d-4c66-a092-7796fbd0d9c6 None None] Subscribe: > router after_create 55550000, False {{(pid=89671) subscribe /opt/stack/data/venv/lib/python3.12/site-packages/neutron_lib/callbacks/manager.py:52}}
May 18 12:06:26.695041 np0000000939 devstack@neutron-api.service[89671]: DEBUG neutron_lib.callbacks.manager [None req-1694f2c5-f13d-4c66-a092-7796fbd0d9c6 None None] Subscribe: > router precommit_create 55550000, False {{(pid=89671) subscribe /opt/stack/data/venv/lib/python3.12/site-packages/neutron_lib/callbacks/manager.py:52}}
May 18 12:06:26.695041 np0000000939 devstack@neutron-api.service[89671]: DEBUG neutron_lib.callbacks.manager [None req-1694f2c5-f13d-4c66-a092-7796fbd0d9c6 None None] Subscribe: > router after_delete 55550000, False {{(pid=89671) subscribe /opt/stack/data/venv/lib/python3.12/site-packages/neutron_lib/callbacks/manager.py:52}}
May 18 12:06:26.695194 np0000000939 devstack@neutron-api.service[89671]: DEBUG neutron_lib.callbacks.manager [None req-1694f2c5-f13d-4c66-a092-7796fbd0d9c6 None None] Subscribe: > router after_update 55550000, False {{(pid=89671) subscribe /opt/stack/data/venv/lib/python3.12/site-packages/neutron_lib/callbacks/manager.py:52}}
May 18 12:06:26.695399 np0000000939 devstack@neutron-api.service[89671]: DEBUG neutron.services.service_base [None req-1694f2c5-f13d-4c66-a092-7796fbd0d9c6 None None] Loaded 'neutron.services.ovn_l3.service_providers.ovn.OvnDriver' provider for service L3_ROUTER_NAT {{(pid=89671) load_drivers /opt/stack/neutron/neutron/services/service_base.py:49}}
May 18 12:06:26.695591 np0000000939 devstack@neutron-api.service[89671]: DEBUG neutron_lib.callbacks.manager [None req-1694f2c5-f13d-4c66-a092-7796fbd0d9c6 None None] Subscribe: > process after_init 55550001, True {{(pid=89671) subscribe /opt/stack/data/venv/lib/python3.12/site-packages/neutron_lib/callbacks/manager.py:52}}
May 18 12:06:26.695762 np0000000939 devstack@neutron-api.service[89671]: DEBUG neutron.manager [None req-1694f2c5-f13d-4c66-a092-7796fbd0d9c6 None None] Successfully loaded L3_ROUTER_NAT plugin. Description: L3 Router Service Plugin for basic L3 forwarding using OVN {{(pid=89671) _create_and_add_service_plugin /opt/stack/neutron/neutron/manager.py:239}}
May 18 12:06:26.695913 np0000000939 devstack@neutron-api.service[89671]: INFO neutron.manager [None req-1694f2c5-f13d-4c66-a092-7796fbd0d9c6 None None] Loading Plugin: auto_allocate
May 18 12:06:26.696319 np0000000939 devstack@neutron-api.service[89669]: DEBUG neutron_lib.callbacks.manager [None req-9cc25836-a67c-4bda-a3a7-7065d39c2ffd None None] Subscribe: > process before_spawn 55550000, False {{(pid=89669) subscribe /opt/stack/data/venv/lib/python3.12/site-packages/neutron_lib/callbacks/manager.py:52}}
May 18 12:06:26.696502 np0000000939 devstack@neutron-api.service[89669]: DEBUG neutron_lib.callbacks.manager [None req-9cc25836-a67c-4bda-a3a7-7065d39c2ffd None None] Subscribe: > process after_init 55550000, True {{(pid=89669) subscribe /opt/stack/data/venv/lib/python3.12/site-packages/neutron_lib/callbacks/manager.py:52}}
May 18 12:06:26.696502 np0000000939 devstack@neutron-api.service[89669]: DEBUG neutron_lib.callbacks.manager [None req-9cc25836-a67c-4bda-a3a7-7065d39c2ffd None None] Subscribe: > segment after_create 55550000, False {{(pid=89669) subscribe /opt/stack/data/venv/lib/python3.12/site-packages/neutron_lib/callbacks/manager.py:52}}
May 18 12:06:26.696695 np0000000939 devstack@neutron-api.service[89669]: DEBUG neutron_lib.callbacks.manager [None req-9cc25836-a67c-4bda-a3a7-7065d39c2ffd None None] Subscribe: > segment after_create 55550000, False {{(pid=89669) subscribe /opt/stack/data/venv/lib/python3.12/site-packages/neutron_lib/callbacks/manager.py:52}}
May 18 12:06:26.696781 np0000000939 devstack@neutron-api.service[89669]: DEBUG neutron_lib.callbacks.manager [None req-9cc25836-a67c-4bda-a3a7-7065d39c2ffd None None] Subscribe: > segment after_delete 55550000, False {{(pid=89669) subscribe /opt/stack/data/venv/lib/python3.12/site-packages/neutron_lib/callbacks/manager.py:52}}
May 18 12:06:26.696810 np0000000939 devstack@neutron-api.service[89669]: DEBUG neutron_lib.callbacks.manager [None req-9cc25836-a67c-4bda-a3a7-7065d39c2ffd None None] Subscribe: > allowed_address_pair before_create 55550000, False {{(pid=89669) subscribe /opt/stack/data/venv/lib/python3.12/site-packages/neutron_lib/callbacks/manager.py:52}}
May 18 12:06:26.696946 np0000000939 devstack@neutron-api.service[89669]: DEBUG neutron_lib.callbacks.manager [None req-9cc25836-a67c-4bda-a3a7-7065d39c2ffd None None] Subscribe: > security_group precommit_create 55550000, False {{(pid=89669) subscribe /opt/stack/data/venv/lib/python3.12/site-packages/neutron_lib/callbacks/manager.py:52}}
May 18 12:06:26.697076 np0000000939 devstack@neutron-api.service[89669]: DEBUG neutron_lib.callbacks.manager [None req-9cc25836-a67c-4bda-a3a7-7065d39c2ffd None None] Subscribe: > security_group after_update 55550000, False {{(pid=89669) subscribe /opt/stack/data/venv/lib/python3.12/site-packages/neutron_lib/callbacks/manager.py:52}}
May 18 12:06:26.697148 np0000000939 devstack@neutron-api.service[89669]: DEBUG neutron_lib.callbacks.manager [None req-9cc25836-a67c-4bda-a3a7-7065d39c2ffd None None] Subscribe: > security_group after_create 55550000, False {{(pid=89669) subscribe /opt/stack/data/venv/lib/python3.12/site-packages/neutron_lib/callbacks/manager.py:52}}
May 18 12:06:26.697268 np0000000939 devstack@neutron-api.service[89669]: DEBUG neutron_lib.callbacks.manager [None req-9cc25836-a67c-4bda-a3a7-7065d39c2ffd None None] Subscribe: > security_group precommit_delete 55550000, False {{(pid=89669) subscribe /opt/stack/data/venv/lib/python3.12/site-packages/neutron_lib/callbacks/manager.py:52}}
May 18 12:06:26.697330 np0000000939 devstack@neutron-api.service[89671]: DEBUG neutron_lib.callbacks.manager [None req-1694f2c5-f13d-4c66-a092-7796fbd0d9c6 None None] Subscribe: network precommit_update 55550000, False {{(pid=89671) subscribe /opt/stack/data/venv/lib/python3.12/site-packages/neutron_lib/callbacks/manager.py:52}}
May 18 12:06:26.697406 np0000000939 devstack@neutron-api.service[89669]: DEBUG neutron_lib.callbacks.manager [None req-9cc25836-a67c-4bda-a3a7-7065d39c2ffd None None] Subscribe: > security_group after_delete 55550000, False {{(pid=89669) subscribe /opt/stack/data/venv/lib/python3.12/site-packages/neutron_lib/callbacks/manager.py:52}}
May 18 12:06:26.697501 np0000000939 devstack@neutron-api.service[89671]: DEBUG neutron_lib.callbacks.manager [None req-1694f2c5-f13d-4c66-a092-7796fbd0d9c6 None None] Subscribe: network precommit_create 55550000, False {{(pid=89671) subscribe /opt/stack/data/venv/lib/python3.12/site-packages/neutron_lib/callbacks/manager.py:52}}
May 18 12:06:26.697571 np0000000939 devstack@neutron-api.service[89669]: DEBUG neutron_lib.callbacks.manager [None req-9cc25836-a67c-4bda-a3a7-7065d39c2ffd None None] Subscribe: > security_group_rule precommit_create 55550000, False {{(pid=89669) subscribe /opt/stack/data/venv/lib/python3.12/site-packages/neutron_lib/callbacks/manager.py:52}}
May 18 12:06:26.697571 np0000000939 devstack@neutron-api.service[89669]: DEBUG neutron_lib.callbacks.manager [None req-9cc25836-a67c-4bda-a3a7-7065d39c2ffd None None] Subscribe: > security_group_rule after_create 55550000, False {{(pid=89669) subscribe /opt/stack/data/venv/lib/python3.12/site-packages/neutron_lib/callbacks/manager.py:52}}
May 18 12:06:26.697701 np0000000939 devstack@neutron-api.service[89669]: DEBUG neutron_lib.callbacks.manager [None req-9cc25836-a67c-4bda-a3a7-7065d39c2ffd None None] Subscribe: > security_group_rule before_delete 55550000, False {{(pid=89669) subscribe /opt/stack/data/venv/lib/python3.12/site-packages/neutron_lib/callbacks/manager.py:52}}
May 18 12:06:26.697766 np0000000939 devstack@neutron-api.service[89671]: DEBUG neutron.manager [None req-1694f2c5-f13d-4c66-a092-7796fbd0d9c6 None None] Successfully loaded auto-allocated-topology plugin. Description: Auto Allocated Topology - aka get me a network. {{(pid=89671) _create_and_add_service_plugin /opt/stack/neutron/neutron/manager.py:239}}
May 18 12:06:26.697935 np0000000939 devstack@neutron-api.service[89669]: DEBUG neutron_lib.callbacks.manager [None req-9cc25836-a67c-4bda-a3a7-7065d39c2ffd None None] Subscribe: > address_group after_create 55550000, False {{(pid=89669) subscribe /opt/stack/data/venv/lib/python3.12/site-packages/neutron_lib/callbacks/manager.py:52}}
May 18 12:06:26.697935 np0000000939 devstack@neutron-api.service[89669]: DEBUG neutron_lib.callbacks.manager [None req-9cc25836-a67c-4bda-a3a7-7065d39c2ffd None None] Subscribe: > address_group after_update 55550000, False {{(pid=89669) subscribe /opt/stack/data/venv/lib/python3.12/site-packages/neutron_lib/callbacks/manager.py:52}}
May 18 12:06:26.698058 np0000000939 devstack@neutron-api.service[89671]: INFO neutron.manager [None req-1694f2c5-f13d-4c66-a092-7796fbd0d9c6 None None] Loading Plugin: tag
May 18 12:06:26.698149 np0000000939 devstack@neutron-api.service[89669]: DEBUG neutron_lib.callbacks.manager [None req-9cc25836-a67c-4bda-a3a7-7065d39c2ffd None None] Subscribe: > address_group after_delete 55550000, False {{(pid=89669) subscribe /opt/stack/data/venv/lib/python3.12/site-packages/neutron_lib/callbacks/manager.py:52}}
May 18 12:06:26.698149 np0000000939 devstack@neutron-api.service[89669]: DEBUG neutron_lib.callbacks.manager [None req-9cc25836-a67c-4bda-a3a7-7065d39c2ffd None None] Subscribe: > qos_plugin after_init 55550000, False {{(pid=89669) subscribe /opt/stack/data/venv/lib/python3.12/site-packages/neutron_lib/callbacks/manager.py:52}}
May 18 12:06:26.698366 np0000000939 devstack@neutron-api.service[89669]: DEBUG neutron_lib.callbacks.manager [None req-9cc25836-a67c-4bda-a3a7-7065d39c2ffd None None] Subscribe: > trunk_plugin after_init 55550000, False {{(pid=89669) subscribe /opt/stack/data/venv/lib/python3.12/site-packages/neutron_lib/callbacks/manager.py:52}}
May 18 12:06:26.698590 np0000000939 devstack@neutron-api.service[89669]: DEBUG neutron_lib.callbacks.manager [None req-9cc25836-a67c-4bda-a3a7-7065d39c2ffd None None] Subscribe: > logging-plugin after_init 55550000, False {{(pid=89669) subscribe /opt/stack/data/venv/lib/python3.12/site-packages/neutron_lib/callbacks/manager.py:52}}
May 18 12:06:26.699022 np0000000939 devstack@neutron-api.service[89669]: INFO neutron.services.logapi.drivers.ovn.driver [None req-9cc25836-a67c-4bda-a3a7-7065d39c2ffd None None] OVN logging driver registered
May 18 12:06:26.700781 np0000000939 devstack@neutron-api.service[89669]: DEBUG neutron.plugins.ml2.plugin [None req-9cc25836-a67c-4bda-a3a7-7065d39c2ffd None None] neutron.plugins.ml2.plugin.Ml2Plugin method _start_rpc_notifiers called with arguments () {} {{(pid=89669) wrapper /opt/stack/data/venv/lib/python3.12/site-packages/oslo_log/helpers.py:77}}
May 18 12:06:26.700894 np0000000939 devstack@neutron-api.service[89669]: DEBUG neutron_lib.callbacks.manager [None req-9cc25836-a67c-4bda-a3a7-7065d39c2ffd None None] Subscribe: > port after_create 55550000, False {{(pid=89669) subscribe /opt/stack/data/venv/lib/python3.12/site-packages/neutron_lib/callbacks/manager.py:52}}
May 18 12:06:26.700959 np0000000939 devstack@neutron-api.service[89669]: DEBUG neutron_lib.callbacks.manager [None req-9cc25836-a67c-4bda-a3a7-7065d39c2ffd None None] Subscribe: > port after_update 55550000, False {{(pid=89669) subscribe /opt/stack/data/venv/lib/python3.12/site-packages/neutron_lib/callbacks/manager.py:52}}
May 18 12:06:26.701071 np0000000939 devstack@neutron-api.service[89669]: DEBUG neutron_lib.callbacks.manager [None req-9cc25836-a67c-4bda-a3a7-7065d39c2ffd None None] Subscribe: > port after_delete 55550000, False {{(pid=89669) subscribe /opt/stack/data/venv/lib/python3.12/site-packages/neutron_lib/callbacks/manager.py:52}}
May 18 12:06:26.701152 np0000000939 devstack@neutron-api.service[89669]: DEBUG neutron_lib.callbacks.manager [None req-9cc25836-a67c-4bda-a3a7-7065d39c2ffd None None] Subscribe: > subnet after_create 55550000, False {{(pid=89669) subscribe /opt/stack/data/venv/lib/python3.12/site-packages/neutron_lib/callbacks/manager.py:52}}
May 18 12:06:26.701249 np0000000939 devstack@neutron-api.service[89669]: DEBUG neutron_lib.callbacks.manager [None req-9cc25836-a67c-4bda-a3a7-7065d39c2ffd None None] Subscribe: > subnet after_update 55550000, False {{(pid=89669) subscribe /opt/stack/data/venv/lib/python3.12/site-packages/neutron_lib/callbacks/manager.py:52}}
May 18 12:06:26.701370 np0000000939 devstack@neutron-api.service[89669]: DEBUG neutron_lib.callbacks.manager [None req-9cc25836-a67c-4bda-a3a7-7065d39c2ffd None None] Subscribe: > subnet after_delete 55550000, False {{(pid=89669) subscribe /opt/stack/data/venv/lib/python3.12/site-packages/neutron_lib/callbacks/manager.py:52}}
May 18 12:06:26.701496 np0000000939 devstack@neutron-api.service[89669]: DEBUG neutron_lib.callbacks.manager [None req-9cc25836-a67c-4bda-a3a7-7065d39c2ffd None None] Subscribe: > network after_create 55550000, False {{(pid=89669) subscribe /opt/stack/data/venv/lib/python3.12/site-packages/neutron_lib/callbacks/manager.py:52}}
May 18 12:06:26.701575 np0000000939 devstack@neutron-api.service[89669]: DEBUG neutron_lib.callbacks.manager [None req-9cc25836-a67c-4bda-a3a7-7065d39c2ffd None None] Subscribe: > network after_update 55550000, False {{(pid=89669) subscribe /opt/stack/data/venv/lib/python3.12/site-packages/neutron_lib/callbacks/manager.py:52}}
May 18 12:06:26.701609 np0000000939 devstack@neutron-api.service[89671]: DEBUG neutron.manager [None req-1694f2c5-f13d-4c66-a092-7796fbd0d9c6 None None] Successfully loaded TAG plugin. Description: Tag support {{(pid=89671) _create_and_add_service_plugin /opt/stack/neutron/neutron/manager.py:239}}
May 18 12:06:26.701658 np0000000939 devstack@neutron-api.service[89669]: DEBUG neutron_lib.callbacks.manager [None req-9cc25836-a67c-4bda-a3a7-7065d39c2ffd None None] Subscribe: > network after_delete 55550000, False {{(pid=89669) subscribe /opt/stack/data/venv/lib/python3.12/site-packages/neutron_lib/callbacks/manager.py:52}}
May 18 12:06:26.701777 np0000000939 devstack@neutron-api.service[89669]: DEBUG neutron_lib.callbacks.manager [None req-9cc25836-a67c-4bda-a3a7-7065d39c2ffd None None] Subscribe: > security_group after_create 55550000, False {{(pid=89669) subscribe /opt/stack/data/venv/lib/python3.12/site-packages/neutron_lib/callbacks/manager.py:52}}
May 18 12:06:26.701810 np0000000939 devstack@neutron-api.service[89671]: INFO neutron.manager [None req-1694f2c5-f13d-4c66-a092-7796fbd0d9c6 None None] Loading Plugin: timestamp
May 18 12:06:26.701882 np0000000939 devstack@neutron-api.service[89669]: DEBUG neutron_lib.callbacks.manager [None req-9cc25836-a67c-4bda-a3a7-7065d39c2ffd None None] Subscribe: > security_group after_update 55550000, False {{(pid=89669) subscribe /opt/stack/data/venv/lib/python3.12/site-packages/neutron_lib/callbacks/manager.py:52}}
May 18 12:06:26.701956 np0000000939 devstack@neutron-api.service[89669]: DEBUG neutron_lib.callbacks.manager [None req-9cc25836-a67c-4bda-a3a7-7065d39c2ffd None None] Subscribe: > security_group after_delete 55550000, False {{(pid=89669) subscribe /opt/stack/data/venv/lib/python3.12/site-packages/neutron_lib/callbacks/manager.py:52}}
May 18 12:06:26.702053 np0000000939 devstack@neutron-api.service[89669]: DEBUG neutron_lib.callbacks.manager [None req-9cc25836-a67c-4bda-a3a7-7065d39c2ffd None None] Subscribe: > security_group_rule after_create 55550000, False {{(pid=89669) subscribe /opt/stack/data/venv/lib/python3.12/site-packages/neutron_lib/callbacks/manager.py:52}}
May 18 12:06:26.702077 np0000000939 devstack@neutron-api.service[89669]: DEBUG neutron_lib.callbacks.manager [None req-9cc25836-a67c-4bda-a3a7-7065d39c2ffd None None] Subscribe: > security_group_rule after_update 55550000, False {{(pid=89669) subscribe /opt/stack/data/venv/lib/python3.12/site-packages/neutron_lib/callbacks/manager.py:52}}
May 18 12:06:26.702167 np0000000939 devstack@neutron-api.service[89669]: DEBUG neutron_lib.callbacks.manager [None req-9cc25836-a67c-4bda-a3a7-7065d39c2ffd None None] Subscribe: > security_group_rule after_delete 55550000, False {{(pid=89669) subscribe /opt/stack/data/venv/lib/python3.12/site-packages/neutron_lib/callbacks/manager.py:52}}
May 18 12:06:26.702260 np0000000939 devstack@neutron-api.service[89669]: DEBUG neutron_lib.callbacks.manager [None req-9cc25836-a67c-4bda-a3a7-7065d39c2ffd None None] Subscribe: > address_group after_create 55550000, False {{(pid=89669) subscribe /opt/stack/data/venv/lib/python3.12/site-packages/neutron_lib/callbacks/manager.py:52}}
May 18 12:06:26.702378 np0000000939 devstack@neutron-api.service[89669]: DEBUG neutron_lib.callbacks.manager [None req-9cc25836-a67c-4bda-a3a7-7065d39c2ffd None None] Subscribe: > address_group after_update 55550000, False {{(pid=89669) subscribe /opt/stack/data/venv/lib/python3.12/site-packages/neutron_lib/callbacks/manager.py:52}}
May 18 12:06:26.702541 np0000000939 devstack@neutron-api.service[89669]: DEBUG neutron_lib.callbacks.manager [None req-9cc25836-a67c-4bda-a3a7-7065d39c2ffd None None] Subscribe: > address_group after_delete 55550000, False {{(pid=89669) subscribe /opt/stack/data/venv/lib/python3.12/site-packages/neutron_lib/callbacks/manager.py:52}}
May 18 12:06:26.702541 np0000000939 devstack@neutron-api.service[89669]: DEBUG neutron.plugins.ml2.ovo_rpc [None req-9cc25836-a67c-4bda-a3a7-7065d39c2ffd None None] ML2 OVO RPC backend initialized. {{(pid=89669) __init__ /opt/stack/neutron/neutron/plugins/ml2/ovo_rpc.py:117}}
May 18 12:06:26.703428 np0000000939 devstack@neutron-api.service[89669]: INFO neutron.quota [None req-9cc25836-a67c-4bda-a3a7-7065d39c2ffd None None] Loaded quota_driver: .
May 18 12:06:26.703569 np0000000939 devstack@neutron-api.service[89671]: DEBUG neutron.manager [None req-1694f2c5-f13d-4c66-a092-7796fbd0d9c6 None None] Successfully loaded timestamp plugin. Description: Adds timestamps to Neutron resources with standard attributes {{(pid=89671) _create_and_add_service_plugin /opt/stack/neutron/neutron/manager.py:239}}
May 18 12:06:26.703637 np0000000939 devstack@neutron-api.service[89669]: INFO neutron.plugins.ml2.plugin [None req-9cc25836-a67c-4bda-a3a7-7065d39c2ffd None None] Modular L2 Plugin initialization complete
May 18 12:06:26.703684 np0000000939 devstack@neutron-api.service[89671]: INFO neutron.manager [None req-1694f2c5-f13d-4c66-a092-7796fbd0d9c6 None None] Loading Plugin: network_ip_availability
May 18 12:06:26.703765 np0000000939 devstack@neutron-api.service[89669]: DEBUG neutron.manager [None req-9cc25836-a67c-4bda-a3a7-7065d39c2ffd None None] Loading services supported by the core plugin {{(pid=89669) _load_services_from_core_plugin /opt/stack/neutron/neutron/manager.py:170}}
May 18 12:06:26.703896 np0000000939 devstack@neutron-api.service[89669]: INFO neutron.plugins.ml2.managers [None req-9cc25836-a67c-4bda-a3a7-7065d39c2ffd None None] Got port-security extension from driver 'port_security'
May 18 12:06:26.704157 np0000000939 devstack@neutron-api.service[89669]: DEBUG neutron.manager [None req-9cc25836-a67c-4bda-a3a7-7065d39c2ffd None None] Loading service plugins: ['ovn-router', 'auto_allocate', 'tag', 'timestamp', 'network_ip_availability', 'flavors', 'revisions'] {{(pid=89669) _load_service_plugins /opt/stack/neutron/neutron/manager.py:195}}
May 18 12:06:26.704283 np0000000939 devstack@neutron-api.service[89669]: INFO neutron.manager [None req-9cc25836-a67c-4bda-a3a7-7065d39c2ffd None None] Loading Plugin: ovn-router
May 18 12:06:26.705483 np0000000939 devstack@neutron-api.service[89671]: DEBUG neutron.manager [None req-1694f2c5-f13d-4c66-a092-7796fbd0d9c6 None None] Successfully loaded network-ip-availability plugin. Description: Provides IP availability data for each network and subnet. {{(pid=89671) _create_and_add_service_plugin /opt/stack/neutron/neutron/manager.py:239}}
May 18 12:06:26.705625 np0000000939 devstack@neutron-api.service[89671]: INFO neutron.manager [None req-1694f2c5-f13d-4c66-a092-7796fbd0d9c6 None None] Loading Plugin: flavors
May 18 12:06:26.706578 np0000000939 devstack@neutron-api.service[89671]: DEBUG neutron.manager [None req-1694f2c5-f13d-4c66-a092-7796fbd0d9c6 None None] Successfully loaded FLAVORS plugin. Description: Neutron Flavors and Service Profiles manager plugin {{(pid=89671) _create_and_add_service_plugin /opt/stack/neutron/neutron/manager.py:239}}
May 18 12:06:26.706704 np0000000939 devstack@neutron-api.service[89671]: INFO neutron.manager [None req-1694f2c5-f13d-4c66-a092-7796fbd0d9c6 None None] Loading Plugin: revisions
May 18 12:06:26.707747 np0000000939 devstack@neutron-api.service[89671]: DEBUG neutron.manager [None req-1694f2c5-f13d-4c66-a092-7796fbd0d9c6 None None] Successfully loaded revision_plugin plugin. Description: Adds revision numbers to resources. {{(pid=89671) _create_and_add_service_plugin /opt/stack/neutron/neutron/manager.py:239}}
May 18 12:06:26.707908 np0000000939 devstack@neutron-api.service[89671]: DEBUG oslo_concurrency.lockutils [None req-1694f2c5-f13d-4c66-a092-7796fbd0d9c6 None None] Lock "manager" "released" by "neutron.manager.NeutronManager._create_instance" :: held 3.945s {{(pid=89671) inner /opt/stack/data/venv/lib/python3.12/site-packages/oslo_concurrency/lockutils.py:538}}
May 18 12:06:26.708150 np0000000939 devstack@neutron-api.service[89671]: DEBUG neutron.api.extensions [None req-1694f2c5-f13d-4c66-a092-7796fbd0d9c6 None None] get_extension_paths = OrderedDict({'/opt/stack/neutron/neutron/extensions': 1}) {{(pid=89671) get_extensions_path /opt/stack/neutron/neutron/api/extensions.py:640}}
May 18 12:06:26.708295 np0000000939 devstack@neutron-api.service[89671]: INFO neutron.api.extensions [None req-1694f2c5-f13d-4c66-a092-7796fbd0d9c6 None None] Initializing extension manager.
May 18 12:06:26.708594 np0000000939 devstack@neutron-api.service[89671]: DEBUG neutron.api.extensions [None req-1694f2c5-f13d-4c66-a092-7796fbd0d9c6 None None] Loading extension file: __init__.py {{(pid=89671) _load_all_extensions_from_path /opt/stack/neutron/neutron/api/extensions.py:449}}
May 18 12:06:26.708727 np0000000939 devstack@neutron-api.service[89671]: DEBUG neutron.api.extensions [None req-1694f2c5-f13d-4c66-a092-7796fbd0d9c6 None None] Loading extension file: __pycache__ {{(pid=89671) _load_all_extensions_from_path /opt/stack/neutron/neutron/api/extensions.py:449}}
May 18 12:06:26.708854 np0000000939 devstack@neutron-api.service[89671]: DEBUG neutron.api.extensions [None req-1694f2c5-f13d-4c66-a092-7796fbd0d9c6 None None] Loading extension file: address_group.py {{(pid=89671) _load_all_extensions_from_path /opt/stack/neutron/neutron/api/extensions.py:449}}
May 18 12:06:26.709217 np0000000939 devstack@neutron-api.service[89671]: DEBUG neutron.api.extensions [None req-1694f2c5-f13d-4c66-a092-7796fbd0d9c6 None None] Ext name="Address group" alias="address-group" description="Support address group" updated="2020-07-15T10:00:00-00:00" {{(pid=89671) _check_extension /opt/stack/neutron/neutron/api/extensions.py:415}}
May 18 12:06:26.709501 np0000000939 devstack@neutron-api.service[89671]: INFO neutron.api.extensions [None req-1694f2c5-f13d-4c66-a092-7796fbd0d9c6 None None] Loaded extension: address-group
May 18 12:06:26.709631 np0000000939 devstack@neutron-api.service[89671]: DEBUG neutron.api.extensions [None req-1694f2c5-f13d-4c66-a092-7796fbd0d9c6 None None] Loading extension file: address_scope.py {{(pid=89671) _load_all_extensions_from_path /opt/stack/neutron/neutron/api/extensions.py:449}}
May 18 12:06:26.709966 np0000000939 devstack@neutron-api.service[89671]: DEBUG neutron.api.extensions [None req-1694f2c5-f13d-4c66-a092-7796fbd0d9c6 None None] Ext name="Address scope" alias="address-scope" description="Address scopes extension." updated="2015-07-26T10:00:00-00:00" {{(pid=89671) _check_extension /opt/stack/neutron/neutron/api/extensions.py:415}}
May 18 12:06:26.710178 np0000000939 devstack@neutron-api.service[89671]: INFO neutron.api.extensions [None req-1694f2c5-f13d-4c66-a092-7796fbd0d9c6 None None] Loaded extension: address-scope
May 18 12:06:26.710306 np0000000939 devstack@neutron-api.service[89671]: DEBUG neutron.api.extensions [None req-1694f2c5-f13d-4c66-a092-7796fbd0d9c6 None None] Loading extension file: admin_state_down_before_update.py {{(pid=89671) _load_all_extensions_from_path /opt/stack/neutron/neutron/api/extensions.py:449}}
May 18 12:06:26.710604 np0000000939 devstack@neutron-api.service[89671]: DEBUG neutron.api.extensions [None req-1694f2c5-f13d-4c66-a092-7796fbd0d9c6 None None] Ext name="Enforce Router's Admin State Down Before Update Extension" alias="router-admin-state-down-before-update" description="Ensure that the admin state of a router is DOWN (admin_state_up=False) before updating the distributed attribute" updated="2019-07-02T15:56:00" {{(pid=89671) _check_extension /opt/stack/neutron/neutron/api/extensions.py:415}}
May 18 12:06:26.710796 np0000000939 devstack@neutron-api.service[89671]: INFO neutron.api.extensions [None req-1694f2c5-f13d-4c66-a092-7796fbd0d9c6 None None] Extension router-admin-state-down-before-update not supported by any of loaded plugins
May 18 12:06:26.710919 np0000000939 devstack@neutron-api.service[89671]: DEBUG neutron.api.extensions [None req-1694f2c5-f13d-4c66-a092-7796fbd0d9c6 None None] Loading extension file: agent.py {{(pid=89671) _load_all_extensions_from_path /opt/stack/neutron/neutron/api/extensions.py:449}}
May 18 12:06:26.711237 np0000000939 devstack@neutron-api.service[89671]: DEBUG neutron.api.extensions [None req-1694f2c5-f13d-4c66-a092-7796fbd0d9c6 None None] Ext name="agent" alias="agent" description="The agent management extension." updated="2013-02-03T10:00:00-00:00" {{(pid=89671) _check_extension /opt/stack/neutron/neutron/api/extensions.py:415}}
May 18 12:06:26.711664 np0000000939 devstack@neutron-api.service[89671]: INFO neutron.api.extensions [None req-1694f2c5-f13d-4c66-a092-7796fbd0d9c6 None None] Loaded extension: agent
May 18 12:06:26.711664 np0000000939 devstack@neutron-api.service[89671]: DEBUG neutron.api.extensions [None req-1694f2c5-f13d-4c66-a092-7796fbd0d9c6 None None] Loading extension file: agent_resources_synced.py {{(pid=89671) _load_all_extensions_from_path /opt/stack/neutron/neutron/api/extensions.py:449}}
May 18 12:06:26.711826 np0000000939 devstack@neutron-api.service[89671]: DEBUG neutron.api.extensions [None req-1694f2c5-f13d-4c66-a092-7796fbd0d9c6 None None] Ext name="Agent's Resource View Synced to Placement" alias="agent-resources-synced" description="Stores success/failure of last sync to Placement" updated="2018-12-19T00:00:00-00:00" {{(pid=89671) _check_extension /opt/stack/neutron/neutron/api/extensions.py:415}}
May 18 12:06:26.712148 np0000000939 devstack@neutron-api.service[89671]: INFO neutron.api.extensions [None req-1694f2c5-f13d-4c66-a092-7796fbd0d9c6 None None] Extension agent-resources-synced not supported by any of loaded plugins
May 18 12:06:26.712148 np0000000939 devstack@neutron-api.service[89671]: DEBUG neutron.api.extensions [None req-1694f2c5-f13d-4c66-a092-7796fbd0d9c6 None None] Loading extension file: agent_sort_key.py {{(pid=89671) _load_all_extensions_from_path /opt/stack/neutron/neutron/api/extensions.py:449}}
May 18 12:06:26.712373 np0000000939 devstack@neutron-api.service[89671]: DEBUG neutron.api.extensions [None req-1694f2c5-f13d-4c66-a092-7796fbd0d9c6 None None] Ext name="Agents Sort Key" alias="agent_sort_key" description="Enabling the keyword sort_key for sorting in agents." updated="2013-02-03T10:00:00-00:00" {{(pid=89671) _check_extension /opt/stack/neutron/neutron/api/extensions.py:415}}
May 18 12:06:26.712584 np0000000939 devstack@neutron-api.service[89671]: INFO neutron.api.extensions [None req-1694f2c5-f13d-4c66-a092-7796fbd0d9c6 None None] Extension agent_sort_key not supported by any of loaded plugins
May 18 12:06:26.712702 np0000000939 devstack@neutron-api.service[89671]: DEBUG neutron.api.extensions [None req-1694f2c5-f13d-4c66-a092-7796fbd0d9c6 None None] Loading extension file: allowedaddresspairs.py {{(pid=89671) _load_all_extensions_from_path /opt/stack/neutron/neutron/api/extensions.py:449}}
May 18 12:06:26.713422 np0000000939 devstack@neutron-api.service[89671]: DEBUG neutron.api.extensions [None req-1694f2c5-f13d-4c66-a092-7796fbd0d9c6 None None] Ext name="Allowed Address Pairs" alias="allowed-address-pairs" description="Provides allowed address pairs" updated="2013-07-23T10:00:00-00:00" {{(pid=89671) _check_extension /opt/stack/neutron/neutron/api/extensions.py:415}}
May 18 12:06:26.713641 np0000000939 devstack@neutron-api.service[89671]: INFO neutron.api.extensions [None req-1694f2c5-f13d-4c66-a092-7796fbd0d9c6 None None] Loaded extension: allowed-address-pairs
May 18 12:06:26.713767 np0000000939 devstack@neutron-api.service[89671]: DEBUG neutron.api.extensions [None req-1694f2c5-f13d-4c66-a092-7796fbd0d9c6 None None] Loading extension file: auto_allocated_topology.py {{(pid=89671) _load_all_extensions_from_path /opt/stack/neutron/neutron/api/extensions.py:449}}
May 18 12:06:26.713887 np0000000939 devstack@neutron-api.service[89669]: DEBUG neutron_lib.callbacks.manager [None req-9cc25836-a67c-4bda-a3a7-7065d39c2ffd None None] Subscribe: > router before_delete 55550000, False {{(pid=89669) subscribe /opt/stack/data/venv/lib/python3.12/site-packages/neutron_lib/callbacks/manager.py:52}}
May 18 12:06:26.714074 np0000000939 devstack@neutron-api.service[89671]: DEBUG neutron.api.extensions [None req-1694f2c5-f13d-4c66-a092-7796fbd0d9c6 None None] Ext name="Auto Allocated Topology Services" alias="auto-allocated-topology" description="Auto Allocated Topology Services." updated="2016-01-01T00:00:00-00:00" {{(pid=89671) _check_extension /opt/stack/neutron/neutron/api/extensions.py:415}}
May 18 12:06:26.714119 np0000000939 devstack@neutron-api.service[89669]: DEBUG neutron_lib.callbacks.manager [None req-9cc25836-a67c-4bda-a3a7-7065d39c2ffd None None] Subscribe: port before_update 55550000, False {{(pid=89669) subscribe /opt/stack/data/venv/lib/python3.12/site-packages/neutron_lib/callbacks/manager.py:52}}
May 18 12:06:26.714260 np0000000939 devstack@neutron-api.service[89669]: DEBUG neutron_lib.callbacks.manager [None req-9cc25836-a67c-4bda-a3a7-7065d39c2ffd None None] Subscribe: port after_update 55550000, False {{(pid=89669) subscribe /opt/stack/data/venv/lib/python3.12/site-packages/neutron_lib/callbacks/manager.py:52}}
May 18 12:06:26.714386 np0000000939 devstack@neutron-api.service[89671]: INFO neutron.api.extensions [None req-1694f2c5-f13d-4c66-a092-7796fbd0d9c6 None None] Loaded extension: auto-allocated-topology
May 18 12:06:26.714428 np0000000939 devstack@neutron-api.service[89671]: DEBUG neutron.api.extensions [None req-1694f2c5-f13d-4c66-a092-7796fbd0d9c6 None None] Loading extension file: availability_zone.py {{(pid=89671) _load_all_extensions_from_path /opt/stack/neutron/neutron/api/extensions.py:449}}
May 18 12:06:26.714455 np0000000939 devstack@neutron-api.service[89669]: DEBUG neutron_lib.callbacks.manager [None req-9cc25836-a67c-4bda-a3a7-7065d39c2ffd None None] Subscribe: > port precommit_delete 55550000, False {{(pid=89669) subscribe /opt/stack/data/venv/lib/python3.12/site-packages/neutron_lib/callbacks/manager.py:52}}
May 18 12:06:26.714592 np0000000939 devstack@neutron-api.service[89669]: DEBUG neutron_lib.callbacks.manager [None req-9cc25836-a67c-4bda-a3a7-7065d39c2ffd None None] Subscribe: port before_update 55550000, False {{(pid=89669) subscribe /opt/stack/data/venv/lib/python3.12/site-packages/neutron_lib/callbacks/manager.py:52}}
May 18 12:06:26.714724 np0000000939 devstack@neutron-api.service[89669]: DEBUG neutron_lib.callbacks.manager [None req-9cc25836-a67c-4bda-a3a7-7065d39c2ffd None None] Subscribe: port before_delete 55550000, False {{(pid=89669) subscribe /opt/stack/data/venv/lib/python3.12/site-packages/neutron_lib/callbacks/manager.py:52}}
May 18 12:06:26.714800 np0000000939 devstack@neutron-api.service[89671]: DEBUG neutron.api.extensions [None req-1694f2c5-f13d-4c66-a092-7796fbd0d9c6 None None] Ext name="Availability Zone" alias="availability_zone" description="The availability zone extension." updated="2015-01-01T10:00:00-00:00" {{(pid=89671) _check_extension /opt/stack/neutron/neutron/api/extensions.py:415}}
May 18 12:06:26.714853 np0000000939 devstack@neutron-api.service[89669]: DEBUG neutron_lib.callbacks.manager [None req-9cc25836-a67c-4bda-a3a7-7065d39c2ffd None None] Subscribe: > router precommit_create 55550000, False {{(pid=89669) subscribe /opt/stack/data/venv/lib/python3.12/site-packages/neutron_lib/callbacks/manager.py:52}}
May 18 12:06:26.714987 np0000000939 devstack@neutron-api.service[89669]: DEBUG neutron_lib.callbacks.manager [None req-9cc25836-a67c-4bda-a3a7-7065d39c2ffd None None] Subscribe: > router precommit_create 55550000, False {{(pid=89669) subscribe /opt/stack/data/venv/lib/python3.12/site-packages/neutron_lib/callbacks/manager.py:52}}
May 18 12:06:26.715018 np0000000939 devstack@neutron-api.service[89671]: INFO neutron.api.extensions [None req-1694f2c5-f13d-4c66-a092-7796fbd0d9c6 None None] Loaded extension: availability_zone
May 18 12:06:26.715114 np0000000939 devstack@neutron-api.service[89669]: DEBUG neutron_lib.callbacks.manager [None req-9cc25836-a67c-4bda-a3a7-7065d39c2ffd None None] Subscribe: > router precommit_update 55550000, False {{(pid=89669) subscribe /opt/stack/data/venv/lib/python3.12/site-packages/neutron_lib/callbacks/manager.py:52}}
May 18 12:06:26.715143 np0000000939 devstack@neutron-api.service[89671]: DEBUG neutron.api.extensions [None req-1694f2c5-f13d-4c66-a092-7796fbd0d9c6 None None] Loading extension file: availability_zone_filter.py {{(pid=89671) _load_all_extensions_from_path /opt/stack/neutron/neutron/api/extensions.py:449}}
May 18 12:06:26.715250 np0000000939 devstack@neutron-api.service[89669]: DEBUG neutron_lib.callbacks.manager [None req-9cc25836-a67c-4bda-a3a7-7065d39c2ffd None None] Subscribe: subnet after_update 55550000, False {{(pid=89669) subscribe /opt/stack/data/venv/lib/python3.12/site-packages/neutron_lib/callbacks/manager.py:52}}
May 18 12:06:26.715484 np0000000939 devstack@neutron-api.service[89671]: DEBUG neutron.api.extensions [None req-1694f2c5-f13d-4c66-a092-7796fbd0d9c6 None None] Ext name="Availability Zone Filter Extension" alias="availability_zone_filter" description="Add filter parameters to AvailabilityZone resource" updated="2018-06-22T10:00:00-00:00" {{(pid=89671) _check_extension /opt/stack/neutron/neutron/api/extensions.py:415}}
May 18 12:06:26.715538 np0000000939 devstack@neutron-api.service[89669]: DEBUG neutron.quota.resource_registry [None req-9cc25836-a67c-4bda-a3a7-7065d39c2ffd None None] Tracking information for resource: router configured {{(pid=89669) set_tracked_resource /opt/stack/neutron/neutron/quota/resource_registry.py:203}}
May 18 12:06:26.715680 np0000000939 devstack@neutron-api.service[89669]: DEBUG neutron.quota.resource_registry [None req-9cc25836-a67c-4bda-a3a7-7065d39c2ffd None None] Tracking information for resource: floatingip configured {{(pid=89669) set_tracked_resource /opt/stack/neutron/neutron/quota/resource_registry.py:203}}
May 18 12:06:26.715710 np0000000939 devstack@neutron-api.service[89671]: INFO neutron.api.extensions [None req-1694f2c5-f13d-4c66-a092-7796fbd0d9c6 None None] Extension availability_zone_filter not supported by any of loaded plugins
May 18 12:06:26.715808 np0000000939 devstack@neutron-api.service[89669]: INFO neutron.services.ovn_l3.plugin [None req-9cc25836-a67c-4bda-a3a7-7065d39c2ffd None None] Starting OVNL3RouterPlugin
May 18 12:06:26.715839 np0000000939 devstack@neutron-api.service[89671]: DEBUG neutron.api.extensions [None req-1694f2c5-f13d-4c66-a092-7796fbd0d9c6 None None] Loading extension file: data_plane_status.py {{(pid=89671) _load_all_extensions_from_path /opt/stack/neutron/neutron/api/extensions.py:449}}
May 18 12:06:26.716121 np0000000939 devstack@neutron-api.service[89669]: DEBUG neutron_lib.callbacks.manager [None req-9cc25836-a67c-4bda-a3a7-7065d39c2ffd None None] Subscribe: > port_forwarding_plugin after_init 55550000, False {{(pid=89669) subscribe /opt/stack/data/venv/lib/python3.12/site-packages/neutron_lib/callbacks/manager.py:52}}
