May 18 12:06:27.313187 np0000000939 neutron-periodic-workers[91757]: DEBUG cotyledon.oslo_config_glue [-] ovn.broadcast_arps_to_all_routers = True {{(pid=91757) log_opt_values /opt/stack/data/venv/lib/python3.12/site-packages/oslo_config/cfg.py:3006}}
May 18 12:06:27.313187 np0000000939 neutron-periodic-workers[91757]: DEBUG cotyledon.oslo_config_glue [-] ovn.dhcp_default_lease_time = 43200 {{(pid=91757) log_opt_values /opt/stack/data/venv/lib/python3.12/site-packages/oslo_config/cfg.py:3006}}
May 18 12:06:27.313187 np0000000939 neutron-periodic-workers[91757]: DEBUG cotyledon.oslo_config_glue [-] ovn.disable_ovn_dhcp_for_baremetal_ports = False {{(pid=91757) log_opt_values /opt/stack/data/venv/lib/python3.12/site-packages/oslo_config/cfg.py:3006}}
May 18 12:06:27.313187 np0000000939 neutron-periodic-workers[91757]: DEBUG cotyledon.oslo_config_glue [-] ovn.dns_records_ovn_owned = False {{(pid=91757) log_opt_values /opt/stack/data/venv/lib/python3.12/site-packages/oslo_config/cfg.py:3006}}
May 18 12:06:27.313187 np0000000939 neutron-periodic-workers[91757]: DEBUG cotyledon.oslo_config_glue [-] ovn.dns_servers = [] {{(pid=91757) log_opt_values /opt/stack/data/venv/lib/python3.12/site-packages/oslo_config/cfg.py:3006}}
May 18 12:06:27.313495 np0000000939 neutron-periodic-workers[91757]: DEBUG cotyledon.oslo_config_glue [-] ovn.enable_distributed_floating_ip = False {{(pid=91757) log_opt_values /opt/stack/data/venv/lib/python3.12/site-packages/oslo_config/cfg.py:3006}}
May 18 12:06:27.313495 np0000000939 neutron-periodic-workers[91757]: DEBUG cotyledon.oslo_config_glue [-] ovn.fdb_age_threshold = 300 {{(pid=91757) log_opt_values /opt/stack/data/venv/lib/python3.12/site-packages/oslo_config/cfg.py:3006}}
May 18 12:06:27.313495 np0000000939 neutron-periodic-workers[91757]: DEBUG cotyledon.oslo_config_glue [-] ovn.ha_failover_strategy = normal {{(pid=91757) log_opt_values /opt/stack/data/venv/lib/python3.12/site-packages/oslo_config/cfg.py:3006}}
May 18 12:06:27.313495 np0000000939 neutron-periodic-workers[91757]: DEBUG cotyledon.oslo_config_glue [-] ovn.live_migration_activation_strategy = rarp {{(pid=91757) log_opt_values /opt/stack/data/venv/lib/python3.12/site-packages/oslo_config/cfg.py:3006}}
May 18 12:06:27.313495 np0000000939 neutron-periodic-workers[91757]: DEBUG cotyledon.oslo_config_glue [-] ovn.localnet_learn_fdb = False {{(pid=91757) log_opt_values /opt/stack/data/venv/lib/python3.12/site-packages/oslo_config/cfg.py:3006}}
May 18 12:06:27.313495 np0000000939 neutron-periodic-workers[91757]: DEBUG cotyledon.oslo_config_glue [-] ovn.mac_binding_age_threshold = 300 {{(pid=91757) log_opt_values /opt/stack/data/venv/lib/python3.12/site-packages/oslo_config/cfg.py:3006}}
May 18 12:06:27.313495 np0000000939 neutron-periodic-workers[91757]: DEBUG cotyledon.oslo_config_glue [-] ovn.neutron_sync_mode = log {{(pid=91757) log_opt_values /opt/stack/data/venv/lib/python3.12/site-packages/oslo_config/cfg.py:3006}}
May 18 12:06:27.313495 np0000000939 neutron-periodic-workers[91757]: DEBUG cotyledon.oslo_config_glue [-] ovn.ovn_dhcp4_global_options = {} {{(pid=91757) log_opt_values /opt/stack/data/venv/lib/python3.12/site-packages/oslo_config/cfg.py:3006}}
May 18 12:06:27.313495 np0000000939 neutron-periodic-workers[91757]: DEBUG cotyledon.oslo_config_glue [-] ovn.ovn_dhcp6_global_options = {} {{(pid=91757) log_opt_values /opt/stack/data/venv/lib/python3.12/site-packages/oslo_config/cfg.py:3006}}
May 18 12:06:27.313790 np0000000939 neutron-periodic-workers[91757]: DEBUG cotyledon.oslo_config_glue [-] ovn.ovn_l3_scheduler = leastloaded {{(pid=91757) log_opt_values /opt/stack/data/venv/lib/python3.12/site-packages/oslo_config/cfg.py:3006}}
May 18 12:06:27.313790 np0000000939 neutron-periodic-workers[91757]: DEBUG cotyledon.oslo_config_glue [-] ovn.ovn_metadata_enabled = True {{(pid=91757) log_opt_values /opt/stack/data/venv/lib/python3.12/site-packages/oslo_config/cfg.py:3006}}
May 18 12:06:27.313790 np0000000939 neutron-periodic-workers[91757]: DEBUG cotyledon.oslo_config_glue [-] ovn.ovn_nb_ca_cert = /opt/stack/data/CA/int-ca/ca-chain.pem {{(pid=91757) log_opt_values /opt/stack/data/venv/lib/python3.12/site-packages/oslo_config/cfg.py:3006}}
May 18 12:06:27.313790 np0000000939 neutron-periodic-workers[91757]: DEBUG cotyledon.oslo_config_glue [-] ovn.ovn_nb_certificate = /opt/stack/data/CA/int-ca/devstack-cert.crt {{(pid=91757) log_opt_values /opt/stack/data/venv/lib/python3.12/site-packages/oslo_config/cfg.py:3006}}
May 18 12:06:27.313790 np0000000939 neutron-periodic-workers[91757]: DEBUG cotyledon.oslo_config_glue [-] ovn.ovn_nb_connection = ['ssl:10.4.3.223:6641'] {{(pid=91757) log_opt_values /opt/stack/data/venv/lib/python3.12/site-packages/oslo_config/cfg.py:3006}}
May 18 12:06:27.313790 np0000000939 neutron-periodic-workers[91757]: DEBUG cotyledon.oslo_config_glue [-] ovn.ovn_nb_private_key = /opt/stack/data/CA/int-ca/private/devstack-cert.key {{(pid=91757) log_opt_values /opt/stack/data/venv/lib/python3.12/site-packages/oslo_config/cfg.py:3006}}
May 18 12:06:27.313790 np0000000939 neutron-periodic-workers[91757]: DEBUG cotyledon.oslo_config_glue [-] ovn.ovn_router_indirect_snat = False {{(pid=91757) log_opt_values /opt/stack/data/venv/lib/python3.12/site-packages/oslo_config/cfg.py:3006}}
May 18 12:06:27.313790 np0000000939 neutron-periodic-workers[91757]: DEBUG cotyledon.oslo_config_glue [-] ovn.ovn_sb_ca_cert = /opt/stack/data/CA/int-ca/ca-chain.pem {{(pid=91757) log_opt_values /opt/stack/data/venv/lib/python3.12/site-packages/oslo_config/cfg.py:3006}}
May 18 12:06:27.314049 np0000000939 neutron-periodic-workers[91757]: DEBUG cotyledon.oslo_config_glue [-] ovn.ovn_sb_certificate = /opt/stack/data/CA/int-ca/devstack-cert.crt {{(pid=91757) log_opt_values /opt/stack/data/venv/lib/python3.12/site-packages/oslo_config/cfg.py:3006}}
May 18 12:06:27.314049 np0000000939 neutron-periodic-workers[91757]: DEBUG cotyledon.oslo_config_glue [-] ovn.ovn_sb_connection = ['ssl:10.4.3.223:6642'] {{(pid=91757) log_opt_values /opt/stack/data/venv/lib/python3.12/site-packages/oslo_config/cfg.py:3006}}
May 18 12:06:27.314049 np0000000939 neutron-periodic-workers[91757]: DEBUG cotyledon.oslo_config_glue [-] ovn.ovn_sb_private_key = /opt/stack/data/CA/int-ca/private/devstack-cert.key {{(pid=91757) log_opt_values /opt/stack/data/venv/lib/python3.12/site-packages/oslo_config/cfg.py:3006}}
May 18 12:06:27.314049 np0000000939 neutron-periodic-workers[91757]: DEBUG cotyledon.oslo_config_glue [-] ovn.ovs_create_tap = False {{(pid=91757) log_opt_values /opt/stack/data/venv/lib/python3.12/site-packages/oslo_config/cfg.py:3006}}
May 18 12:06:27.314049 np0000000939 neutron-periodic-workers[91757]: DEBUG cotyledon.oslo_config_glue [-] ovn.ovsdb_connection_timeout = 180 {{(pid=91757) log_opt_values /opt/stack/data/venv/lib/python3.12/site-packages/oslo_config/cfg.py:3006}}
May 18 12:06:27.314049 np0000000939 neutron-periodic-workers[91757]: DEBUG cotyledon.oslo_config_glue [-] ovn.ovsdb_log_level = INFO {{(pid=91757) log_opt_values /opt/stack/data/venv/lib/python3.12/site-packages/oslo_config/cfg.py:3006}}
May 18 12:06:27.314049 np0000000939 neutron-periodic-workers[91757]: DEBUG cotyledon.oslo_config_glue [-] ovn.ovsdb_probe_interval = 60000 {{(pid=91757) log_opt_values /opt/stack/data/venv/lib/python3.12/site-packages/oslo_config/cfg.py:3006}}
May 18 12:06:27.314049 np0000000939 neutron-periodic-workers[91757]: DEBUG cotyledon.oslo_config_glue [-] ovn.ovsdb_retry_max_interval = 180 {{(pid=91757) log_opt_values /opt/stack/data/venv/lib/python3.12/site-packages/oslo_config/cfg.py:3006}}
May 18 12:06:27.314049 np0000000939 neutron-periodic-workers[91757]: DEBUG cotyledon.oslo_config_glue [-] ovn.stateless_nat_enabled = False {{(pid=91757) log_opt_values /opt/stack/data/venv/lib/python3.12/site-packages/oslo_config/cfg.py:3006}}
May 18 12:06:27.314368 np0000000939 neutron-periodic-workers[91757]: DEBUG cotyledon.oslo_config_glue [-] ovn.vhost_sock_dir = /var/run/openvswitch {{(pid=91757) log_opt_values /opt/stack/data/venv/lib/python3.12/site-packages/oslo_config/cfg.py:3006}}
May 18 12:06:27.314368 np0000000939 neutron-periodic-workers[91757]: DEBUG cotyledon.oslo_config_glue [-] OVS.bridge_mac_table_size = 50000 {{(pid=91757) log_opt_values /opt/stack/data/venv/lib/python3.12/site-packages/oslo_config/cfg.py:3006}}
May 18 12:06:27.314368 np0000000939 neutron-periodic-workers[91757]: DEBUG cotyledon.oslo_config_glue [-] OVS.igmp_flood = False {{(pid=91757) log_opt_values /opt/stack/data/venv/lib/python3.12/site-packages/oslo_config/cfg.py:3006}}
May 18 12:06:27.314368 np0000000939 neutron-periodic-workers[91757]: DEBUG cotyledon.oslo_config_glue [-] OVS.igmp_flood_reports = True {{(pid=91757) log_opt_values /opt/stack/data/venv/lib/python3.12/site-packages/oslo_config/cfg.py:3006}}
May 18 12:06:27.314368 np0000000939 neutron-periodic-workers[91757]: DEBUG cotyledon.oslo_config_glue [-] OVS.igmp_flood_unregistered = False {{(pid=91757) log_opt_values /opt/stack/data/venv/lib/python3.12/site-packages/oslo_config/cfg.py:3006}}
May 18 12:06:27.314368 np0000000939 neutron-periodic-workers[91757]: DEBUG cotyledon.oslo_config_glue [-] OVS.igmp_snooping_enable = False {{(pid=91757) log_opt_values /opt/stack/data/venv/lib/python3.12/site-packages/oslo_config/cfg.py:3006}}
May 18 12:06:27.314368 np0000000939 neutron-periodic-workers[91757]: DEBUG cotyledon.oslo_config_glue [-] OVS.ovsdb_timeout = 10 {{(pid=91757) log_opt_values /opt/stack/data/venv/lib/python3.12/site-packages/oslo_config/cfg.py:3006}}
May 18 12:06:27.314368 np0000000939 neutron-periodic-workers[91757]: DEBUG cotyledon.oslo_config_glue [-] ovn_nb_global.fdb_removal_limit = 0 {{(pid=91757) log_opt_values /opt/stack/data/venv/lib/python3.12/site-packages/oslo_config/cfg.py:3006}}
May 18 12:06:27.314368 np0000000939 neutron-periodic-workers[91757]: DEBUG cotyledon.oslo_config_glue [-] ovn_nb_global.ignore_lsp_down = False {{(pid=91757) log_opt_values /opt/stack/data/venv/lib/python3.12/site-packages/oslo_config/cfg.py:3006}}
May 18 12:06:27.314665 np0000000939 neutron-periodic-workers[91757]: DEBUG cotyledon.oslo_config_glue [-] ovn_nb_global.mac_binding_removal_limit = 0 {{(pid=91757) log_opt_values /opt/stack/data/venv/lib/python3.12/site-packages/oslo_config/cfg.py:3006}}
May 18 12:06:27.314665 np0000000939 neutron-periodic-workers[91757]: DEBUG cotyledon.oslo_config_glue [-] ******************************************************************************** {{(pid=91757) log_opt_values /opt/stack/data/venv/lib/python3.12/site-packages/oslo_config/cfg.py:3013}}
May 18 12:06:27.314665 np0000000939 neutron-periodic-workers[91757]: DEBUG cotyledon._service_worker [-] Run service ServiceWrapper(0) [91757] {{(pid=91757) wait_forever /opt/stack/data/venv/lib/python3.12/site-packages/cotyledon/_service_worker.py:218}}
May 18 12:06:36.987065 np0000000939 neutron-periodic-workers[90688]: DEBUG dbcounter [-] [90688] Writing DB stats neutron:SELECT=4 {{(pid=90688) stat_writer /opt/stack/data/venv/lib/python3.12/site-packages/dbcounter.py:115}}
May 18 12:07:28.290088 np0000000939 neutron-periodic-workers[91744]: DEBUG oslo_db.sqlalchemy.engines [None req-c6d8da0f-66d4-4d21-b3aa-39c911299870 None None] Parent process 90688 forked (91744) with an open database connection, which is being discarded and recreated. {{(pid=91744) checkout /opt/stack/data/venv/lib/python3.12/site-packages/oslo_db/sqlalchemy/engines.py:402}}
May 18 12:07:28.296360 np0000000939 neutron-periodic-workers[91744]: DEBUG dbcounter [-] [91744] Writer thread running {{(pid=91744) stat_writer /opt/stack/data/venv/lib/python3.12/site-packages/dbcounter.py:102}}
May 18 12:07:28.299169 np0000000939 neutron-periodic-workers[91744]: DEBUG neutron.db.agents_db [None req-c6d8da0f-66d4-4d21-b3aa-39c911299870 None None] Agent healthcheck: found 0 active agents {{(pid=91744) agent_health_check /opt/stack/neutron/neutron/db/agents_db.py:322}}
May 18 12:07:28.299359 np0000000939 neutron-periodic-workers[91744]: DEBUG oslo.service.backend._threading.loopingcall [None req-c6d8da0f-66d4-4d21-b3aa-39c911299870 None None] Fixed interval looping call 'neutron.plugins.ml2.plugin.AgentDbMixin.agent_health_check' sleeping for 36.99 seconds {{(pid=91744) _run_loop /opt/stack/data/venv/lib/python3.12/site-packages/oslo_service/backend/_threading/loopingcall.py:125}}
May 18 12:07:34.291236 np0000000939 neutron-periodic-workers[91729]: DEBUG dbcounter [-] [91729] Writer thread running {{(pid=91729) stat_writer /opt/stack/data/venv/lib/python3.12/site-packages/dbcounter.py:102}}
May 18 12:07:34.300949 np0000000939 neutron-periodic-workers[91729]: DEBUG oslo.service.backend._threading.loopingcall [None req-e7631e82-8fa6-4d3f-b680-c297fe8d9e69 None None] Fixed interval looping call 'neutron.plugins.ml2.plugin.DhcpAgentSchedulerDbMixin.remove_networks_from_down_agents' sleeping for 36.98 seconds {{(pid=91729) _run_loop /opt/stack/data/venv/lib/python3.12/site-packages/oslo_service/backend/_threading/loopingcall.py:125}}
May 18 12:07:38.296784 np0000000939 neutron-periodic-workers[91744]: DEBUG dbcounter [-] [91744] Writing DB stats neutron:SELECT=1 {{(pid=91744) stat_writer /opt/stack/data/venv/lib/python3.12/site-packages/dbcounter.py:115}}
May 18 12:07:44.299865 np0000000939 neutron-periodic-workers[91729]: DEBUG dbcounter [-] [91729] Writing DB stats neutron:SELECT=3 {{(pid=91729) stat_writer /opt/stack/data/venv/lib/python3.12/site-packages/dbcounter.py:115}}
May 18 12:08:05.293548 np0000000939 neutron-periodic-workers[91744]: DEBUG neutron.db.agents_db [None req-c6d8da0f-66d4-4d21-b3aa-39c911299870 None None] Agent healthcheck: found 0 active agents {{(pid=91744) agent_health_check /opt/stack/neutron/neutron/db/agents_db.py:322}}
May 18 12:08:05.293548 np0000000939 neutron-periodic-workers[91744]: DEBUG oslo.service.backend._threading.loopingcall [None req-c6d8da0f-66d4-4d21-b3aa-39c911299870 None None] Fixed interval looping call 'neutron.plugins.ml2.plugin.AgentDbMixin.agent_health_check' sleeping for 37.00 seconds {{(pid=91744) _run_loop /opt/stack/data/venv/lib/python3.12/site-packages/oslo_service/backend/_threading/loopingcall.py:125}}
May 18 12:08:11.286126 np0000000939 neutron-periodic-workers[91729]: DEBUG oslo.service.backend._threading.loopingcall [None req-e7631e82-8fa6-4d3f-b680-c297fe8d9e69 None None] Fixed interval looping call 'neutron.plugins.ml2.plugin.DhcpAgentSchedulerDbMixin.remove_networks_from_down_agents' sleeping for 37.00 seconds {{(pid=91729) _run_loop /opt/stack/data/venv/lib/python3.12/site-packages/oslo_service/backend/_threading/loopingcall.py:125}}
May 18 12:08:15.292038 np0000000939 neutron-periodic-workers[91744]: DEBUG dbcounter [-] [91744] Writing DB stats neutron:SELECT=1 {{(pid=91744) stat_writer /opt/stack/data/venv/lib/python3.12/site-packages/dbcounter.py:115}}
May 18 12:08:21.285547 np0000000939 neutron-periodic-workers[91729]: DEBUG dbcounter [-] [91729] Writing DB stats neutron:SELECT=3 {{(pid=91729) stat_writer /opt/stack/data/venv/lib/python3.12/site-packages/dbcounter.py:115}}
May 18 12:08:27.312963 np0000000939 neutron-periodic-workers[91751]: DEBUG dbcounter [-] [91751] Writer thread running {{(pid=91751) stat_writer /opt/stack/data/venv/lib/python3.12/site-packages/dbcounter.py:102}}
May 18 12:08:27.314878 np0000000939 neutron-periodic-workers[91751]: DEBUG oslo.service.backend._threading.loopingcall [None req-288b6438-09ef-4a26-8f78-8fb4d8517315 None None] Fixed interval looping call 'neutron.db.quota.driver_nolock.DbQuotaNoLockDriver._remove_expired_reservations' sleeping for 119.99 seconds {{(pid=91751) _run_loop /opt/stack/data/venv/lib/python3.12/site-packages/oslo_service/backend/_threading/loopingcall.py:125}}
May 18 12:08:37.313476 np0000000939 neutron-periodic-workers[91751]: DEBUG dbcounter [-] [91751] Writing DB stats neutron:DELETE=1 {{(pid=91751) stat_writer /opt/stack/data/venv/lib/python3.12/site-packages/dbcounter.py:115}}
May 18 12:08:42.296784 np0000000939 neutron-periodic-workers[91744]: DEBUG neutron.db.agents_db [None req-c6d8da0f-66d4-4d21-b3aa-39c911299870 None None] Agent healthcheck: found 0 active agents {{(pid=91744) agent_health_check /opt/stack/neutron/neutron/db/agents_db.py:322}}
May 18 12:08:42.297160 np0000000939 neutron-periodic-workers[91744]: DEBUG oslo.service.backend._threading.loopingcall [None req-c6d8da0f-66d4-4d21-b3aa-39c911299870 None None] Fixed interval looping call 'neutron.plugins.ml2.plugin.AgentDbMixin.agent_health_check' sleeping for 37.00 seconds {{(pid=91744) _run_loop /opt/stack/data/venv/lib/python3.12/site-packages/oslo_service/backend/_threading/loopingcall.py:125}}
May 18 12:08:48.292534 np0000000939 neutron-periodic-workers[91729]: DEBUG oslo.service.backend._threading.loopingcall [None req-e7631e82-8fa6-4d3f-b680-c297fe8d9e69 None None] Fixed interval looping call 'neutron.plugins.ml2.plugin.DhcpAgentSchedulerDbMixin.remove_networks_from_down_agents' sleeping for 36.99 seconds {{(pid=91729) _run_loop /opt/stack/data/venv/lib/python3.12/site-packages/oslo_service/backend/_threading/loopingcall.py:125}}
May 18 12:08:52.295763 np0000000939 neutron-periodic-workers[91744]: DEBUG dbcounter [-] [91744] Writing DB stats neutron:SELECT=1 {{(pid=91744) stat_writer /opt/stack/data/venv/lib/python3.12/site-packages/dbcounter.py:115}}
May 18 12:08:58.291763 np0000000939 neutron-periodic-workers[91729]: DEBUG dbcounter [-] [91729] Writing DB stats neutron:SELECT=3 {{(pid=91729) stat_writer /opt/stack/data/venv/lib/python3.12/site-packages/dbcounter.py:115}}
May 18 12:09:19.300562 np0000000939 neutron-periodic-workers[91744]: DEBUG neutron.db.agents_db [None req-c6d8da0f-66d4-4d21-b3aa-39c911299870 None None] Agent healthcheck: found 0 active agents {{(pid=91744) agent_health_check /opt/stack/neutron/neutron/db/agents_db.py:322}}
May 18 12:09:19.300997 np0000000939 neutron-periodic-workers[91744]: DEBUG oslo.service.backend._threading.loopingcall [None req-c6d8da0f-66d4-4d21-b3aa-39c911299870 None None] Fixed interval looping call 'neutron.plugins.ml2.plugin.AgentDbMixin.agent_health_check' sleeping for 37.00 seconds {{(pid=91744) _run_loop /opt/stack/data/venv/lib/python3.12/site-packages/oslo_service/backend/_threading/loopingcall.py:125}}
May 18 12:09:25.291232 np0000000939 neutron-periodic-workers[91729]: DEBUG oslo.service.backend._threading.loopingcall [None req-e7631e82-8fa6-4d3f-b680-c297fe8d9e69 None None] Fixed interval looping call 'neutron.plugins.ml2.plugin.DhcpAgentSchedulerDbMixin.remove_networks_from_down_agents' sleeping for 36.99 seconds {{(pid=91729) _run_loop /opt/stack/data/venv/lib/python3.12/site-packages/oslo_service/backend/_threading/loopingcall.py:125}}
May 18 12:09:29.299638 np0000000939 neutron-periodic-workers[91744]: DEBUG dbcounter [-] [91744] Writing DB stats neutron:SELECT=1 {{(pid=91744) stat_writer /opt/stack/data/venv/lib/python3.12/site-packages/dbcounter.py:115}}
May 18 12:09:35.289956 np0000000939 neutron-periodic-workers[91729]: DEBUG dbcounter [-] [91729] Writing DB stats neutron:SELECT=3 {{(pid=91729) stat_writer /opt/stack/data/venv/lib/python3.12/site-packages/dbcounter.py:115}}
May 18 12:09:56.305848 np0000000939 neutron-periodic-workers[91744]: DEBUG neutron.db.agents_db [None req-c6d8da0f-66d4-4d21-b3aa-39c911299870 None None] Agent healthcheck: found 0 active agents {{(pid=91744) agent_health_check /opt/stack/neutron/neutron/db/agents_db.py:322}}
May 18 12:09:56.306684 np0000000939 neutron-periodic-workers[91744]: DEBUG oslo.service.backend._threading.loopingcall [None req-c6d8da0f-66d4-4d21-b3aa-39c911299870 None None] Fixed interval looping call 'neutron.plugins.ml2.plugin.AgentDbMixin.agent_health_check' sleeping for 37.00 seconds {{(pid=91744) _run_loop /opt/stack/data/venv/lib/python3.12/site-packages/oslo_service/backend/_threading/loopingcall.py:125}}
May 18 12:10:02.288771 np0000000939 neutron-periodic-workers[91729]: DEBUG oslo.service.backend._threading.loopingcall [None req-e7631e82-8fa6-4d3f-b680-c297fe8d9e69 None None] Fixed interval looping call 'neutron.plugins.ml2.plugin.DhcpAgentSchedulerDbMixin.remove_networks_from_down_agents' sleeping for 36.99 seconds {{(pid=91729) _run_loop /opt/stack/data/venv/lib/python3.12/site-packages/oslo_service/backend/_threading/loopingcall.py:125}}
May 18 12:10:06.304318 np0000000939 neutron-periodic-workers[91744]: DEBUG dbcounter [-] [91744] Writing DB stats neutron:SELECT=1 {{(pid=91744) stat_writer /opt/stack/data/venv/lib/python3.12/site-packages/dbcounter.py:115}}
May 18 12:10:12.287483 np0000000939 neutron-periodic-workers[91729]: DEBUG dbcounter [-] [91729] Writing DB stats neutron:SELECT=3 {{(pid=91729) stat_writer /opt/stack/data/venv/lib/python3.12/site-packages/dbcounter.py:115}}
May 18 12:10:27.309672 np0000000939 neutron-periodic-workers[91751]: DEBUG oslo.service.backend._threading.loopingcall [None req-288b6438-09ef-4a26-8f78-8fb4d8517315 None None] Fixed interval looping call 'neutron.db.quota.driver_nolock.DbQuotaNoLockDriver._remove_expired_reservations' sleeping for 120.00 seconds {{(pid=91751) _run_loop /opt/stack/data/venv/lib/python3.12/site-packages/oslo_service/backend/_threading/loopingcall.py:125}}
May 18 12:10:33.312575 np0000000939 neutron-periodic-workers[91744]: DEBUG neutron.db.agents_db [None req-c6d8da0f-66d4-4d21-b3aa-39c911299870 None None] Agent healthcheck: found 0 active agents {{(pid=91744) agent_health_check /opt/stack/neutron/neutron/db/agents_db.py:322}}
May 18 12:10:33.313083 np0000000939 neutron-periodic-workers[91744]: DEBUG oslo.service.backend._threading.loopingcall [None req-c6d8da0f-66d4-4d21-b3aa-39c911299870 None None] Fixed interval looping call 'neutron.plugins.ml2.plugin.AgentDbMixin.agent_health_check' sleeping for 36.99 seconds {{(pid=91744) _run_loop /opt/stack/data/venv/lib/python3.12/site-packages/oslo_service/backend/_threading/loopingcall.py:125}}
May 18 12:10:37.308460 np0000000939 neutron-periodic-workers[91751]: DEBUG dbcounter [-] [91751] Writing DB stats neutron:DELETE=1 {{(pid=91751) stat_writer /opt/stack/data/venv/lib/python3.12/site-packages/dbcounter.py:115}}
May 18 12:10:39.286047 np0000000939 neutron-periodic-workers[91729]: DEBUG oslo.service.backend._threading.loopingcall [None req-e7631e82-8fa6-4d3f-b680-c297fe8d9e69 None None] Fixed interval looping call 'neutron.plugins.ml2.plugin.DhcpAgentSchedulerDbMixin.remove_networks_from_down_agents' sleeping for 36.99 seconds {{(pid=91729) _run_loop /opt/stack/data/venv/lib/python3.12/site-packages/oslo_service/backend/_threading/loopingcall.py:125}}
May 18 12:10:43.312216 np0000000939 neutron-periodic-workers[91744]: DEBUG dbcounter [-] [91744] Writing DB stats neutron:SELECT=1 {{(pid=91744) stat_writer /opt/stack/data/venv/lib/python3.12/site-packages/dbcounter.py:115}}
May 18 12:10:49.285189 np0000000939 neutron-periodic-workers[91729]: DEBUG dbcounter [-] [91729] Writing DB stats neutron:SELECT=3 {{(pid=91729) stat_writer /opt/stack/data/venv/lib/python3.12/site-packages/dbcounter.py:115}}
May 18 12:11:01.350159 np0000000939 neutron-periodic-workers[91757]: DEBUG dbcounter [-] [91757] Writer thread running {{(pid=91757) stat_writer /opt/stack/data/venv/lib/python3.12/site-packages/dbcounter.py:102}}
May 18 12:11:01.361061 np0000000939 neutron-periodic-workers[91757]: DEBUG oslo.service.backend._threading.loopingcall [None req-8ddb662a-6367-4252-860f-6b68ac2a8654 None None] Fixed interval looping call 'neutron.services.ovn_l3.plugin.L3_NAT_dbonly_mixin._clean_garbage' sleeping for 299.96 seconds {{(pid=91757) _run_loop /opt/stack/data/venv/lib/python3.12/site-packages/oslo_service/backend/_threading/loopingcall.py:125}}
May 18 12:11:10.308547 np0000000939 neutron-periodic-workers[91744]: DEBUG neutron.db.agents_db [None req-c6d8da0f-66d4-4d21-b3aa-39c911299870 None None] Agent healthcheck: found 0 active agents {{(pid=91744) agent_health_check /opt/stack/neutron/neutron/db/agents_db.py:322}}
May 18 12:11:10.308547 np0000000939 neutron-periodic-workers[91744]: DEBUG oslo.service.backend._threading.loopingcall [None req-c6d8da0f-66d4-4d21-b3aa-39c911299870 None None] Fixed interval looping call 'neutron.plugins.ml2.plugin.AgentDbMixin.agent_health_check' sleeping for 36.99 seconds {{(pid=91744) _run_loop /opt/stack/data/venv/lib/python3.12/site-packages/oslo_service/backend/_threading/loopingcall.py:125}}
May 18 12:11:11.350782 np0000000939 neutron-periodic-workers[91757]: DEBUG dbcounter [-] [91757] Writing DB stats neutron:SELECT=1 {{(pid=91757) stat_writer /opt/stack/data/venv/lib/python3.12/site-packages/dbcounter.py:115}}
May 18 12:11:16.284240 np0000000939 neutron-periodic-workers[91729]: DEBUG oslo.service.backend._threading.loopingcall [None req-e7631e82-8fa6-4d3f-b680-c297fe8d9e69 None None] Fixed interval looping call 'neutron.plugins.ml2.plugin.DhcpAgentSchedulerDbMixin.remove_networks_from_down_agents' sleeping for 36.99 seconds {{(pid=91729) _run_loop /opt/stack/data/venv/lib/python3.12/site-packages/oslo_service/backend/_threading/loopingcall.py:125}}
May 18 12:11:20.308580 np0000000939 neutron-periodic-workers[91744]: DEBUG dbcounter [-] [91744] Writing DB stats neutron:SELECT=1 {{(pid=91744) stat_writer /opt/stack/data/venv/lib/python3.12/site-packages/dbcounter.py:115}}
May 18 12:11:26.282782 np0000000939 neutron-periodic-workers[91729]: DEBUG dbcounter [-] [91729] Writing DB stats neutron:SELECT=3 {{(pid=91729) stat_writer /opt/stack/data/venv/lib/python3.12/site-packages/dbcounter.py:115}}
May 18 12:11:47.303695 np0000000939 neutron-periodic-workers[91744]: DEBUG neutron.db.agents_db [None req-c6d8da0f-66d4-4d21-b3aa-39c911299870 None None] Agent healthcheck: found 0 active agents {{(pid=91744) agent_health_check /opt/stack/neutron/neutron/db/agents_db.py:322}}
May 18 12:11:47.304245 np0000000939 neutron-periodic-workers[91744]: DEBUG oslo.service.backend._threading.loopingcall [None req-c6d8da0f-66d4-4d21-b3aa-39c911299870 None None] Fixed interval looping call 'neutron.plugins.ml2.plugin.AgentDbMixin.agent_health_check' sleeping for 36.99 seconds {{(pid=91744) _run_loop /opt/stack/data/venv/lib/python3.12/site-packages/oslo_service/backend/_threading/loopingcall.py:125}}
May 18 12:11:53.284057 np0000000939 neutron-periodic-workers[91729]: DEBUG oslo.service.backend._threading.loopingcall [None req-e7631e82-8fa6-4d3f-b680-c297fe8d9e69 None None] Fixed interval looping call 'neutron.plugins.ml2.plugin.DhcpAgentSchedulerDbMixin.remove_networks_from_down_agents' sleeping for 36.99 seconds {{(pid=91729) _run_loop /opt/stack/data/venv/lib/python3.12/site-packages/oslo_service/backend/_threading/loopingcall.py:125}}
May 18 12:11:57.302706 np0000000939 neutron-periodic-workers[91744]: DEBUG dbcounter [-] [91744] Writing DB stats neutron:SELECT=1 {{(pid=91744) stat_writer /opt/stack/data/venv/lib/python3.12/site-packages/dbcounter.py:115}}
May 18 12:12:03.284518 np0000000939 neutron-periodic-workers[91729]: DEBUG dbcounter [-] [91729] Writing DB stats neutron:SELECT=3 {{(pid=91729) stat_writer /opt/stack/data/venv/lib/python3.12/site-packages/dbcounter.py:115}}
May 18 12:12:24.302559 np0000000939 neutron-periodic-workers[91744]: DEBUG neutron.db.agents_db [None req-c6d8da0f-66d4-4d21-b3aa-39c911299870 None None] Agent healthcheck: found 0 active agents {{(pid=91744) agent_health_check /opt/stack/neutron/neutron/db/agents_db.py:322}}
May 18 12:12:24.302893 np0000000939 neutron-periodic-workers[91744]: DEBUG oslo.service.backend._threading.loopingcall [None req-c6d8da0f-66d4-4d21-b3aa-39c911299870 None None] Fixed interval looping call 'neutron.plugins.ml2.plugin.AgentDbMixin.agent_health_check' sleeping for 36.99 seconds {{(pid=91744) _run_loop /opt/stack/data/venv/lib/python3.12/site-packages/oslo_service/backend/_threading/loopingcall.py:125}}
May 18 12:12:27.316029 np0000000939 neutron-periodic-workers[91751]: DEBUG oslo.service.backend._threading.loopingcall [None req-288b6438-09ef-4a26-8f78-8fb4d8517315 None None] Fixed interval looping call 'neutron.db.quota.driver_nolock.DbQuotaNoLockDriver._remove_expired_reservations' sleeping for 119.99 seconds {{(pid=91751) _run_loop /opt/stack/data/venv/lib/python3.12/site-packages/oslo_service/backend/_threading/loopingcall.py:125}}
May 18 12:12:30.286745 np0000000939 neutron-periodic-workers[91729]: DEBUG oslo.service.backend._threading.loopingcall [None req-e7631e82-8fa6-4d3f-b680-c297fe8d9e69 None None] Fixed interval looping call 'neutron.plugins.ml2.plugin.DhcpAgentSchedulerDbMixin.remove_networks_from_down_agents' sleeping for 36.99 seconds {{(pid=91729) _run_loop /opt/stack/data/venv/lib/python3.12/site-packages/oslo_service/backend/_threading/loopingcall.py:125}}
May 18 12:12:34.301567 np0000000939 neutron-periodic-workers[91744]: DEBUG dbcounter [-] [91744] Writing DB stats neutron:SELECT=1 {{(pid=91744) stat_writer /opt/stack/data/venv/lib/python3.12/site-packages/dbcounter.py:115}}
May 18 12:12:37.316314 np0000000939 neutron-periodic-workers[91751]: DEBUG dbcounter [-] [91751] Writing DB stats neutron:DELETE=1 {{(pid=91751) stat_writer /opt/stack/data/venv/lib/python3.12/site-packages/dbcounter.py:115}}
May 18 12:12:40.284616 np0000000939 neutron-periodic-workers[91729]: DEBUG dbcounter [-] [91729] Writing DB stats neutron:SELECT=3 {{(pid=91729) stat_writer /opt/stack/data/venv/lib/python3.12/site-packages/dbcounter.py:115}}
May 18 12:13:01.296555 np0000000939 neutron-periodic-workers[91744]: DEBUG neutron.db.agents_db [None req-c6d8da0f-66d4-4d21-b3aa-39c911299870 None None] Agent healthcheck: found 0 active agents {{(pid=91744) agent_health_check /opt/stack/neutron/neutron/db/agents_db.py:322}}
May 18 12:13:01.296912 np0000000939 neutron-periodic-workers[91744]: DEBUG oslo.service.backend._threading.loopingcall [None req-c6d8da0f-66d4-4d21-b3aa-39c911299870 None None] Fixed interval looping call 'neutron.plugins.ml2.plugin.AgentDbMixin.agent_health_check' sleeping for 37.00 seconds {{(pid=91744) _run_loop /opt/stack/data/venv/lib/python3.12/site-packages/oslo_service/backend/_threading/loopingcall.py:125}}
May 18 12:13:07.301378 np0000000939 neutron-periodic-workers[91729]: DEBUG oslo.service.backend._threading.loopingcall [None req-e7631e82-8fa6-4d3f-b680-c297fe8d9e69 None None] Fixed interval looping call 'neutron.plugins.ml2.plugin.DhcpAgentSchedulerDbMixin.remove_networks_from_down_agents' sleeping for 36.98 seconds {{(pid=91729) _run_loop /opt/stack/data/venv/lib/python3.12/site-packages/oslo_service/backend/_threading/loopingcall.py:125}}
May 18 12:13:11.298254 np0000000939 neutron-periodic-workers[91744]: DEBUG dbcounter [-] [91744] Writing DB stats neutron:SELECT=1 {{(pid=91744) stat_writer /opt/stack/data/venv/lib/python3.12/site-packages/dbcounter.py:115}}
May 18 12:13:17.295165 np0000000939 neutron-periodic-workers[91729]: DEBUG dbcounter [-] [91729] Writing DB stats neutron:SELECT=3 {{(pid=91729) stat_writer /opt/stack/data/venv/lib/python3.12/site-packages/dbcounter.py:115}}
May 18 12:13:38.304814 np0000000939 neutron-periodic-workers[91744]: DEBUG neutron.db.agents_db [None req-c6d8da0f-66d4-4d21-b3aa-39c911299870 None None] Agent healthcheck: found 0 active agents {{(pid=91744) agent_health_check /opt/stack/neutron/neutron/db/agents_db.py:322}}
May 18 12:13:38.304814 np0000000939 neutron-periodic-workers[91744]: DEBUG oslo.service.backend._threading.loopingcall [None req-c6d8da0f-66d4-4d21-b3aa-39c911299870 None None] Fixed interval looping call 'neutron.plugins.ml2.plugin.AgentDbMixin.agent_health_check' sleeping for 36.99 seconds {{(pid=91744) _run_loop /opt/stack/data/venv/lib/python3.12/site-packages/oslo_service/backend/_threading/loopingcall.py:125}}
May 18 12:13:44.287041 np0000000939 neutron-periodic-workers[91729]: DEBUG oslo.service.backend._threading.loopingcall [None req-e7631e82-8fa6-4d3f-b680-c297fe8d9e69 None None] Fixed interval looping call 'neutron.plugins.ml2.plugin.DhcpAgentSchedulerDbMixin.remove_networks_from_down_agents' sleeping for 36.99 seconds {{(pid=91729) _run_loop /opt/stack/data/venv/lib/python3.12/site-packages/oslo_service/backend/_threading/loopingcall.py:125}}
May 18 12:13:48.300995 np0000000939 neutron-periodic-workers[91744]: DEBUG dbcounter [-] [91744] Writing DB stats neutron:SELECT=1 {{(pid=91744) stat_writer /opt/stack/data/venv/lib/python3.12/site-packages/dbcounter.py:115}}
May 18 12:13:54.286414 np0000000939 neutron-periodic-workers[91729]: DEBUG dbcounter [-] [91729] Writing DB stats neutron:SELECT=3 {{(pid=91729) stat_writer /opt/stack/data/venv/lib/python3.12/site-packages/dbcounter.py:115}}
May 18 12:14:15.301266 np0000000939 neutron-periodic-workers[91744]: DEBUG neutron.db.agents_db [None req-c6d8da0f-66d4-4d21-b3aa-39c911299870 None None] Agent healthcheck: found 0 active agents {{(pid=91744) agent_health_check /opt/stack/neutron/neutron/db/agents_db.py:322}}
May 18 12:14:15.301743 np0000000939 neutron-periodic-workers[91744]: DEBUG oslo.service.backend._threading.loopingcall [None req-c6d8da0f-66d4-4d21-b3aa-39c911299870 None None] Fixed interval looping call 'neutron.plugins.ml2.plugin.AgentDbMixin.agent_health_check' sleeping for 36.99 seconds {{(pid=91744) _run_loop /opt/stack/data/venv/lib/python3.12/site-packages/oslo_service/backend/_threading/loopingcall.py:125}}
May 18 12:14:21.282865 np0000000939 neutron-periodic-workers[91729]: DEBUG oslo.service.backend._threading.loopingcall [None req-e7631e82-8fa6-4d3f-b680-c297fe8d9e69 None None] Fixed interval looping call 'neutron.plugins.ml2.plugin.DhcpAgentSchedulerDbMixin.remove_networks_from_down_agents' sleeping for 36.99 seconds {{(pid=91729) _run_loop /opt/stack/data/venv/lib/python3.12/site-packages/oslo_service/backend/_threading/loopingcall.py:125}}
May 18 12:14:25.301546 np0000000939 neutron-periodic-workers[91744]: DEBUG dbcounter [-] [91744] Writing DB stats neutron:SELECT=1 {{(pid=91744) stat_writer /opt/stack/data/venv/lib/python3.12/site-packages/dbcounter.py:115}}
May 18 12:14:27.310752 np0000000939 neutron-periodic-workers[91751]: DEBUG oslo.service.backend._threading.loopingcall [None req-288b6438-09ef-4a26-8f78-8fb4d8517315 None None] Fixed interval looping call 'neutron.db.quota.driver_nolock.DbQuotaNoLockDriver._remove_expired_reservations' sleeping for 120.00 seconds {{(pid=91751) _run_loop /opt/stack/data/venv/lib/python3.12/site-packages/oslo_service/backend/_threading/loopingcall.py:125}}
May 18 12:14:31.282676 np0000000939 neutron-periodic-workers[91729]: DEBUG dbcounter [-] [91729] Writing DB stats neutron:SELECT=3 {{(pid=91729) stat_writer /opt/stack/data/venv/lib/python3.12/site-packages/dbcounter.py:115}}
May 18 12:14:37.308528 np0000000939 neutron-periodic-workers[91751]: DEBUG dbcounter [-] [91751] Writing DB stats neutron:DELETE=1 {{(pid=91751) stat_writer /opt/stack/data/venv/lib/python3.12/site-packages/dbcounter.py:115}}
May 18 12:14:52.295128 np0000000939 neutron-periodic-workers[91744]: DEBUG neutron.db.agents_db [None req-c6d8da0f-66d4-4d21-b3aa-39c911299870 None None] Agent healthcheck: found 0 active agents {{(pid=91744) agent_health_check /opt/stack/neutron/neutron/db/agents_db.py:322}}
May 18 12:14:52.295446 np0000000939 neutron-periodic-workers[91744]: DEBUG oslo.service.backend._threading.loopingcall [None req-c6d8da0f-66d4-4d21-b3aa-39c911299870 None None] Fixed interval looping call 'neutron.plugins.ml2.plugin.AgentDbMixin.agent_health_check' sleeping for 37.00 seconds {{(pid=91744) _run_loop /opt/stack/data/venv/lib/python3.12/site-packages/oslo_service/backend/_threading/loopingcall.py:125}}
May 18 12:14:58.282825 np0000000939 neutron-periodic-workers[91729]: DEBUG oslo.service.backend._threading.loopingcall [None req-e7631e82-8fa6-4d3f-b680-c297fe8d9e69 None None] Fixed interval looping call 'neutron.plugins.ml2.plugin.DhcpAgentSchedulerDbMixin.remove_networks_from_down_agents' sleeping for 36.99 seconds {{(pid=91729) _run_loop /opt/stack/data/venv/lib/python3.12/site-packages/oslo_service/backend/_threading/loopingcall.py:125}}
May 18 12:15:02.294187 np0000000939 neutron-periodic-workers[91744]: DEBUG dbcounter [-] [91744] Writing DB stats neutron:SELECT=1 {{(pid=91744) stat_writer /opt/stack/data/venv/lib/python3.12/site-packages/dbcounter.py:115}}
May 18 12:15:08.281540 np0000000939 neutron-periodic-workers[91729]: DEBUG dbcounter [-] [91729] Writing DB stats neutron:SELECT=3 {{(pid=91729) stat_writer /opt/stack/data/venv/lib/python3.12/site-packages/dbcounter.py:115}}
May 18 12:15:29.299130 np0000000939 neutron-periodic-workers[91744]: DEBUG neutron.db.agents_db [None req-c6d8da0f-66d4-4d21-b3aa-39c911299870 None None] Agent healthcheck: found 0 active agents {{(pid=91744) agent_health_check /opt/stack/neutron/neutron/db/agents_db.py:322}}
May 18 12:15:29.299615 np0000000939 neutron-periodic-workers[91744]: DEBUG oslo.service.backend._threading.loopingcall [None req-c6d8da0f-66d4-4d21-b3aa-39c911299870 None None] Fixed interval looping call 'neutron.plugins.ml2.plugin.AgentDbMixin.agent_health_check' sleeping for 37.00 seconds {{(pid=91744) _run_loop /opt/stack/data/venv/lib/python3.12/site-packages/oslo_service/backend/_threading/loopingcall.py:125}}
May 18 12:15:35.282105 np0000000939 neutron-periodic-workers[91729]: DEBUG oslo.service.backend._threading.loopingcall [None req-e7631e82-8fa6-4d3f-b680-c297fe8d9e69 None None] Fixed interval looping call 'neutron.plugins.ml2.plugin.DhcpAgentSchedulerDbMixin.remove_networks_from_down_agents' sleeping for 36.99 seconds {{(pid=91729) _run_loop /opt/stack/data/venv/lib/python3.12/site-packages/oslo_service/backend/_threading/loopingcall.py:125}}
May 18 12:15:39.298045 np0000000939 neutron-periodic-workers[91744]: DEBUG dbcounter [-] [91744] Writing DB stats neutron:SELECT=1 {{(pid=91744) stat_writer /opt/stack/data/venv/lib/python3.12/site-packages/dbcounter.py:115}}
May 18 12:15:45.282847 np0000000939 neutron-periodic-workers[91729]: DEBUG dbcounter [-] [91729] Writing DB stats neutron:SELECT=3 {{(pid=91729) stat_writer /opt/stack/data/venv/lib/python3.12/site-packages/dbcounter.py:115}}
May 18 12:16:01.338676 np0000000939 neutron-periodic-workers[91757]: DEBUG oslo.service.backend._threading.loopingcall [None req-8ddb662a-6367-4252-860f-6b68ac2a8654 None None] Fixed interval looping call 'neutron.services.ovn_l3.plugin.L3_NAT_dbonly_mixin._clean_garbage' sleeping for 299.98 seconds {{(pid=91757) _run_loop /opt/stack/data/venv/lib/python3.12/site-packages/oslo_service/backend/_threading/loopingcall.py:125}}
May 18 12:16:06.303267 np0000000939 neutron-periodic-workers[91744]: DEBUG neutron.db.agents_db [None req-c6d8da0f-66d4-4d21-b3aa-39c911299870 None None] Agent healthcheck: found 0 active agents {{(pid=91744) agent_health_check /opt/stack/neutron/neutron/db/agents_db.py:322}}
May 18 12:16:06.303682 np0000000939 neutron-periodic-workers[91744]: DEBUG oslo.service.backend._threading.loopingcall [None req-c6d8da0f-66d4-4d21-b3aa-39c911299870 None None] Fixed interval looping call 'neutron.plugins.ml2.plugin.AgentDbMixin.agent_health_check' sleeping for 37.00 seconds {{(pid=91744) _run_loop /opt/stack/data/venv/lib/python3.12/site-packages/oslo_service/backend/_threading/loopingcall.py:125}}
May 18 12:16:11.326069 np0000000939 neutron-periodic-workers[91757]: DEBUG dbcounter [-] [91757] Writing DB stats neutron:SELECT=1 {{(pid=91757) stat_writer /opt/stack/data/venv/lib/python3.12/site-packages/dbcounter.py:115}}
May 18 12:16:12.286072 np0000000939 neutron-periodic-workers[91729]: DEBUG oslo.service.backend._threading.loopingcall [None req-e7631e82-8fa6-4d3f-b680-c297fe8d9e69 None None] Fixed interval looping call 'neutron.plugins.ml2.plugin.DhcpAgentSchedulerDbMixin.remove_networks_from_down_agents' sleeping for 36.99 seconds {{(pid=91729) _run_loop /opt/stack/data/venv/lib/python3.12/site-packages/oslo_service/backend/_threading/loopingcall.py:125}}
May 18 12:16:16.302425 np0000000939 neutron-periodic-workers[91744]: DEBUG dbcounter [-] [91744] Writing DB stats neutron:SELECT=1 {{(pid=91744) stat_writer /opt/stack/data/venv/lib/python3.12/site-packages/dbcounter.py:115}}
May 18 12:16:22.284974 np0000000939 neutron-periodic-workers[91729]: DEBUG dbcounter [-] [91729] Writing DB stats neutron:SELECT=3 {{(pid=91729) stat_writer /opt/stack/data/venv/lib/python3.12/site-packages/dbcounter.py:115}}
May 18 12:16:27.315603 np0000000939 neutron-periodic-workers[91751]: DEBUG oslo.service.backend._threading.loopingcall [None req-288b6438-09ef-4a26-8f78-8fb4d8517315 None None] Fixed interval looping call 'neutron.db.quota.driver_nolock.DbQuotaNoLockDriver._remove_expired_reservations' sleeping for 120.00 seconds {{(pid=91751) _run_loop /opt/stack/data/venv/lib/python3.12/site-packages/oslo_service/backend/_threading/loopingcall.py:125}}
May 18 12:16:37.313180 np0000000939 neutron-periodic-workers[91751]: DEBUG dbcounter [-] [91751] Writing DB stats neutron:DELETE=1 {{(pid=91751) stat_writer /opt/stack/data/venv/lib/python3.12/site-packages/dbcounter.py:115}}
May 18 12:16:43.310070 np0000000939 neutron-periodic-workers[91744]: DEBUG neutron.db.agents_db [None req-c6d8da0f-66d4-4d21-b3aa-39c911299870 None None] Agent healthcheck: found 0 active agents {{(pid=91744) agent_health_check /opt/stack/neutron/neutron/db/agents_db.py:322}}
May 18 12:16:43.310530 np0000000939 neutron-periodic-workers[91744]: DEBUG oslo.service.backend._threading.loopingcall [None req-c6d8da0f-66d4-4d21-b3aa-39c911299870 None None] Fixed interval looping call 'neutron.plugins.ml2.plugin.AgentDbMixin.agent_health_check' sleeping for 36.99 seconds {{(pid=91744) _run_loop /opt/stack/data/venv/lib/python3.12/site-packages/oslo_service/backend/_threading/loopingcall.py:125}}
May 18 12:16:49.289431 np0000000939 neutron-periodic-workers[91729]: DEBUG oslo.service.backend._threading.loopingcall [None req-e7631e82-8fa6-4d3f-b680-c297fe8d9e69 None None] Fixed interval looping call 'neutron.plugins.ml2.plugin.DhcpAgentSchedulerDbMixin.remove_networks_from_down_agents' sleeping for 36.99 seconds {{(pid=91729) _run_loop /opt/stack/data/venv/lib/python3.12/site-packages/oslo_service/backend/_threading/loopingcall.py:125}}
May 18 12:16:53.308023 np0000000939 neutron-periodic-workers[91744]: DEBUG dbcounter [-] [91744] Writing DB stats neutron:SELECT=1 {{(pid=91744) stat_writer /opt/stack/data/venv/lib/python3.12/site-packages/dbcounter.py:115}}
May 18 12:16:59.287871 np0000000939 neutron-periodic-workers[91729]: DEBUG dbcounter [-] [91729] Writing DB stats neutron:SELECT=3 {{(pid=91729) stat_writer /opt/stack/data/venv/lib/python3.12/site-packages/dbcounter.py:115}}
May 18 12:17:20.309188 np0000000939 neutron-periodic-workers[91744]: DEBUG neutron.db.agents_db [None req-c6d8da0f-66d4-4d21-b3aa-39c911299870 None None] Agent healthcheck: found 0 active agents {{(pid=91744) agent_health_check /opt/stack/neutron/neutron/db/agents_db.py:322}}
May 18 12:17:20.309615 np0000000939 neutron-periodic-workers[91744]: DEBUG oslo.service.backend._threading.loopingcall [None req-c6d8da0f-66d4-4d21-b3aa-39c911299870 None None] Fixed interval looping call 'neutron.plugins.ml2.plugin.AgentDbMixin.agent_health_check' sleeping for 36.99 seconds {{(pid=91744) _run_loop /opt/stack/data/venv/lib/python3.12/site-packages/oslo_service/backend/_threading/loopingcall.py:125}}
May 18 12:17:26.287997 np0000000939 neutron-periodic-workers[91729]: DEBUG oslo.service.backend._threading.loopingcall [None req-e7631e82-8fa6-4d3f-b680-c297fe8d9e69 None None] Fixed interval looping call 'neutron.plugins.ml2.plugin.DhcpAgentSchedulerDbMixin.remove_networks_from_down_agents' sleeping for 36.99 seconds {{(pid=91729) _run_loop /opt/stack/data/venv/lib/python3.12/site-packages/oslo_service/backend/_threading/loopingcall.py:125}}
May 18 12:17:30.309023 np0000000939 neutron-periodic-workers[91744]: DEBUG dbcounter [-] [91744] Writing DB stats neutron:SELECT=1 {{(pid=91744) stat_writer /opt/stack/data/venv/lib/python3.12/site-packages/dbcounter.py:115}}
May 18 12:17:36.286808 np0000000939 neutron-periodic-workers[91729]: DEBUG dbcounter [-] [91729] Writing DB stats neutron:SELECT=3 {{(pid=91729) stat_writer /opt/stack/data/venv/lib/python3.12/site-packages/dbcounter.py:115}}
May 18 12:17:57.308667 np0000000939 neutron-periodic-workers[91744]: DEBUG neutron.db.agents_db [None req-c6d8da0f-66d4-4d21-b3aa-39c911299870 None None] Agent healthcheck: found 0 active agents {{(pid=91744) agent_health_check /opt/stack/neutron/neutron/db/agents_db.py:322}}
May 18 12:17:57.309013 np0000000939 neutron-periodic-workers[91744]: DEBUG oslo.service.backend._threading.loopingcall [None req-c6d8da0f-66d4-4d21-b3aa-39c911299870 None None] Fixed interval looping call 'neutron.plugins.ml2.plugin.AgentDbMixin.agent_health_check' sleeping for 36.99 seconds {{(pid=91744) _run_loop /opt/stack/data/venv/lib/python3.12/site-packages/oslo_service/backend/_threading/loopingcall.py:125}}
May 18 12:18:03.285560 np0000000939 neutron-periodic-workers[91729]: DEBUG oslo.service.backend._threading.loopingcall [None req-e7631e82-8fa6-4d3f-b680-c297fe8d9e69 None None] Fixed interval looping call 'neutron.plugins.ml2.plugin.DhcpAgentSchedulerDbMixin.remove_networks_from_down_agents' sleeping for 36.99 seconds {{(pid=91729) _run_loop /opt/stack/data/venv/lib/python3.12/site-packages/oslo_service/backend/_threading/loopingcall.py:125}}
May 18 12:18:07.303720 np0000000939 neutron-periodic-workers[91744]: DEBUG dbcounter [-] [91744] Writing DB stats neutron:SELECT=1 {{(pid=91744) stat_writer /opt/stack/data/venv/lib/python3.12/site-packages/dbcounter.py:115}}
May 18 12:18:13.284556 np0000000939 neutron-periodic-workers[91729]: DEBUG dbcounter [-] [91729] Writing DB stats neutron:SELECT=3 {{(pid=91729) stat_writer /opt/stack/data/venv/lib/python3.12/site-packages/dbcounter.py:115}}
May 18 12:18:27.317383 np0000000939 neutron-periodic-workers[91751]: DEBUG oslo.service.backend._threading.loopingcall [None req-288b6438-09ef-4a26-8f78-8fb4d8517315 None None] Fixed interval looping call 'neutron.db.quota.driver_nolock.DbQuotaNoLockDriver._remove_expired_reservations' sleeping for 120.00 seconds {{(pid=91751) _run_loop /opt/stack/data/venv/lib/python3.12/site-packages/oslo_service/backend/_threading/loopingcall.py:125}}
May 18 12:18:34.303326 np0000000939 neutron-periodic-workers[91744]: DEBUG neutron.db.agents_db [None req-c6d8da0f-66d4-4d21-b3aa-39c911299870 None None] Agent healthcheck: found 0 active agents {{(pid=91744) agent_health_check /opt/stack/neutron/neutron/db/agents_db.py:322}}
May 18 12:18:34.303692 np0000000939 neutron-periodic-workers[91744]: DEBUG oslo.service.backend._threading.loopingcall [None req-c6d8da0f-66d4-4d21-b3aa-39c911299870 None None] Fixed interval looping call 'neutron.plugins.ml2.plugin.AgentDbMixin.agent_health_check' sleeping for 37.00 seconds {{(pid=91744) _run_loop /opt/stack/data/venv/lib/python3.12/site-packages/oslo_service/backend/_threading/loopingcall.py:125}}
May 18 12:18:37.316603 np0000000939 neutron-periodic-workers[91751]: DEBUG dbcounter [-] [91751] Writing DB stats neutron:DELETE=1 {{(pid=91751) stat_writer /opt/stack/data/venv/lib/python3.12/site-packages/dbcounter.py:115}}
May 18 12:18:40.286243 np0000000939 neutron-periodic-workers[91729]: DEBUG oslo.service.backend._threading.loopingcall [None req-e7631e82-8fa6-4d3f-b680-c297fe8d9e69 None None] Fixed interval looping call 'neutron.plugins.ml2.plugin.DhcpAgentSchedulerDbMixin.remove_networks_from_down_agents' sleeping for 36.99 seconds {{(pid=91729) _run_loop /opt/stack/data/venv/lib/python3.12/site-packages/oslo_service/backend/_threading/loopingcall.py:125}}
May 18 12:18:44.301742 np0000000939 neutron-periodic-workers[91744]: DEBUG dbcounter [-] [91744] Writing DB stats neutron:SELECT=1 {{(pid=91744) stat_writer /opt/stack/data/venv/lib/python3.12/site-packages/dbcounter.py:115}}
May 18 12:18:50.284877 np0000000939 neutron-periodic-workers[91729]: DEBUG dbcounter [-] [91729] Writing DB stats neutron:SELECT=3 {{(pid=91729) stat_writer /opt/stack/data/venv/lib/python3.12/site-packages/dbcounter.py:115}}
May 18 12:19:11.308776 np0000000939 neutron-periodic-workers[91744]: DEBUG neutron.db.agents_db [None req-c6d8da0f-66d4-4d21-b3aa-39c911299870 None None] Agent healthcheck: found 0 active agents {{(pid=91744) agent_health_check /opt/stack/neutron/neutron/db/agents_db.py:322}}
May 18 12:19:11.308776 np0000000939 neutron-periodic-workers[91744]: DEBUG oslo.service.backend._threading.loopingcall [None req-c6d8da0f-66d4-4d21-b3aa-39c911299870 None None] Fixed interval looping call 'neutron.plugins.ml2.plugin.AgentDbMixin.agent_health_check' sleeping for 37.00 seconds {{(pid=91744) _run_loop /opt/stack/data/venv/lib/python3.12/site-packages/oslo_service/backend/_threading/loopingcall.py:125}}
May 18 12:19:17.285914 np0000000939 neutron-periodic-workers[91729]: DEBUG oslo.service.backend._threading.loopingcall [None req-e7631e82-8fa6-4d3f-b680-c297fe8d9e69 None None] Fixed interval looping call 'neutron.plugins.ml2.plugin.DhcpAgentSchedulerDbMixin.remove_networks_from_down_agents' sleeping for 36.99 seconds {{(pid=91729) _run_loop /opt/stack/data/venv/lib/python3.12/site-packages/oslo_service/backend/_threading/loopingcall.py:125}}
May 18 12:19:21.308961 np0000000939 neutron-periodic-workers[91744]: DEBUG dbcounter [-] [91744] Writing DB stats neutron:SELECT=1 {{(pid=91744) stat_writer /opt/stack/data/venv/lib/python3.12/site-packages/dbcounter.py:115}}
May 18 12:19:27.283438 np0000000939 neutron-periodic-workers[91729]: DEBUG dbcounter [-] [91729] Writing DB stats neutron:SELECT=3 {{(pid=91729) stat_writer /opt/stack/data/venv/lib/python3.12/site-packages/dbcounter.py:115}}
May 18 12:19:48.318804 np0000000939 neutron-periodic-workers[91744]: DEBUG neutron.db.agents_db [None req-c6d8da0f-66d4-4d21-b3aa-39c911299870 None None] Agent healthcheck: found 0 active agents {{(pid=91744) agent_health_check /opt/stack/neutron/neutron/db/agents_db.py:322}}
