Jun 12 23:23:38.199615 np0000002759 devstack@g-api.service[101945]: DEBUG glance_store.location [-] Registering scheme swift+config with {'store': , 'location_class': , 'store_entry': 'swift'} {{(pid=101945) register_scheme_map /opt/stack/data/venv/lib/python3.12/site-packages/glance_store/location.py:146}}
Jun 12 23:23:38.199676 np0000002759 devstack@g-api.service[101945]: DEBUG glance_store.backend [-] Attempting to import store file {{(pid=101945) _load_store /opt/stack/data/venv/lib/python3.12/site-packages/glance_store/backend.py:215}}
Jun 12 23:23:38.200207 np0000002759 devstack@g-api.service[101945]: DEBUG glance_store.capabilities [-] Store glance_store._drivers.filesystem.Store doesn't support updating dynamic storage capabilities. Please overwrite 'update_capabilities' method of the store to implement updating logics if needed. {{(pid=101945) update_capabilities /opt/stack/data/venv/lib/python3.12/site-packages/glance_store/capabilities.py:91}}
Jun 12 23:23:38.200266 np0000002759 devstack@g-api.service[101945]: DEBUG glance_store.backend [-] Registering store file with schemes ('file', 'filesystem') {{(pid=101945) create_stores /opt/stack/data/venv/lib/python3.12/site-packages/glance_store/backend.py:261}}
Jun 12 23:23:38.200483 np0000002759 devstack@g-api.service[101945]: DEBUG glance_store.driver [-] Late loading location class glance_store._drivers.filesystem.StoreLocation {{(pid=101945) get_store_location_class /opt/stack/data/venv/lib/python3.12/site-packages/glance_store/driver.py:134}}
Jun 12 23:23:38.200483 np0000002759 devstack@g-api.service[101945]: DEBUG glance_store.location [-] Registering scheme file with {'store': , 'location_class': , 'store_entry': 'file'} {{(pid=101945) register_scheme_map /opt/stack/data/venv/lib/python3.12/site-packages/glance_store/location.py:146}}
Jun 12 23:23:38.200483 np0000002759 devstack@g-api.service[101945]: DEBUG glance_store.location [-] Registering scheme filesystem with {'store': , 'location_class': , 'store_entry': 'file'} {{(pid=101945) register_scheme_map /opt/stack/data/venv/lib/python3.12/site-packages/glance_store/location.py:146}}
Jun 12 23:23:38.200578 np0000002759 devstack@g-api.service[101945]: DEBUG glance_store.backend [-] Attempting to import store http {{(pid=101945) _load_store /opt/stack/data/venv/lib/python3.12/site-packages/glance_store/backend.py:215}}
Jun 12 23:23:38.200724 np0000002759 devstack@g-api.service[101945]: DEBUG glance_store.capabilities [-] Store glance_store._drivers.http.Store doesn't support updating dynamic storage capabilities. Please overwrite 'update_capabilities' method of the store to implement updating logics if needed. {{(pid=101945) update_capabilities /opt/stack/data/venv/lib/python3.12/site-packages/glance_store/capabilities.py:91}}
Jun 12 23:23:38.200777 np0000002759 devstack@g-api.service[101945]: DEBUG glance_store.backend [-] Registering store http with schemes ('http', 'https') {{(pid=101945) create_stores /opt/stack/data/venv/lib/python3.12/site-packages/glance_store/backend.py:261}}
Jun 12 23:23:38.200829 np0000002759 devstack@g-api.service[101945]: DEBUG glance_store.driver [-] Late loading location class glance_store._drivers.http.StoreLocation {{(pid=101945) get_store_location_class /opt/stack/data/venv/lib/python3.12/site-packages/glance_store/driver.py:134}}
Jun 12 23:23:38.200977 np0000002759 devstack@g-api.service[101945]: DEBUG glance_store.location [-] Registering scheme http with {'store': , 'location_class': , 'store_entry': 'http'} {{(pid=101945) register_scheme_map /opt/stack/data/venv/lib/python3.12/site-packages/glance_store/location.py:146}}
Jun 12 23:23:38.200977 np0000002759 devstack@g-api.service[101945]: DEBUG glance_store.location [-] Registering scheme https with {'store': , 'location_class': , 'store_entry': 'http'} {{(pid=101945) register_scheme_map /opt/stack/data/venv/lib/python3.12/site-packages/glance_store/location.py:146}}
Jun 12 23:23:38.201078 np0000002759 devstack@g-api.service[101945]: DEBUG glance_store.backend [-] Attempting to import store swift {{(pid=101945) _load_store /opt/stack/data/venv/lib/python3.12/site-packages/glance_store/backend.py:215}}
Jun 12 23:23:38.202151 np0000002759 devstack@g-api.service[101945]: DEBUG glance_store.capabilities [-] Store glance_store._drivers.swift.store.SingleTenantStore doesn't support updating dynamic storage capabilities. Please overwrite 'update_capabilities' method of the store to implement updating logics if needed. {{(pid=101945) update_capabilities /opt/stack/data/venv/lib/python3.12/site-packages/glance_store/capabilities.py:91}}
Jun 12 23:23:38.202202 np0000002759 devstack@g-api.service[101945]: DEBUG glance_store.driver [-] Late loading location class glance_store._drivers.swift.store.StoreLocation {{(pid=101945) get_store_location_class /opt/stack/data/venv/lib/python3.12/site-packages/glance_store/driver.py:134}}
Jun 12 23:23:38.202272 np0000002759 devstack@g-api.service[101945]: DEBUG glance_store.location [-] Registering scheme swift+https with {'store': , 'location_class': , 'store_entry': 'swift'} {{(pid=101945) register_scheme_map /opt/stack/data/venv/lib/python3.12/site-packages/glance_store/location.py:146}}
Jun 12 23:23:38.202327 np0000002759 devstack@g-api.service[101945]: DEBUG glance_store.location [-] Registering scheme swift+https with {'store': , 'location_class': , 'store_entry': 'swift'} {{(pid=101945) register_scheme_map /opt/stack/data/venv/lib/python3.12/site-packages/glance_store/location.py:146}}
Jun 12 23:23:38.202376 np0000002759 devstack@g-api.service[101945]: DEBUG glance_store.location [-] Registering scheme swift with {'store': , 'location_class': , 'store_entry': 'swift'} {{(pid=101945) register_scheme_map /opt/stack/data/venv/lib/python3.12/site-packages/glance_store/location.py:146}}
Jun 12 23:23:38.202427 np0000002759 devstack@g-api.service[101945]: DEBUG glance_store.location [-] Registering scheme swift+https with {'store': , 'location_class': , 'store_entry': 'swift'} {{(pid=101945) register_scheme_map /opt/stack/data/venv/lib/python3.12/site-packages/glance_store/location.py:146}}
Jun 12 23:23:38.202474 np0000002759 devstack@g-api.service[101945]: DEBUG glance_store.location [-] Registering scheme swift with {'store': , 'location_class': , 'store_entry': 'swift'} {{(pid=101945) register_scheme_map /opt/stack/data/venv/lib/python3.12/site-packages/glance_store/location.py:146}}
Jun 12 23:23:38.202523 np0000002759 devstack@g-api.service[101945]: DEBUG glance_store.location [-] Registering scheme swift+http with {'store': , 'location_class': , 'store_entry': 'swift'} {{(pid=101945) register_scheme_map /opt/stack/data/venv/lib/python3.12/site-packages/glance_store/location.py:146}}
Jun 12 23:23:38.202573 np0000002759 devstack@g-api.service[101945]: DEBUG glance_store.location [-] Registering scheme swift+https with {'store': , 'location_class': , 'store_entry': 'swift'} {{(pid=101945) register_scheme_map /opt/stack/data/venv/lib/python3.12/site-packages/glance_store/location.py:146}}
Jun 12 23:23:38.202641 np0000002759 devstack@g-api.service[101945]: DEBUG glance_store.location [-] Registering scheme swift with {'store': , 'location_class': , 'store_entry': 'swift'} {{(pid=101945) register_scheme_map /opt/stack/data/venv/lib/python3.12/site-packages/glance_store/location.py:146}}
Jun 12 23:23:38.202692 np0000002759 devstack@g-api.service[101945]: DEBUG glance_store.location [-] Registering scheme swift+http with {'store': , 'location_class': , 'store_entry': 'swift'} {{(pid=101945) register_scheme_map /opt/stack/data/venv/lib/python3.12/site-packages/glance_store/location.py:146}}
Jun 12 23:23:38.202745 np0000002759 devstack@g-api.service[101945]: DEBUG glance_store.location [-] Registering scheme swift+config with {'store': , 'location_class': , 'store_entry': 'swift'} {{(pid=101945) register_scheme_map /opt/stack/data/venv/lib/python3.12/site-packages/glance_store/location.py:146}}
Jun 12 23:23:38.203036 np0000002759 devstack@g-api.service[101945]: DEBUG glance.sqlite_migration [-] SQLite caching database not located, skipping migration {{(pid=101945) get_db_path /opt/stack/glance/glance/sqlite_migration.py:68}}
Jun 12 23:23:38.203229 np0000002759 devstack@g-api.service[101945]: WARNING glance.common.wsgi_app [-] Import methods are enabled but staging directory /tmp/staging/ does not exist; Imports will fail!
Jun 12 23:23:38.442352 np0000002759 devstack@g-api.service[101944]: DEBUG glance.common.config [None req-79233fe2-340e-4b91-97e9-f5aac6bd7e32 None None] Loading glance-api-keystone+cachemanagement from /etc/glance/glance-api-paste.ini {{(pid=101944) load_paste_app /opt/stack/glance/glance/common/config.py:758}}
Jun 12 23:23:38.451812 np0000002759 devstack@g-api.service[101943]: DEBUG glance.common.config [None req-1a230455-8ce8-4fe9-8ed5-ca91c5bf0cab None None] Loading glance-api-keystone+cachemanagement from /etc/glance/glance-api-paste.ini {{(pid=101943) load_paste_app /opt/stack/glance/glance/common/config.py:758}}
Jun 12 23:23:38.511659 np0000002759 devstack@g-api.service[101945]: DEBUG glance.common.config [None req-4f5dc4c5-0f03-4454-8da0-bc8acf56e2a7 None None] Loading glance-api-keystone+cachemanagement from /etc/glance/glance-api-paste.ini {{(pid=101945) load_paste_app /opt/stack/glance/glance/common/config.py:758}}
Jun 12 23:23:39.095411 np0000002759 devstack@g-api.service[101944]: INFO glance.image_cache [None req-79233fe2-340e-4b91-97e9-f5aac6bd7e32 None None] Image cache loaded driver 'centralized_db'.
Jun 12 23:23:39.115894 np0000002759 devstack@g-api.service[101945]: INFO glance.image_cache [None req-4f5dc4c5-0f03-4454-8da0-bc8acf56e2a7 None None] Image cache loaded driver 'centralized_db'.
Jun 12 23:23:39.120033 np0000002759 devstack@g-api.service[101943]: INFO glance.image_cache [None req-1a230455-8ce8-4fe9-8ed5-ca91c5bf0cab None None] Image cache loaded driver 'centralized_db'.
Jun 12 23:23:39.145584 np0000002759 devstack@g-api.service[101944]: INFO dbcounter [None req-79233fe2-340e-4b91-97e9-f5aac6bd7e32 None None] Registered counter for database glance
Jun 12 23:23:39.165806 np0000002759 devstack@g-api.service[101943]: INFO dbcounter [None req-1a230455-8ce8-4fe9-8ed5-ca91c5bf0cab None None] Registered counter for database glance
Jun 12 23:23:39.171919 np0000002759 devstack@g-api.service[101945]: INFO dbcounter [None req-4f5dc4c5-0f03-4454-8da0-bc8acf56e2a7 None None] Registered counter for database glance
Jun 12 23:23:39.194391 np0000002759 devstack@g-api.service[101944]: DEBUG oslo_db.sqlalchemy.engines [None req-79233fe2-340e-4b91-97e9-f5aac6bd7e32 None None] MySQL server mode set to STRICT_TRANS_TABLES,STRICT_ALL_TABLES,NO_ZERO_IN_DATE,NO_ZERO_DATE,ERROR_FOR_DIVISION_BY_ZERO,TRADITIONAL,NO_ENGINE_SUBSTITUTION {{(pid=101944) _check_effective_sql_mode /opt/stack/data/venv/lib/python3.12/site-packages/oslo_db/sqlalchemy/engines.py:325}}
Jun 12 23:23:39.211113 np0000002759 devstack@g-api.service[101943]: DEBUG oslo_db.sqlalchemy.engines [None req-1a230455-8ce8-4fe9-8ed5-ca91c5bf0cab None None] MySQL server mode set to STRICT_TRANS_TABLES,STRICT_ALL_TABLES,NO_ZERO_IN_DATE,NO_ZERO_DATE,ERROR_FOR_DIVISION_BY_ZERO,TRADITIONAL,NO_ENGINE_SUBSTITUTION {{(pid=101943) _check_effective_sql_mode /opt/stack/data/venv/lib/python3.12/site-packages/oslo_db/sqlalchemy/engines.py:325}}
Jun 12 23:23:39.216107 np0000002759 devstack@g-api.service[101944]: DEBUG dbcounter [-] [101944] Writer thread running {{(pid=101944) stat_writer /opt/stack/data/venv/lib/python3.12/site-packages/dbcounter.py:102}}
Jun 12 23:23:39.221028 np0000002759 devstack@g-api.service[101945]: DEBUG oslo_db.sqlalchemy.engines [None req-4f5dc4c5-0f03-4454-8da0-bc8acf56e2a7 None None] MySQL server mode set to STRICT_TRANS_TABLES,STRICT_ALL_TABLES,NO_ZERO_IN_DATE,NO_ZERO_DATE,ERROR_FOR_DIVISION_BY_ZERO,TRADITIONAL,NO_ENGINE_SUBSTITUTION {{(pid=101945) _check_effective_sql_mode /opt/stack/data/venv/lib/python3.12/site-packages/oslo_db/sqlalchemy/engines.py:325}}
Jun 12 23:23:39.228782 np0000002759 devstack@g-api.service[101944]: INFO glance.image_cache [None req-79233fe2-340e-4b91-97e9-f5aac6bd7e32 None None] Image cache loaded driver 'centralized_db'.
Jun 12 23:23:39.232308 np0000002759 devstack@g-api.service[101943]: DEBUG dbcounter [-] [101943] Writer thread running {{(pid=101943) stat_writer /opt/stack/data/venv/lib/python3.12/site-packages/dbcounter.py:102}}
Jun 12 23:23:39.235131 np0000002759 devstack@g-api.service[101943]: DEBUG glance.image_cache.drivers.centralized_db [None req-1a230455-8ce8-4fe9-8ed5-ca91c5bf0cab None None] Node reference is already recorded, ignoring it {{(pid=101943) configure /opt/stack/glance/glance/image_cache/drivers/centralized_db.py:71}}
Jun 12 23:23:39.235705 np0000002759 devstack@g-api.service[101944]: DEBUG glance.image_cache.drivers.centralized_db [None req-79233fe2-340e-4b91-97e9-f5aac6bd7e32 None None] Node reference is already recorded, ignoring it {{(pid=101944) configure /opt/stack/glance/glance/image_cache/drivers/centralized_db.py:71}}
Jun 12 23:23:39.240095 np0000002759 devstack@g-api.service[101944]: DEBUG glance.api.v2.cached_images [None req-79233fe2-340e-4b91-97e9-f5aac6bd7e32 None None] Started cache worker thread {{(pid=101944) __init__ /opt/stack/glance/glance/api/v2/cached_images.py:69}}
Jun 12 23:23:39.240173 np0000002759 devstack@g-api.service[101943]: INFO glance.image_cache [None req-1a230455-8ce8-4fe9-8ed5-ca91c5bf0cab None None] Image cache loaded driver 'centralized_db'.
Jun 12 23:23:39.240754 np0000002759 devstack@g-api.service[101944]: INFO glance.image_cache [None req-79233fe2-340e-4b91-97e9-f5aac6bd7e32 None None] Image cache loaded driver 'centralized_db'.
Jun 12 23:23:39.245213 np0000002759 devstack@g-api.service[101945]: DEBUG dbcounter [-] [101945] Writer thread running {{(pid=101945) stat_writer /opt/stack/data/venv/lib/python3.12/site-packages/dbcounter.py:102}}
Jun 12 23:23:39.247026 np0000002759 devstack@g-api.service[101943]: DEBUG glance.image_cache.drivers.centralized_db [None req-1a230455-8ce8-4fe9-8ed5-ca91c5bf0cab None None] Node reference is already recorded, ignoring it {{(pid=101943) configure /opt/stack/glance/glance/image_cache/drivers/centralized_db.py:71}}
Jun 12 23:23:39.248031 np0000002759 devstack@g-api.service[101945]: DEBUG glance.image_cache.drivers.centralized_db [None req-4f5dc4c5-0f03-4454-8da0-bc8acf56e2a7 None None] Node reference is already recorded, ignoring it {{(pid=101945) configure /opt/stack/glance/glance/image_cache/drivers/centralized_db.py:71}}
Jun 12 23:23:39.248951 np0000002759 devstack@g-api.service[101944]: DEBUG glance.image_cache.drivers.centralized_db [None req-79233fe2-340e-4b91-97e9-f5aac6bd7e32 None None] Node reference is already recorded, ignoring it {{(pid=101944) configure /opt/stack/glance/glance/image_cache/drivers/centralized_db.py:71}}
Jun 12 23:23:39.251501 np0000002759 devstack@g-api.service[101943]: DEBUG glance.api.v2.cached_images [None req-1a230455-8ce8-4fe9-8ed5-ca91c5bf0cab None None] Started cache worker thread {{(pid=101943) __init__ /opt/stack/glance/glance/api/v2/cached_images.py:69}}
Jun 12 23:23:39.252074 np0000002759 devstack@g-api.service[101943]: INFO glance.image_cache [None req-1a230455-8ce8-4fe9-8ed5-ca91c5bf0cab None None] Image cache loaded driver 'centralized_db'.
Jun 12 23:23:39.254233 np0000002759 devstack@g-api.service[101945]: INFO glance.image_cache [None req-4f5dc4c5-0f03-4454-8da0-bc8acf56e2a7 None None] Image cache loaded driver 'centralized_db'.
Jun 12 23:23:39.260065 np0000002759 devstack@g-api.service[101943]: DEBUG glance.image_cache.drivers.centralized_db [None req-1a230455-8ce8-4fe9-8ed5-ca91c5bf0cab None None] Node reference is already recorded, ignoring it {{(pid=101943) configure /opt/stack/glance/glance/image_cache/drivers/centralized_db.py:71}}
Jun 12 23:23:39.261776 np0000002759 devstack@g-api.service[101945]: DEBUG glance.image_cache.drivers.centralized_db [None req-4f5dc4c5-0f03-4454-8da0-bc8acf56e2a7 None None] Node reference is already recorded, ignoring it {{(pid=101945) configure /opt/stack/glance/glance/image_cache/drivers/centralized_db.py:71}}
Jun 12 23:23:39.267528 np0000002759 devstack@g-api.service[101945]: DEBUG glance.api.v2.cached_images [None req-4f5dc4c5-0f03-4454-8da0-bc8acf56e2a7 None None] Started cache worker thread {{(pid=101945) __init__ /opt/stack/glance/glance/api/v2/cached_images.py:69}}
Jun 12 23:23:39.268164 np0000002759 devstack@g-api.service[101945]: INFO glance.image_cache [None req-4f5dc4c5-0f03-4454-8da0-bc8acf56e2a7 None None] Image cache loaded driver 'centralized_db'.
Jun 12 23:23:39.278011 np0000002759 devstack@g-api.service[101945]: DEBUG glance.image_cache.drivers.centralized_db [None req-4f5dc4c5-0f03-4454-8da0-bc8acf56e2a7 None None] Node reference is already recorded, ignoring it {{(pid=101945) configure /opt/stack/glance/glance/image_cache/drivers/centralized_db.py:71}}
Jun 12 23:23:39.352686 np0000002759 devstack@g-api.service[101944]: INFO glance.api.middleware.cache_manage [None req-79233fe2-340e-4b91-97e9-f5aac6bd7e32 None None] Initialized image cache management middleware
Jun 12 23:23:39.352852 np0000002759 devstack@g-api.service[101944]: INFO glance.image_cache [None req-79233fe2-340e-4b91-97e9-f5aac6bd7e32 None None] Image cache loaded driver 'centralized_db'.
Jun 12 23:23:39.360015 np0000002759 devstack@g-api.service[101944]: DEBUG glance.image_cache.drivers.centralized_db [None req-79233fe2-340e-4b91-97e9-f5aac6bd7e32 None None] Node reference is already recorded, ignoring it {{(pid=101944) configure /opt/stack/glance/glance/image_cache/drivers/centralized_db.py:71}}
Jun 12 23:23:39.362667 np0000002759 devstack@g-api.service[101943]: INFO glance.api.middleware.cache_manage [None req-1a230455-8ce8-4fe9-8ed5-ca91c5bf0cab None None] Initialized image cache management middleware
Jun 12 23:23:39.362827 np0000002759 devstack@g-api.service[101943]: INFO glance.image_cache [None req-1a230455-8ce8-4fe9-8ed5-ca91c5bf0cab None None] Image cache loaded driver 'centralized_db'.
Jun 12 23:23:39.363417 np0000002759 devstack@g-api.service[101944]: INFO glance.api.middleware.cache [None req-79233fe2-340e-4b91-97e9-f5aac6bd7e32 None None] Initialized image cache middleware
Jun 12 23:23:39.369325 np0000002759 devstack@g-api.service[101943]: DEBUG glance.image_cache.drivers.centralized_db [None req-1a230455-8ce8-4fe9-8ed5-ca91c5bf0cab None None] Node reference is already recorded, ignoring it {{(pid=101943) configure /opt/stack/glance/glance/image_cache/drivers/centralized_db.py:71}}
Jun 12 23:23:39.372736 np0000002759 devstack@g-api.service[101943]: INFO glance.api.middleware.cache [None req-1a230455-8ce8-4fe9-8ed5-ca91c5bf0cab None None] Initialized image cache middleware
Jun 12 23:23:39.373664 np0000002759 devstack@g-api.service[101944]: DEBUG glance.common.config [None req-79233fe2-340e-4b91-97e9-f5aac6bd7e32 None None] ******************************************************************************** {{(pid=101944) log_opt_values /opt/stack/data/venv/lib/python3.12/site-packages/oslo_config/cfg.py:3226}}
Jun 12 23:23:39.373744 np0000002759 devstack@g-api.service[101944]: DEBUG glance.common.config [None req-79233fe2-340e-4b91-97e9-f5aac6bd7e32 None None] Configuration options gathered from: {{(pid=101944) log_opt_values /opt/stack/data/venv/lib/python3.12/site-packages/oslo_config/cfg.py:3227}}
Jun 12 23:23:39.374031 np0000002759 devstack@g-api.service[101944]: DEBUG glance.common.config [None req-79233fe2-340e-4b91-97e9-f5aac6bd7e32 None None] command line args: [] {{(pid=101944) log_opt_values /opt/stack/data/venv/lib/python3.12/site-packages/oslo_config/cfg.py:3228}}
Jun 12 23:23:39.374171 np0000002759 devstack@g-api.service[101944]: DEBUG glance.common.config [None req-79233fe2-340e-4b91-97e9-f5aac6bd7e32 None None] config files: ['/etc/glance/glance-image-import.conf', '/etc/glance/glance-api.conf'] {{(pid=101944) log_opt_values /opt/stack/data/venv/lib/python3.12/site-packages/oslo_config/cfg.py:3229}}
Jun 12 23:23:39.374242 np0000002759 devstack@g-api.service[101944]: DEBUG glance.common.config [None req-79233fe2-340e-4b91-97e9-f5aac6bd7e32 None None] ================================================================================ {{(pid=101944) log_opt_values /opt/stack/data/venv/lib/python3.12/site-packages/oslo_config/cfg.py:3234}}
Jun 12 23:23:39.374356 np0000002759 devstack@g-api.service[101944]: DEBUG glance.common.config [None req-79233fe2-340e-4b91-97e9-f5aac6bd7e32 None None] allow_anonymous_access = False {{(pid=101944) log_opt_values /opt/stack/data/venv/lib/python3.12/site-packages/oslo_config/cfg.py:3242}}
Jun 12 23:23:39.374457 np0000002759 devstack@g-api.service[101944]: DEBUG glance.common.config [None req-79233fe2-340e-4b91-97e9-f5aac6bd7e32 None None] api_limit_max = 1000 {{(pid=101944) log_opt_values /opt/stack/data/venv/lib/python3.12/site-packages/oslo_config/cfg.py:3242}}
Jun 12 23:23:39.374547 np0000002759 devstack@g-api.service[101944]: DEBUG glance.common.config [None req-79233fe2-340e-4b91-97e9-f5aac6bd7e32 None None] backlog = 4096 {{(pid=101944) log_opt_values /opt/stack/data/venv/lib/python3.12/site-packages/oslo_config/cfg.py:3242}}
Jun 12 23:23:39.374671 np0000002759 devstack@g-api.service[101944]: DEBUG glance.common.config [None req-79233fe2-340e-4b91-97e9-f5aac6bd7e32 None None] bind_host = 0.0.0.0 {{(pid=101944) log_opt_values /opt/stack/data/venv/lib/python3.12/site-packages/oslo_config/cfg.py:3242}}
Jun 12 23:23:39.374773 np0000002759 devstack@g-api.service[101944]: DEBUG glance.common.config [None req-79233fe2-340e-4b91-97e9-f5aac6bd7e32 None None] bind_port = 19292 {{(pid=101944) log_opt_values /opt/stack/data/venv/lib/python3.12/site-packages/oslo_config/cfg.py:3242}}
Jun 12 23:23:39.374863 np0000002759 devstack@g-api.service[101944]: DEBUG glance.common.config [None req-79233fe2-340e-4b91-97e9-f5aac6bd7e32 None None] client_socket_timeout = 900 {{(pid=101944) log_opt_values /opt/stack/data/venv/lib/python3.12/site-packages/oslo_config/cfg.py:3242}}
Jun 12 23:23:39.374991 np0000002759 devstack@g-api.service[101944]: DEBUG glance.common.config [None req-79233fe2-340e-4b91-97e9-f5aac6bd7e32 None None] config_dir = [] {{(pid=101944) log_opt_values /opt/stack/data/venv/lib/python3.12/site-packages/oslo_config/cfg.py:3242}}
Jun 12 23:23:39.375127 np0000002759 devstack@g-api.service[101944]: DEBUG glance.common.config [None req-79233fe2-340e-4b91-97e9-f5aac6bd7e32 None None] config_file = ['/etc/glance/glance-image-import.conf', '/etc/glance/glance-api.conf'] {{(pid=101944) log_opt_values /opt/stack/data/venv/lib/python3.12/site-packages/oslo_config/cfg.py:3242}}
Jun 12 23:23:39.375233 np0000002759 devstack@g-api.service[101944]: DEBUG glance.common.config [None req-79233fe2-340e-4b91-97e9-f5aac6bd7e32 None None] config_source = [] {{(pid=101944) log_opt_values /opt/stack/data/venv/lib/python3.12/site-packages/oslo_config/cfg.py:3242}}
Jun 12 23:23:39.375332 np0000002759 devstack@g-api.service[101944]: DEBUG glance.common.config [None req-79233fe2-340e-4b91-97e9-f5aac6bd7e32 None None] control_exchange = glance {{(pid=101944) log_opt_values /opt/stack/data/venv/lib/python3.12/site-packages/oslo_config/cfg.py:3242}}
Jun 12 23:23:39.375398 np0000002759 devstack@g-api.service[101944]: DEBUG glance.common.config [None req-79233fe2-340e-4b91-97e9-f5aac6bd7e32 None None] debug = True {{(pid=101944) log_opt_values /opt/stack/data/venv/lib/python3.12/site-packages/oslo_config/cfg.py:3242}}
Jun 12 23:23:39.375550 np0000002759 devstack@g-api.service[101944]: DEBUG glance.common.config [None req-79233fe2-340e-4b91-97e9-f5aac6bd7e32 None None] default_log_levels = ['amqp=WARN', 'boto=WARN', 'sqlalchemy=WARN', 'suds=INFO', 'oslo.messaging=INFO', 'oslo_messaging=INFO', 'iso8601=WARN', 'requests.packages.urllib3.connectionpool=WARN', 'urllib3.connectionpool=WARN', 'websocket=WARN', 'requests.packages.urllib3.util.retry=WARN', 'urllib3.util.retry=WARN', 'keystonemiddleware=WARN', 'routes.middleware=WARN', 'stevedore=WARN', 'taskflow=WARN', 'keystoneauth=WARN', 'oslo.cache=INFO', 'oslo_policy=INFO', 'dogpile.core.dogpile=INFO'] {{(pid=101944) log_opt_values /opt/stack/data/venv/lib/python3.12/site-packages/oslo_config/cfg.py:3242}}
Jun 12 23:23:39.375649 np0000002759 devstack@g-api.service[101944]: DEBUG glance.common.config [None req-79233fe2-340e-4b91-97e9-f5aac6bd7e32 None None] default_publisher_id = image.localhost {{(pid=101944) log_opt_values /opt/stack/data/venv/lib/python3.12/site-packages/oslo_config/cfg.py:3242}}
Jun 12 23:23:39.375737 np0000002759 devstack@g-api.service[101944]: DEBUG glance.common.config [None req-79233fe2-340e-4b91-97e9-f5aac6bd7e32 None None] delayed_delete = False {{(pid=101944) log_opt_values /opt/stack/data/venv/lib/python3.12/site-packages/oslo_config/cfg.py:3242}}
Jun 12 23:23:39.375827 np0000002759 devstack@g-api.service[101944]: DEBUG glance.common.config [None req-79233fe2-340e-4b91-97e9-f5aac6bd7e32 None None] digest_algorithm = sha256 {{(pid=101944) log_opt_values /opt/stack/data/venv/lib/python3.12/site-packages/oslo_config/cfg.py:3242}}
Jun 12 23:23:39.375916 np0000002759 devstack@g-api.service[101944]: DEBUG glance.common.config [None req-79233fe2-340e-4b91-97e9-f5aac6bd7e32 None None] disabled_notifications = [] {{(pid=101944) log_opt_values /opt/stack/data/venv/lib/python3.12/site-packages/oslo_config/cfg.py:3242}}
Jun 12 23:23:39.376024 np0000002759 devstack@g-api.service[101944]: DEBUG glance.common.config [None req-79233fe2-340e-4b91-97e9-f5aac6bd7e32 None None] do_secure_hash = True {{(pid=101944) log_opt_values /opt/stack/data/venv/lib/python3.12/site-packages/oslo_config/cfg.py:3242}}
Jun 12 23:23:39.376129 np0000002759 devstack@g-api.service[101944]: DEBUG glance.common.config [None req-79233fe2-340e-4b91-97e9-f5aac6bd7e32 None None] enabled_backends = None {{(pid=101944) log_opt_values /opt/stack/data/venv/lib/python3.12/site-packages/oslo_config/cfg.py:3242}}
Jun 12 23:23:39.376232 np0000002759 devstack@g-api.service[101944]: DEBUG glance.common.config [None req-79233fe2-340e-4b91-97e9-f5aac6bd7e32 None None] enabled_import_methods = ['glance-direct', 'web-download', 'copy-image'] {{(pid=101944) log_opt_values /opt/stack/data/venv/lib/python3.12/site-packages/oslo_config/cfg.py:3242}}
Jun 12 23:23:39.376321 np0000002759 devstack@g-api.service[101944]: DEBUG glance.common.config [None req-79233fe2-340e-4b91-97e9-f5aac6bd7e32 None None] fatal_deprecations = False {{(pid=101944) log_opt_values /opt/stack/data/venv/lib/python3.12/site-packages/oslo_config/cfg.py:3242}}
Jun 12 23:23:39.376413 np0000002759 devstack@g-api.service[101944]: DEBUG glance.common.config [None req-79233fe2-340e-4b91-97e9-f5aac6bd7e32 None None] hashing_algorithm = sha512 {{(pid=101944) log_opt_values /opt/stack/data/venv/lib/python3.12/site-packages/oslo_config/cfg.py:3242}}
Jun 12 23:23:39.376498 np0000002759 devstack@g-api.service[101944]: DEBUG glance.common.config [None req-79233fe2-340e-4b91-97e9-f5aac6bd7e32 None None] http_keepalive = True {{(pid=101944) log_opt_values /opt/stack/data/venv/lib/python3.12/site-packages/oslo_config/cfg.py:3242}}
Jun 12 23:23:39.376584 np0000002759 devstack@g-api.service[101944]: DEBUG glance.common.config [None req-79233fe2-340e-4b91-97e9-f5aac6bd7e32 None None] http_retries = 3 {{(pid=101944) log_opt_values /opt/stack/data/venv/lib/python3.12/site-packages/oslo_config/cfg.py:3242}}
Jun 12 23:23:39.376687 np0000002759 devstack@g-api.service[101944]: DEBUG glance.common.config [None req-79233fe2-340e-4b91-97e9-f5aac6bd7e32 None None] image_cache_dir = /opt/stack/data/glance/cache/ {{(pid=101944) log_opt_values /opt/stack/data/venv/lib/python3.12/site-packages/oslo_config/cfg.py:3242}}
Jun 12 23:23:39.376779 np0000002759 devstack@g-api.service[101944]: DEBUG glance.common.config [None req-79233fe2-340e-4b91-97e9-f5aac6bd7e32 None None] image_cache_driver = centralized_db {{(pid=101944) log_opt_values /opt/stack/data/venv/lib/python3.12/site-packages/oslo_config/cfg.py:3242}}
Jun 12 23:23:39.376870 np0000002759 devstack@g-api.service[101944]: DEBUG glance.common.config [None req-79233fe2-340e-4b91-97e9-f5aac6bd7e32 None None] image_cache_max_size = 10737418240 {{(pid=101944) log_opt_values /opt/stack/data/venv/lib/python3.12/site-packages/oslo_config/cfg.py:3242}}
Jun 12 23:23:39.376968 np0000002759 devstack@g-api.service[101944]: DEBUG glance.common.config [None req-79233fe2-340e-4b91-97e9-f5aac6bd7e32 None None] image_cache_sqlite_db = cache.db {{(pid=101944) log_opt_values /opt/stack/data/venv/lib/python3.12/site-packages/oslo_config/cfg.py:3242}}
Jun 12 23:23:39.377073 np0000002759 devstack@g-api.service[101944]: DEBUG glance.common.config [None req-79233fe2-340e-4b91-97e9-f5aac6bd7e32 None None] image_cache_stall_time = 86400 {{(pid=101944) log_opt_values /opt/stack/data/venv/lib/python3.12/site-packages/oslo_config/cfg.py:3242}}
Jun 12 23:23:39.377175 np0000002759 devstack@g-api.service[101944]: DEBUG glance.common.config [None req-79233fe2-340e-4b91-97e9-f5aac6bd7e32 None None] image_location_quota = 10 {{(pid=101944) log_opt_values /opt/stack/data/venv/lib/python3.12/site-packages/oslo_config/cfg.py:3242}}
Jun 12 23:23:39.377266 np0000002759 devstack@g-api.service[101944]: DEBUG glance.common.config [None req-79233fe2-340e-4b91-97e9-f5aac6bd7e32 None None] image_member_quota = 128 {{(pid=101944) log_opt_values /opt/stack/data/venv/lib/python3.12/site-packages/oslo_config/cfg.py:3242}}
Jun 12 23:23:39.377353 np0000002759 devstack@g-api.service[101944]: DEBUG glance.common.config [None req-79233fe2-340e-4b91-97e9-f5aac6bd7e32 None None] image_property_quota = 128 {{(pid=101944) log_opt_values /opt/stack/data/venv/lib/python3.12/site-packages/oslo_config/cfg.py:3242}}
Jun 12 23:23:39.377438 np0000002759 devstack@g-api.service[101944]: DEBUG glance.common.config [None req-79233fe2-340e-4b91-97e9-f5aac6bd7e32 None None] image_size_cap = 1099511627776 {{(pid=101944) log_opt_values /opt/stack/data/venv/lib/python3.12/site-packages/oslo_config/cfg.py:3242}}
Jun 12 23:23:39.377517 np0000002759 devstack@g-api.service[101944]: DEBUG glance.common.config [None req-79233fe2-340e-4b91-97e9-f5aac6bd7e32 None None] image_tag_quota = 128 {{(pid=101944) log_opt_values /opt/stack/data/venv/lib/python3.12/site-packages/oslo_config/cfg.py:3242}}
Jun 12 23:23:39.377620 np0000002759 devstack@g-api.service[101944]: DEBUG glance.common.config [None req-79233fe2-340e-4b91-97e9-f5aac6bd7e32 None None] instance_format = [instance: %(uuid)s] {{(pid=101944) log_opt_values /opt/stack/data/venv/lib/python3.12/site-packages/oslo_config/cfg.py:3242}}
Jun 12 23:23:39.377714 np0000002759 devstack@g-api.service[101944]: DEBUG glance.common.config [None req-79233fe2-340e-4b91-97e9-f5aac6bd7e32 None None] instance_uuid_format = [instance: %(uuid)s] {{(pid=101944) log_opt_values /opt/stack/data/venv/lib/python3.12/site-packages/oslo_config/cfg.py:3242}}
Jun 12 23:23:39.377795 np0000002759 devstack@g-api.service[101944]: DEBUG glance.common.config [None req-79233fe2-340e-4b91-97e9-f5aac6bd7e32 None None] limit_param_default = 25 {{(pid=101944) log_opt_values /opt/stack/data/venv/lib/python3.12/site-packages/oslo_config/cfg.py:3242}}
Jun 12 23:23:39.377891 np0000002759 devstack@g-api.service[101944]: DEBUG glance.common.config [None req-79233fe2-340e-4b91-97e9-f5aac6bd7e32 None None] log_color = False {{(pid=101944) log_opt_values /opt/stack/data/venv/lib/python3.12/site-packages/oslo_config/cfg.py:3242}}
Jun 12 23:23:39.377990 np0000002759 devstack@g-api.service[101944]: DEBUG glance.common.config [None req-79233fe2-340e-4b91-97e9-f5aac6bd7e32 None None] log_config_append = None {{(pid=101944) log_opt_values /opt/stack/data/venv/lib/python3.12/site-packages/oslo_config/cfg.py:3242}}
Jun 12 23:23:39.378108 np0000002759 devstack@g-api.service[101944]: DEBUG glance.common.config [None req-79233fe2-340e-4b91-97e9-f5aac6bd7e32 None None] log_date_format = %Y-%m-%d %H:%M:%S {{(pid=101944) log_opt_values /opt/stack/data/venv/lib/python3.12/site-packages/oslo_config/cfg.py:3242}}
Jun 12 23:23:39.378202 np0000002759 devstack@g-api.service[101944]: DEBUG glance.common.config [None req-79233fe2-340e-4b91-97e9-f5aac6bd7e32 None None] log_dir = None {{(pid=101944) log_opt_values /opt/stack/data/venv/lib/python3.12/site-packages/oslo_config/cfg.py:3242}}
Jun 12 23:23:39.378290 np0000002759 devstack@g-api.service[101944]: DEBUG glance.common.config [None req-79233fe2-340e-4b91-97e9-f5aac6bd7e32 None None] log_file = None {{(pid=101944) log_opt_values /opt/stack/data/venv/lib/python3.12/site-packages/oslo_config/cfg.py:3242}}
Jun 12 23:23:39.378375 np0000002759 devstack@g-api.service[101944]: DEBUG glance.common.config [None req-79233fe2-340e-4b91-97e9-f5aac6bd7e32 None None] log_rotate_interval = 1 {{(pid=101944) log_opt_values /opt/stack/data/venv/lib/python3.12/site-packages/oslo_config/cfg.py:3242}}
Jun 12 23:23:39.378468 np0000002759 devstack@g-api.service[101944]: DEBUG glance.common.config [None req-79233fe2-340e-4b91-97e9-f5aac6bd7e32 None None] log_rotate_interval_type = days {{(pid=101944) log_opt_values /opt/stack/data/venv/lib/python3.12/site-packages/oslo_config/cfg.py:3242}}
Jun 12 23:23:39.378558 np0000002759 devstack@g-api.service[101944]: DEBUG glance.common.config [None req-79233fe2-340e-4b91-97e9-f5aac6bd7e32 None None] log_rotation_type = none {{(pid=101944) log_opt_values /opt/stack/data/venv/lib/python3.12/site-packages/oslo_config/cfg.py:3242}}
Jun 12 23:23:39.378638 np0000002759 devstack@g-api.service[101944]: DEBUG glance.common.config [None req-79233fe2-340e-4b91-97e9-f5aac6bd7e32 None None] logging_context_format_string = %(color)s%(levelname)s %(name)s [%(global_request_id)s %(request_id)s %(project_name)s %(user_name)s%(color)s] %(instance)s%(color)s%(message)s {{(pid=101944) log_opt_values /opt/stack/data/venv/lib/python3.12/site-packages/oslo_config/cfg.py:3242}}
Jun 12 23:23:39.378705 np0000002759 devstack@g-api.service[101944]: DEBUG glance.common.config [None req-79233fe2-340e-4b91-97e9-f5aac6bd7e32 None None] logging_debug_format_suffix = {{(pid=%(process)d) %(funcName)s %(pathname)s:%(lineno)d}} {{(pid=101944) log_opt_values /opt/stack/data/venv/lib/python3.12/site-packages/oslo_config/cfg.py:3242}}
Jun 12 23:23:39.378798 np0000002759 devstack@g-api.service[101944]: DEBUG glance.common.config [None req-79233fe2-340e-4b91-97e9-f5aac6bd7e32 None None] logging_default_format_string = %(color)s%(levelname)s %(name)s [-%(color)s] %(instance)s%(color)s%(message)s {{(pid=101944) log_opt_values /opt/stack/data/venv/lib/python3.12/site-packages/oslo_config/cfg.py:3242}}
Jun 12 23:23:39.378893 np0000002759 devstack@g-api.service[101944]: DEBUG glance.common.config [None req-79233fe2-340e-4b91-97e9-f5aac6bd7e32 None None] logging_exception_prefix = ERROR %(name)s %(instance)s {{(pid=101944) log_opt_values /opt/stack/data/venv/lib/python3.12/site-packages/oslo_config/cfg.py:3242}}
Jun 12 23:23:39.378953 np0000002759 devstack@g-api.service[101944]: DEBUG glance.common.config [None req-79233fe2-340e-4b91-97e9-f5aac6bd7e32 None None] logging_user_identity_format = %(user)s %(project)s %(domain)s %(system_scope)s %(user_domain)s %(project_domain)s {{(pid=101944) log_opt_values /opt/stack/data/venv/lib/python3.12/site-packages/oslo_config/cfg.py:3242}}
Jun 12 23:23:39.379059 np0000002759 devstack@g-api.service[101944]: DEBUG glance.common.config [None req-79233fe2-340e-4b91-97e9-f5aac6bd7e32 None None] max_header_line = 16384 {{(pid=101944) log_opt_values /opt/stack/data/venv/lib/python3.12/site-packages/oslo_config/cfg.py:3242}}
Jun 12 23:23:39.379164 np0000002759 devstack@g-api.service[101944]: DEBUG glance.common.config [None req-79233fe2-340e-4b91-97e9-f5aac6bd7e32 None None] max_logfile_count = 30 {{(pid=101944) log_opt_values /opt/stack/data/venv/lib/python3.12/site-packages/oslo_config/cfg.py:3242}}
Jun 12 23:23:39.379252 np0000002759 devstack@g-api.service[101944]: DEBUG glance.common.config [None req-79233fe2-340e-4b91-97e9-f5aac6bd7e32 None None] max_logfile_size_mb = 200 {{(pid=101944) log_opt_values /opt/stack/data/venv/lib/python3.12/site-packages/oslo_config/cfg.py:3242}}
Jun 12 23:23:39.379335 np0000002759 devstack@g-api.service[101944]: DEBUG glance.common.config [None req-79233fe2-340e-4b91-97e9-f5aac6bd7e32 None None] max_request_id_length = 64 {{(pid=101944) log_opt_values /opt/stack/data/venv/lib/python3.12/site-packages/oslo_config/cfg.py:3242}}
Jun 12 23:23:39.379422 np0000002759 devstack@g-api.service[101944]: DEBUG glance.common.config [None req-79233fe2-340e-4b91-97e9-f5aac6bd7e32 None None] metadata_encryption_key = **** {{(pid=101944) log_opt_values /opt/stack/data/venv/lib/python3.12/site-packages/oslo_config/cfg.py:3242}}
Jun 12 23:23:39.379509 np0000002759 devstack@g-api.service[101944]: DEBUG glance.common.config [None req-79233fe2-340e-4b91-97e9-f5aac6bd7e32 None None] node_staging_uri = file:///tmp/staging/ {{(pid=101944) log_opt_values /opt/stack/data/venv/lib/python3.12/site-packages/oslo_config/cfg.py:3242}}
Jun 12 23:23:39.379602 np0000002759 devstack@g-api.service[101944]: DEBUG glance.common.config [None req-79233fe2-340e-4b91-97e9-f5aac6bd7e32 None None] property_protection_file = None {{(pid=101944) log_opt_values /opt/stack/data/venv/lib/python3.12/site-packages/oslo_config/cfg.py:3242}}
Jun 12 23:23:39.379695 np0000002759 devstack@g-api.service[101944]: DEBUG glance.common.config [None req-79233fe2-340e-4b91-97e9-f5aac6bd7e32 None None] property_protection_rule_format = roles {{(pid=101944) log_opt_values /opt/stack/data/venv/lib/python3.12/site-packages/oslo_config/cfg.py:3242}}
Jun 12 23:23:39.379784 np0000002759 devstack@g-api.service[101944]: DEBUG glance.common.config [None req-79233fe2-340e-4b91-97e9-f5aac6bd7e32 None None] public_endpoint = https://10.4.3.186/image {{(pid=101944) log_opt_values /opt/stack/data/venv/lib/python3.12/site-packages/oslo_config/cfg.py:3242}}
Jun 12 23:23:39.379872 np0000002759 devstack@g-api.service[101944]: DEBUG glance.common.config [None req-79233fe2-340e-4b91-97e9-f5aac6bd7e32 None None] publish_errors = False {{(pid=101944) log_opt_values /opt/stack/data/venv/lib/python3.12/site-packages/oslo_config/cfg.py:3242}}
Jun 12 23:23:39.379956 np0000002759 devstack@g-api.service[101944]: DEBUG glance.common.config [None req-79233fe2-340e-4b91-97e9-f5aac6bd7e32 None None] pydev_worker_debug_host = None {{(pid=101944) log_opt_values /opt/stack/data/venv/lib/python3.12/site-packages/oslo_config/cfg.py:3242}}
Jun 12 23:23:39.380055 np0000002759 devstack@g-api.service[101944]: DEBUG glance.common.config [None req-79233fe2-340e-4b91-97e9-f5aac6bd7e32 None None] pydev_worker_debug_port = 5678 {{(pid=101944) log_opt_values /opt/stack/data/venv/lib/python3.12/site-packages/oslo_config/cfg.py:3242}}
Jun 12 23:23:39.380161 np0000002759 devstack@g-api.service[101944]: DEBUG glance.common.config [None req-79233fe2-340e-4b91-97e9-f5aac6bd7e32 None None] rate_limit_burst = 0 {{(pid=101944) log_opt_values /opt/stack/data/venv/lib/python3.12/site-packages/oslo_config/cfg.py:3242}}
Jun 12 23:23:39.380253 np0000002759 devstack@g-api.service[101944]: DEBUG glance.common.config [None req-79233fe2-340e-4b91-97e9-f5aac6bd7e32 None None] rate_limit_except_level = CRITICAL {{(pid=101944) log_opt_values /opt/stack/data/venv/lib/python3.12/site-packages/oslo_config/cfg.py:3242}}
Jun 12 23:23:39.380336 np0000002759 devstack@g-api.service[101944]: DEBUG glance.common.config [None req-79233fe2-340e-4b91-97e9-f5aac6bd7e32 None None] rate_limit_interval = 0 {{(pid=101944) log_opt_values /opt/stack/data/venv/lib/python3.12/site-packages/oslo_config/cfg.py:3242}}
Jun 12 23:23:39.380419 np0000002759 devstack@g-api.service[101944]: DEBUG glance.common.config [None req-79233fe2-340e-4b91-97e9-f5aac6bd7e32 None None] scrub_pool_size = 1 {{(pid=101944) log_opt_values /opt/stack/data/venv/lib/python3.12/site-packages/oslo_config/cfg.py:3242}}
Jun 12 23:23:39.380500 np0000002759 devstack@g-api.service[101944]: DEBUG glance.common.config [None req-79233fe2-340e-4b91-97e9-f5aac6bd7e32 None None] scrub_time = 0 {{(pid=101944) log_opt_values /opt/stack/data/venv/lib/python3.12/site-packages/oslo_config/cfg.py:3242}}
Jun 12 23:23:39.380581 np0000002759 devstack@g-api.service[101944]: DEBUG glance.common.config [None req-79233fe2-340e-4b91-97e9-f5aac6bd7e32 None None] shell_completion = None {{(pid=101944) log_opt_values /opt/stack/data/venv/lib/python3.12/site-packages/oslo_config/cfg.py:3242}}
Jun 12 23:23:39.380682 np0000002759 devstack@g-api.service[101944]: DEBUG glance.common.config [None req-79233fe2-340e-4b91-97e9-f5aac6bd7e32 None None] show_image_direct_url = False {{(pid=101944) log_opt_values /opt/stack/data/venv/lib/python3.12/site-packages/oslo_config/cfg.py:3242}}
Jun 12 23:23:39.381019 np0000002759 devstack@g-api.service[101944]: WARNING oslo_config.cfg [None req-79233fe2-340e-4b91-97e9-f5aac6bd7e32 None None] Deprecated: Option "show_multiple_locations" from group "DEFAULT" is deprecated for removal (Use of this option, deprecated since Newton, is a security risk and will be removed once we figure out a way to satisfy those use cases that currently require it. An earlier announcement that the same functionality can be achieved with greater granularity by using policies is incorrect. You cannot work around this option via policy configuration at the present time, though that is the direction we believe the fix will take. Please keep an eye on the Glance release notes to stay up to date on progress in addressing this issue.). Its value may be silently ignored in the future.
Jun 12 23:23:39.381159 np0000002759 devstack@g-api.service[101944]: DEBUG glance.common.config [None req-79233fe2-340e-4b91-97e9-f5aac6bd7e32 None None] show_multiple_locations = False {{(pid=101944) log_opt_values /opt/stack/data/venv/lib/python3.12/site-packages/oslo_config/cfg.py:3242}}
Jun 12 23:23:39.381255 np0000002759 devstack@g-api.service[101944]: DEBUG glance.common.config [None req-79233fe2-340e-4b91-97e9-f5aac6bd7e32 None None] syslog_log_facility = LOG_USER {{(pid=101944) log_opt_values /opt/stack/data/venv/lib/python3.12/site-packages/oslo_config/cfg.py:3242}}
Jun 12 23:23:39.381347 np0000002759 devstack@g-api.service[101944]: DEBUG glance.common.config [None req-79233fe2-340e-4b91-97e9-f5aac6bd7e32 None None] tcp_keepidle = 600 {{(pid=101944) log_opt_values /opt/stack/data/venv/lib/python3.12/site-packages/oslo_config/cfg.py:3242}}
Jun 12 23:23:39.381439 np0000002759 devstack@g-api.service[101944]: DEBUG glance.common.config [None req-79233fe2-340e-4b91-97e9-f5aac6bd7e32 None None] transport_url = **** {{(pid=101944) log_opt_values /opt/stack/data/venv/lib/python3.12/site-packages/oslo_config/cfg.py:3242}}
Jun 12 23:23:39.381527 np0000002759 devstack@g-api.service[101944]: DEBUG glance.common.config [None req-79233fe2-340e-4b91-97e9-f5aac6bd7e32 None None] use_journal = False {{(pid=101944) log_opt_values /opt/stack/data/venv/lib/python3.12/site-packages/oslo_config/cfg.py:3242}}
Jun 12 23:23:39.381628 np0000002759 devstack@g-api.service[101944]: DEBUG glance.common.config [None req-79233fe2-340e-4b91-97e9-f5aac6bd7e32 None None] use_json = False {{(pid=101944) log_opt_values /opt/stack/data/venv/lib/python3.12/site-packages/oslo_config/cfg.py:3242}}
Jun 12 23:23:39.381722 np0000002759 devstack@g-api.service[101944]: DEBUG glance.common.config [None req-79233fe2-340e-4b91-97e9-f5aac6bd7e32 None None] use_keystone_limits = True {{(pid=101944) log_opt_values /opt/stack/data/venv/lib/python3.12/site-packages/oslo_config/cfg.py:3242}}
Jun 12 23:23:39.381808 np0000002759 devstack@g-api.service[101944]: DEBUG glance.common.config [None req-79233fe2-340e-4b91-97e9-f5aac6bd7e32 None None] use_stderr = False {{(pid=101944) log_opt_values /opt/stack/data/venv/lib/python3.12/site-packages/oslo_config/cfg.py:3242}}
Jun 12 23:23:39.381899 np0000002759 devstack@g-api.service[101944]: DEBUG glance.common.config [None req-79233fe2-340e-4b91-97e9-f5aac6bd7e32 None None] use_syslog = False {{(pid=101944) log_opt_values /opt/stack/data/venv/lib/python3.12/site-packages/oslo_config/cfg.py:3242}}
Jun 12 23:23:39.381990 np0000002759 devstack@g-api.service[101944]: DEBUG glance.common.config [None req-79233fe2-340e-4b91-97e9-f5aac6bd7e32 None None] user_storage_quota = 0 {{(pid=101944) log_opt_values /opt/stack/data/venv/lib/python3.12/site-packages/oslo_config/cfg.py:3242}}
Jun 12 23:23:39.382107 np0000002759 devstack@g-api.service[101944]: DEBUG glance.common.config [None req-79233fe2-340e-4b91-97e9-f5aac6bd7e32 None None] worker_self_reference_url = http://127.0.0.1:60999 {{(pid=101944) log_opt_values /opt/stack/data/venv/lib/python3.12/site-packages/oslo_config/cfg.py:3242}}
Jun 12 23:23:39.382202 np0000002759 devstack@g-api.service[101944]: DEBUG glance.common.config [None req-79233fe2-340e-4b91-97e9-f5aac6bd7e32 None None] workers = None {{(pid=101944) log_opt_values /opt/stack/data/venv/lib/python3.12/site-packages/oslo_config/cfg.py:3242}}
Jun 12 23:23:39.382304 np0000002759 devstack@g-api.service[101944]: DEBUG glance.common.config [None req-79233fe2-340e-4b91-97e9-f5aac6bd7e32 None None] oslo_concurrency.disable_process_locking = False {{(pid=101944) log_opt_values /opt/stack/data/venv/lib/python3.12/site-packages/oslo_config/cfg.py:3253}}
Jun 12 23:23:39.382403 np0000002759 devstack@g-api.service[101944]: DEBUG glance.common.config [None req-79233fe2-340e-4b91-97e9-f5aac6bd7e32 None None] oslo_concurrency.lock_path = /opt/stack/data/glance/locks {{(pid=101944) log_opt_values /opt/stack/data/venv/lib/python3.12/site-packages/oslo_config/cfg.py:3253}}
Jun 12 23:23:39.382496 np0000002759 devstack@g-api.service[101944]: DEBUG glance.common.config [None req-79233fe2-340e-4b91-97e9-f5aac6bd7e32 None None] oslo_middleware.enable_proxy_headers_parsing = False {{(pid=101944) log_opt_values /opt/stack/data/venv/lib/python3.12/site-packages/oslo_config/cfg.py:3253}}
Jun 12 23:23:39.382607 np0000002759 devstack@g-api.service[101944]: DEBUG glance.common.config [None req-79233fe2-340e-4b91-97e9-f5aac6bd7e32 None None] oslo_middleware.http_basic_auth_user_file = /etc/htpasswd {{(pid=101944) log_opt_values /opt/stack/data/venv/lib/python3.12/site-packages/oslo_config/cfg.py:3253}}
Jun 12 23:23:39.382764 np0000002759 devstack@g-api.service[101944]: DEBUG glance.common.config [None req-79233fe2-340e-4b91-97e9-f5aac6bd7e32 None None] paste_deploy.config_file = None {{(pid=101944) log_opt_values /opt/stack/data/venv/lib/python3.12/site-packages/oslo_config/cfg.py:3253}}
Jun 12 23:23:39.382813 np0000002759 devstack@g-api.service[101944]: DEBUG glance.common.config [None req-79233fe2-340e-4b91-97e9-f5aac6bd7e32 None None] paste_deploy.flavor = keystone+cachemanagement {{(pid=101944) log_opt_values /opt/stack/data/venv/lib/python3.12/site-packages/oslo_config/cfg.py:3253}}
Jun 12 23:23:39.382939 np0000002759 devstack@g-api.service[101944]: DEBUG glance.common.config [None req-79233fe2-340e-4b91-97e9-f5aac6bd7e32 None None] image_format.container_formats = ['ami', 'ari', 'aki', 'bare', 'ovf', 'ova', 'docker', 'compressed'] {{(pid=101944) log_opt_values /opt/stack/data/venv/lib/python3.12/site-packages/oslo_config/cfg.py:3253}}
Jun 12 23:23:39.383033 np0000002759 devstack@g-api.service[101944]: DEBUG glance.common.config [None req-79233fe2-340e-4b91-97e9-f5aac6bd7e32 None None] image_format.disk_formats = ['ami', 'ari', 'aki', 'vhd', 'vhdx', 'vmdk', 'raw', 'qcow2', 'vdi', 'iso', 'ploop'] {{(pid=101944) log_opt_values /opt/stack/data/venv/lib/python3.12/site-packages/oslo_config/cfg.py:3253}}
Jun 12 23:23:39.383163 np0000002759 devstack@g-api.service[101944]: DEBUG glance.common.config [None req-79233fe2-340e-4b91-97e9-f5aac6bd7e32 None None] image_format.gpt_safety_checks_nonfatal = [] {{(pid=101944) log_opt_values /opt/stack/data/venv/lib/python3.12/site-packages/oslo_config/cfg.py:3253}}
Jun 12 23:23:39.383260 np0000002759 devstack@g-api.service[101944]: DEBUG glance.common.config [None req-79233fe2-340e-4b91-97e9-f5aac6bd7e32 None None] image_format.require_image_format_match = True {{(pid=101944) log_opt_values /opt/stack/data/venv/lib/python3.12/site-packages/oslo_config/cfg.py:3253}}
Jun 12 23:23:39.383288 np0000002759 devstack@g-api.service[101945]: INFO glance.api.middleware.cache_manage [None req-4f5dc4c5-0f03-4454-8da0-bc8acf56e2a7 None None] Initialized image cache management middleware
Jun 12 23:23:39.383359 np0000002759 devstack@g-api.service[101944]: DEBUG glance.common.config [None req-79233fe2-340e-4b91-97e9-f5aac6bd7e32 None None] image_format.vmdk_allowed_types = ['streamOptimized', 'monolithicSparse'] {{(pid=101944) log_opt_values /opt/stack/data/venv/lib/python3.12/site-packages/oslo_config/cfg.py:3253}}
Jun 12 23:23:39.383405 np0000002759 devstack@g-api.service[101945]: INFO glance.image_cache [None req-4f5dc4c5-0f03-4454-8da0-bc8acf56e2a7 None None] Image cache loaded driver 'centralized_db'.
Jun 12 23:23:39.383459 np0000002759 devstack@g-api.service[101944]: DEBUG glance.common.config [None req-79233fe2-340e-4b91-97e9-f5aac6bd7e32 None None] task.task_executor = taskflow {{(pid=101944) log_opt_values /opt/stack/data/venv/lib/python3.12/site-packages/oslo_config/cfg.py:3253}}
Jun 12 23:23:39.383549 np0000002759 devstack@g-api.service[101944]: DEBUG glance.common.config [None req-79233fe2-340e-4b91-97e9-f5aac6bd7e32 None None] task.task_time_to_live = 48 {{(pid=101944) log_opt_values /opt/stack/data/venv/lib/python3.12/site-packages/oslo_config/cfg.py:3253}}
Jun 12 23:23:39.383687 np0000002759 devstack@g-api.service[101944]: DEBUG glance.common.config [None req-79233fe2-340e-4b91-97e9-f5aac6bd7e32 None None] task.work_dir = None {{(pid=101944) log_opt_values /opt/stack/data/venv/lib/python3.12/site-packages/oslo_config/cfg.py:3253}}
