Jun 12 23:22:26.423399 np0000002759 systemd[1]: Starting devstack@n-api.service - Devstack devstack@n-api.service...
Jun 12 23:22:26.428495 np0000002759 devstack@n-api.service[86610]: [uWSGI] getting INI configuration from /etc/nova/nova-api-uwsgi.ini
Jun 12 23:22:26.430776 np0000002759 devstack@n-api.service[86610]: *** Starting uWSGI 2.0.24-debian (64bit) on [Fri Jun 12 23:22:26 2026] ***
Jun 12 23:22:26.430776 np0000002759 devstack@n-api.service[86610]: compiled with version: 13.2.0 on 17 April 2024 16:23:48
Jun 12 23:22:26.430776 np0000002759 devstack@n-api.service[86610]: os: Linux-6.8.0-100-generic #100-Ubuntu SMP PREEMPT_DYNAMIC Tue Jan 13 16:40:06 UTC 2026
Jun 12 23:22:26.430776 np0000002759 devstack@n-api.service[86610]: nodename: np0000002759
Jun 12 23:22:26.430776 np0000002759 devstack@n-api.service[86610]: machine: x86_64
Jun 12 23:22:26.430776 np0000002759 devstack@n-api.service[86610]: clock source: unix
Jun 12 23:22:26.430776 np0000002759 devstack@n-api.service[86610]: pcre jit disabled
Jun 12 23:22:26.430776 np0000002759 devstack@n-api.service[86610]: detected number of CPU cores: 12
Jun 12 23:22:26.430776 np0000002759 devstack@n-api.service[86610]: current working directory: /
Jun 12 23:22:26.430776 np0000002759 devstack@n-api.service[86610]: detected binary path: /usr/bin/uwsgi-core
Jun 12 23:22:26.430776 np0000002759 devstack@n-api.service[86610]: your processes number limit is 95969
Jun 12 23:22:26.430776 np0000002759 devstack@n-api.service[86610]: your memory page size is 4096 bytes
Jun 12 23:22:26.431170 np0000002759 devstack@n-api.service[86610]: detected max file descriptor number: 2048
Jun 12 23:22:26.431170 np0000002759 devstack@n-api.service[86610]: lock engine: pthread robust mutexes
Jun 12 23:22:26.431170 np0000002759 devstack@n-api.service[86610]: thunder lock: enabled
Jun 12 23:22:26.431170 np0000002759 devstack@n-api.service[86610]: uwsgi socket 0 bound to UNIX address /var/run/uwsgi/nova-api.socket fd 4
Jun 12 23:22:26.431254 np0000002759 devstack@n-api.service[86610]: Python version: 3.12.3 (main, Mar 23 2026, 19:04:32) [GCC 13.3.0]
Jun 12 23:22:26.431254 np0000002759 devstack@n-api.service[86610]: PEP 405 virtualenv detected: /opt/stack/data/venv
Jun 12 23:22:26.431254 np0000002759 devstack@n-api.service[86610]: Set PythonHome to /opt/stack/data/venv
Jun 12 23:22:26.464913 np0000002759 devstack@n-api.service[86610]: Python main interpreter initialized at 0x79dd616a3668
Jun 12 23:22:26.464913 np0000002759 devstack@n-api.service[86610]: python threads support enabled
Jun 12 23:22:26.464913 np0000002759 devstack@n-api.service[86610]: your server socket listen backlog is limited to 100 connections
Jun 12 23:22:26.464913 np0000002759 devstack@n-api.service[86610]: your mercy for graceful operations on workers is 80 seconds
Jun 12 23:22:26.465361 np0000002759 devstack@n-api.service[86610]: mapped 537436 bytes (524 KB) for 3 cores
Jun 12 23:22:26.465471 np0000002759 devstack@n-api.service[86610]: *** Operational MODE: preforking ***
Jun 12 23:22:26.465689 np0000002759 devstack@n-api.service[86610]: *** uWSGI is running in multiple interpreter mode ***
Jun 12 23:22:26.465689 np0000002759 devstack@n-api.service[86610]: spawned uWSGI master process (pid: 86610)
Jun 12 23:22:26.465870 np0000002759 systemd[1]: Started devstack@n-api.service - Devstack devstack@n-api.service.
Jun 12 23:22:26.466302 np0000002759 devstack@n-api.service[86610]: spawned uWSGI worker 1 (pid: 86611, cores: 1)
Jun 12 23:22:26.466774 np0000002759 devstack@n-api.service[86610]: spawned uWSGI worker 2 (pid: 86612, cores: 1)
Jun 12 23:22:26.467239 np0000002759 devstack@n-api.service[86610]: spawned uWSGI worker 3 (pid: 86613, cores: 1)
Jun 12 23:22:26.467301 np0000002759 devstack@n-api.service[86610]: running "unix_signal:15 gracefully_kill_them_all" (master-start)...
Jun 12 23:22:28.028658 np0000002759 devstack@n-api.service[86613]: INFO dbcounter [None req-315d010a-e123-4bcf-a79b-6d40d1e34f76 None None] Registered counter for database nova_api
Jun 12 23:22:28.036631 np0000002759 devstack@n-api.service[86611]: INFO dbcounter [None req-43c01bc6-9856-4c55-a655-674cc81e9fe6 None None] Registered counter for database nova_api
Jun 12 23:22:28.049568 np0000002759 devstack@n-api.service[86612]: INFO dbcounter [None req-13da3685-30cd-41ec-b2a5-74ebc718cc96 None None] Registered counter for database nova_api
Jun 12 23:22:28.068276 np0000002759 devstack@n-api.service[86613]: DEBUG oslo_db.sqlalchemy.engines [None req-315d010a-e123-4bcf-a79b-6d40d1e34f76 None None] MySQL server mode set to STRICT_TRANS_TABLES,STRICT_ALL_TABLES,NO_ZERO_IN_DATE,NO_ZERO_DATE,ERROR_FOR_DIVISION_BY_ZERO,TRADITIONAL,NO_ENGINE_SUBSTITUTION {{(pid=86613) _check_effective_sql_mode /opt/stack/data/venv/lib/python3.12/site-packages/oslo_db/sqlalchemy/engines.py:325}}
Jun 12 23:22:28.078533 np0000002759 devstack@n-api.service[86611]: DEBUG oslo_db.sqlalchemy.engines [None req-43c01bc6-9856-4c55-a655-674cc81e9fe6 None None] MySQL server mode set to STRICT_TRANS_TABLES,STRICT_ALL_TABLES,NO_ZERO_IN_DATE,NO_ZERO_DATE,ERROR_FOR_DIVISION_BY_ZERO,TRADITIONAL,NO_ENGINE_SUBSTITUTION {{(pid=86611) _check_effective_sql_mode /opt/stack/data/venv/lib/python3.12/site-packages/oslo_db/sqlalchemy/engines.py:325}}
Jun 12 23:22:28.088776 np0000002759 devstack@n-api.service[86612]: DEBUG oslo_db.sqlalchemy.engines [None req-13da3685-30cd-41ec-b2a5-74ebc718cc96 None None] MySQL server mode set to STRICT_TRANS_TABLES,STRICT_ALL_TABLES,NO_ZERO_IN_DATE,NO_ZERO_DATE,ERROR_FOR_DIVISION_BY_ZERO,TRADITIONAL,NO_ENGINE_SUBSTITUTION {{(pid=86612) _check_effective_sql_mode /opt/stack/data/venv/lib/python3.12/site-packages/oslo_db/sqlalchemy/engines.py:325}}
Jun 12 23:22:28.096691 np0000002759 devstack@n-api.service[86613]: DEBUG dbcounter [-] [86613] Writer thread running {{(pid=86613) stat_writer /opt/stack/data/venv/lib/python3.12/site-packages/dbcounter.py:102}}
Jun 12 23:22:28.099175 np0000002759 devstack@n-api.service[86613]: DEBUG nova.context [None req-315d010a-e123-4bcf-a79b-6d40d1e34f76 None None] Found 2 cells: 00000000-0000-0000-0000-000000000000(cell0),f776855f-89fd-4aa7-ad7d-43dcd4dcf7a8(cell1) {{(pid=86613) load_cells /opt/stack/nova/nova/context.py:509}}
Jun 12 23:22:28.099382 np0000002759 devstack@n-api.service[86613]: INFO nova.utils [None req-315d010a-e123-4bcf-a79b-6d40d1e34f76 None None] The cell worker thread pool MainProcess.cell_worker is initialized
Jun 12 23:22:28.101028 np0000002759 devstack@n-api.service[86613]: DEBUG oslo_concurrency.lockutils [None req-315d010a-e123-4bcf-a79b-6d40d1e34f76 None None] Acquiring lock "00000000-0000-0000-0000-000000000000" by "nova.context.set_target_cell..get_or_set_cached_cell_and_set_connections" {{(pid=86613) inner /opt/stack/data/venv/lib/python3.12/site-packages/oslo_concurrency/lockutils.py:511}}
Jun 12 23:22:28.101210 np0000002759 devstack@n-api.service[86613]: DEBUG oslo_concurrency.lockutils [None req-315d010a-e123-4bcf-a79b-6d40d1e34f76 None None] Lock "00000000-0000-0000-0000-000000000000" acquired by "nova.context.set_target_cell..get_or_set_cached_cell_and_set_connections" :: waited 0.000s {{(pid=86613) inner /opt/stack/data/venv/lib/python3.12/site-packages/oslo_concurrency/lockutils.py:524}}
Jun 12 23:22:28.101525 np0000002759 devstack@n-api.service[86613]: DEBUG oslo_concurrency.lockutils [None req-315d010a-e123-4bcf-a79b-6d40d1e34f76 None None] Lock "00000000-0000-0000-0000-000000000000" "released" by "nova.context.set_target_cell..get_or_set_cached_cell_and_set_connections" :: held 0.000s {{(pid=86613) inner /opt/stack/data/venv/lib/python3.12/site-packages/oslo_concurrency/lockutils.py:543}}
Jun 12 23:22:28.102262 np0000002759 devstack@n-api.service[86613]: DEBUG oslo_concurrency.lockutils [None req-315d010a-e123-4bcf-a79b-6d40d1e34f76 None None] Acquiring lock "f776855f-89fd-4aa7-ad7d-43dcd4dcf7a8" by "nova.context.set_target_cell..get_or_set_cached_cell_and_set_connections" {{(pid=86613) inner /opt/stack/data/venv/lib/python3.12/site-packages/oslo_concurrency/lockutils.py:511}}
Jun 12 23:22:28.102394 np0000002759 devstack@n-api.service[86613]: DEBUG oslo_concurrency.lockutils [None req-315d010a-e123-4bcf-a79b-6d40d1e34f76 None None] Lock "f776855f-89fd-4aa7-ad7d-43dcd4dcf7a8" acquired by "nova.context.set_target_cell..get_or_set_cached_cell_and_set_connections" :: waited 0.000s {{(pid=86613) inner /opt/stack/data/venv/lib/python3.12/site-packages/oslo_concurrency/lockutils.py:524}}
Jun 12 23:22:28.103147 np0000002759 devstack@n-api.service[86613]: DEBUG oslo_concurrency.lockutils [None req-315d010a-e123-4bcf-a79b-6d40d1e34f76 None None] Lock "f776855f-89fd-4aa7-ad7d-43dcd4dcf7a8" "released" by "nova.context.set_target_cell..get_or_set_cached_cell_and_set_connections" :: held 0.001s {{(pid=86613) inner /opt/stack/data/venv/lib/python3.12/site-packages/oslo_concurrency/lockutils.py:543}}
Jun 12 23:22:28.105304 np0000002759 devstack@n-api.service[86613]: INFO dbcounter [None req-315d010a-e123-4bcf-a79b-6d40d1e34f76 None None] Registered counter for database nova_cell0
Jun 12 23:22:28.106520 np0000002759 devstack@n-api.service[86611]: DEBUG dbcounter [-] [86611] Writer thread running {{(pid=86611) stat_writer /opt/stack/data/venv/lib/python3.12/site-packages/dbcounter.py:102}}
Jun 12 23:22:28.108902 np0000002759 devstack@n-api.service[86611]: DEBUG nova.context [None req-43c01bc6-9856-4c55-a655-674cc81e9fe6 None None] Found 2 cells: 00000000-0000-0000-0000-000000000000(cell0),f776855f-89fd-4aa7-ad7d-43dcd4dcf7a8(cell1) {{(pid=86611) load_cells /opt/stack/nova/nova/context.py:509}}
Jun 12 23:22:28.109005 np0000002759 devstack@n-api.service[86613]: INFO dbcounter [None req-315d010a-e123-4bcf-a79b-6d40d1e34f76 None None] Registered counter for database nova_cell1
Jun 12 23:22:28.109165 np0000002759 devstack@n-api.service[86611]: INFO nova.utils [None req-43c01bc6-9856-4c55-a655-674cc81e9fe6 None None] The cell worker thread pool MainProcess.cell_worker is initialized
Jun 12 23:22:28.110767 np0000002759 devstack@n-api.service[86611]: DEBUG oslo_concurrency.lockutils [None req-43c01bc6-9856-4c55-a655-674cc81e9fe6 None None] Acquiring lock "00000000-0000-0000-0000-000000000000" by "nova.context.set_target_cell..get_or_set_cached_cell_and_set_connections" {{(pid=86611) inner /opt/stack/data/venv/lib/python3.12/site-packages/oslo_concurrency/lockutils.py:511}}
Jun 12 23:22:28.110935 np0000002759 devstack@n-api.service[86611]: DEBUG oslo_concurrency.lockutils [None req-43c01bc6-9856-4c55-a655-674cc81e9fe6 None None] Lock "00000000-0000-0000-0000-000000000000" acquired by "nova.context.set_target_cell..get_or_set_cached_cell_and_set_connections" :: waited 0.000s {{(pid=86611) inner /opt/stack/data/venv/lib/python3.12/site-packages/oslo_concurrency/lockutils.py:524}}
Jun 12 23:22:28.111293 np0000002759 devstack@n-api.service[86611]: DEBUG oslo_concurrency.lockutils [None req-43c01bc6-9856-4c55-a655-674cc81e9fe6 None None] Lock "00000000-0000-0000-0000-000000000000" "released" by "nova.context.set_target_cell..get_or_set_cached_cell_and_set_connections" :: held 0.000s {{(pid=86611) inner /opt/stack/data/venv/lib/python3.12/site-packages/oslo_concurrency/lockutils.py:543}}
Jun 12 23:22:28.111921 np0000002759 devstack@n-api.service[86611]: DEBUG oslo_concurrency.lockutils [None req-43c01bc6-9856-4c55-a655-674cc81e9fe6 None None] Acquiring lock "f776855f-89fd-4aa7-ad7d-43dcd4dcf7a8" by "nova.context.set_target_cell..get_or_set_cached_cell_and_set_connections" {{(pid=86611) inner /opt/stack/data/venv/lib/python3.12/site-packages/oslo_concurrency/lockutils.py:511}}
Jun 12 23:22:28.112058 np0000002759 devstack@n-api.service[86611]: DEBUG oslo_concurrency.lockutils [None req-43c01bc6-9856-4c55-a655-674cc81e9fe6 None None] Lock "f776855f-89fd-4aa7-ad7d-43dcd4dcf7a8" acquired by "nova.context.set_target_cell..get_or_set_cached_cell_and_set_connections" :: waited 0.000s {{(pid=86611) inner /opt/stack/data/venv/lib/python3.12/site-packages/oslo_concurrency/lockutils.py:524}}
Jun 12 23:22:28.112800 np0000002759 devstack@n-api.service[86611]: DEBUG oslo_concurrency.lockutils [None req-43c01bc6-9856-4c55-a655-674cc81e9fe6 None None] Lock "f776855f-89fd-4aa7-ad7d-43dcd4dcf7a8" "released" by "nova.context.set_target_cell..get_or_set_cached_cell_and_set_connections" :: held 0.001s {{(pid=86611) inner /opt/stack/data/venv/lib/python3.12/site-packages/oslo_concurrency/lockutils.py:543}}
Jun 12 23:22:28.114559 np0000002759 devstack@n-api.service[86611]: INFO dbcounter [None req-43c01bc6-9856-4c55-a655-674cc81e9fe6 None None] Registered counter for database nova_cell0
Jun 12 23:22:28.117278 np0000002759 devstack@n-api.service[86611]: INFO dbcounter [None req-43c01bc6-9856-4c55-a655-674cc81e9fe6 None None] Registered counter for database nova_cell1
Jun 12 23:22:28.122752 np0000002759 devstack@n-api.service[86612]: DEBUG dbcounter [-] [86612] Writer thread running {{(pid=86612) stat_writer /opt/stack/data/venv/lib/python3.12/site-packages/dbcounter.py:102}}
Jun 12 23:22:28.125511 np0000002759 devstack@n-api.service[86612]: DEBUG nova.context [None req-13da3685-30cd-41ec-b2a5-74ebc718cc96 None None] Found 2 cells: 00000000-0000-0000-0000-000000000000(cell0),f776855f-89fd-4aa7-ad7d-43dcd4dcf7a8(cell1) {{(pid=86612) load_cells /opt/stack/nova/nova/context.py:509}}
Jun 12 23:22:28.125807 np0000002759 devstack@n-api.service[86612]: INFO nova.utils [None req-13da3685-30cd-41ec-b2a5-74ebc718cc96 None None] The cell worker thread pool MainProcess.cell_worker is initialized
Jun 12 23:22:28.127915 np0000002759 devstack@n-api.service[86612]: DEBUG oslo_concurrency.lockutils [None req-13da3685-30cd-41ec-b2a5-74ebc718cc96 None None] Acquiring lock "00000000-0000-0000-0000-000000000000" by "nova.context.set_target_cell..get_or_set_cached_cell_and_set_connections" {{(pid=86612) inner /opt/stack/data/venv/lib/python3.12/site-packages/oslo_concurrency/lockutils.py:511}}
Jun 12 23:22:28.128140 np0000002759 devstack@n-api.service[86612]: DEBUG oslo_concurrency.lockutils [None req-13da3685-30cd-41ec-b2a5-74ebc718cc96 None None] Lock "00000000-0000-0000-0000-000000000000" acquired by "nova.context.set_target_cell..get_or_set_cached_cell_and_set_connections" :: waited 0.000s {{(pid=86612) inner /opt/stack/data/venv/lib/python3.12/site-packages/oslo_concurrency/lockutils.py:524}}
Jun 12 23:22:28.128578 np0000002759 devstack@n-api.service[86612]: DEBUG oslo_concurrency.lockutils [None req-13da3685-30cd-41ec-b2a5-74ebc718cc96 None None] Lock "00000000-0000-0000-0000-000000000000" "released" by "nova.context.set_target_cell..get_or_set_cached_cell_and_set_connections" :: held 0.000s {{(pid=86612) inner /opt/stack/data/venv/lib/python3.12/site-packages/oslo_concurrency/lockutils.py:543}}
Jun 12 23:22:28.129324 np0000002759 devstack@n-api.service[86612]: DEBUG oslo_concurrency.lockutils [None req-13da3685-30cd-41ec-b2a5-74ebc718cc96 None None] Acquiring lock "f776855f-89fd-4aa7-ad7d-43dcd4dcf7a8" by "nova.context.set_target_cell..get_or_set_cached_cell_and_set_connections" {{(pid=86612) inner /opt/stack/data/venv/lib/python3.12/site-packages/oslo_concurrency/lockutils.py:511}}
Jun 12 23:22:28.129519 np0000002759 devstack@n-api.service[86612]: DEBUG oslo_concurrency.lockutils [None req-13da3685-30cd-41ec-b2a5-74ebc718cc96 None None] Lock "f776855f-89fd-4aa7-ad7d-43dcd4dcf7a8" acquired by "nova.context.set_target_cell..get_or_set_cached_cell_and_set_connections" :: waited 0.000s {{(pid=86612) inner /opt/stack/data/venv/lib/python3.12/site-packages/oslo_concurrency/lockutils.py:524}}
Jun 12 23:22:28.130546 np0000002759 devstack@n-api.service[86612]: DEBUG oslo_concurrency.lockutils [None req-13da3685-30cd-41ec-b2a5-74ebc718cc96 None None] Lock "f776855f-89fd-4aa7-ad7d-43dcd4dcf7a8" "released" by "nova.context.set_target_cell..get_or_set_cached_cell_and_set_connections" :: held 0.001s {{(pid=86612) inner /opt/stack/data/venv/lib/python3.12/site-packages/oslo_concurrency/lockutils.py:543}}
Jun 12 23:22:28.132622 np0000002759 devstack@n-api.service[86612]: INFO dbcounter [None req-13da3685-30cd-41ec-b2a5-74ebc718cc96 None None] Registered counter for database nova_cell0
Jun 12 23:22:28.135902 np0000002759 devstack@n-api.service[86612]: INFO dbcounter [None req-13da3685-30cd-41ec-b2a5-74ebc718cc96 None None] Registered counter for database nova_cell1
Jun 12 23:22:28.166396 np0000002759 devstack@n-api.service[86613]: DEBUG oslo_db.sqlalchemy.engines [None req-315d010a-e123-4bcf-a79b-6d40d1e34f76 None None] MySQL server mode set to STRICT_TRANS_TABLES,STRICT_ALL_TABLES,NO_ZERO_IN_DATE,NO_ZERO_DATE,ERROR_FOR_DIVISION_BY_ZERO,TRADITIONAL,NO_ENGINE_SUBSTITUTION {{(pid=86613) _check_effective_sql_mode /opt/stack/data/venv/lib/python3.12/site-packages/oslo_db/sqlalchemy/engines.py:325}}
Jun 12 23:22:28.169787 np0000002759 devstack@n-api.service[86611]: DEBUG oslo_db.sqlalchemy.engines [None req-43c01bc6-9856-4c55-a655-674cc81e9fe6 None None] MySQL server mode set to STRICT_TRANS_TABLES,STRICT_ALL_TABLES,NO_ZERO_IN_DATE,NO_ZERO_DATE,ERROR_FOR_DIVISION_BY_ZERO,TRADITIONAL,NO_ENGINE_SUBSTITUTION {{(pid=86611) _check_effective_sql_mode /opt/stack/data/venv/lib/python3.12/site-packages/oslo_db/sqlalchemy/engines.py:325}}
Jun 12 23:22:28.180384 np0000002759 devstack@n-api.service[86611]: DEBUG oslo_db.sqlalchemy.engines [None req-43c01bc6-9856-4c55-a655-674cc81e9fe6 None None] MySQL server mode set to STRICT_TRANS_TABLES,STRICT_ALL_TABLES,NO_ZERO_IN_DATE,NO_ZERO_DATE,ERROR_FOR_DIVISION_BY_ZERO,TRADITIONAL,NO_ENGINE_SUBSTITUTION {{(pid=86611) _check_effective_sql_mode /opt/stack/data/venv/lib/python3.12/site-packages/oslo_db/sqlalchemy/engines.py:325}}
Jun 12 23:22:28.185627 np0000002759 devstack@n-api.service[86612]: DEBUG oslo_db.sqlalchemy.engines [None req-13da3685-30cd-41ec-b2a5-74ebc718cc96 None None] MySQL server mode set to STRICT_TRANS_TABLES,STRICT_ALL_TABLES,NO_ZERO_IN_DATE,NO_ZERO_DATE,ERROR_FOR_DIVISION_BY_ZERO,TRADITIONAL,NO_ENGINE_SUBSTITUTION {{(pid=86612) _check_effective_sql_mode /opt/stack/data/venv/lib/python3.12/site-packages/oslo_db/sqlalchemy/engines.py:325}}
Jun 12 23:22:28.198964 np0000002759 devstack@n-api.service[86612]: DEBUG oslo_db.sqlalchemy.engines [None req-13da3685-30cd-41ec-b2a5-74ebc718cc96 None None] MySQL server mode set to STRICT_TRANS_TABLES,STRICT_ALL_TABLES,NO_ZERO_IN_DATE,NO_ZERO_DATE,ERROR_FOR_DIVISION_BY_ZERO,TRADITIONAL,NO_ENGINE_SUBSTITUTION {{(pid=86612) _check_effective_sql_mode /opt/stack/data/venv/lib/python3.12/site-packages/oslo_db/sqlalchemy/engines.py:325}}
Jun 12 23:22:28.243157 np0000002759 devstack@n-api.service[86613]: DEBUG dbcounter [-] [86613] Writer thread running {{(pid=86613) stat_writer /opt/stack/data/venv/lib/python3.12/site-packages/dbcounter.py:102}}
Jun 12 23:22:28.247992 np0000002759 devstack@n-api.service[86613]: DEBUG oslo_db.sqlalchemy.engines [None req-315d010a-e123-4bcf-a79b-6d40d1e34f76 None None] MySQL server mode set to STRICT_TRANS_TABLES,STRICT_ALL_TABLES,NO_ZERO_IN_DATE,NO_ZERO_DATE,ERROR_FOR_DIVISION_BY_ZERO,TRADITIONAL,NO_ENGINE_SUBSTITUTION {{(pid=86613) _check_effective_sql_mode /opt/stack/data/venv/lib/python3.12/site-packages/oslo_db/sqlalchemy/engines.py:325}}
Jun 12 23:22:28.252359 np0000002759 devstack@n-api.service[86613]: DEBUG dbcounter [-] [86613] Writer thread running {{(pid=86613) stat_writer /opt/stack/data/venv/lib/python3.12/site-packages/dbcounter.py:102}}
Jun 12 23:22:28.253112 np0000002759 devstack@n-api.service[86611]: DEBUG dbcounter [-] [86611] Writer thread running {{(pid=86611) stat_writer /opt/stack/data/venv/lib/python3.12/site-packages/dbcounter.py:102}}
Jun 12 23:22:28.256335 np0000002759 devstack@n-api.service[86613]: INFO dbcounter [None req-315d010a-e123-4bcf-a79b-6d40d1e34f76 None None] Registered counter for database nova_cell0
Jun 12 23:22:28.257070 np0000002759 devstack@n-api.service[86611]: DEBUG dbcounter [-] [86611] Writer thread running {{(pid=86611) stat_writer /opt/stack/data/venv/lib/python3.12/site-packages/dbcounter.py:102}}
Jun 12 23:22:28.260287 np0000002759 devstack@n-api.service[86611]: INFO dbcounter [None req-43c01bc6-9856-4c55-a655-674cc81e9fe6 None None] Registered counter for database nova_cell0
Jun 12 23:22:28.264988 np0000002759 devstack@n-api.service[86612]: DEBUG dbcounter [-] [86612] Writer thread running {{(pid=86612) stat_writer /opt/stack/data/venv/lib/python3.12/site-packages/dbcounter.py:102}}
Jun 12 23:22:28.270000 np0000002759 devstack@n-api.service[86612]: DEBUG dbcounter [-] [86612] Writer thread running {{(pid=86612) stat_writer /opt/stack/data/venv/lib/python3.12/site-packages/dbcounter.py:102}}
Jun 12 23:22:28.273400 np0000002759 devstack@n-api.service[86612]: INFO dbcounter [None req-13da3685-30cd-41ec-b2a5-74ebc718cc96 None None] Registered counter for database nova_cell0
Jun 12 23:22:28.293943 np0000002759 devstack@n-api.service[86611]: DEBUG oslo_db.sqlalchemy.engines [None req-43c01bc6-9856-4c55-a655-674cc81e9fe6 None None] MySQL server mode set to STRICT_TRANS_TABLES,STRICT_ALL_TABLES,NO_ZERO_IN_DATE,NO_ZERO_DATE,ERROR_FOR_DIVISION_BY_ZERO,TRADITIONAL,NO_ENGINE_SUBSTITUTION {{(pid=86611) _check_effective_sql_mode /opt/stack/data/venv/lib/python3.12/site-packages/oslo_db/sqlalchemy/engines.py:325}}
Jun 12 23:22:28.300051 np0000002759 devstack@n-api.service[86611]: DEBUG dbcounter [-] [86611] Writer thread running {{(pid=86611) stat_writer /opt/stack/data/venv/lib/python3.12/site-packages/dbcounter.py:102}}
Jun 12 23:22:28.302269 np0000002759 devstack@n-api.service[86613]: DEBUG oslo_db.sqlalchemy.engines [None req-315d010a-e123-4bcf-a79b-6d40d1e34f76 None None] MySQL server mode set to STRICT_TRANS_TABLES,STRICT_ALL_TABLES,NO_ZERO_IN_DATE,NO_ZERO_DATE,ERROR_FOR_DIVISION_BY_ZERO,TRADITIONAL,NO_ENGINE_SUBSTITUTION {{(pid=86613) _check_effective_sql_mode /opt/stack/data/venv/lib/python3.12/site-packages/oslo_db/sqlalchemy/engines.py:325}}
Jun 12 23:22:28.308051 np0000002759 devstack@n-api.service[86613]: DEBUG dbcounter [-] [86613] Writer thread running {{(pid=86613) stat_writer /opt/stack/data/venv/lib/python3.12/site-packages/dbcounter.py:102}}
Jun 12 23:22:28.311795 np0000002759 devstack@n-api.service[86612]: DEBUG oslo_db.sqlalchemy.engines [None req-13da3685-30cd-41ec-b2a5-74ebc718cc96 None None] MySQL server mode set to STRICT_TRANS_TABLES,STRICT_ALL_TABLES,NO_ZERO_IN_DATE,NO_ZERO_DATE,ERROR_FOR_DIVISION_BY_ZERO,TRADITIONAL,NO_ENGINE_SUBSTITUTION {{(pid=86612) _check_effective_sql_mode /opt/stack/data/venv/lib/python3.12/site-packages/oslo_db/sqlalchemy/engines.py:325}}
Jun 12 23:22:28.317946 np0000002759 devstack@n-api.service[86612]: DEBUG dbcounter [-] [86612] Writer thread running {{(pid=86612) stat_writer /opt/stack/data/venv/lib/python3.12/site-packages/dbcounter.py:102}}
Jun 12 23:22:28.662760 np0000002759 devstack@n-api.service[86613]: DEBUG oslo_concurrency.processutils [None req-315d010a-e123-4bcf-a79b-6d40d1e34f76 None None] Running cmd (subprocess): grep -F node.session.scan /sbin/iscsiadm {{(pid=86613) execute /opt/stack/data/venv/lib/python3.12/site-packages/oslo_concurrency/processutils.py:440}}
Jun 12 23:22:28.668295 np0000002759 devstack@n-api.service[86611]: DEBUG oslo_concurrency.processutils [None req-43c01bc6-9856-4c55-a655-674cc81e9fe6 None None] Running cmd (subprocess): grep -F node.session.scan /sbin/iscsiadm {{(pid=86611) execute /opt/stack/data/venv/lib/python3.12/site-packages/oslo_concurrency/processutils.py:440}}
Jun 12 23:22:28.669864 np0000002759 devstack@n-api.service[86612]: DEBUG oslo_concurrency.processutils [None req-13da3685-30cd-41ec-b2a5-74ebc718cc96 None None] Running cmd (subprocess): grep -F node.session.scan /sbin/iscsiadm {{(pid=86612) execute /opt/stack/data/venv/lib/python3.12/site-packages/oslo_concurrency/processutils.py:440}}
Jun 12 23:22:28.673315 np0000002759 devstack@n-api.service[86613]: DEBUG oslo_concurrency.processutils [None req-315d010a-e123-4bcf-a79b-6d40d1e34f76 None None] CMD "grep -F node.session.scan /sbin/iscsiadm" returned: 0 in 0.011s {{(pid=86613) execute /opt/stack/data/venv/lib/python3.12/site-packages/oslo_concurrency/processutils.py:468}}
Jun 12 23:22:28.679095 np0000002759 devstack@n-api.service[86611]: DEBUG oslo_concurrency.processutils [None req-43c01bc6-9856-4c55-a655-674cc81e9fe6 None None] CMD "grep -F node.session.scan /sbin/iscsiadm" returned: 0 in 0.011s {{(pid=86611) execute /opt/stack/data/venv/lib/python3.12/site-packages/oslo_concurrency/processutils.py:468}}
Jun 12 23:22:28.680802 np0000002759 devstack@n-api.service[86612]: DEBUG oslo_concurrency.processutils [None req-13da3685-30cd-41ec-b2a5-74ebc718cc96 None None] CMD "grep -F node.session.scan /sbin/iscsiadm" returned: 0 in 0.011s {{(pid=86612) execute /opt/stack/data/venv/lib/python3.12/site-packages/oslo_concurrency/processutils.py:468}}
Jun 12 23:22:29.203858 np0000002759 devstack@n-api.service[86613]: DEBUG nova.api.openstack.wsgi_app [None req-315d010a-e123-4bcf-a79b-6d40d1e34f76 None None] ******************************************************************************** {{(pid=86613) log_opt_values /opt/stack/data/venv/lib/python3.12/site-packages/oslo_config/cfg.py:3226}}
Jun 12 23:22:29.204264 np0000002759 devstack@n-api.service[86613]: DEBUG nova.api.openstack.wsgi_app [None req-315d010a-e123-4bcf-a79b-6d40d1e34f76 None None] Configuration options gathered from: {{(pid=86613) log_opt_values /opt/stack/data/venv/lib/python3.12/site-packages/oslo_config/cfg.py:3227}}
Jun 12 23:22:29.204264 np0000002759 devstack@n-api.service[86613]: DEBUG nova.api.openstack.wsgi_app [None req-315d010a-e123-4bcf-a79b-6d40d1e34f76 None None] command line args: [] {{(pid=86613) log_opt_values /opt/stack/data/venv/lib/python3.12/site-packages/oslo_config/cfg.py:3228}}
Jun 12 23:22:29.204423 np0000002759 devstack@n-api.service[86613]: DEBUG nova.api.openstack.wsgi_app [None req-315d010a-e123-4bcf-a79b-6d40d1e34f76 None None] config files: ['/etc/nova/api-paste.ini', '/etc/nova/nova.conf'] {{(pid=86613) log_opt_values /opt/stack/data/venv/lib/python3.12/site-packages/oslo_config/cfg.py:3229}}
Jun 12 23:22:29.204518 np0000002759 devstack@n-api.service[86613]: DEBUG nova.api.openstack.wsgi_app [None req-315d010a-e123-4bcf-a79b-6d40d1e34f76 None None] ================================================================================ {{(pid=86613) log_opt_values /opt/stack/data/venv/lib/python3.12/site-packages/oslo_config/cfg.py:3234}}
Jun 12 23:22:29.204667 np0000002759 devstack@n-api.service[86613]: DEBUG nova.api.openstack.wsgi_app [None req-315d010a-e123-4bcf-a79b-6d40d1e34f76 None None] allow_resize_to_same_host = True {{(pid=86613) log_opt_values /opt/stack/data/venv/lib/python3.12/site-packages/oslo_config/cfg.py:3242}}
Jun 12 23:22:29.204798 np0000002759 devstack@n-api.service[86613]: DEBUG nova.api.openstack.wsgi_app [None req-315d010a-e123-4bcf-a79b-6d40d1e34f76 None None] arq_binding_timeout = 300 {{(pid=86613) log_opt_values /opt/stack/data/venv/lib/python3.12/site-packages/oslo_config/cfg.py:3242}}
Jun 12 23:22:29.204914 np0000002759 devstack@n-api.service[86613]: DEBUG nova.api.openstack.wsgi_app [None req-315d010a-e123-4bcf-a79b-6d40d1e34f76 None None] block_device_allocate_retries = 60 {{(pid=86613) log_opt_values /opt/stack/data/venv/lib/python3.12/site-packages/oslo_config/cfg.py:3242}}
Jun 12 23:22:29.205020 np0000002759 devstack@n-api.service[86613]: DEBUG nova.api.openstack.wsgi_app [None req-315d010a-e123-4bcf-a79b-6d40d1e34f76 None None] block_device_allocate_retries_interval = 3 {{(pid=86613) log_opt_values /opt/stack/data/venv/lib/python3.12/site-packages/oslo_config/cfg.py:3242}}
Jun 12 23:22:29.205165 np0000002759 devstack@n-api.service[86613]: DEBUG nova.api.openstack.wsgi_app [None req-315d010a-e123-4bcf-a79b-6d40d1e34f76 None None] cell_worker_thread_pool_size = 5 {{(pid=86613) log_opt_values /opt/stack/data/venv/lib/python3.12/site-packages/oslo_config/cfg.py:3242}}
Jun 12 23:22:29.205278 np0000002759 devstack@n-api.service[86613]: DEBUG nova.api.openstack.wsgi_app [None req-315d010a-e123-4bcf-a79b-6d40d1e34f76 None None] cert = self.pem {{(pid=86613) log_opt_values /opt/stack/data/venv/lib/python3.12/site-packages/oslo_config/cfg.py:3242}}
Jun 12 23:22:29.205395 np0000002759 devstack@n-api.service[86613]: DEBUG nova.api.openstack.wsgi_app [None req-315d010a-e123-4bcf-a79b-6d40d1e34f76 None None] compute_driver = libvirt.LibvirtDriver {{(pid=86613) log_opt_values /opt/stack/data/venv/lib/python3.12/site-packages/oslo_config/cfg.py:3242}}
Jun 12 23:22:29.205508 np0000002759 devstack@n-api.service[86613]: DEBUG nova.api.openstack.wsgi_app [None req-315d010a-e123-4bcf-a79b-6d40d1e34f76 None None] compute_monitors = [] {{(pid=86613) log_opt_values /opt/stack/data/venv/lib/python3.12/site-packages/oslo_config/cfg.py:3242}}
Jun 12 23:22:29.205630 np0000002759 devstack@n-api.service[86613]: DEBUG nova.api.openstack.wsgi_app [None req-315d010a-e123-4bcf-a79b-6d40d1e34f76 None None] config_dir = [] {{(pid=86613) log_opt_values /opt/stack/data/venv/lib/python3.12/site-packages/oslo_config/cfg.py:3242}}
Jun 12 23:22:29.205760 np0000002759 devstack@n-api.service[86613]: DEBUG nova.api.openstack.wsgi_app [None req-315d010a-e123-4bcf-a79b-6d40d1e34f76 None None] config_drive_format = iso9660 {{(pid=86613) log_opt_values /opt/stack/data/venv/lib/python3.12/site-packages/oslo_config/cfg.py:3242}}
Jun 12 23:22:29.205850 np0000002759 devstack@n-api.service[86613]: DEBUG nova.api.openstack.wsgi_app [None req-315d010a-e123-4bcf-a79b-6d40d1e34f76 None None] config_file = ['/etc/nova/api-paste.ini', '/etc/nova/nova.conf'] {{(pid=86613) log_opt_values /opt/stack/data/venv/lib/python3.12/site-packages/oslo_config/cfg.py:3242}}
Jun 12 23:22:29.205966 np0000002759 devstack@n-api.service[86613]: DEBUG nova.api.openstack.wsgi_app [None req-315d010a-e123-4bcf-a79b-6d40d1e34f76 None None] config_source = [] {{(pid=86613) log_opt_values /opt/stack/data/venv/lib/python3.12/site-packages/oslo_config/cfg.py:3242}}
Jun 12 23:22:29.206079 np0000002759 devstack@n-api.service[86613]: DEBUG nova.api.openstack.wsgi_app [None req-315d010a-e123-4bcf-a79b-6d40d1e34f76 None None] console_host = np0000002759 {{(pid=86613) log_opt_values /opt/stack/data/venv/lib/python3.12/site-packages/oslo_config/cfg.py:3242}}
Jun 12 23:22:29.206218 np0000002759 devstack@n-api.service[86613]: DEBUG nova.api.openstack.wsgi_app [None req-315d010a-e123-4bcf-a79b-6d40d1e34f76 None None] control_exchange = nova {{(pid=86613) log_opt_values /opt/stack/data/venv/lib/python3.12/site-packages/oslo_config/cfg.py:3242}}
Jun 12 23:22:29.206328 np0000002759 devstack@n-api.service[86613]: DEBUG nova.api.openstack.wsgi_app [None req-315d010a-e123-4bcf-a79b-6d40d1e34f76 None None] cpu_allocation_ratio = None {{(pid=86613) log_opt_values /opt/stack/data/venv/lib/python3.12/site-packages/oslo_config/cfg.py:3242}}
Jun 12 23:22:29.206437 np0000002759 devstack@n-api.service[86613]: DEBUG nova.api.openstack.wsgi_app [None req-315d010a-e123-4bcf-a79b-6d40d1e34f76 None None] daemon = False {{(pid=86613) log_opt_values /opt/stack/data/venv/lib/python3.12/site-packages/oslo_config/cfg.py:3242}}
Jun 12 23:22:29.206550 np0000002759 devstack@n-api.service[86613]: DEBUG nova.api.openstack.wsgi_app [None req-315d010a-e123-4bcf-a79b-6d40d1e34f76 None None] debug = True {{(pid=86613) log_opt_values /opt/stack/data/venv/lib/python3.12/site-packages/oslo_config/cfg.py:3242}}
Jun 12 23:22:29.206657 np0000002759 devstack@n-api.service[86613]: DEBUG nova.api.openstack.wsgi_app [None req-315d010a-e123-4bcf-a79b-6d40d1e34f76 None None] default_access_ip_network_name = None {{(pid=86613) log_opt_values /opt/stack/data/venv/lib/python3.12/site-packages/oslo_config/cfg.py:3242}}
Jun 12 23:22:29.206780 np0000002759 devstack@n-api.service[86613]: DEBUG nova.api.openstack.wsgi_app [None req-315d010a-e123-4bcf-a79b-6d40d1e34f76 None None] default_availability_zone = nova {{(pid=86613) log_opt_values /opt/stack/data/venv/lib/python3.12/site-packages/oslo_config/cfg.py:3242}}
Jun 12 23:22:29.206892 np0000002759 devstack@n-api.service[86613]: DEBUG nova.api.openstack.wsgi_app [None req-315d010a-e123-4bcf-a79b-6d40d1e34f76 None None] default_ephemeral_format = ext4 {{(pid=86613) log_opt_values /opt/stack/data/venv/lib/python3.12/site-packages/oslo_config/cfg.py:3242}}
Jun 12 23:22:29.207005 np0000002759 devstack@n-api.service[86613]: DEBUG nova.api.openstack.wsgi_app [None req-315d010a-e123-4bcf-a79b-6d40d1e34f76 None None] default_green_pool_size = 1000 {{(pid=86613) log_opt_values /opt/stack/data/venv/lib/python3.12/site-packages/oslo_config/cfg.py:3242}}
Jun 12 23:22:29.207209 np0000002759 devstack@n-api.service[86613]: DEBUG nova.api.openstack.wsgi_app [None req-315d010a-e123-4bcf-a79b-6d40d1e34f76 None None] default_log_levels = ['amqp=WARN', 'boto=WARN', 'sqlalchemy=WARN', 'suds=INFO', 'oslo.messaging=INFO', 'oslo_messaging=INFO', 'iso8601=WARN', 'requests.packages.urllib3.connectionpool=WARN', 'urllib3.connectionpool=WARN', 'websocket=WARN', 'requests.packages.urllib3.util.retry=WARN', 'urllib3.util.retry=WARN', 'keystonemiddleware=WARN', 'routes.middleware=WARN', 'stevedore=WARN', 'taskflow=WARN', 'keystoneauth=WARN', 'oslo.cache=INFO', 'oslo_policy=INFO', 'dogpile.core.dogpile=INFO', 'glanceclient=WARN', 'oslo.privsep.daemon=INFO'] {{(pid=86613) log_opt_values /opt/stack/data/venv/lib/python3.12/site-packages/oslo_config/cfg.py:3242}}
Jun 12 23:22:29.207308 np0000002759 devstack@n-api.service[86613]: DEBUG nova.api.openstack.wsgi_app [None req-315d010a-e123-4bcf-a79b-6d40d1e34f76 None None] default_schedule_zone = None {{(pid=86613) log_opt_values /opt/stack/data/venv/lib/python3.12/site-packages/oslo_config/cfg.py:3242}}
Jun 12 23:22:29.207416 np0000002759 devstack@n-api.service[86613]: DEBUG nova.api.openstack.wsgi_app [None req-315d010a-e123-4bcf-a79b-6d40d1e34f76 None None] default_thread_pool_size = 10 {{(pid=86613) log_opt_values /opt/stack/data/venv/lib/python3.12/site-packages/oslo_config/cfg.py:3242}}
Jun 12 23:22:29.207534 np0000002759 devstack@n-api.service[86613]: DEBUG nova.api.openstack.wsgi_app [None req-315d010a-e123-4bcf-a79b-6d40d1e34f76 None None] disk_allocation_ratio = None {{(pid=86613) log_opt_values /opt/stack/data/venv/lib/python3.12/site-packages/oslo_config/cfg.py:3242}}
Jun 12 23:22:29.207641 np0000002759 devstack@n-api.service[86613]: DEBUG nova.api.openstack.wsgi_app [None req-315d010a-e123-4bcf-a79b-6d40d1e34f76 None None] enable_new_services = True {{(pid=86613) log_opt_values /opt/stack/data/venv/lib/python3.12/site-packages/oslo_config/cfg.py:3242}}
Jun 12 23:22:29.207763 np0000002759 devstack@n-api.service[86613]: DEBUG nova.api.openstack.wsgi_app [None req-315d010a-e123-4bcf-a79b-6d40d1e34f76 None None] flat_injected = False {{(pid=86613) log_opt_values /opt/stack/data/venv/lib/python3.12/site-packages/oslo_config/cfg.py:3242}}
Jun 12 23:22:29.207881 np0000002759 devstack@n-api.service[86613]: DEBUG nova.api.openstack.wsgi_app [None req-315d010a-e123-4bcf-a79b-6d40d1e34f76 None None] force_config_drive = True {{(pid=86613) log_opt_values /opt/stack/data/venv/lib/python3.12/site-packages/oslo_config/cfg.py:3242}}
Jun 12 23:22:29.207990 np0000002759 devstack@n-api.service[86613]: DEBUG nova.api.openstack.wsgi_app [None req-315d010a-e123-4bcf-a79b-6d40d1e34f76 None None] force_raw_images = True {{(pid=86613) log_opt_values /opt/stack/data/venv/lib/python3.12/site-packages/oslo_config/cfg.py:3242}}
Jun 12 23:22:29.208125 np0000002759 devstack@n-api.service[86613]: DEBUG nova.api.openstack.wsgi_app [None req-315d010a-e123-4bcf-a79b-6d40d1e34f76 None None] graceful_shutdown_timeout = 5 {{(pid=86613) log_opt_values /opt/stack/data/venv/lib/python3.12/site-packages/oslo_config/cfg.py:3242}}
Jun 12 23:22:29.208244 np0000002759 devstack@n-api.service[86613]: DEBUG nova.api.openstack.wsgi_app [None req-315d010a-e123-4bcf-a79b-6d40d1e34f76 None None] heal_instance_info_cache_interval = -1 {{(pid=86613) log_opt_values /opt/stack/data/venv/lib/python3.12/site-packages/oslo_config/cfg.py:3242}}
Jun 12 23:22:29.208389 np0000002759 devstack@n-api.service[86613]: DEBUG nova.api.openstack.wsgi_app [None req-315d010a-e123-4bcf-a79b-6d40d1e34f76 None None] host = np0000002759 {{(pid=86613) log_opt_values /opt/stack/data/venv/lib/python3.12/site-packages/oslo_config/cfg.py:3242}}
Jun 12 23:22:29.208515 np0000002759 devstack@n-api.service[86613]: DEBUG nova.api.openstack.wsgi_app [None req-315d010a-e123-4bcf-a79b-6d40d1e34f76 None None] initial_cpu_allocation_ratio = 4.0 {{(pid=86613) log_opt_values /opt/stack/data/venv/lib/python3.12/site-packages/oslo_config/cfg.py:3242}}
Jun 12 23:22:29.208626 np0000002759 devstack@n-api.service[86613]: DEBUG nova.api.openstack.wsgi_app [None req-315d010a-e123-4bcf-a79b-6d40d1e34f76 None None] initial_disk_allocation_ratio = 1.0 {{(pid=86613) log_opt_values /opt/stack/data/venv/lib/python3.12/site-packages/oslo_config/cfg.py:3242}}
Jun 12 23:22:29.208748 np0000002759 devstack@n-api.service[86613]: DEBUG nova.api.openstack.wsgi_app [None req-315d010a-e123-4bcf-a79b-6d40d1e34f76 None None] initial_ram_allocation_ratio = 1.0 {{(pid=86613) log_opt_values /opt/stack/data/venv/lib/python3.12/site-packages/oslo_config/cfg.py:3242}}
Jun 12 23:22:29.208905 np0000002759 devstack@n-api.service[86613]: DEBUG nova.api.openstack.wsgi_app [None req-315d010a-e123-4bcf-a79b-6d40d1e34f76 None None] injected_network_template = /opt/stack/nova/nova/virt/interfaces.template {{(pid=86613) log_opt_values /opt/stack/data/venv/lib/python3.12/site-packages/oslo_config/cfg.py:3242}}
Jun 12 23:22:29.209014 np0000002759 devstack@n-api.service[86613]: DEBUG nova.api.openstack.wsgi_app [None req-315d010a-e123-4bcf-a79b-6d40d1e34f76 None None] instance_build_timeout = 0 {{(pid=86613) log_opt_values /opt/stack/data/venv/lib/python3.12/site-packages/oslo_config/cfg.py:3242}}
Jun 12 23:22:29.209149 np0000002759 devstack@n-api.service[86613]: DEBUG nova.api.openstack.wsgi_app [None req-315d010a-e123-4bcf-a79b-6d40d1e34f76 None None] instance_delete_interval = 300 {{(pid=86613) log_opt_values /opt/stack/data/venv/lib/python3.12/site-packages/oslo_config/cfg.py:3242}}
Jun 12 23:22:29.209262 np0000002759 devstack@n-api.service[86613]: DEBUG nova.api.openstack.wsgi_app [None req-315d010a-e123-4bcf-a79b-6d40d1e34f76 None None] instance_format = [instance: %(uuid)s] {{(pid=86613) log_opt_values /opt/stack/data/venv/lib/python3.12/site-packages/oslo_config/cfg.py:3242}}
Jun 12 23:22:29.209374 np0000002759 devstack@n-api.service[86613]: DEBUG nova.api.openstack.wsgi_app [None req-315d010a-e123-4bcf-a79b-6d40d1e34f76 None None] instance_name_template = instance-%08x {{(pid=86613) log_opt_values /opt/stack/data/venv/lib/python3.12/site-packages/oslo_config/cfg.py:3242}}
Jun 12 23:22:29.209483 np0000002759 devstack@n-api.service[86613]: DEBUG nova.api.openstack.wsgi_app [None req-315d010a-e123-4bcf-a79b-6d40d1e34f76 None None] instance_usage_audit = False {{(pid=86613) log_opt_values /opt/stack/data/venv/lib/python3.12/site-packages/oslo_config/cfg.py:3242}}
Jun 12 23:22:29.209599 np0000002759 devstack@n-api.service[86613]: DEBUG nova.api.openstack.wsgi_app [None req-315d010a-e123-4bcf-a79b-6d40d1e34f76 None None] instance_usage_audit_period = month {{(pid=86613) log_opt_values /opt/stack/data/venv/lib/python3.12/site-packages/oslo_config/cfg.py:3242}}
Jun 12 23:22:29.209723 np0000002759 devstack@n-api.service[86613]: DEBUG nova.api.openstack.wsgi_app [None req-315d010a-e123-4bcf-a79b-6d40d1e34f76 None None] instance_uuid_format = [instance: %(uuid)s] {{(pid=86613) log_opt_values /opt/stack/data/venv/lib/python3.12/site-packages/oslo_config/cfg.py:3242}}
Jun 12 23:22:29.209835 np0000002759 devstack@n-api.service[86613]: DEBUG nova.api.openstack.wsgi_app [None req-315d010a-e123-4bcf-a79b-6d40d1e34f76 None None] instances_path = /opt/stack/data/nova/instances {{(pid=86613) log_opt_values /opt/stack/data/venv/lib/python3.12/site-packages/oslo_config/cfg.py:3242}}
Jun 12 23:22:29.209947 np0000002759 devstack@n-api.service[86613]: DEBUG nova.api.openstack.wsgi_app [None req-315d010a-e123-4bcf-a79b-6d40d1e34f76 None None] internal_service_availability_zone = internal {{(pid=86613) log_opt_values /opt/stack/data/venv/lib/python3.12/site-packages/oslo_config/cfg.py:3242}}
Jun 12 23:22:29.210056 np0000002759 devstack@n-api.service[86613]: DEBUG nova.api.openstack.wsgi_app [None req-315d010a-e123-4bcf-a79b-6d40d1e34f76 None None] key = None {{(pid=86613) log_opt_values /opt/stack/data/venv/lib/python3.12/site-packages/oslo_config/cfg.py:3242}}
Jun 12 23:22:29.210184 np0000002759 devstack@n-api.service[86613]: DEBUG nova.api.openstack.wsgi_app [None req-315d010a-e123-4bcf-a79b-6d40d1e34f76 None None] live_migration_retry_count = 30 {{(pid=86613) log_opt_values /opt/stack/data/venv/lib/python3.12/site-packages/oslo_config/cfg.py:3242}}
Jun 12 23:22:29.210303 np0000002759 devstack@n-api.service[86613]: DEBUG nova.api.openstack.wsgi_app [None req-315d010a-e123-4bcf-a79b-6d40d1e34f76 None None] log_color = False {{(pid=86613) log_opt_values /opt/stack/data/venv/lib/python3.12/site-packages/oslo_config/cfg.py:3242}}
Jun 12 23:22:29.210416 np0000002759 devstack@n-api.service[86613]: DEBUG nova.api.openstack.wsgi_app [None req-315d010a-e123-4bcf-a79b-6d40d1e34f76 None None] log_config_append = None {{(pid=86613) log_opt_values /opt/stack/data/venv/lib/python3.12/site-packages/oslo_config/cfg.py:3242}}
Jun 12 23:22:29.210528 np0000002759 devstack@n-api.service[86613]: DEBUG nova.api.openstack.wsgi_app [None req-315d010a-e123-4bcf-a79b-6d40d1e34f76 None None] log_date_format = %Y-%m-%d %H:%M:%S {{(pid=86613) log_opt_values /opt/stack/data/venv/lib/python3.12/site-packages/oslo_config/cfg.py:3242}}
Jun 12 23:22:29.210635 np0000002759 devstack@n-api.service[86613]: DEBUG nova.api.openstack.wsgi_app [None req-315d010a-e123-4bcf-a79b-6d40d1e34f76 None None] log_dir = None {{(pid=86613) log_opt_values /opt/stack/data/venv/lib/python3.12/site-packages/oslo_config/cfg.py:3242}}
Jun 12 23:22:29.210757 np0000002759 devstack@n-api.service[86613]: DEBUG nova.api.openstack.wsgi_app [None req-315d010a-e123-4bcf-a79b-6d40d1e34f76 None None] log_file = None {{(pid=86613) log_opt_values /opt/stack/data/venv/lib/python3.12/site-packages/oslo_config/cfg.py:3242}}
Jun 12 23:22:29.210847 np0000002759 devstack@n-api.service[86613]: DEBUG nova.api.openstack.wsgi_app [None req-315d010a-e123-4bcf-a79b-6d40d1e34f76 None None] log_options = True {{(pid=86613) log_opt_values /opt/stack/data/venv/lib/python3.12/site-packages/oslo_config/cfg.py:3242}}
Jun 12 23:22:29.210957 np0000002759 devstack@n-api.service[86613]: DEBUG nova.api.openstack.wsgi_app [None req-315d010a-e123-4bcf-a79b-6d40d1e34f76 None None] log_rotate_interval = 1 {{(pid=86613) log_opt_values /opt/stack/data/venv/lib/python3.12/site-packages/oslo_config/cfg.py:3242}}
Jun 12 23:22:29.211132 np0000002759 devstack@n-api.service[86613]: DEBUG nova.api.openstack.wsgi_app [None req-315d010a-e123-4bcf-a79b-6d40d1e34f76 None None] log_rotate_interval_type = days {{(pid=86613) log_opt_values /opt/stack/data/venv/lib/python3.12/site-packages/oslo_config/cfg.py:3242}}
Jun 12 23:22:29.211259 np0000002759 devstack@n-api.service[86613]: DEBUG nova.api.openstack.wsgi_app [None req-315d010a-e123-4bcf-a79b-6d40d1e34f76 None None] log_rotation_type = none {{(pid=86613) log_opt_values /opt/stack/data/venv/lib/python3.12/site-packages/oslo_config/cfg.py:3242}}
Jun 12 23:22:29.211345 np0000002759 devstack@n-api.service[86613]: DEBUG nova.api.openstack.wsgi_app [None req-315d010a-e123-4bcf-a79b-6d40d1e34f76 None None] logging_context_format_string = %(color)s%(levelname)s %(name)s [%(global_request_id)s %(request_id)s %(project_name)s %(user_name)s%(color)s] %(instance)s%(color)s%(message)s {{(pid=86613) log_opt_values /opt/stack/data/venv/lib/python3.12/site-packages/oslo_config/cfg.py:3242}}
Jun 12 23:22:29.211451 np0000002759 devstack@n-api.service[86613]: DEBUG nova.api.openstack.wsgi_app [None req-315d010a-e123-4bcf-a79b-6d40d1e34f76 None None] logging_debug_format_suffix = {{(pid=%(process)d) %(funcName)s %(pathname)s:%(lineno)d}} {{(pid=86613) log_opt_values /opt/stack/data/venv/lib/python3.12/site-packages/oslo_config/cfg.py:3242}}
Jun 12 23:22:29.211584 np0000002759 devstack@n-api.service[86613]: DEBUG nova.api.openstack.wsgi_app [None req-315d010a-e123-4bcf-a79b-6d40d1e34f76 None None] logging_default_format_string = %(color)s%(levelname)s %(name)s [-%(color)s] %(instance)s%(color)s%(message)s {{(pid=86613) log_opt_values /opt/stack/data/venv/lib/python3.12/site-packages/oslo_config/cfg.py:3242}}
Jun 12 23:22:29.211712 np0000002759 devstack@n-api.service[86613]: DEBUG nova.api.openstack.wsgi_app [None req-315d010a-e123-4bcf-a79b-6d40d1e34f76 None None] logging_exception_prefix = ERROR %(name)s %(instance)s {{(pid=86613) log_opt_values /opt/stack/data/venv/lib/python3.12/site-packages/oslo_config/cfg.py:3242}}
Jun 12 23:22:29.211806 np0000002759 devstack@n-api.service[86613]: DEBUG nova.api.openstack.wsgi_app [None req-315d010a-e123-4bcf-a79b-6d40d1e34f76 None None] logging_user_identity_format = %(user)s %(project)s %(domain)s %(system_scope)s %(user_domain)s %(project_domain)s {{(pid=86613) log_opt_values /opt/stack/data/venv/lib/python3.12/site-packages/oslo_config/cfg.py:3242}}
Jun 12 23:22:29.211942 np0000002759 devstack@n-api.service[86613]: DEBUG nova.api.openstack.wsgi_app [None req-315d010a-e123-4bcf-a79b-6d40d1e34f76 None None] long_rpc_timeout = 1800 {{(pid=86613) log_opt_values /opt/stack/data/venv/lib/python3.12/site-packages/oslo_config/cfg.py:3242}}
Jun 12 23:22:29.212057 np0000002759 devstack@n-api.service[86613]: DEBUG nova.api.openstack.wsgi_app [None req-315d010a-e123-4bcf-a79b-6d40d1e34f76 None None] manager_shutdown_timeout = 160 {{(pid=86613) log_opt_values /opt/stack/data/venv/lib/python3.12/site-packages/oslo_config/cfg.py:3242}}
Jun 12 23:22:29.212185 np0000002759 devstack@n-api.service[86613]: DEBUG nova.api.openstack.wsgi_app [None req-315d010a-e123-4bcf-a79b-6d40d1e34f76 None None] max_concurrent_builds = 10 {{(pid=86613) log_opt_values /opt/stack/data/venv/lib/python3.12/site-packages/oslo_config/cfg.py:3242}}
Jun 12 23:22:29.212291 np0000002759 devstack@n-api.service[86613]: DEBUG nova.api.openstack.wsgi_app [None req-315d010a-e123-4bcf-a79b-6d40d1e34f76 None None] max_concurrent_live_migrations = 1 {{(pid=86613) log_opt_values /opt/stack/data/venv/lib/python3.12/site-packages/oslo_config/cfg.py:3242}}
Jun 12 23:22:29.212397 np0000002759 devstack@n-api.service[86613]: DEBUG nova.api.openstack.wsgi_app [None req-315d010a-e123-4bcf-a79b-6d40d1e34f76 None None] max_concurrent_snapshots = 5 {{(pid=86613) log_opt_values /opt/stack/data/venv/lib/python3.12/site-packages/oslo_config/cfg.py:3242}}
Jun 12 23:22:29.212503 np0000002759 devstack@n-api.service[86613]: DEBUG nova.api.openstack.wsgi_app [None req-315d010a-e123-4bcf-a79b-6d40d1e34f76 None None] max_local_block_devices = 3 {{(pid=86613) log_opt_values /opt/stack/data/venv/lib/python3.12/site-packages/oslo_config/cfg.py:3242}}
Jun 12 23:22:29.212610 np0000002759 devstack@n-api.service[86613]: DEBUG nova.api.openstack.wsgi_app [None req-315d010a-e123-4bcf-a79b-6d40d1e34f76 None None] max_logfile_count = 30 {{(pid=86613) log_opt_values /opt/stack/data/venv/lib/python3.12/site-packages/oslo_config/cfg.py:3242}}
Jun 12 23:22:29.212728 np0000002759 devstack@n-api.service[86613]: DEBUG nova.api.openstack.wsgi_app [None req-315d010a-e123-4bcf-a79b-6d40d1e34f76 None None] max_logfile_size_mb = 200 {{(pid=86613) log_opt_values /opt/stack/data/venv/lib/python3.12/site-packages/oslo_config/cfg.py:3242}}
Jun 12 23:22:29.212834 np0000002759 devstack@n-api.service[86613]: DEBUG nova.api.openstack.wsgi_app [None req-315d010a-e123-4bcf-a79b-6d40d1e34f76 None None] maximum_instance_delete_attempts = 5 {{(pid=86613) log_opt_values /opt/stack/data/venv/lib/python3.12/site-packages/oslo_config/cfg.py:3242}}
Jun 12 23:22:29.212968 np0000002759 devstack@n-api.service[86613]: DEBUG nova.api.openstack.wsgi_app [None req-315d010a-e123-4bcf-a79b-6d40d1e34f76 None None] migrate_max_retries = -1 {{(pid=86613) log_opt_values /opt/stack/data/venv/lib/python3.12/site-packages/oslo_config/cfg.py:3242}}
Jun 12 23:22:29.213099 np0000002759 devstack@n-api.service[86613]: DEBUG nova.api.openstack.wsgi_app [None req-315d010a-e123-4bcf-a79b-6d40d1e34f76 None None] mkisofs_cmd = genisoimage {{(pid=86613) log_opt_values /opt/stack/data/venv/lib/python3.12/site-packages/oslo_config/cfg.py:3242}}
Jun 12 23:22:29.213263 np0000002759 devstack@n-api.service[86613]: DEBUG nova.api.openstack.wsgi_app [None req-315d010a-e123-4bcf-a79b-6d40d1e34f76 None None] my_block_storage_ip = 10.4.3.186 {{(pid=86613) log_opt_values /opt/stack/data/venv/lib/python3.12/site-packages/oslo_config/cfg.py:3242}}
Jun 12 23:22:29.213355 np0000002759 devstack@n-api.service[86613]: DEBUG nova.api.openstack.wsgi_app [None req-315d010a-e123-4bcf-a79b-6d40d1e34f76 None None] my_ip = 10.4.3.186 {{(pid=86613) log_opt_values /opt/stack/data/venv/lib/python3.12/site-packages/oslo_config/cfg.py:3242}}
Jun 12 23:22:29.213495 np0000002759 devstack@n-api.service[86613]: DEBUG nova.api.openstack.wsgi_app [None req-315d010a-e123-4bcf-a79b-6d40d1e34f76 None None] my_shared_fs_storage_ip = 10.4.3.186 {{(pid=86613) log_opt_values /opt/stack/data/venv/lib/python3.12/site-packages/oslo_config/cfg.py:3242}}
Jun 12 23:22:29.213603 np0000002759 devstack@n-api.service[86613]: DEBUG nova.api.openstack.wsgi_app [None req-315d010a-e123-4bcf-a79b-6d40d1e34f76 None None] network_allocate_retries = 0 {{(pid=86613) log_opt_values /opt/stack/data/venv/lib/python3.12/site-packages/oslo_config/cfg.py:3242}}
Jun 12 23:22:29.213741 np0000002759 devstack@n-api.service[86613]: DEBUG nova.api.openstack.wsgi_app [None req-315d010a-e123-4bcf-a79b-6d40d1e34f76 None None] non_inheritable_image_properties = ['cache_in_nova', 'bittorrent'] {{(pid=86613) log_opt_values /opt/stack/data/venv/lib/python3.12/site-packages/oslo_config/cfg.py:3242}}
