Jul 03 01:23:11.664880 np0000004346 systemd[1]: Starting devstack@n-api-meta.service - Devstack devstack@n-api-meta.service...
Jul 03 01:23:11.669878 np0000004346 devstack@n-api-meta.service[95764]: [uWSGI] getting INI configuration from /etc/nova/nova-metadata-uwsgi.ini
Jul 03 01:23:11.671927 np0000004346 devstack@n-api-meta.service[95764]: *** Starting uWSGI 2.0.24-debian (64bit) on [Fri Jul 3 01:23:11 2026] ***
Jul 03 01:23:11.671927 np0000004346 devstack@n-api-meta.service[95764]: compiled with version: 13.2.0 on 17 April 2024 16:23:48
Jul 03 01:23:11.671927 np0000004346 devstack@n-api-meta.service[95764]: os: Linux-6.8.0-100-generic #100-Ubuntu SMP PREEMPT_DYNAMIC Tue Jan 13 16:40:06 UTC 2026
Jul 03 01:23:11.671927 np0000004346 devstack@n-api-meta.service[95764]: nodename: np0000004346
Jul 03 01:23:11.671927 np0000004346 devstack@n-api-meta.service[95764]: machine: x86_64
Jul 03 01:23:11.671927 np0000004346 devstack@n-api-meta.service[95764]: clock source: unix
Jul 03 01:23:11.671927 np0000004346 devstack@n-api-meta.service[95764]: pcre jit disabled
Jul 03 01:23:11.671927 np0000004346 devstack@n-api-meta.service[95764]: detected number of CPU cores: 16
Jul 03 01:23:11.671927 np0000004346 devstack@n-api-meta.service[95764]: current working directory: /
Jul 03 01:23:11.671927 np0000004346 devstack@n-api-meta.service[95764]: detected binary path: /usr/bin/uwsgi-core
Jul 03 01:23:11.671927 np0000004346 devstack@n-api-meta.service[95764]: your processes number limit is 257052
Jul 03 01:23:11.671927 np0000004346 devstack@n-api-meta.service[95764]: your memory page size is 4096 bytes
Jul 03 01:23:11.671927 np0000004346 devstack@n-api-meta.service[95764]: detected max file descriptor number: 2048
Jul 03 01:23:11.671927 np0000004346 devstack@n-api-meta.service[95764]: lock engine: pthread robust mutexes
Jul 03 01:23:11.672235 np0000004346 devstack@n-api-meta.service[95764]: thunder lock: enabled
Jul 03 01:23:11.672333 np0000004346 devstack@n-api-meta.service[95764]: uWSGI http bound on 0.0.0.0:8775 fd 5
Jul 03 01:23:11.672384 np0000004346 devstack@n-api-meta.service[95764]: uwsgi socket 0 bound to TCP address 127.0.0.1:34395 (port auto-assigned) fd 4
Jul 03 01:23:11.672384 np0000004346 devstack@n-api-meta.service[95764]: Python version: 3.12.3 (main, Mar 23 2026, 19:04:32) [GCC 13.3.0]
Jul 03 01:23:11.672384 np0000004346 devstack@n-api-meta.service[95764]: PEP 405 virtualenv detected: /opt/stack/data/venv
Jul 03 01:23:11.672384 np0000004346 devstack@n-api-meta.service[95764]: Set PythonHome to /opt/stack/data/venv
Jul 03 01:23:11.704514 np0000004346 devstack@n-api-meta.service[95764]: Python main interpreter initialized at 0x7e0008aa3668
Jul 03 01:23:11.704514 np0000004346 devstack@n-api-meta.service[95764]: python threads support enabled
Jul 03 01:23:11.704514 np0000004346 devstack@n-api-meta.service[95764]: your server socket listen backlog is limited to 100 connections
Jul 03 01:23:11.704514 np0000004346 devstack@n-api-meta.service[95764]: your mercy for graceful operations on workers is 80 seconds
Jul 03 01:23:11.705019 np0000004346 devstack@n-api-meta.service[95764]: mapped 671795 bytes (656 KB) for 4 cores
Jul 03 01:23:11.705183 np0000004346 devstack@n-api-meta.service[95764]: *** Operational MODE: preforking ***
Jul 03 01:23:11.705319 np0000004346 devstack@n-api-meta.service[95764]: *** uWSGI is running in multiple interpreter mode ***
Jul 03 01:23:11.705319 np0000004346 devstack@n-api-meta.service[95764]: spawned uWSGI master process (pid: 95764)
Jul 03 01:23:11.705471 np0000004346 systemd[1]: Started devstack@n-api-meta.service - Devstack devstack@n-api-meta.service.
Jul 03 01:23:11.706164 np0000004346 devstack@n-api-meta.service[95764]: spawned uWSGI worker 1 (pid: 95767, cores: 1)
Jul 03 01:23:11.706288 np0000004346 devstack@n-api-meta.service[95764]: spawned uWSGI worker 2 (pid: 95768, cores: 1)
Jul 03 01:23:11.706687 np0000004346 devstack@n-api-meta.service[95764]: spawned uWSGI worker 3 (pid: 95769, cores: 1)
Jul 03 01:23:11.707055 np0000004346 devstack@n-api-meta.service[95764]: spawned uWSGI worker 4 (pid: 95770, cores: 1)
Jul 03 01:23:11.707668 np0000004346 devstack@n-api-meta.service[95764]: spawned uWSGI http 1 (pid: 95771)
Jul 03 01:23:11.707668 np0000004346 devstack@n-api-meta.service[95764]: running "unix_signal:15 gracefully_kill_them_all" (master-start)...
Jul 03 01:23:13.313769 np0000004346 devstack@n-api-meta.service[95767]: INFO dbcounter [None req-0128a843-6b6d-4ca8-b50f-2c605889d368 None None] Registered counter for database nova_api
Jul 03 01:23:13.340906 np0000004346 devstack@n-api-meta.service[95768]: INFO dbcounter [None req-b874a4a5-4fbd-4c32-88e1-48eaa2c948d8 None None] Registered counter for database nova_api
Jul 03 01:23:13.363998 np0000004346 devstack@n-api-meta.service[95767]: DEBUG oslo_db.sqlalchemy.engines [None req-0128a843-6b6d-4ca8-b50f-2c605889d368 None None] MySQL server mode set to STRICT_TRANS_TABLES,STRICT_ALL_TABLES,NO_ZERO_IN_DATE,NO_ZERO_DATE,ERROR_FOR_DIVISION_BY_ZERO,TRADITIONAL,NO_ENGINE_SUBSTITUTION {{(pid=95767) _check_effective_sql_mode /opt/stack/data/venv/lib/python3.12/site-packages/oslo_db/sqlalchemy/engines.py:325}}
Jul 03 01:23:13.367880 np0000004346 devstack@n-api-meta.service[95770]: INFO dbcounter [None req-f3693e73-f1e3-4a9c-8da5-5e2fe955ecb6 None None] Registered counter for database nova_api
Jul 03 01:23:13.368604 np0000004346 devstack@n-api-meta.service[95769]: INFO dbcounter [None req-742b52ac-d335-4957-9af6-9ce5e514eeb6 None None] Registered counter for database nova_api
Jul 03 01:23:13.385705 np0000004346 devstack@n-api-meta.service[95768]: DEBUG oslo_db.sqlalchemy.engines [None req-b874a4a5-4fbd-4c32-88e1-48eaa2c948d8 None None] MySQL server mode set to STRICT_TRANS_TABLES,STRICT_ALL_TABLES,NO_ZERO_IN_DATE,NO_ZERO_DATE,ERROR_FOR_DIVISION_BY_ZERO,TRADITIONAL,NO_ENGINE_SUBSTITUTION {{(pid=95768) _check_effective_sql_mode /opt/stack/data/venv/lib/python3.12/site-packages/oslo_db/sqlalchemy/engines.py:325}}
Jul 03 01:23:13.392411 np0000004346 devstack@n-api-meta.service[95767]: DEBUG dbcounter [-] [95767] Writer thread running {{(pid=95767) stat_writer /opt/stack/data/venv/lib/python3.12/site-packages/dbcounter.py:102}}
Jul 03 01:23:13.394796 np0000004346 devstack@n-api-meta.service[95767]: DEBUG nova.context [None req-0128a843-6b6d-4ca8-b50f-2c605889d368 None None] Found 2 cells: 00000000-0000-0000-0000-000000000000(cell0),7e92dcfe-ee57-4125-af0a-2d0891969646(cell1) {{(pid=95767) load_cells /opt/stack/nova/nova/context.py:509}}
Jul 03 01:23:13.395061 np0000004346 devstack@n-api-meta.service[95767]: INFO nova.utils [None req-0128a843-6b6d-4ca8-b50f-2c605889d368 None None] The cell worker thread pool MainProcess.cell_worker is initialized
Jul 03 01:23:13.396704 np0000004346 devstack@n-api-meta.service[95767]: DEBUG oslo_concurrency.lockutils [None req-0128a843-6b6d-4ca8-b50f-2c605889d368 None None] Acquiring lock "00000000-0000-0000-0000-000000000000" by "nova.context.set_target_cell..get_or_set_cached_cell_and_set_connections" {{(pid=95767) inner /opt/stack/data/venv/lib/python3.12/site-packages/oslo_concurrency/lockutils.py:511}}
Jul 03 01:23:13.396851 np0000004346 devstack@n-api-meta.service[95767]: DEBUG oslo_concurrency.lockutils [None req-0128a843-6b6d-4ca8-b50f-2c605889d368 None None] Lock "00000000-0000-0000-0000-000000000000" acquired by "nova.context.set_target_cell..get_or_set_cached_cell_and_set_connections" :: waited 0.000s {{(pid=95767) inner /opt/stack/data/venv/lib/python3.12/site-packages/oslo_concurrency/lockutils.py:524}}
Jul 03 01:23:13.397180 np0000004346 devstack@n-api-meta.service[95767]: DEBUG oslo_concurrency.lockutils [None req-0128a843-6b6d-4ca8-b50f-2c605889d368 None None] Lock "00000000-0000-0000-0000-000000000000" "released" by "nova.context.set_target_cell..get_or_set_cached_cell_and_set_connections" :: held 0.000s {{(pid=95767) inner /opt/stack/data/venv/lib/python3.12/site-packages/oslo_concurrency/lockutils.py:543}}
Jul 03 01:23:13.397729 np0000004346 devstack@n-api-meta.service[95767]: DEBUG oslo_concurrency.lockutils [None req-0128a843-6b6d-4ca8-b50f-2c605889d368 None None] Acquiring lock "7e92dcfe-ee57-4125-af0a-2d0891969646" by "nova.context.set_target_cell..get_or_set_cached_cell_and_set_connections" {{(pid=95767) inner /opt/stack/data/venv/lib/python3.12/site-packages/oslo_concurrency/lockutils.py:511}}
Jul 03 01:23:13.397876 np0000004346 devstack@n-api-meta.service[95767]: DEBUG oslo_concurrency.lockutils [None req-0128a843-6b6d-4ca8-b50f-2c605889d368 None None] Lock "7e92dcfe-ee57-4125-af0a-2d0891969646" acquired by "nova.context.set_target_cell..get_or_set_cached_cell_and_set_connections" :: waited 0.000s {{(pid=95767) inner /opt/stack/data/venv/lib/python3.12/site-packages/oslo_concurrency/lockutils.py:524}}
Jul 03 01:23:13.398651 np0000004346 devstack@n-api-meta.service[95767]: DEBUG oslo_concurrency.lockutils [None req-0128a843-6b6d-4ca8-b50f-2c605889d368 None None] Lock "7e92dcfe-ee57-4125-af0a-2d0891969646" "released" by "nova.context.set_target_cell..get_or_set_cached_cell_and_set_connections" :: held 0.001s {{(pid=95767) inner /opt/stack/data/venv/lib/python3.12/site-packages/oslo_concurrency/lockutils.py:543}}
Jul 03 01:23:13.399898 np0000004346 devstack@n-api-meta.service[95767]: INFO dbcounter [None req-0128a843-6b6d-4ca8-b50f-2c605889d368 None None] Registered counter for database nova_cell0
Jul 03 01:23:13.402610 np0000004346 devstack@n-api-meta.service[95767]: INFO dbcounter [None req-0128a843-6b6d-4ca8-b50f-2c605889d368 None None] Registered counter for database nova_cell1
Jul 03 01:23:13.409611 np0000004346 devstack@n-api-meta.service[95770]: DEBUG oslo_db.sqlalchemy.engines [None req-f3693e73-f1e3-4a9c-8da5-5e2fe955ecb6 None None] MySQL server mode set to STRICT_TRANS_TABLES,STRICT_ALL_TABLES,NO_ZERO_IN_DATE,NO_ZERO_DATE,ERROR_FOR_DIVISION_BY_ZERO,TRADITIONAL,NO_ENGINE_SUBSTITUTION {{(pid=95770) _check_effective_sql_mode /opt/stack/data/venv/lib/python3.12/site-packages/oslo_db/sqlalchemy/engines.py:325}}
Jul 03 01:23:13.414411 np0000004346 devstack@n-api-meta.service[95768]: DEBUG dbcounter [-] [95768] Writer thread running {{(pid=95768) stat_writer /opt/stack/data/venv/lib/python3.12/site-packages/dbcounter.py:102}}
Jul 03 01:23:13.416027 np0000004346 devstack@n-api-meta.service[95769]: DEBUG oslo_db.sqlalchemy.engines [None req-742b52ac-d335-4957-9af6-9ce5e514eeb6 None None] MySQL server mode set to STRICT_TRANS_TABLES,STRICT_ALL_TABLES,NO_ZERO_IN_DATE,NO_ZERO_DATE,ERROR_FOR_DIVISION_BY_ZERO,TRADITIONAL,NO_ENGINE_SUBSTITUTION {{(pid=95769) _check_effective_sql_mode /opt/stack/data/venv/lib/python3.12/site-packages/oslo_db/sqlalchemy/engines.py:325}}
Jul 03 01:23:13.416649 np0000004346 devstack@n-api-meta.service[95768]: DEBUG nova.context [None req-b874a4a5-4fbd-4c32-88e1-48eaa2c948d8 None None] Found 2 cells: 00000000-0000-0000-0000-000000000000(cell0),7e92dcfe-ee57-4125-af0a-2d0891969646(cell1) {{(pid=95768) load_cells /opt/stack/nova/nova/context.py:509}}
Jul 03 01:23:13.416929 np0000004346 devstack@n-api-meta.service[95768]: INFO nova.utils [None req-b874a4a5-4fbd-4c32-88e1-48eaa2c948d8 None None] The cell worker thread pool MainProcess.cell_worker is initialized
Jul 03 01:23:13.418528 np0000004346 devstack@n-api-meta.service[95768]: DEBUG oslo_concurrency.lockutils [None req-b874a4a5-4fbd-4c32-88e1-48eaa2c948d8 None None] Acquiring lock "00000000-0000-0000-0000-000000000000" by "nova.context.set_target_cell..get_or_set_cached_cell_and_set_connections" {{(pid=95768) inner /opt/stack/data/venv/lib/python3.12/site-packages/oslo_concurrency/lockutils.py:511}}
Jul 03 01:23:13.418666 np0000004346 devstack@n-api-meta.service[95768]: DEBUG oslo_concurrency.lockutils [None req-b874a4a5-4fbd-4c32-88e1-48eaa2c948d8 None None] Lock "00000000-0000-0000-0000-000000000000" acquired by "nova.context.set_target_cell..get_or_set_cached_cell_and_set_connections" :: waited 0.000s {{(pid=95768) inner /opt/stack/data/venv/lib/python3.12/site-packages/oslo_concurrency/lockutils.py:524}}
Jul 03 01:23:13.418987 np0000004346 devstack@n-api-meta.service[95768]: DEBUG oslo_concurrency.lockutils [None req-b874a4a5-4fbd-4c32-88e1-48eaa2c948d8 None None] Lock "00000000-0000-0000-0000-000000000000" "released" by "nova.context.set_target_cell..get_or_set_cached_cell_and_set_connections" :: held 0.000s {{(pid=95768) inner /opt/stack/data/venv/lib/python3.12/site-packages/oslo_concurrency/lockutils.py:543}}
Jul 03 01:23:13.419622 np0000004346 devstack@n-api-meta.service[95768]: DEBUG oslo_concurrency.lockutils [None req-b874a4a5-4fbd-4c32-88e1-48eaa2c948d8 None None] Acquiring lock "7e92dcfe-ee57-4125-af0a-2d0891969646" by "nova.context.set_target_cell..get_or_set_cached_cell_and_set_connections" {{(pid=95768) inner /opt/stack/data/venv/lib/python3.12/site-packages/oslo_concurrency/lockutils.py:511}}
Jul 03 01:23:13.419759 np0000004346 devstack@n-api-meta.service[95768]: DEBUG oslo_concurrency.lockutils [None req-b874a4a5-4fbd-4c32-88e1-48eaa2c948d8 None None] Lock "7e92dcfe-ee57-4125-af0a-2d0891969646" acquired by "nova.context.set_target_cell..get_or_set_cached_cell_and_set_connections" :: waited 0.000s {{(pid=95768) inner /opt/stack/data/venv/lib/python3.12/site-packages/oslo_concurrency/lockutils.py:524}}
Jul 03 01:23:13.422585 np0000004346 devstack@n-api-meta.service[95768]: INFO dbcounter [None req-b874a4a5-4fbd-4c32-88e1-48eaa2c948d8 None None] Registered counter for database nova_cell0
Jul 03 01:23:13.424282 np0000004346 devstack@n-api-meta.service[95768]: DEBUG oslo_concurrency.lockutils [None req-b874a4a5-4fbd-4c32-88e1-48eaa2c948d8 None None] Lock "7e92dcfe-ee57-4125-af0a-2d0891969646" "released" by "nova.context.set_target_cell..get_or_set_cached_cell_and_set_connections" :: held 0.003s {{(pid=95768) inner /opt/stack/data/venv/lib/python3.12/site-packages/oslo_concurrency/lockutils.py:543}}
Jul 03 01:23:13.428441 np0000004346 devstack@n-api-meta.service[95768]: INFO dbcounter [None req-b874a4a5-4fbd-4c32-88e1-48eaa2c948d8 None None] Registered counter for database nova_cell1
Jul 03 01:23:13.440622 np0000004346 devstack@n-api-meta.service[95770]: DEBUG dbcounter [-] [95770] Writer thread running {{(pid=95770) stat_writer /opt/stack/data/venv/lib/python3.12/site-packages/dbcounter.py:102}}
Jul 03 01:23:13.443031 np0000004346 devstack@n-api-meta.service[95770]: DEBUG nova.context [None req-f3693e73-f1e3-4a9c-8da5-5e2fe955ecb6 None None] Found 2 cells: 00000000-0000-0000-0000-000000000000(cell0),7e92dcfe-ee57-4125-af0a-2d0891969646(cell1) {{(pid=95770) load_cells /opt/stack/nova/nova/context.py:509}}
Jul 03 01:23:13.443238 np0000004346 devstack@n-api-meta.service[95770]: INFO nova.utils [None req-f3693e73-f1e3-4a9c-8da5-5e2fe955ecb6 None None] The cell worker thread pool MainProcess.cell_worker is initialized
Jul 03 01:23:13.444881 np0000004346 devstack@n-api-meta.service[95770]: DEBUG oslo_concurrency.lockutils [None req-f3693e73-f1e3-4a9c-8da5-5e2fe955ecb6 None None] Acquiring lock "00000000-0000-0000-0000-000000000000" by "nova.context.set_target_cell..get_or_set_cached_cell_and_set_connections" {{(pid=95770) inner /opt/stack/data/venv/lib/python3.12/site-packages/oslo_concurrency/lockutils.py:511}}
Jul 03 01:23:13.445043 np0000004346 devstack@n-api-meta.service[95770]: DEBUG oslo_concurrency.lockutils [None req-f3693e73-f1e3-4a9c-8da5-5e2fe955ecb6 None None] Lock "00000000-0000-0000-0000-000000000000" acquired by "nova.context.set_target_cell..get_or_set_cached_cell_and_set_connections" :: waited 0.000s {{(pid=95770) inner /opt/stack/data/venv/lib/python3.12/site-packages/oslo_concurrency/lockutils.py:524}}
Jul 03 01:23:13.445366 np0000004346 devstack@n-api-meta.service[95770]: DEBUG oslo_concurrency.lockutils [None req-f3693e73-f1e3-4a9c-8da5-5e2fe955ecb6 None None] Lock "00000000-0000-0000-0000-000000000000" "released" by "nova.context.set_target_cell..get_or_set_cached_cell_and_set_connections" :: held 0.000s {{(pid=95770) inner /opt/stack/data/venv/lib/python3.12/site-packages/oslo_concurrency/lockutils.py:543}}
Jul 03 01:23:13.445927 np0000004346 devstack@n-api-meta.service[95770]: DEBUG oslo_concurrency.lockutils [None req-f3693e73-f1e3-4a9c-8da5-5e2fe955ecb6 None None] Acquiring lock "7e92dcfe-ee57-4125-af0a-2d0891969646" by "nova.context.set_target_cell..get_or_set_cached_cell_and_set_connections" {{(pid=95770) inner /opt/stack/data/venv/lib/python3.12/site-packages/oslo_concurrency/lockutils.py:511}}
Jul 03 01:23:13.446088 np0000004346 devstack@n-api-meta.service[95770]: DEBUG oslo_concurrency.lockutils [None req-f3693e73-f1e3-4a9c-8da5-5e2fe955ecb6 None None] Lock "7e92dcfe-ee57-4125-af0a-2d0891969646" acquired by "nova.context.set_target_cell..get_or_set_cached_cell_and_set_connections" :: waited 0.000s {{(pid=95770) inner /opt/stack/data/venv/lib/python3.12/site-packages/oslo_concurrency/lockutils.py:524}}
Jul 03 01:23:13.446380 np0000004346 devstack@n-api-meta.service[95769]: DEBUG dbcounter [-] [95769] Writer thread running {{(pid=95769) stat_writer /opt/stack/data/venv/lib/python3.12/site-packages/dbcounter.py:102}}
Jul 03 01:23:13.447008 np0000004346 devstack@n-api-meta.service[95770]: DEBUG oslo_concurrency.lockutils [None req-f3693e73-f1e3-4a9c-8da5-5e2fe955ecb6 None None] Lock "7e92dcfe-ee57-4125-af0a-2d0891969646" "released" by "nova.context.set_target_cell..get_or_set_cached_cell_and_set_connections" :: held 0.001s {{(pid=95770) inner /opt/stack/data/venv/lib/python3.12/site-packages/oslo_concurrency/lockutils.py:543}}
Jul 03 01:23:13.448276 np0000004346 devstack@n-api-meta.service[95770]: INFO dbcounter [None req-f3693e73-f1e3-4a9c-8da5-5e2fe955ecb6 None None] Registered counter for database nova_cell0
Jul 03 01:23:13.450526 np0000004346 devstack@n-api-meta.service[95767]: DEBUG oslo_db.sqlalchemy.engines [None req-0128a843-6b6d-4ca8-b50f-2c605889d368 None None] MySQL server mode set to STRICT_TRANS_TABLES,STRICT_ALL_TABLES,NO_ZERO_IN_DATE,NO_ZERO_DATE,ERROR_FOR_DIVISION_BY_ZERO,TRADITIONAL,NO_ENGINE_SUBSTITUTION {{(pid=95767) _check_effective_sql_mode /opt/stack/data/venv/lib/python3.12/site-packages/oslo_db/sqlalchemy/engines.py:325}}
Jul 03 01:23:13.450583 np0000004346 devstack@n-api-meta.service[95769]: DEBUG nova.context [None req-742b52ac-d335-4957-9af6-9ce5e514eeb6 None None] Found 2 cells: 00000000-0000-0000-0000-000000000000(cell0),7e92dcfe-ee57-4125-af0a-2d0891969646(cell1) {{(pid=95769) load_cells /opt/stack/nova/nova/context.py:509}}
Jul 03 01:23:13.450786 np0000004346 devstack@n-api-meta.service[95769]: INFO nova.utils [None req-742b52ac-d335-4957-9af6-9ce5e514eeb6 None None] The cell worker thread pool MainProcess.cell_worker is initialized
Jul 03 01:23:13.450859 np0000004346 devstack@n-api-meta.service[95770]: INFO dbcounter [None req-f3693e73-f1e3-4a9c-8da5-5e2fe955ecb6 None None] Registered counter for database nova_cell1
Jul 03 01:23:13.452532 np0000004346 devstack@n-api-meta.service[95769]: DEBUG oslo_concurrency.lockutils [None req-742b52ac-d335-4957-9af6-9ce5e514eeb6 None None] Acquiring lock "00000000-0000-0000-0000-000000000000" by "nova.context.set_target_cell..get_or_set_cached_cell_and_set_connections" {{(pid=95769) inner /opt/stack/data/venv/lib/python3.12/site-packages/oslo_concurrency/lockutils.py:511}}
Jul 03 01:23:13.452694 np0000004346 devstack@n-api-meta.service[95769]: DEBUG oslo_concurrency.lockutils [None req-742b52ac-d335-4957-9af6-9ce5e514eeb6 None None] Lock "00000000-0000-0000-0000-000000000000" acquired by "nova.context.set_target_cell..get_or_set_cached_cell_and_set_connections" :: waited 0.000s {{(pid=95769) inner /opt/stack/data/venv/lib/python3.12/site-packages/oslo_concurrency/lockutils.py:524}}
Jul 03 01:23:13.453037 np0000004346 devstack@n-api-meta.service[95769]: DEBUG oslo_concurrency.lockutils [None req-742b52ac-d335-4957-9af6-9ce5e514eeb6 None None] Lock "00000000-0000-0000-0000-000000000000" "released" by "nova.context.set_target_cell..get_or_set_cached_cell_and_set_connections" :: held 0.000s {{(pid=95769) inner /opt/stack/data/venv/lib/python3.12/site-packages/oslo_concurrency/lockutils.py:543}}
Jul 03 01:23:13.453673 np0000004346 devstack@n-api-meta.service[95769]: DEBUG oslo_concurrency.lockutils [None req-742b52ac-d335-4957-9af6-9ce5e514eeb6 None None] Acquiring lock "7e92dcfe-ee57-4125-af0a-2d0891969646" by "nova.context.set_target_cell..get_or_set_cached_cell_and_set_connections" {{(pid=95769) inner /opt/stack/data/venv/lib/python3.12/site-packages/oslo_concurrency/lockutils.py:511}}
Jul 03 01:23:13.453819 np0000004346 devstack@n-api-meta.service[95769]: DEBUG oslo_concurrency.lockutils [None req-742b52ac-d335-4957-9af6-9ce5e514eeb6 None None] Lock "7e92dcfe-ee57-4125-af0a-2d0891969646" acquired by "nova.context.set_target_cell..get_or_set_cached_cell_and_set_connections" :: waited 0.000s {{(pid=95769) inner /opt/stack/data/venv/lib/python3.12/site-packages/oslo_concurrency/lockutils.py:524}}
Jul 03 01:23:13.454622 np0000004346 devstack@n-api-meta.service[95769]: DEBUG oslo_concurrency.lockutils [None req-742b52ac-d335-4957-9af6-9ce5e514eeb6 None None] Lock "7e92dcfe-ee57-4125-af0a-2d0891969646" "released" by "nova.context.set_target_cell..get_or_set_cached_cell_and_set_connections" :: held 0.001s {{(pid=95769) inner /opt/stack/data/venv/lib/python3.12/site-packages/oslo_concurrency/lockutils.py:543}}
Jul 03 01:23:13.456200 np0000004346 devstack@n-api-meta.service[95769]: INFO dbcounter [None req-742b52ac-d335-4957-9af6-9ce5e514eeb6 None None] Registered counter for database nova_cell0
Jul 03 01:23:13.458834 np0000004346 devstack@n-api-meta.service[95769]: INFO dbcounter [None req-742b52ac-d335-4957-9af6-9ce5e514eeb6 None None] Registered counter for database nova_cell1
Jul 03 01:23:13.472264 np0000004346 devstack@n-api-meta.service[95768]: DEBUG oslo_db.sqlalchemy.engines [None req-b874a4a5-4fbd-4c32-88e1-48eaa2c948d8 None None] MySQL server mode set to STRICT_TRANS_TABLES,STRICT_ALL_TABLES,NO_ZERO_IN_DATE,NO_ZERO_DATE,ERROR_FOR_DIVISION_BY_ZERO,TRADITIONAL,NO_ENGINE_SUBSTITUTION {{(pid=95768) _check_effective_sql_mode /opt/stack/data/venv/lib/python3.12/site-packages/oslo_db/sqlalchemy/engines.py:325}}
Jul 03 01:23:13.488186 np0000004346 devstack@n-api-meta.service[95768]: DEBUG oslo_db.sqlalchemy.engines [None req-b874a4a5-4fbd-4c32-88e1-48eaa2c948d8 None None] MySQL server mode set to STRICT_TRANS_TABLES,STRICT_ALL_TABLES,NO_ZERO_IN_DATE,NO_ZERO_DATE,ERROR_FOR_DIVISION_BY_ZERO,TRADITIONAL,NO_ENGINE_SUBSTITUTION {{(pid=95768) _check_effective_sql_mode /opt/stack/data/venv/lib/python3.12/site-packages/oslo_db/sqlalchemy/engines.py:325}}
Jul 03 01:23:13.497378 np0000004346 devstack@n-api-meta.service[95770]: DEBUG oslo_db.sqlalchemy.engines [None req-f3693e73-f1e3-4a9c-8da5-5e2fe955ecb6 None None] MySQL server mode set to STRICT_TRANS_TABLES,STRICT_ALL_TABLES,NO_ZERO_IN_DATE,NO_ZERO_DATE,ERROR_FOR_DIVISION_BY_ZERO,TRADITIONAL,NO_ENGINE_SUBSTITUTION {{(pid=95770) _check_effective_sql_mode /opt/stack/data/venv/lib/python3.12/site-packages/oslo_db/sqlalchemy/engines.py:325}}
Jul 03 01:23:13.511153 np0000004346 devstack@n-api-meta.service[95769]: DEBUG oslo_db.sqlalchemy.engines [None req-742b52ac-d335-4957-9af6-9ce5e514eeb6 None None] MySQL server mode set to STRICT_TRANS_TABLES,STRICT_ALL_TABLES,NO_ZERO_IN_DATE,NO_ZERO_DATE,ERROR_FOR_DIVISION_BY_ZERO,TRADITIONAL,NO_ENGINE_SUBSTITUTION {{(pid=95769) _check_effective_sql_mode /opt/stack/data/venv/lib/python3.12/site-packages/oslo_db/sqlalchemy/engines.py:325}}
Jul 03 01:23:13.515522 np0000004346 devstack@n-api-meta.service[95769]: DEBUG oslo_db.sqlalchemy.engines [None req-742b52ac-d335-4957-9af6-9ce5e514eeb6 None None] MySQL server mode set to STRICT_TRANS_TABLES,STRICT_ALL_TABLES,NO_ZERO_IN_DATE,NO_ZERO_DATE,ERROR_FOR_DIVISION_BY_ZERO,TRADITIONAL,NO_ENGINE_SUBSTITUTION {{(pid=95769) _check_effective_sql_mode /opt/stack/data/venv/lib/python3.12/site-packages/oslo_db/sqlalchemy/engines.py:325}}
Jul 03 01:23:13.532621 np0000004346 devstack@n-api-meta.service[95767]: DEBUG dbcounter [-] [95767] Writer thread running {{(pid=95767) stat_writer /opt/stack/data/venv/lib/python3.12/site-packages/dbcounter.py:102}}
Jul 03 01:23:13.533226 np0000004346 devstack@n-api-meta.service[95767]: DEBUG oslo_db.sqlalchemy.engines [None req-0128a843-6b6d-4ca8-b50f-2c605889d368 None None] MySQL server mode set to STRICT_TRANS_TABLES,STRICT_ALL_TABLES,NO_ZERO_IN_DATE,NO_ZERO_DATE,ERROR_FOR_DIVISION_BY_ZERO,TRADITIONAL,NO_ENGINE_SUBSTITUTION {{(pid=95767) _check_effective_sql_mode /opt/stack/data/venv/lib/python3.12/site-packages/oslo_db/sqlalchemy/engines.py:325}}
Jul 03 01:23:13.541634 np0000004346 devstack@n-api-meta.service[95767]: DEBUG dbcounter [-] [95767] Writer thread running {{(pid=95767) stat_writer /opt/stack/data/venv/lib/python3.12/site-packages/dbcounter.py:102}}
Jul 03 01:23:13.544911 np0000004346 devstack@n-api-meta.service[95767]: INFO dbcounter [None req-0128a843-6b6d-4ca8-b50f-2c605889d368 None None] Registered counter for database nova_cell0
Jul 03 01:23:13.570601 np0000004346 devstack@n-api-meta.service[95770]: DEBUG oslo_db.sqlalchemy.engines [None req-f3693e73-f1e3-4a9c-8da5-5e2fe955ecb6 None None] MySQL server mode set to STRICT_TRANS_TABLES,STRICT_ALL_TABLES,NO_ZERO_IN_DATE,NO_ZERO_DATE,ERROR_FOR_DIVISION_BY_ZERO,TRADITIONAL,NO_ENGINE_SUBSTITUTION {{(pid=95770) _check_effective_sql_mode /opt/stack/data/venv/lib/python3.12/site-packages/oslo_db/sqlalchemy/engines.py:325}}
Jul 03 01:23:13.572857 np0000004346 devstack@n-api-meta.service[95768]: DEBUG dbcounter [-] [95768] Writer thread running {{(pid=95768) stat_writer /opt/stack/data/venv/lib/python3.12/site-packages/dbcounter.py:102}}
Jul 03 01:23:13.577276 np0000004346 devstack@n-api-meta.service[95768]: DEBUG dbcounter [-] [95768] Writer thread running {{(pid=95768) stat_writer /opt/stack/data/venv/lib/python3.12/site-packages/dbcounter.py:102}}
Jul 03 01:23:13.577942 np0000004346 devstack@n-api-meta.service[95770]: DEBUG dbcounter [-] [95770] Writer thread running {{(pid=95770) stat_writer /opt/stack/data/venv/lib/python3.12/site-packages/dbcounter.py:102}}
Jul 03 01:23:13.579434 np0000004346 devstack@n-api-meta.service[95767]: DEBUG oslo_db.sqlalchemy.engines [None req-0128a843-6b6d-4ca8-b50f-2c605889d368 None None] MySQL server mode set to STRICT_TRANS_TABLES,STRICT_ALL_TABLES,NO_ZERO_IN_DATE,NO_ZERO_DATE,ERROR_FOR_DIVISION_BY_ZERO,TRADITIONAL,NO_ENGINE_SUBSTITUTION {{(pid=95767) _check_effective_sql_mode /opt/stack/data/venv/lib/python3.12/site-packages/oslo_db/sqlalchemy/engines.py:325}}
Jul 03 01:23:13.582050 np0000004346 devstack@n-api-meta.service[95768]: INFO dbcounter [None req-b874a4a5-4fbd-4c32-88e1-48eaa2c948d8 None None] Registered counter for database nova_cell0
Jul 03 01:23:13.583252 np0000004346 devstack@n-api-meta.service[95770]: DEBUG dbcounter [-] [95770] Writer thread running {{(pid=95770) stat_writer /opt/stack/data/venv/lib/python3.12/site-packages/dbcounter.py:102}}
Jul 03 01:23:13.585800 np0000004346 devstack@n-api-meta.service[95770]: INFO dbcounter [None req-f3693e73-f1e3-4a9c-8da5-5e2fe955ecb6 None None] Registered counter for database nova_cell0
Jul 03 01:23:13.586845 np0000004346 devstack@n-api-meta.service[95767]: DEBUG dbcounter [-] [95767] Writer thread running {{(pid=95767) stat_writer /opt/stack/data/venv/lib/python3.12/site-packages/dbcounter.py:102}}
Jul 03 01:23:13.603221 np0000004346 devstack@n-api-meta.service[95769]: DEBUG dbcounter [-] [95769] Writer thread running {{(pid=95769) stat_writer /opt/stack/data/venv/lib/python3.12/site-packages/dbcounter.py:102}}
Jul 03 01:23:13.607358 np0000004346 devstack@n-api-meta.service[95769]: DEBUG dbcounter [-] [95769] Writer thread running {{(pid=95769) stat_writer /opt/stack/data/venv/lib/python3.12/site-packages/dbcounter.py:102}}
Jul 03 01:23:13.610481 np0000004346 devstack@n-api-meta.service[95769]: INFO dbcounter [None req-742b52ac-d335-4957-9af6-9ce5e514eeb6 None None] Registered counter for database nova_cell0
Jul 03 01:23:13.629497 np0000004346 devstack@n-api-meta.service[95770]: DEBUG oslo_db.sqlalchemy.engines [None req-f3693e73-f1e3-4a9c-8da5-5e2fe955ecb6 None None] MySQL server mode set to STRICT_TRANS_TABLES,STRICT_ALL_TABLES,NO_ZERO_IN_DATE,NO_ZERO_DATE,ERROR_FOR_DIVISION_BY_ZERO,TRADITIONAL,NO_ENGINE_SUBSTITUTION {{(pid=95770) _check_effective_sql_mode /opt/stack/data/venv/lib/python3.12/site-packages/oslo_db/sqlalchemy/engines.py:325}}
Jul 03 01:23:13.632069 np0000004346 devstack@n-api-meta.service[95767]: WARNING nova.api.metadata.handler [None req-0128a843-6b6d-4ca8-b50f-2c605889d368 None None] metadata_proxy_shared_secret is not configured, the metadata information returned by the proxy cannot be trusted
Jul 03 01:23:13.634928 np0000004346 devstack@n-api-meta.service[95767]: DEBUG nova.api.openstack.wsgi_app [None req-0128a843-6b6d-4ca8-b50f-2c605889d368 None None] ******************************************************************************** {{(pid=95767) log_opt_values /opt/stack/data/venv/lib/python3.12/site-packages/oslo_config/cfg.py:3226}}
Jul 03 01:23:13.634928 np0000004346 devstack@n-api-meta.service[95767]: DEBUG nova.api.openstack.wsgi_app [None req-0128a843-6b6d-4ca8-b50f-2c605889d368 None None] Configuration options gathered from: {{(pid=95767) log_opt_values /opt/stack/data/venv/lib/python3.12/site-packages/oslo_config/cfg.py:3227}}
Jul 03 01:23:13.635054 np0000004346 devstack@n-api-meta.service[95768]: DEBUG oslo_db.sqlalchemy.engines [None req-b874a4a5-4fbd-4c32-88e1-48eaa2c948d8 None None] MySQL server mode set to STRICT_TRANS_TABLES,STRICT_ALL_TABLES,NO_ZERO_IN_DATE,NO_ZERO_DATE,ERROR_FOR_DIVISION_BY_ZERO,TRADITIONAL,NO_ENGINE_SUBSTITUTION {{(pid=95768) _check_effective_sql_mode /opt/stack/data/venv/lib/python3.12/site-packages/oslo_db/sqlalchemy/engines.py:325}}
Jul 03 01:23:13.635085 np0000004346 devstack@n-api-meta.service[95767]: DEBUG nova.api.openstack.wsgi_app [None req-0128a843-6b6d-4ca8-b50f-2c605889d368 None None] command line args: [] {{(pid=95767) log_opt_values /opt/stack/data/venv/lib/python3.12/site-packages/oslo_config/cfg.py:3228}}
Jul 03 01:23:13.635085 np0000004346 devstack@n-api-meta.service[95767]: DEBUG nova.api.openstack.wsgi_app [None req-0128a843-6b6d-4ca8-b50f-2c605889d368 None None] config files: ['/etc/nova/api-paste.ini', '/etc/nova/nova.conf'] {{(pid=95767) log_opt_values /opt/stack/data/venv/lib/python3.12/site-packages/oslo_config/cfg.py:3229}}
Jul 03 01:23:13.635085 np0000004346 devstack@n-api-meta.service[95767]: DEBUG nova.api.openstack.wsgi_app [None req-0128a843-6b6d-4ca8-b50f-2c605889d368 None None] ================================================================================ {{(pid=95767) log_opt_values /opt/stack/data/venv/lib/python3.12/site-packages/oslo_config/cfg.py:3234}}
Jul 03 01:23:13.635085 np0000004346 devstack@n-api-meta.service[95767]: DEBUG nova.api.openstack.wsgi_app [None req-0128a843-6b6d-4ca8-b50f-2c605889d368 None None] allow_resize_to_same_host = True {{(pid=95767) log_opt_values /opt/stack/data/venv/lib/python3.12/site-packages/oslo_config/cfg.py:3242}}
Jul 03 01:23:13.635300 np0000004346 devstack@n-api-meta.service[95767]: DEBUG nova.api.openstack.wsgi_app [None req-0128a843-6b6d-4ca8-b50f-2c605889d368 None None] arq_binding_timeout = 300 {{(pid=95767) log_opt_values /opt/stack/data/venv/lib/python3.12/site-packages/oslo_config/cfg.py:3242}}
Jul 03 01:23:13.635492 np0000004346 devstack@n-api-meta.service[95767]: DEBUG nova.api.openstack.wsgi_app [None req-0128a843-6b6d-4ca8-b50f-2c605889d368 None None] block_device_allocate_retries = 60 {{(pid=95767) log_opt_values /opt/stack/data/venv/lib/python3.12/site-packages/oslo_config/cfg.py:3242}}
Jul 03 01:23:13.635702 np0000004346 devstack@n-api-meta.service[95767]: DEBUG nova.api.openstack.wsgi_app [None req-0128a843-6b6d-4ca8-b50f-2c605889d368 None None] block_device_allocate_retries_interval = 3 {{(pid=95767) log_opt_values /opt/stack/data/venv/lib/python3.12/site-packages/oslo_config/cfg.py:3242}}
Jul 03 01:23:13.635953 np0000004346 devstack@n-api-meta.service[95767]: DEBUG nova.api.openstack.wsgi_app [None req-0128a843-6b6d-4ca8-b50f-2c605889d368 None None] cell_worker_thread_pool_size = 5 {{(pid=95767) log_opt_values /opt/stack/data/venv/lib/python3.12/site-packages/oslo_config/cfg.py:3242}}
Jul 03 01:23:13.636083 np0000004346 devstack@n-api-meta.service[95767]: DEBUG nova.api.openstack.wsgi_app [None req-0128a843-6b6d-4ca8-b50f-2c605889d368 None None] cert = self.pem {{(pid=95767) log_opt_values /opt/stack/data/venv/lib/python3.12/site-packages/oslo_config/cfg.py:3242}}
Jul 03 01:23:13.636264 np0000004346 devstack@n-api-meta.service[95767]: DEBUG nova.api.openstack.wsgi_app [None req-0128a843-6b6d-4ca8-b50f-2c605889d368 None None] compute_driver = libvirt.LibvirtDriver {{(pid=95767) log_opt_values /opt/stack/data/venv/lib/python3.12/site-packages/oslo_config/cfg.py:3242}}
Jul 03 01:23:13.636472 np0000004346 devstack@n-api-meta.service[95767]: DEBUG nova.api.openstack.wsgi_app [None req-0128a843-6b6d-4ca8-b50f-2c605889d368 None None] compute_monitors = [] {{(pid=95767) log_opt_values /opt/stack/data/venv/lib/python3.12/site-packages/oslo_config/cfg.py:3242}}
Jul 03 01:23:13.636531 np0000004346 devstack@n-api-meta.service[95770]: DEBUG dbcounter [-] [95770] Writer thread running {{(pid=95770) stat_writer /opt/stack/data/venv/lib/python3.12/site-packages/dbcounter.py:102}}
Jul 03 01:23:13.636661 np0000004346 devstack@n-api-meta.service[95767]: DEBUG nova.api.openstack.wsgi_app [None req-0128a843-6b6d-4ca8-b50f-2c605889d368 None None] config_dir = [] {{(pid=95767) log_opt_values /opt/stack/data/venv/lib/python3.12/site-packages/oslo_config/cfg.py:3242}}
Jul 03 01:23:13.636856 np0000004346 devstack@n-api-meta.service[95767]: DEBUG nova.api.openstack.wsgi_app [None req-0128a843-6b6d-4ca8-b50f-2c605889d368 None None] config_drive_format = iso9660 {{(pid=95767) log_opt_values /opt/stack/data/venv/lib/python3.12/site-packages/oslo_config/cfg.py:3242}}
Jul 03 01:23:13.637009 np0000004346 devstack@n-api-meta.service[95767]: DEBUG nova.api.openstack.wsgi_app [None req-0128a843-6b6d-4ca8-b50f-2c605889d368 None None] config_file = ['/etc/nova/api-paste.ini', '/etc/nova/nova.conf'] {{(pid=95767) log_opt_values /opt/stack/data/venv/lib/python3.12/site-packages/oslo_config/cfg.py:3242}}
Jul 03 01:23:13.637206 np0000004346 devstack@n-api-meta.service[95767]: DEBUG nova.api.openstack.wsgi_app [None req-0128a843-6b6d-4ca8-b50f-2c605889d368 None None] config_source = [] {{(pid=95767) log_opt_values /opt/stack/data/venv/lib/python3.12/site-packages/oslo_config/cfg.py:3242}}
Jul 03 01:23:13.637395 np0000004346 devstack@n-api-meta.service[95767]: DEBUG nova.api.openstack.wsgi_app [None req-0128a843-6b6d-4ca8-b50f-2c605889d368 None None] console_host = np0000004346 {{(pid=95767) log_opt_values /opt/stack/data/venv/lib/python3.12/site-packages/oslo_config/cfg.py:3242}}
Jul 03 01:23:13.637588 np0000004346 devstack@n-api-meta.service[95767]: DEBUG nova.api.openstack.wsgi_app [None req-0128a843-6b6d-4ca8-b50f-2c605889d368 None None] control_exchange = nova {{(pid=95767) log_opt_values /opt/stack/data/venv/lib/python3.12/site-packages/oslo_config/cfg.py:3242}}
Jul 03 01:23:13.637757 np0000004346 devstack@n-api-meta.service[95767]: DEBUG nova.api.openstack.wsgi_app [None req-0128a843-6b6d-4ca8-b50f-2c605889d368 None None] cpu_allocation_ratio = None {{(pid=95767) log_opt_values /opt/stack/data/venv/lib/python3.12/site-packages/oslo_config/cfg.py:3242}}
Jul 03 01:23:13.637922 np0000004346 devstack@n-api-meta.service[95767]: DEBUG nova.api.openstack.wsgi_app [None req-0128a843-6b6d-4ca8-b50f-2c605889d368 None None] daemon = False {{(pid=95767) log_opt_values /opt/stack/data/venv/lib/python3.12/site-packages/oslo_config/cfg.py:3242}}
Jul 03 01:23:13.638108 np0000004346 devstack@n-api-meta.service[95767]: DEBUG nova.api.openstack.wsgi_app [None req-0128a843-6b6d-4ca8-b50f-2c605889d368 None None] debug = True {{(pid=95767) log_opt_values /opt/stack/data/venv/lib/python3.12/site-packages/oslo_config/cfg.py:3242}}
Jul 03 01:23:13.638285 np0000004346 devstack@n-api-meta.service[95767]: DEBUG nova.api.openstack.wsgi_app [None req-0128a843-6b6d-4ca8-b50f-2c605889d368 None None] default_access_ip_network_name = None {{(pid=95767) log_opt_values /opt/stack/data/venv/lib/python3.12/site-packages/oslo_config/cfg.py:3242}}
Jul 03 01:23:13.638488 np0000004346 devstack@n-api-meta.service[95767]: DEBUG nova.api.openstack.wsgi_app [None req-0128a843-6b6d-4ca8-b50f-2c605889d368 None None] default_availability_zone = nova {{(pid=95767) log_opt_values /opt/stack/data/venv/lib/python3.12/site-packages/oslo_config/cfg.py:3242}}
Jul 03 01:23:13.638677 np0000004346 devstack@n-api-meta.service[95767]: DEBUG nova.api.openstack.wsgi_app [None req-0128a843-6b6d-4ca8-b50f-2c605889d368 None None] default_ephemeral_format = ext4 {{(pid=95767) log_opt_values /opt/stack/data/venv/lib/python3.12/site-packages/oslo_config/cfg.py:3242}}
Jul 03 01:23:13.638858 np0000004346 devstack@n-api-meta.service[95767]: DEBUG nova.api.openstack.wsgi_app [None req-0128a843-6b6d-4ca8-b50f-2c605889d368 None None] default_green_pool_size = 1000 {{(pid=95767) log_opt_values /opt/stack/data/venv/lib/python3.12/site-packages/oslo_config/cfg.py:3242}}
Jul 03 01:23:13.639165 np0000004346 devstack@n-api-meta.service[95767]: DEBUG nova.api.openstack.wsgi_app [None req-0128a843-6b6d-4ca8-b50f-2c605889d368 None None] default_log_levels = ['amqp=WARN', 'boto=WARN', 'sqlalchemy=WARN', 'suds=INFO', 'oslo.messaging=INFO', 'oslo_messaging=INFO', 'iso8601=WARN', 'requests.packages.urllib3.connectionpool=WARN', 'urllib3.connectionpool=WARN', 'websocket=WARN', 'requests.packages.urllib3.util.retry=WARN', 'urllib3.util.retry=WARN', 'keystonemiddleware=WARN', 'routes.middleware=WARN', 'stevedore=WARN', 'taskflow=WARN', 'keystoneauth=WARN', 'oslo.cache=INFO', 'oslo_policy=INFO', 'dogpile.core.dogpile=INFO', 'glanceclient=WARN', 'oslo.privsep.daemon=INFO'] {{(pid=95767) log_opt_values /opt/stack/data/venv/lib/python3.12/site-packages/oslo_config/cfg.py:3242}}
Jul 03 01:23:13.639337 np0000004346 devstack@n-api-meta.service[95767]: DEBUG nova.api.openstack.wsgi_app [None req-0128a843-6b6d-4ca8-b50f-2c605889d368 None None] default_schedule_zone = None {{(pid=95767) log_opt_values /opt/stack/data/venv/lib/python3.12/site-packages/oslo_config/cfg.py:3242}}
Jul 03 01:23:13.639535 np0000004346 devstack@n-api-meta.service[95767]: DEBUG nova.api.openstack.wsgi_app [None req-0128a843-6b6d-4ca8-b50f-2c605889d368 None None] default_thread_pool_size = 10 {{(pid=95767) log_opt_values /opt/stack/data/venv/lib/python3.12/site-packages/oslo_config/cfg.py:3242}}
Jul 03 01:23:13.639707 np0000004346 devstack@n-api-meta.service[95767]: DEBUG nova.api.openstack.wsgi_app [None req-0128a843-6b6d-4ca8-b50f-2c605889d368 None None] disk_allocation_ratio = None {{(pid=95767) log_opt_values /opt/stack/data/venv/lib/python3.12/site-packages/oslo_config/cfg.py:3242}}
Jul 03 01:23:13.639887 np0000004346 devstack@n-api-meta.service[95767]: DEBUG nova.api.openstack.wsgi_app [None req-0128a843-6b6d-4ca8-b50f-2c605889d368 None None] enable_new_services = True {{(pid=95767) log_opt_values /opt/stack/data/venv/lib/python3.12/site-packages/oslo_config/cfg.py:3242}}
Jul 03 01:23:13.640060 np0000004346 devstack@n-api-meta.service[95767]: DEBUG nova.api.openstack.wsgi_app [None req-0128a843-6b6d-4ca8-b50f-2c605889d368 None None] flat_injected = False {{(pid=95767) log_opt_values /opt/stack/data/venv/lib/python3.12/site-packages/oslo_config/cfg.py:3242}}
Jul 03 01:23:13.640523 np0000004346 devstack@n-api-meta.service[95767]: DEBUG nova.api.openstack.wsgi_app [None req-0128a843-6b6d-4ca8-b50f-2c605889d368 None None] force_config_drive = True {{(pid=95767) log_opt_values /opt/stack/data/venv/lib/python3.12/site-packages/oslo_config/cfg.py:3242}}
Jul 03 01:23:13.640523 np0000004346 devstack@n-api-meta.service[95767]: DEBUG nova.api.openstack.wsgi_app [None req-0128a843-6b6d-4ca8-b50f-2c605889d368 None None] force_raw_images = True {{(pid=95767) log_opt_values /opt/stack/data/venv/lib/python3.12/site-packages/oslo_config/cfg.py:3242}}
Jul 03 01:23:13.640611 np0000004346 devstack@n-api-meta.service[95767]: DEBUG nova.api.openstack.wsgi_app [None req-0128a843-6b6d-4ca8-b50f-2c605889d368 None None] graceful_shutdown_timeout = 5 {{(pid=95767) log_opt_values /opt/stack/data/venv/lib/python3.12/site-packages/oslo_config/cfg.py:3242}}
Jul 03 01:23:13.641053 np0000004346 devstack@n-api-meta.service[95767]: DEBUG nova.api.openstack.wsgi_app [None req-0128a843-6b6d-4ca8-b50f-2c605889d368 None None] heal_instance_info_cache_interval = -1 {{(pid=95767) log_opt_values /opt/stack/data/venv/lib/python3.12/site-packages/oslo_config/cfg.py:3242}}
Jul 03 01:23:13.641053 np0000004346 devstack@n-api-meta.service[95767]: DEBUG nova.api.openstack.wsgi_app [None req-0128a843-6b6d-4ca8-b50f-2c605889d368 None None] host = np0000004346 {{(pid=95767) log_opt_values /opt/stack/data/venv/lib/python3.12/site-packages/oslo_config/cfg.py:3242}}
Jul 03 01:23:13.641233 np0000004346 devstack@n-api-meta.service[95767]: DEBUG nova.api.openstack.wsgi_app [None req-0128a843-6b6d-4ca8-b50f-2c605889d368 None None] initial_cpu_allocation_ratio = 4.0 {{(pid=95767) log_opt_values /opt/stack/data/venv/lib/python3.12/site-packages/oslo_config/cfg.py:3242}}
Jul 03 01:23:13.641447 np0000004346 devstack@n-api-meta.service[95767]: DEBUG nova.api.openstack.wsgi_app [None req-0128a843-6b6d-4ca8-b50f-2c605889d368 None None] initial_disk_allocation_ratio = 1.0 {{(pid=95767) log_opt_values /opt/stack/data/venv/lib/python3.12/site-packages/oslo_config/cfg.py:3242}}
Jul 03 01:23:13.641608 np0000004346 devstack@n-api-meta.service[95767]: DEBUG nova.api.openstack.wsgi_app [None req-0128a843-6b6d-4ca8-b50f-2c605889d368 None None] initial_ram_allocation_ratio = 1.0 {{(pid=95767) log_opt_values /opt/stack/data/venv/lib/python3.12/site-packages/oslo_config/cfg.py:3242}}
Jul 03 01:23:13.642945 np0000004346 devstack@n-api-meta.service[95767]: DEBUG nova.api.openstack.wsgi_app [None req-0128a843-6b6d-4ca8-b50f-2c605889d368 None None] injected_network_template = /opt/stack/nova/nova/virt/interfaces.template {{(pid=95767) log_opt_values /opt/stack/data/venv/lib/python3.12/site-packages/oslo_config/cfg.py:3242}}
Jul 03 01:23:13.642945 np0000004346 devstack@n-api-meta.service[95767]: DEBUG nova.api.openstack.wsgi_app [None req-0128a843-6b6d-4ca8-b50f-2c605889d368 None None] instance_build_timeout = 0 {{(pid=95767) log_opt_values /opt/stack/data/venv/lib/python3.12/site-packages/oslo_config/cfg.py:3242}}
Jul 03 01:23:13.642945 np0000004346 devstack@n-api-meta.service[95767]: DEBUG nova.api.openstack.wsgi_app [None req-0128a843-6b6d-4ca8-b50f-2c605889d368 None None] instance_delete_interval = 300 {{(pid=95767) log_opt_values /opt/stack/data/venv/lib/python3.12/site-packages/oslo_config/cfg.py:3242}}
Jul 03 01:23:13.642945 np0000004346 devstack@n-api-meta.service[95767]: DEBUG nova.api.openstack.wsgi_app [None req-0128a843-6b6d-4ca8-b50f-2c605889d368 None None] instance_format = [instance: %(uuid)s] {{(pid=95767) log_opt_values /opt/stack/data/venv/lib/python3.12/site-packages/oslo_config/cfg.py:3242}}
Jul 03 01:23:13.642945 np0000004346 devstack@n-api-meta.service[95767]: DEBUG nova.api.openstack.wsgi_app [None req-0128a843-6b6d-4ca8-b50f-2c605889d368 None None] instance_name_template = instance-%08x {{(pid=95767) log_opt_values /opt/stack/data/venv/lib/python3.12/site-packages/oslo_config/cfg.py:3242}}
Jul 03 01:23:13.643177 np0000004346 devstack@n-api-meta.service[95768]: DEBUG dbcounter [-] [95768] Writer thread running {{(pid=95768) stat_writer /opt/stack/data/venv/lib/python3.12/site-packages/dbcounter.py:102}}
Jul 03 01:23:13.643211 np0000004346 devstack@n-api-meta.service[95767]: DEBUG nova.api.openstack.wsgi_app [None req-0128a843-6b6d-4ca8-b50f-2c605889d368 None None] instance_usage_audit = False {{(pid=95767) log_opt_values /opt/stack/data/venv/lib/python3.12/site-packages/oslo_config/cfg.py:3242}}
Jul 03 01:23:13.643211 np0000004346 devstack@n-api-meta.service[95767]: DEBUG nova.api.openstack.wsgi_app [None req-0128a843-6b6d-4ca8-b50f-2c605889d368 None None] instance_usage_audit_period = month {{(pid=95767) log_opt_values /opt/stack/data/venv/lib/python3.12/site-packages/oslo_config/cfg.py:3242}}
Jul 03 01:23:13.643211 np0000004346 devstack@n-api-meta.service[95767]: DEBUG nova.api.openstack.wsgi_app [None req-0128a843-6b6d-4ca8-b50f-2c605889d368 None None] instance_uuid_format = [instance: %(uuid)s] {{(pid=95767) log_opt_values /opt/stack/data/venv/lib/python3.12/site-packages/oslo_config/cfg.py:3242}}
Jul 03 01:23:13.643211 np0000004346 devstack@n-api-meta.service[95767]: DEBUG nova.api.openstack.wsgi_app [None req-0128a843-6b6d-4ca8-b50f-2c605889d368 None None] instances_path = /opt/stack/data/nova/instances {{(pid=95767) log_opt_values /opt/stack/data/venv/lib/python3.12/site-packages/oslo_config/cfg.py:3242}}
Jul 03 01:23:13.643459 np0000004346 devstack@n-api-meta.service[95767]: DEBUG nova.api.openstack.wsgi_app [None req-0128a843-6b6d-4ca8-b50f-2c605889d368 None None] internal_service_availability_zone = internal {{(pid=95767) log_opt_values /opt/stack/data/venv/lib/python3.12/site-packages/oslo_config/cfg.py:3242}}
Jul 03 01:23:13.643569 np0000004346 devstack@n-api-meta.service[95767]: DEBUG nova.api.openstack.wsgi_app [None req-0128a843-6b6d-4ca8-b50f-2c605889d368 None None] key = None {{(pid=95767) log_opt_values /opt/stack/data/venv/lib/python3.12/site-packages/oslo_config/cfg.py:3242}}
Jul 03 01:23:13.643716 np0000004346 devstack@n-api-meta.service[95767]: DEBUG nova.api.openstack.wsgi_app [None req-0128a843-6b6d-4ca8-b50f-2c605889d368 None None] live_migration_retry_count = 30 {{(pid=95767) log_opt_values /opt/stack/data/venv/lib/python3.12/site-packages/oslo_config/cfg.py:3242}}
Jul 03 01:23:13.643899 np0000004346 devstack@n-api-meta.service[95767]: DEBUG nova.api.openstack.wsgi_app [None req-0128a843-6b6d-4ca8-b50f-2c605889d368 None None] log_color = False {{(pid=95767) log_opt_values /opt/stack/data/venv/lib/python3.12/site-packages/oslo_config/cfg.py:3242}}
Jul 03 01:23:13.644077 np0000004346 devstack@n-api-meta.service[95767]: DEBUG nova.api.openstack.wsgi_app [None req-0128a843-6b6d-4ca8-b50f-2c605889d368 None None] log_config_append = None {{(pid=95767) log_opt_values /opt/stack/data/venv/lib/python3.12/site-packages/oslo_config/cfg.py:3242}}
Jul 03 01:23:13.644631 np0000004346 devstack@n-api-meta.service[95767]: DEBUG nova.api.openstack.wsgi_app [None req-0128a843-6b6d-4ca8-b50f-2c605889d368 None None] log_date_format = %Y-%m-%d %H:%M:%S {{(pid=95767) log_opt_values /opt/stack/data/venv/lib/python3.12/site-packages/oslo_config/cfg.py:3242}}
Jul 03 01:23:13.644631 np0000004346 devstack@n-api-meta.service[95767]: DEBUG nova.api.openstack.wsgi_app [None req-0128a843-6b6d-4ca8-b50f-2c605889d368 None None] log_dir = None {{(pid=95767) log_opt_values /opt/stack/data/venv/lib/python3.12/site-packages/oslo_config/cfg.py:3242}}
Jul 03 01:23:13.644631 np0000004346 devstack@n-api-meta.service[95767]: DEBUG nova.api.openstack.wsgi_app [None req-0128a843-6b6d-4ca8-b50f-2c605889d368 None None] log_file = None {{(pid=95767) log_opt_values /opt/stack/data/venv/lib/python3.12/site-packages/oslo_config/cfg.py:3242}}
Jul 03 01:23:13.644786 np0000004346 devstack@n-api-meta.service[95767]: DEBUG nova.api.openstack.wsgi_app [None req-0128a843-6b6d-4ca8-b50f-2c605889d368 None None] log_options = True {{(pid=95767) log_opt_values /opt/stack/data/venv/lib/python3.12/site-packages/oslo_config/cfg.py:3242}}
Jul 03 01:23:13.644940 np0000004346 devstack@n-api-meta.service[95767]: DEBUG nova.api.openstack.wsgi_app [None req-0128a843-6b6d-4ca8-b50f-2c605889d368 None None] log_rotate_interval = 1 {{(pid=95767) log_opt_values /opt/stack/data/venv/lib/python3.12/site-packages/oslo_config/cfg.py:3242}}
Jul 03 01:23:13.645155 np0000004346 devstack@n-api-meta.service[95767]: DEBUG nova.api.openstack.wsgi_app [None req-0128a843-6b6d-4ca8-b50f-2c605889d368 None None] log_rotate_interval_type = days {{(pid=95767) log_opt_values /opt/stack/data/venv/lib/python3.12/site-packages/oslo_config/cfg.py:3242}}
Jul 03 01:23:13.645333 np0000004346 devstack@n-api-meta.service[95767]: DEBUG nova.api.openstack.wsgi_app [None req-0128a843-6b6d-4ca8-b50f-2c605889d368 None None] log_rotation_type = none {{(pid=95767) log_opt_values /opt/stack/data/venv/lib/python3.12/site-packages/oslo_config/cfg.py:3242}}
Jul 03 01:23:13.645454 np0000004346 devstack@n-api-meta.service[95767]: DEBUG nova.api.openstack.wsgi_app [None req-0128a843-6b6d-4ca8-b50f-2c605889d368 None None] logging_context_format_string = %(color)s%(levelname)s %(name)s [%(global_request_id)s %(request_id)s %(project_name)s %(user_name)s%(color)s] %(instance)s%(color)s%(message)s {{(pid=95767) log_opt_values /opt/stack/data/venv/lib/python3.12/site-packages/oslo_config/cfg.py:3242}}
Jul 03 01:23:13.645653 np0000004346 devstack@n-api-meta.service[95767]: DEBUG nova.api.openstack.wsgi_app [None req-0128a843-6b6d-4ca8-b50f-2c605889d368 None None] logging_debug_format_suffix = {{(pid=%(process)d) %(funcName)s %(pathname)s:%(lineno)d}} {{(pid=95767) log_opt_values /opt/stack/data/venv/lib/python3.12/site-packages/oslo_config/cfg.py:3242}}
Jul 03 01:23:13.645792 np0000004346 devstack@n-api-meta.service[95767]: DEBUG nova.api.openstack.wsgi_app [None req-0128a843-6b6d-4ca8-b50f-2c605889d368 None None] logging_default_format_string = %(color)s%(levelname)s %(name)s [-%(color)s] %(instance)s%(color)s%(message)s {{(pid=95767) log_opt_values /opt/stack/data/venv/lib/python3.12/site-packages/oslo_config/cfg.py:3242}}
Jul 03 01:23:13.649531 np0000004346 devstack@n-api-meta.service[95767]: DEBUG nova.api.openstack.wsgi_app [None req-0128a843-6b6d-4ca8-b50f-2c605889d368 None None] logging_exception_prefix = ERROR %(name)s %(instance)s {{(pid=95767) log_opt_values /opt/stack/data/venv/lib/python3.12/site-packages/oslo_config/cfg.py:3242}}
