Jul 03 01:23:13.136480 np0000004346 nova-scheduler[96381]: DEBUG cotyledon.oslo_config_glue [-] profiler.es_scroll_time = 2m {{(pid=96381) log_opt_values /opt/stack/data/venv/lib/python3.12/site-packages/oslo_config/cfg.py:3253}}
Jul 03 01:23:13.136480 np0000004346 nova-scheduler[96381]: DEBUG cotyledon.oslo_config_glue [-] profiler.filter_error_trace = False {{(pid=96381) log_opt_values /opt/stack/data/venv/lib/python3.12/site-packages/oslo_config/cfg.py:3253}}
Jul 03 01:23:13.136480 np0000004346 nova-scheduler[96381]: DEBUG cotyledon.oslo_config_glue [-] profiler.hmac_keys = **** {{(pid=96381) log_opt_values /opt/stack/data/venv/lib/python3.12/site-packages/oslo_config/cfg.py:3253}}
Jul 03 01:23:13.136480 np0000004346 nova-scheduler[96381]: DEBUG cotyledon.oslo_config_glue [-] profiler.sentinel_service_name = mymaster {{(pid=96381) log_opt_values /opt/stack/data/venv/lib/python3.12/site-packages/oslo_config/cfg.py:3253}}
Jul 03 01:23:13.136480 np0000004346 nova-scheduler[96381]: DEBUG cotyledon.oslo_config_glue [-] profiler.socket_timeout = 0.1 {{(pid=96381) log_opt_values /opt/stack/data/venv/lib/python3.12/site-packages/oslo_config/cfg.py:3253}}
Jul 03 01:23:13.136480 np0000004346 nova-scheduler[96381]: DEBUG cotyledon.oslo_config_glue [-] profiler.trace_requests = False {{(pid=96381) log_opt_values /opt/stack/data/venv/lib/python3.12/site-packages/oslo_config/cfg.py:3253}}
Jul 03 01:23:13.136480 np0000004346 nova-scheduler[96381]: DEBUG cotyledon.oslo_config_glue [-] profiler.trace_sqlalchemy = False {{(pid=96381) log_opt_values /opt/stack/data/venv/lib/python3.12/site-packages/oslo_config/cfg.py:3253}}
Jul 03 01:23:13.136480 np0000004346 nova-scheduler[96381]: DEBUG cotyledon.oslo_config_glue [-] profiler_jaeger.process_tags = {} {{(pid=96381) log_opt_values /opt/stack/data/venv/lib/python3.12/site-packages/oslo_config/cfg.py:3253}}
Jul 03 01:23:13.136480 np0000004346 nova-scheduler[96381]: DEBUG cotyledon.oslo_config_glue [-] profiler_jaeger.service_name_prefix = None {{(pid=96381) log_opt_values /opt/stack/data/venv/lib/python3.12/site-packages/oslo_config/cfg.py:3253}}
Jul 03 01:23:13.136816 np0000004346 nova-scheduler[96381]: DEBUG cotyledon.oslo_config_glue [-] profiler_otlp.service_name_prefix = None {{(pid=96381) log_opt_values /opt/stack/data/venv/lib/python3.12/site-packages/oslo_config/cfg.py:3253}}
Jul 03 01:23:13.136816 np0000004346 nova-scheduler[96381]: DEBUG cotyledon.oslo_config_glue [-] oslo_messaging_rabbit.amqp_auto_delete = False {{(pid=96381) log_opt_values /opt/stack/data/venv/lib/python3.12/site-packages/oslo_config/cfg.py:3253}}
Jul 03 01:23:13.136816 np0000004346 nova-scheduler[96381]: DEBUG cotyledon.oslo_config_glue [-] oslo_messaging_rabbit.amqp_durable_queues = False {{(pid=96381) log_opt_values /opt/stack/data/venv/lib/python3.12/site-packages/oslo_config/cfg.py:3253}}
Jul 03 01:23:13.136816 np0000004346 nova-scheduler[96381]: DEBUG cotyledon.oslo_config_glue [-] oslo_messaging_rabbit.conn_pool_min_size = 2 {{(pid=96381) log_opt_values /opt/stack/data/venv/lib/python3.12/site-packages/oslo_config/cfg.py:3253}}
Jul 03 01:23:13.136816 np0000004346 nova-scheduler[96381]: DEBUG cotyledon.oslo_config_glue [-] oslo_messaging_rabbit.conn_pool_ttl = 1200 {{(pid=96381) log_opt_values /opt/stack/data/venv/lib/python3.12/site-packages/oslo_config/cfg.py:3253}}
Jul 03 01:23:13.136816 np0000004346 nova-scheduler[96381]: DEBUG cotyledon.oslo_config_glue [-] oslo_messaging_rabbit.direct_mandatory_flag = True {{(pid=96381) log_opt_values /opt/stack/data/venv/lib/python3.12/site-packages/oslo_config/cfg.py:3253}}
Jul 03 01:23:13.136816 np0000004346 nova-scheduler[96381]: DEBUG cotyledon.oslo_config_glue [-] oslo_messaging_rabbit.enable_cancel_on_failover = False {{(pid=96381) log_opt_values /opt/stack/data/venv/lib/python3.12/site-packages/oslo_config/cfg.py:3253}}
Jul 03 01:23:13.136816 np0000004346 nova-scheduler[96381]: DEBUG cotyledon.oslo_config_glue [-] oslo_messaging_rabbit.heartbeat_rate = 3 {{(pid=96381) log_opt_values /opt/stack/data/venv/lib/python3.12/site-packages/oslo_config/cfg.py:3253}}
Jul 03 01:23:13.136816 np0000004346 nova-scheduler[96381]: DEBUG cotyledon.oslo_config_glue [-] oslo_messaging_rabbit.heartbeat_timeout_threshold = 60 {{(pid=96381) log_opt_values /opt/stack/data/venv/lib/python3.12/site-packages/oslo_config/cfg.py:3253}}
Jul 03 01:23:13.137136 np0000004346 nova-scheduler[96381]: DEBUG cotyledon.oslo_config_glue [-] oslo_messaging_rabbit.hostname = np0000004346 {{(pid=96381) log_opt_values /opt/stack/data/venv/lib/python3.12/site-packages/oslo_config/cfg.py:3253}}
Jul 03 01:23:13.137136 np0000004346 nova-scheduler[96381]: DEBUG cotyledon.oslo_config_glue [-] oslo_messaging_rabbit.kombu_compression = None {{(pid=96381) log_opt_values /opt/stack/data/venv/lib/python3.12/site-packages/oslo_config/cfg.py:3253}}
Jul 03 01:23:13.137136 np0000004346 nova-scheduler[96381]: DEBUG cotyledon.oslo_config_glue [-] oslo_messaging_rabbit.kombu_failover_strategy = round-robin {{(pid=96381) log_opt_values /opt/stack/data/venv/lib/python3.12/site-packages/oslo_config/cfg.py:3253}}
Jul 03 01:23:13.137136 np0000004346 nova-scheduler[96381]: DEBUG cotyledon.oslo_config_glue [-] oslo_messaging_rabbit.kombu_missing_consumer_retry_timeout = 60 {{(pid=96381) log_opt_values /opt/stack/data/venv/lib/python3.12/site-packages/oslo_config/cfg.py:3253}}
Jul 03 01:23:13.137136 np0000004346 nova-scheduler[96381]: DEBUG cotyledon.oslo_config_glue [-] oslo_messaging_rabbit.kombu_reconnect_delay = 1.0 {{(pid=96381) log_opt_values /opt/stack/data/venv/lib/python3.12/site-packages/oslo_config/cfg.py:3253}}
Jul 03 01:23:13.137136 np0000004346 nova-scheduler[96381]: DEBUG cotyledon.oslo_config_glue [-] oslo_messaging_rabbit.kombu_reconnect_splay = 0.0 {{(pid=96381) log_opt_values /opt/stack/data/venv/lib/python3.12/site-packages/oslo_config/cfg.py:3253}}
Jul 03 01:23:13.137136 np0000004346 nova-scheduler[96381]: DEBUG cotyledon.oslo_config_glue [-] oslo_messaging_rabbit.processname = nova-scheduler {{(pid=96381) log_opt_values /opt/stack/data/venv/lib/python3.12/site-packages/oslo_config/cfg.py:3253}}
Jul 03 01:23:13.137136 np0000004346 nova-scheduler[96381]: DEBUG cotyledon.oslo_config_glue [-] oslo_messaging_rabbit.rabbit_ha_queues = False {{(pid=96381) log_opt_values /opt/stack/data/venv/lib/python3.12/site-packages/oslo_config/cfg.py:3253}}
Jul 03 01:23:13.137136 np0000004346 nova-scheduler[96381]: DEBUG cotyledon.oslo_config_glue [-] oslo_messaging_rabbit.rabbit_interval_max = 30 {{(pid=96381) log_opt_values /opt/stack/data/venv/lib/python3.12/site-packages/oslo_config/cfg.py:3253}}
Jul 03 01:23:13.137440 np0000004346 nova-scheduler[96381]: DEBUG cotyledon.oslo_config_glue [-] oslo_messaging_rabbit.rabbit_login_method = AMQPLAIN {{(pid=96381) log_opt_values /opt/stack/data/venv/lib/python3.12/site-packages/oslo_config/cfg.py:3253}}
Jul 03 01:23:13.137440 np0000004346 nova-scheduler[96381]: DEBUG cotyledon.oslo_config_glue [-] oslo_messaging_rabbit.rabbit_qos_prefetch_count = 0 {{(pid=96381) log_opt_values /opt/stack/data/venv/lib/python3.12/site-packages/oslo_config/cfg.py:3253}}
Jul 03 01:23:13.137440 np0000004346 nova-scheduler[96381]: DEBUG cotyledon.oslo_config_glue [-] oslo_messaging_rabbit.rabbit_quorum_delivery_limit = 0 {{(pid=96381) log_opt_values /opt/stack/data/venv/lib/python3.12/site-packages/oslo_config/cfg.py:3253}}
Jul 03 01:23:13.137440 np0000004346 nova-scheduler[96381]: DEBUG cotyledon.oslo_config_glue [-] oslo_messaging_rabbit.rabbit_quorum_max_memory_bytes = 0 {{(pid=96381) log_opt_values /opt/stack/data/venv/lib/python3.12/site-packages/oslo_config/cfg.py:3253}}
Jul 03 01:23:13.137440 np0000004346 nova-scheduler[96381]: DEBUG cotyledon.oslo_config_glue [-] oslo_messaging_rabbit.rabbit_quorum_max_memory_length = 0 {{(pid=96381) log_opt_values /opt/stack/data/venv/lib/python3.12/site-packages/oslo_config/cfg.py:3253}}
Jul 03 01:23:13.137440 np0000004346 nova-scheduler[96381]: DEBUG cotyledon.oslo_config_glue [-] oslo_messaging_rabbit.rabbit_quorum_queue = False {{(pid=96381) log_opt_values /opt/stack/data/venv/lib/python3.12/site-packages/oslo_config/cfg.py:3253}}
Jul 03 01:23:13.137440 np0000004346 nova-scheduler[96381]: DEBUG cotyledon.oslo_config_glue [-] oslo_messaging_rabbit.rabbit_retry_backoff = 2 {{(pid=96381) log_opt_values /opt/stack/data/venv/lib/python3.12/site-packages/oslo_config/cfg.py:3253}}
Jul 03 01:23:13.137440 np0000004346 nova-scheduler[96381]: DEBUG cotyledon.oslo_config_glue [-] oslo_messaging_rabbit.rabbit_retry_interval = 1 {{(pid=96381) log_opt_values /opt/stack/data/venv/lib/python3.12/site-packages/oslo_config/cfg.py:3253}}
Jul 03 01:23:13.137440 np0000004346 nova-scheduler[96381]: DEBUG cotyledon.oslo_config_glue [-] oslo_messaging_rabbit.rabbit_stream_fanout = False {{(pid=96381) log_opt_values /opt/stack/data/venv/lib/python3.12/site-packages/oslo_config/cfg.py:3253}}
Jul 03 01:23:13.137750 np0000004346 nova-scheduler[96381]: DEBUG cotyledon.oslo_config_glue [-] oslo_messaging_rabbit.rabbit_transient_queues_ttl = 1800 {{(pid=96381) log_opt_values /opt/stack/data/venv/lib/python3.12/site-packages/oslo_config/cfg.py:3253}}
Jul 03 01:23:13.137750 np0000004346 nova-scheduler[96381]: DEBUG cotyledon.oslo_config_glue [-] oslo_messaging_rabbit.rabbit_transient_quorum_queue = False {{(pid=96381) log_opt_values /opt/stack/data/venv/lib/python3.12/site-packages/oslo_config/cfg.py:3253}}
Jul 03 01:23:13.137750 np0000004346 nova-scheduler[96381]: DEBUG cotyledon.oslo_config_glue [-] oslo_messaging_rabbit.rpc_conn_pool_size = 30 {{(pid=96381) log_opt_values /opt/stack/data/venv/lib/python3.12/site-packages/oslo_config/cfg.py:3253}}
Jul 03 01:23:13.137750 np0000004346 nova-scheduler[96381]: DEBUG cotyledon.oslo_config_glue [-] oslo_messaging_rabbit.ssl = False {{(pid=96381) log_opt_values /opt/stack/data/venv/lib/python3.12/site-packages/oslo_config/cfg.py:3253}}
Jul 03 01:23:13.137750 np0000004346 nova-scheduler[96381]: DEBUG cotyledon.oslo_config_glue [-] oslo_messaging_rabbit.ssl_ca_file = {{(pid=96381) log_opt_values /opt/stack/data/venv/lib/python3.12/site-packages/oslo_config/cfg.py:3253}}
Jul 03 01:23:13.137750 np0000004346 nova-scheduler[96381]: DEBUG cotyledon.oslo_config_glue [-] oslo_messaging_rabbit.ssl_cert_file = {{(pid=96381) log_opt_values /opt/stack/data/venv/lib/python3.12/site-packages/oslo_config/cfg.py:3253}}
Jul 03 01:23:13.137956 np0000004346 nova-scheduler[96347]: INFO dbcounter [None req-1b5e7f96-ad1a-4b64-9e71-44c5de71c85a None None] Registered counter for database nova_cell0
Jul 03 01:23:13.137995 np0000004346 nova-scheduler[96381]: DEBUG cotyledon.oslo_config_glue [-] oslo_messaging_rabbit.ssl_enforce_fips_mode = False {{(pid=96381) log_opt_values /opt/stack/data/venv/lib/python3.12/site-packages/oslo_config/cfg.py:3253}}
Jul 03 01:23:13.137995 np0000004346 nova-scheduler[96381]: DEBUG cotyledon.oslo_config_glue [-] oslo_messaging_rabbit.ssl_enforce_hostname_verification = True {{(pid=96381) log_opt_values /opt/stack/data/venv/lib/python3.12/site-packages/oslo_config/cfg.py:3253}}
Jul 03 01:23:13.137995 np0000004346 nova-scheduler[96381]: DEBUG cotyledon.oslo_config_glue [-] oslo_messaging_rabbit.ssl_key_file = {{(pid=96381) log_opt_values /opt/stack/data/venv/lib/python3.12/site-packages/oslo_config/cfg.py:3253}}
Jul 03 01:23:13.137995 np0000004346 nova-scheduler[96381]: DEBUG cotyledon.oslo_config_glue [-] oslo_messaging_rabbit.ssl_version = {{(pid=96381) log_opt_values /opt/stack/data/venv/lib/python3.12/site-packages/oslo_config/cfg.py:3253}}
Jul 03 01:23:13.137995 np0000004346 nova-scheduler[96381]: DEBUG cotyledon.oslo_config_glue [-] oslo_messaging_rabbit.use_queue_manager = False {{(pid=96381) log_opt_values /opt/stack/data/venv/lib/python3.12/site-packages/oslo_config/cfg.py:3253}}
Jul 03 01:23:13.137995 np0000004346 nova-scheduler[96381]: DEBUG cotyledon.oslo_config_glue [-] oslo_messaging_notifications.driver = ['messagingv2'] {{(pid=96381) log_opt_values /opt/stack/data/venv/lib/python3.12/site-packages/oslo_config/cfg.py:3253}}
Jul 03 01:23:13.137995 np0000004346 nova-scheduler[96381]: DEBUG cotyledon.oslo_config_glue [-] oslo_messaging_notifications.retry = -1 {{(pid=96381) log_opt_values /opt/stack/data/venv/lib/python3.12/site-packages/oslo_config/cfg.py:3253}}
Jul 03 01:23:13.137995 np0000004346 nova-scheduler[96381]: DEBUG cotyledon.oslo_config_glue [-] oslo_messaging_notifications.topics = ['notifications'] {{(pid=96381) log_opt_values /opt/stack/data/venv/lib/python3.12/site-packages/oslo_config/cfg.py:3253}}
Jul 03 01:23:13.137995 np0000004346 nova-scheduler[96381]: DEBUG cotyledon.oslo_config_glue [-] oslo_messaging_notifications.transport_url = **** {{(pid=96381) log_opt_values /opt/stack/data/venv/lib/python3.12/site-packages/oslo_config/cfg.py:3253}}
Jul 03 01:23:13.138289 np0000004346 nova-scheduler[96381]: DEBUG cotyledon.oslo_config_glue [-] oslo_limit.auth_section = None {{(pid=96381) log_opt_values /opt/stack/data/venv/lib/python3.12/site-packages/oslo_config/cfg.py:3253}}
Jul 03 01:23:13.138289 np0000004346 nova-scheduler[96381]: DEBUG cotyledon.oslo_config_glue [-] oslo_limit.auth_type = None {{(pid=96381) log_opt_values /opt/stack/data/venv/lib/python3.12/site-packages/oslo_config/cfg.py:3253}}
Jul 03 01:23:13.138289 np0000004346 nova-scheduler[96381]: DEBUG cotyledon.oslo_config_glue [-] oslo_limit.cafile = None {{(pid=96381) log_opt_values /opt/stack/data/venv/lib/python3.12/site-packages/oslo_config/cfg.py:3253}}
Jul 03 01:23:13.138289 np0000004346 nova-scheduler[96381]: DEBUG cotyledon.oslo_config_glue [-] oslo_limit.certfile = None {{(pid=96381) log_opt_values /opt/stack/data/venv/lib/python3.12/site-packages/oslo_config/cfg.py:3253}}
Jul 03 01:23:13.138289 np0000004346 nova-scheduler[96381]: DEBUG cotyledon.oslo_config_glue [-] oslo_limit.collect_timing = False {{(pid=96381) log_opt_values /opt/stack/data/venv/lib/python3.12/site-packages/oslo_config/cfg.py:3253}}
Jul 03 01:23:13.138289 np0000004346 nova-scheduler[96381]: DEBUG cotyledon.oslo_config_glue [-] oslo_limit.connect_retries = None {{(pid=96381) log_opt_values /opt/stack/data/venv/lib/python3.12/site-packages/oslo_config/cfg.py:3253}}
Jul 03 01:23:13.138289 np0000004346 nova-scheduler[96381]: DEBUG cotyledon.oslo_config_glue [-] oslo_limit.connect_retry_delay = None {{(pid=96381) log_opt_values /opt/stack/data/venv/lib/python3.12/site-packages/oslo_config/cfg.py:3253}}
Jul 03 01:23:13.138289 np0000004346 nova-scheduler[96381]: DEBUG cotyledon.oslo_config_glue [-] oslo_limit.endpoint_id = None {{(pid=96381) log_opt_values /opt/stack/data/venv/lib/python3.12/site-packages/oslo_config/cfg.py:3253}}
Jul 03 01:23:13.138289 np0000004346 nova-scheduler[96381]: DEBUG cotyledon.oslo_config_glue [-] oslo_limit.endpoint_interface = public {{(pid=96381) log_opt_values /opt/stack/data/venv/lib/python3.12/site-packages/oslo_config/cfg.py:3253}}
Jul 03 01:23:13.138578 np0000004346 nova-scheduler[96381]: DEBUG cotyledon.oslo_config_glue [-] oslo_limit.endpoint_override = None {{(pid=96381) log_opt_values /opt/stack/data/venv/lib/python3.12/site-packages/oslo_config/cfg.py:3253}}
Jul 03 01:23:13.138578 np0000004346 nova-scheduler[96381]: DEBUG cotyledon.oslo_config_glue [-] oslo_limit.endpoint_region_name = None {{(pid=96381) log_opt_values /opt/stack/data/venv/lib/python3.12/site-packages/oslo_config/cfg.py:3253}}
Jul 03 01:23:13.138578 np0000004346 nova-scheduler[96381]: DEBUG cotyledon.oslo_config_glue [-] oslo_limit.endpoint_service_name = None {{(pid=96381) log_opt_values /opt/stack/data/venv/lib/python3.12/site-packages/oslo_config/cfg.py:3253}}
Jul 03 01:23:13.138578 np0000004346 nova-scheduler[96381]: DEBUG cotyledon.oslo_config_glue [-] oslo_limit.endpoint_service_type = None {{(pid=96381) log_opt_values /opt/stack/data/venv/lib/python3.12/site-packages/oslo_config/cfg.py:3253}}
Jul 03 01:23:13.138578 np0000004346 nova-scheduler[96381]: DEBUG cotyledon.oslo_config_glue [-] oslo_limit.insecure = False {{(pid=96381) log_opt_values /opt/stack/data/venv/lib/python3.12/site-packages/oslo_config/cfg.py:3253}}
Jul 03 01:23:13.138578 np0000004346 nova-scheduler[96381]: DEBUG cotyledon.oslo_config_glue [-] oslo_limit.keyfile = None {{(pid=96381) log_opt_values /opt/stack/data/venv/lib/python3.12/site-packages/oslo_config/cfg.py:3253}}
Jul 03 01:23:13.138578 np0000004346 nova-scheduler[96381]: DEBUG cotyledon.oslo_config_glue [-] oslo_limit.max_version = None {{(pid=96381) log_opt_values /opt/stack/data/venv/lib/python3.12/site-packages/oslo_config/cfg.py:3253}}
Jul 03 01:23:13.138578 np0000004346 nova-scheduler[96381]: DEBUG cotyledon.oslo_config_glue [-] oslo_limit.min_version = None {{(pid=96381) log_opt_values /opt/stack/data/venv/lib/python3.12/site-packages/oslo_config/cfg.py:3253}}
Jul 03 01:23:13.138578 np0000004346 nova-scheduler[96381]: DEBUG cotyledon.oslo_config_glue [-] oslo_limit.region_name = None {{(pid=96381) log_opt_values /opt/stack/data/venv/lib/python3.12/site-packages/oslo_config/cfg.py:3253}}
Jul 03 01:23:13.138878 np0000004346 nova-scheduler[96381]: DEBUG cotyledon.oslo_config_glue [-] oslo_limit.retriable_status_codes = None {{(pid=96381) log_opt_values /opt/stack/data/venv/lib/python3.12/site-packages/oslo_config/cfg.py:3253}}
Jul 03 01:23:13.138878 np0000004346 nova-scheduler[96381]: DEBUG cotyledon.oslo_config_glue [-] oslo_limit.service_name = None {{(pid=96381) log_opt_values /opt/stack/data/venv/lib/python3.12/site-packages/oslo_config/cfg.py:3253}}
Jul 03 01:23:13.138878 np0000004346 nova-scheduler[96381]: DEBUG cotyledon.oslo_config_glue [-] oslo_limit.service_type = None {{(pid=96381) log_opt_values /opt/stack/data/venv/lib/python3.12/site-packages/oslo_config/cfg.py:3253}}
Jul 03 01:23:13.138878 np0000004346 nova-scheduler[96381]: DEBUG cotyledon.oslo_config_glue [-] oslo_limit.split_loggers = False {{(pid=96381) log_opt_values /opt/stack/data/venv/lib/python3.12/site-packages/oslo_config/cfg.py:3253}}
Jul 03 01:23:13.138878 np0000004346 nova-scheduler[96381]: DEBUG cotyledon.oslo_config_glue [-] oslo_limit.status_code_retries = None {{(pid=96381) log_opt_values /opt/stack/data/venv/lib/python3.12/site-packages/oslo_config/cfg.py:3253}}
Jul 03 01:23:13.138878 np0000004346 nova-scheduler[96381]: DEBUG cotyledon.oslo_config_glue [-] oslo_limit.status_code_retry_delay = None {{(pid=96381) log_opt_values /opt/stack/data/venv/lib/python3.12/site-packages/oslo_config/cfg.py:3253}}
Jul 03 01:23:13.138878 np0000004346 nova-scheduler[96381]: DEBUG cotyledon.oslo_config_glue [-] oslo_limit.timeout = None {{(pid=96381) log_opt_values /opt/stack/data/venv/lib/python3.12/site-packages/oslo_config/cfg.py:3253}}
Jul 03 01:23:13.138878 np0000004346 nova-scheduler[96381]: DEBUG cotyledon.oslo_config_glue [-] oslo_limit.valid_interfaces = None {{(pid=96381) log_opt_values /opt/stack/data/venv/lib/python3.12/site-packages/oslo_config/cfg.py:3253}}
Jul 03 01:23:13.138878 np0000004346 nova-scheduler[96381]: DEBUG cotyledon.oslo_config_glue [-] oslo_limit.version = None {{(pid=96381) log_opt_values /opt/stack/data/venv/lib/python3.12/site-packages/oslo_config/cfg.py:3253}}
Jul 03 01:23:13.139238 np0000004346 nova-scheduler[96381]: DEBUG cotyledon.oslo_config_glue [-] oslo_reports.file_event_handler = None {{(pid=96381) log_opt_values /opt/stack/data/venv/lib/python3.12/site-packages/oslo_config/cfg.py:3253}}
Jul 03 01:23:13.139238 np0000004346 nova-scheduler[96381]: DEBUG cotyledon.oslo_config_glue [-] oslo_reports.file_event_handler_interval = 1 {{(pid=96381) log_opt_values /opt/stack/data/venv/lib/python3.12/site-packages/oslo_config/cfg.py:3253}}
Jul 03 01:23:13.139238 np0000004346 nova-scheduler[96381]: DEBUG cotyledon.oslo_config_glue [-] oslo_reports.log_dir = None {{(pid=96381) log_opt_values /opt/stack/data/venv/lib/python3.12/site-packages/oslo_config/cfg.py:3253}}
Jul 03 01:23:13.139238 np0000004346 nova-scheduler[96381]: DEBUG cotyledon.oslo_config_glue [-] ******************************************************************************** {{(pid=96381) log_opt_values /opt/stack/data/venv/lib/python3.12/site-packages/oslo_config/cfg.py:3260}}
Jul 03 01:23:13.139238 np0000004346 nova-scheduler[96381]: DEBUG cotyledon._service_worker [-] Run service ServiceWrapper(3) [96381] {{(pid=96381) wait_forever /opt/stack/data/venv/lib/python3.12/site-packages/cotyledon/_service_worker.py:218}}
Jul 03 01:23:13.139238 np0000004346 nova-scheduler[96381]: INFO nova.service [-] Starting scheduler node (version 33.1.0)
Jul 03 01:23:13.139459 np0000004346 nova-scheduler[96338]: DEBUG oslo_db.sqlalchemy.engines [None req-2487a652-7c0f-4c7b-9f28-46abc509e62a None None] MySQL server mode set to STRICT_TRANS_TABLES,STRICT_ALL_TABLES,NO_ZERO_IN_DATE,NO_ZERO_DATE,ERROR_FOR_DIVISION_BY_ZERO,TRADITIONAL,NO_ENGINE_SUBSTITUTION {{(pid=96338) _check_effective_sql_mode /opt/stack/data/venv/lib/python3.12/site-packages/oslo_db/sqlalchemy/engines.py:325}}
Jul 03 01:23:13.139517 np0000004346 nova-scheduler[96381]: INFO dbcounter [None req-f3911b62-792f-4733-810c-90f545a096d9 None None] Registered counter for database nova_cell0
Jul 03 01:23:13.139562 np0000004346 nova-scheduler[96338]: DEBUG dbcounter [-] [96338] Writer thread running {{(pid=96338) stat_writer /opt/stack/data/venv/lib/python3.12/site-packages/dbcounter.py:102}}
Jul 03 01:23:13.139562 np0000004346 nova-scheduler[96338]: DEBUG nova.service [None req-2487a652-7c0f-4c7b-9f28-46abc509e62a None None] Creating RPC server for service: nova-scheduler on topic: scheduler {{(pid=96338) start /opt/stack/nova/nova/service.py:196}}
Jul 03 01:23:13.139640 np0000004346 nova-scheduler[96344]: DEBUG oslo_db.sqlalchemy.engines [None req-35eadc56-4b74-4e18-800c-210df08fb8b4 None None] MySQL server mode set to STRICT_TRANS_TABLES,STRICT_ALL_TABLES,NO_ZERO_IN_DATE,NO_ZERO_DATE,ERROR_FOR_DIVISION_BY_ZERO,TRADITIONAL,NO_ENGINE_SUBSTITUTION {{(pid=96344) _check_effective_sql_mode /opt/stack/data/venv/lib/python3.12/site-packages/oslo_db/sqlalchemy/engines.py:325}}
Jul 03 01:23:13.139683 np0000004346 nova-scheduler[96347]: DEBUG oslo_db.sqlalchemy.engines [None req-1b5e7f96-ad1a-4b64-9e71-44c5de71c85a None None] MySQL server mode set to STRICT_TRANS_TABLES,STRICT_ALL_TABLES,NO_ZERO_IN_DATE,NO_ZERO_DATE,ERROR_FOR_DIVISION_BY_ZERO,TRADITIONAL,NO_ENGINE_SUBSTITUTION {{(pid=96347) _check_effective_sql_mode /opt/stack/data/venv/lib/python3.12/site-packages/oslo_db/sqlalchemy/engines.py:325}}
Jul 03 01:23:13.139736 np0000004346 nova-scheduler[96344]: DEBUG dbcounter [-] [96344] Writer thread running {{(pid=96344) stat_writer /opt/stack/data/venv/lib/python3.12/site-packages/dbcounter.py:102}}
Jul 03 01:23:13.139736 np0000004346 nova-scheduler[96344]: DEBUG nova.service [None req-35eadc56-4b74-4e18-800c-210df08fb8b4 None None] Creating RPC server for service: nova-scheduler on topic: scheduler {{(pid=96344) start /opt/stack/nova/nova/service.py:196}}
Jul 03 01:23:13.139798 np0000004346 nova-scheduler[96347]: DEBUG dbcounter [-] [96347] Writer thread running {{(pid=96347) stat_writer /opt/stack/data/venv/lib/python3.12/site-packages/dbcounter.py:102}}
Jul 03 01:23:13.139798 np0000004346 nova-scheduler[96347]: DEBUG nova.service [None req-1b5e7f96-ad1a-4b64-9e71-44c5de71c85a None None] Creating RPC server for service: nova-scheduler on topic: scheduler {{(pid=96347) start /opt/stack/nova/nova/service.py:196}}
Jul 03 01:23:13.139861 np0000004346 nova-scheduler[96338]: DEBUG nova.service [None req-2487a652-7c0f-4c7b-9f28-46abc509e62a None None] Join ServiceGroup membership for this service scheduler {{(pid=96338) start /opt/stack/nova/nova/service.py:222}}
Jul 03 01:23:13.139861 np0000004346 nova-scheduler[96338]: DEBUG nova.servicegroup.drivers.db [None req-2487a652-7c0f-4c7b-9f28-46abc509e62a None None] DB_Driver: join new ServiceGroup member np0000004346 to the scheduler group, service = {{(pid=96338) join /opt/stack/nova/nova/servicegroup/drivers/db.py:44}}
Jul 03 01:23:13.139937 np0000004346 nova-scheduler[96381]: DEBUG oslo_db.sqlalchemy.engines [None req-f3911b62-792f-4733-810c-90f545a096d9 None None] MySQL server mode set to STRICT_TRANS_TABLES,STRICT_ALL_TABLES,NO_ZERO_IN_DATE,NO_ZERO_DATE,ERROR_FOR_DIVISION_BY_ZERO,TRADITIONAL,NO_ENGINE_SUBSTITUTION {{(pid=96381) _check_effective_sql_mode /opt/stack/data/venv/lib/python3.12/site-packages/oslo_db/sqlalchemy/engines.py:325}}
Jul 03 01:23:13.139977 np0000004346 nova-scheduler[96344]: DEBUG nova.service [None req-35eadc56-4b74-4e18-800c-210df08fb8b4 None None] Join ServiceGroup membership for this service scheduler {{(pid=96344) start /opt/stack/nova/nova/service.py:222}}
Jul 03 01:23:13.139977 np0000004346 nova-scheduler[96344]: DEBUG nova.servicegroup.drivers.db [None req-35eadc56-4b74-4e18-800c-210df08fb8b4 None None] DB_Driver: join new ServiceGroup member np0000004346 to the scheduler group, service = {{(pid=96344) join /opt/stack/nova/nova/servicegroup/drivers/db.py:44}}
Jul 03 01:23:13.140068 np0000004346 nova-scheduler[96381]: DEBUG dbcounter [-] [96381] Writer thread running {{(pid=96381) stat_writer /opt/stack/data/venv/lib/python3.12/site-packages/dbcounter.py:102}}
Jul 03 01:23:13.140111 np0000004346 nova-scheduler[96347]: DEBUG nova.service [None req-1b5e7f96-ad1a-4b64-9e71-44c5de71c85a None None] Join ServiceGroup membership for this service scheduler {{(pid=96347) start /opt/stack/nova/nova/service.py:222}}
Jul 03 01:23:13.140111 np0000004346 nova-scheduler[96347]: DEBUG nova.servicegroup.drivers.db [None req-1b5e7f96-ad1a-4b64-9e71-44c5de71c85a None None] DB_Driver: join new ServiceGroup member np0000004346 to the scheduler group, service = {{(pid=96347) join /opt/stack/nova/nova/servicegroup/drivers/db.py:44}}
Jul 03 01:23:13.140274 np0000004346 nova-scheduler[96381]: DEBUG nova.service [None req-f3911b62-792f-4733-810c-90f545a096d9 None None] Creating RPC server for service: nova-scheduler on topic: scheduler {{(pid=96381) start /opt/stack/nova/nova/service.py:196}}
Jul 03 01:23:13.158782 np0000004346 nova-scheduler[96381]: DEBUG nova.service [None req-f3911b62-792f-4733-810c-90f545a096d9 None None] Join ServiceGroup membership for this service scheduler {{(pid=96381) start /opt/stack/nova/nova/service.py:222}}
Jul 03 01:23:13.159077 np0000004346 nova-scheduler[96381]: DEBUG nova.servicegroup.drivers.db [None req-f3911b62-792f-4733-810c-90f545a096d9 None None] DB_Driver: join new ServiceGroup member np0000004346 to the scheduler group, service = {{(pid=96381) join /opt/stack/nova/nova/servicegroup/drivers/db.py:44}}
Jul 03 01:23:18.142162 np0000004346 nova-scheduler[96338]: DEBUG oslo.service.backend._threading.loopingcall [-] Fixed interval looping call 'nova.servicegroup.drivers.db.DbDriver._report_state' sleeping for 119.98 seconds {{(pid=96338) _run_loop /opt/stack/data/venv/lib/python3.12/site-packages/oslo_service/backend/_threading/loopingcall.py:125}}
Jul 03 01:23:18.149138 np0000004346 nova-scheduler[96344]: DEBUG oslo.service.backend._threading.loopingcall [-] Fixed interval looping call 'nova.servicegroup.drivers.db.DbDriver._report_state' sleeping for 119.99 seconds {{(pid=96344) _run_loop /opt/stack/data/venv/lib/python3.12/site-packages/oslo_service/backend/_threading/loopingcall.py:125}}
Jul 03 01:23:18.149392 np0000004346 nova-scheduler[96347]: DEBUG oslo.service.backend._threading.loopingcall [-] Fixed interval looping call 'nova.servicegroup.drivers.db.DbDriver._report_state' sleeping for 119.99 seconds {{(pid=96347) _run_loop /opt/stack/data/venv/lib/python3.12/site-packages/oslo_service/backend/_threading/loopingcall.py:125}}
Jul 03 01:23:18.174493 np0000004346 nova-scheduler[96381]: DEBUG oslo.service.backend._threading.loopingcall [-] Fixed interval looping call 'nova.servicegroup.drivers.db.DbDriver._report_state' sleeping for 119.99 seconds {{(pid=96381) _run_loop /opt/stack/data/venv/lib/python3.12/site-packages/oslo_service/backend/_threading/loopingcall.py:125}}
Jul 03 01:23:19.137917 np0000004346 nova-scheduler[96344]: DEBUG oslo.service.backend._threading.loopingcall [None req-59e1cbac-0b95-41d0-933e-1c76517605b5 None None] Dynamic interval looping call 'nova.service.Service.periodic_tasks' sleeping for 60.00 seconds {{(pid=96344) _run_loop /opt/stack/data/venv/lib/python3.12/site-packages/oslo_service/backend/_threading/loopingcall.py:125}}
Jul 03 01:23:21.695926 np0000004346 nova-scheduler[95134]: DEBUG dbcounter [-] [95134] Writing DB stats nova_api:SELECT=3 {{(pid=95134) stat_writer /opt/stack/data/venv/lib/python3.12/site-packages/dbcounter.py:115}}
Jul 03 01:23:21.830184 np0000004346 nova-scheduler[95134]: DEBUG dbcounter [-] [95134] Writing DB stats nova_cell0:SELECT=1 {{(pid=95134) stat_writer /opt/stack/data/venv/lib/python3.12/site-packages/dbcounter.py:115}}
Jul 03 01:23:21.834743 np0000004346 nova-scheduler[95134]: DEBUG dbcounter [-] [95134] Writing DB stats nova_cell1:SELECT=1 {{(pid=95134) stat_writer /opt/stack/data/venv/lib/python3.12/site-packages/dbcounter.py:115}}
Jul 03 01:23:28.133053 np0000004346 nova-scheduler[96338]: DEBUG dbcounter [-] [96338] Writing DB stats nova_cell0:SELECT=4,nova_cell0:INSERT=1,nova_cell0:UPDATE=1 {{(pid=96338) stat_writer /opt/stack/data/venv/lib/python3.12/site-packages/dbcounter.py:115}}
Jul 03 01:23:28.144851 np0000004346 nova-scheduler[96344]: DEBUG dbcounter [-] [96344] Writing DB stats nova_cell0:SELECT=3 {{(pid=96344) stat_writer /opt/stack/data/venv/lib/python3.12/site-packages/dbcounter.py:115}}
Jul 03 01:23:28.146781 np0000004346 nova-scheduler[96347]: DEBUG dbcounter [-] [96347] Writing DB stats nova_cell0:SELECT=3 {{(pid=96347) stat_writer /opt/stack/data/venv/lib/python3.12/site-packages/dbcounter.py:115}}
Jul 03 01:23:28.170894 np0000004346 nova-scheduler[96381]: DEBUG dbcounter [-] [96381] Writing DB stats nova_cell0:SELECT=3 {{(pid=96381) stat_writer /opt/stack/data/venv/lib/python3.12/site-packages/dbcounter.py:115}}
Jul 03 01:23:34.125166 np0000004346 nova-scheduler[96338]: DEBUG oslo.service.backend._threading.loopingcall [None req-543c5aa8-8315-400b-b5ee-d141b951a834 None None] Dynamic interval looping call 'nova.service.Service.periodic_tasks' sleeping for 60.00 seconds {{(pid=96338) _run_loop /opt/stack/data/venv/lib/python3.12/site-packages/oslo_service/backend/_threading/loopingcall.py:125}}
Jul 03 01:24:05.161101 np0000004346 nova-scheduler[96381]: DEBUG oslo.service.backend._threading.loopingcall [None req-bec8cc4f-dc2b-48ab-8c41-751c7e89e55c None None] Dynamic interval looping call 'nova.service.Service.periodic_tasks' sleeping for 60.00 seconds {{(pid=96381) _run_loop /opt/stack/data/venv/lib/python3.12/site-packages/oslo_service/backend/_threading/loopingcall.py:125}}
Jul 03 01:24:09.141206 np0000004346 nova-scheduler[96347]: DEBUG oslo.service.backend._threading.loopingcall [None req-2311c4a4-ba49-4ac4-a15b-26c88fff0864 None None] Dynamic interval looping call 'nova.service.Service.periodic_tasks' sleeping for 60.00 seconds {{(pid=96347) _run_loop /opt/stack/data/venv/lib/python3.12/site-packages/oslo_service/backend/_threading/loopingcall.py:125}}
Jul 03 01:24:19.138374 np0000004346 nova-scheduler[96344]: DEBUG oslo.service.backend._threading.loopingcall [None req-59e1cbac-0b95-41d0-933e-1c76517605b5 None None] Dynamic interval looping call 'nova.service.Service.periodic_tasks' sleeping for 60.00 seconds {{(pid=96344) _run_loop /opt/stack/data/venv/lib/python3.12/site-packages/oslo_service/backend/_threading/loopingcall.py:125}}
Jul 03 01:24:34.125661 np0000004346 nova-scheduler[96338]: DEBUG oslo.service.backend._threading.loopingcall [None req-543c5aa8-8315-400b-b5ee-d141b951a834 None None] Dynamic interval looping call 'nova.service.Service.periodic_tasks' sleeping for 60.00 seconds {{(pid=96338) _run_loop /opt/stack/data/venv/lib/python3.12/site-packages/oslo_service/backend/_threading/loopingcall.py:125}}
Jul 03 01:25:05.161594 np0000004346 nova-scheduler[96381]: DEBUG oslo.service.backend._threading.loopingcall [None req-bec8cc4f-dc2b-48ab-8c41-751c7e89e55c None None] Dynamic interval looping call 'nova.service.Service.periodic_tasks' sleeping for 60.00 seconds {{(pid=96381) _run_loop /opt/stack/data/venv/lib/python3.12/site-packages/oslo_service/backend/_threading/loopingcall.py:125}}
Jul 03 01:25:09.141739 np0000004346 nova-scheduler[96347]: DEBUG oslo.service.backend._threading.loopingcall [None req-2311c4a4-ba49-4ac4-a15b-26c88fff0864 None None] Dynamic interval looping call 'nova.service.Service.periodic_tasks' sleeping for 60.00 seconds {{(pid=96347) _run_loop /opt/stack/data/venv/lib/python3.12/site-packages/oslo_service/backend/_threading/loopingcall.py:125}}
Jul 03 01:25:18.136928 np0000004346 nova-scheduler[96338]: DEBUG oslo.service.backend._threading.loopingcall [-] Fixed interval looping call 'nova.servicegroup.drivers.db.DbDriver._report_state' sleeping for 119.99 seconds {{(pid=96338) _run_loop /opt/stack/data/venv/lib/python3.12/site-packages/oslo_service/backend/_threading/loopingcall.py:125}}
Jul 03 01:25:18.143012 np0000004346 nova-scheduler[96347]: DEBUG oslo.service.backend._threading.loopingcall [-] Fixed interval looping call 'nova.servicegroup.drivers.db.DbDriver._report_state' sleeping for 120.00 seconds {{(pid=96347) _run_loop /opt/stack/data/venv/lib/python3.12/site-packages/oslo_service/backend/_threading/loopingcall.py:125}}
Jul 03 01:25:18.143318 np0000004346 nova-scheduler[96344]: DEBUG oslo.service.backend._threading.loopingcall [-] Fixed interval looping call 'nova.servicegroup.drivers.db.DbDriver._report_state' sleeping for 120.00 seconds {{(pid=96344) _run_loop /opt/stack/data/venv/lib/python3.12/site-packages/oslo_service/backend/_threading/loopingcall.py:125}}
Jul 03 01:25:18.169966 np0000004346 nova-scheduler[96381]: DEBUG oslo.service.backend._threading.loopingcall [-] Fixed interval looping call 'nova.servicegroup.drivers.db.DbDriver._report_state' sleeping for 119.99 seconds {{(pid=96381) _run_loop /opt/stack/data/venv/lib/python3.12/site-packages/oslo_service/backend/_threading/loopingcall.py:125}}
Jul 03 01:25:19.139077 np0000004346 nova-scheduler[96344]: DEBUG oslo.service.backend._threading.loopingcall [None req-59e1cbac-0b95-41d0-933e-1c76517605b5 None None] Dynamic interval looping call 'nova.service.Service.periodic_tasks' sleeping for 60.00 seconds {{(pid=96344) _run_loop /opt/stack/data/venv/lib/python3.12/site-packages/oslo_service/backend/_threading/loopingcall.py:125}}
Jul 03 01:25:19.417756 np0000004346 nova-scheduler[96338]: DEBUG nova.scheduler.manager [None req-862b659e-704c-4268-ab5e-a6f2e77c6244 tempest-ServerStableDeviceRescueTest-1297733707 tempest-ServerStableDeviceRescueTest-1297733707-project-member] Starting to schedule for instances: ['de16d93e-354e-417e-81f9-e5286d038be8'] {{(pid=96338) select_destinations /opt/stack/nova/nova/scheduler/manager.py:209}}
Jul 03 01:25:19.418276 np0000004346 nova-scheduler[96338]: DEBUG nova.scheduler.request_filter [None req-862b659e-704c-4268-ab5e-a6f2e77c6244 tempest-ServerStableDeviceRescueTest-1297733707 tempest-ServerStableDeviceRescueTest-1297733707-project-member] compute_status_filter request filter added forbidden trait COMPUTE_STATUS_DISABLED {{(pid=96338) compute_status_filter /opt/stack/nova/nova/scheduler/request_filter.py:253}}
Jul 03 01:25:19.418921 np0000004346 nova-scheduler[96338]: DEBUG nova.scheduler.request_filter [None req-862b659e-704c-4268-ab5e-a6f2e77c6244 tempest-ServerStableDeviceRescueTest-1297733707 tempest-ServerStableDeviceRescueTest-1297733707-project-member] Request filter 'compute_status_filter' took 0.0 seconds {{(pid=96338) wrapper /opt/stack/nova/nova/scheduler/request_filter.py:46}}
Jul 03 01:25:19.419261 np0000004346 nova-scheduler[96338]: DEBUG nova.scheduler.request_filter [None req-862b659e-704c-4268-ab5e-a6f2e77c6244 tempest-ServerStableDeviceRescueTest-1297733707 tempest-ServerStableDeviceRescueTest-1297733707-project-member] Request filter 'accelerators_filter' took 0.0 seconds {{(pid=96338) wrapper /opt/stack/nova/nova/scheduler/request_filter.py:46}}
Jul 03 01:25:19.419534 np0000004346 nova-scheduler[96338]: DEBUG nova.scheduler.request_filter [None req-862b659e-704c-4268-ab5e-a6f2e77c6244 tempest-ServerStableDeviceRescueTest-1297733707 tempest-ServerStableDeviceRescueTest-1297733707-project-member] Request filter 'packed_virtqueue_filter' took 0.0 seconds {{(pid=96338) wrapper /opt/stack/nova/nova/scheduler/request_filter.py:46}}
Jul 03 01:25:19.419838 np0000004346 nova-scheduler[96338]: DEBUG nova.scheduler.request_filter [None req-862b659e-704c-4268-ab5e-a6f2e77c6244 tempest-ServerStableDeviceRescueTest-1297733707 tempest-ServerStableDeviceRescueTest-1297733707-project-member] Request filter 'remote_managed_ports_filter' took 0.0 seconds {{(pid=96338) wrapper /opt/stack/nova/nova/scheduler/request_filter.py:46}}
Jul 03 01:25:19.419982 np0000004346 nova-scheduler[96338]: DEBUG nova.scheduler.request_filter [None req-862b659e-704c-4268-ab5e-a6f2e77c6244 tempest-ServerStableDeviceRescueTest-1297733707 tempest-ServerStableDeviceRescueTest-1297733707-project-member] ephemeral_encryption_filter skipped {{(pid=96338) ephemeral_encryption_filter /opt/stack/nova/nova/scheduler/request_filter.py:426}}
Jul 03 01:25:19.420124 np0000004346 nova-scheduler[96338]: DEBUG nova.scheduler.request_filter [None req-862b659e-704c-4268-ab5e-a6f2e77c6244 tempest-ServerStableDeviceRescueTest-1297733707 tempest-ServerStableDeviceRescueTest-1297733707-project-member] virtio_sound_filter skipped {{(pid=96338) virtio_sound_filter /opt/stack/nova/nova/scheduler/request_filter.py:460}}
Jul 03 01:25:19.420255 np0000004346 nova-scheduler[96338]: DEBUG nova.scheduler.request_filter [None req-862b659e-704c-4268-ab5e-a6f2e77c6244 tempest-ServerStableDeviceRescueTest-1297733707 tempest-ServerStableDeviceRescueTest-1297733707-project-member] tpm_secret_security_filter skipped {{(pid=96338) tpm_secret_security_filter /opt/stack/nova/nova/scheduler/request_filter.py:477}}
Jul 03 01:25:19.927919 np0000004346 nova-scheduler[96338]: INFO nova.utils [None req-862b659e-704c-4268-ab5e-a6f2e77c6244 tempest-ServerStableDeviceRescueTest-1297733707 tempest-ServerStableDeviceRescueTest-1297733707-project-member] The cell worker thread pool ForkProcess-1.cell_worker is initialized
Jul 03 01:25:19.928335 np0000004346 nova-scheduler[96338]: DEBUG oslo_concurrency.lockutils [None req-862b659e-704c-4268-ab5e-a6f2e77c6244 tempest-ServerStableDeviceRescueTest-1297733707 tempest-ServerStableDeviceRescueTest-1297733707-project-member] Acquiring lock "7e92dcfe-ee57-4125-af0a-2d0891969646" by "nova.context.set_target_cell..get_or_set_cached_cell_and_set_connections" {{(pid=96338) inner /opt/stack/data/venv/lib/python3.12/site-packages/oslo_concurrency/lockutils.py:511}}
Jul 03 01:25:19.928604 np0000004346 nova-scheduler[96338]: DEBUG oslo_concurrency.lockutils [None req-862b659e-704c-4268-ab5e-a6f2e77c6244 tempest-ServerStableDeviceRescueTest-1297733707 tempest-ServerStableDeviceRescueTest-1297733707-project-member] Lock "7e92dcfe-ee57-4125-af0a-2d0891969646" acquired by "nova.context.set_target_cell..get_or_set_cached_cell_and_set_connections" :: waited 0.000s {{(pid=96338) inner /opt/stack/data/venv/lib/python3.12/site-packages/oslo_concurrency/lockutils.py:524}}
Jul 03 01:25:19.930948 np0000004346 nova-scheduler[96338]: DEBUG oslo_concurrency.lockutils [None req-862b659e-704c-4268-ab5e-a6f2e77c6244 tempest-ServerStableDeviceRescueTest-1297733707 tempest-ServerStableDeviceRescueTest-1297733707-project-member] Lock "7e92dcfe-ee57-4125-af0a-2d0891969646" "released" by "nova.context.set_target_cell..get_or_set_cached_cell_and_set_connections" :: held 0.002s {{(pid=96338) inner /opt/stack/data/venv/lib/python3.12/site-packages/oslo_concurrency/lockutils.py:543}}
Jul 03 01:25:19.932827 np0000004346 nova-scheduler[96338]: INFO dbcounter [None req-862b659e-704c-4268-ab5e-a6f2e77c6244 tempest-ServerStableDeviceRescueTest-1297733707 tempest-ServerStableDeviceRescueTest-1297733707-project-member] Registered counter for database nova_cell1
Jul 03 01:25:19.973123 np0000004346 nova-scheduler[96338]: DEBUG oslo_db.sqlalchemy.engines [None req-862b659e-704c-4268-ab5e-a6f2e77c6244 tempest-ServerStableDeviceRescueTest-1297733707 tempest-ServerStableDeviceRescueTest-1297733707-project-member] MySQL server mode set to STRICT_TRANS_TABLES,STRICT_ALL_TABLES,NO_ZERO_IN_DATE,NO_ZERO_DATE,ERROR_FOR_DIVISION_BY_ZERO,TRADITIONAL,NO_ENGINE_SUBSTITUTION {{(pid=96338) _check_effective_sql_mode /opt/stack/data/venv/lib/python3.12/site-packages/oslo_db/sqlalchemy/engines.py:325}}
Jul 03 01:25:19.978166 np0000004346 nova-scheduler[96338]: DEBUG dbcounter [-] [96338] Writer thread running {{(pid=96338) stat_writer /opt/stack/data/venv/lib/python3.12/site-packages/dbcounter.py:102}}
Jul 03 01:25:19.989902 np0000004346 nova-scheduler[96338]: DEBUG oslo_db.sqlalchemy.engines [None req-862b659e-704c-4268-ab5e-a6f2e77c6244 tempest-ServerStableDeviceRescueTest-1297733707 tempest-ServerStableDeviceRescueTest-1297733707-project-member] Parent process 95134 forked (96338) with an open database connection, which is being discarded and recreated. {{(pid=96338) checkout /opt/stack/data/venv/lib/python3.12/site-packages/oslo_db/sqlalchemy/engines.py:402}}
Jul 03 01:25:20.030050 np0000004346 nova-scheduler[96338]: DEBUG dbcounter [-] [96338] Writer thread running {{(pid=96338) stat_writer /opt/stack/data/venv/lib/python3.12/site-packages/dbcounter.py:102}}
Jul 03 01:25:20.035295 np0000004346 nova-scheduler[96338]: DEBUG oslo_concurrency.lockutils [None req-862b659e-704c-4268-ab5e-a6f2e77c6244 tempest-ServerStableDeviceRescueTest-1297733707 tempest-ServerStableDeviceRescueTest-1297733707-project-member] Acquiring lock "7e92dcfe-ee57-4125-af0a-2d0891969646" by "nova.context.set_target_cell..get_or_set_cached_cell_and_set_connections" {{(pid=96338) inner /opt/stack/data/venv/lib/python3.12/site-packages/oslo_concurrency/lockutils.py:511}}
Jul 03 01:25:20.035295 np0000004346 nova-scheduler[96338]: DEBUG oslo_concurrency.lockutils [None req-862b659e-704c-4268-ab5e-a6f2e77c6244 tempest-ServerStableDeviceRescueTest-1297733707 tempest-ServerStableDeviceRescueTest-1297733707-project-member] Lock "7e92dcfe-ee57-4125-af0a-2d0891969646" acquired by "nova.context.set_target_cell..get_or_set_cached_cell_and_set_connections" :: waited 0.000s {{(pid=96338) inner /opt/stack/data/venv/lib/python3.12/site-packages/oslo_concurrency/lockutils.py:524}}
Jul 03 01:25:20.035822 np0000004346 nova-scheduler[96338]: DEBUG oslo_concurrency.lockutils [None req-862b659e-704c-4268-ab5e-a6f2e77c6244 tempest-ServerStableDeviceRescueTest-1297733707 tempest-ServerStableDeviceRescueTest-1297733707-project-member] Lock "7e92dcfe-ee57-4125-af0a-2d0891969646" "released" by "nova.context.set_target_cell..get_or_set_cached_cell_and_set_connections" :: held 0.000s {{(pid=96338) inner /opt/stack/data/venv/lib/python3.12/site-packages/oslo_concurrency/lockutils.py:543}}
Jul 03 01:25:20.041585 np0000004346 nova-scheduler[96338]: DEBUG oslo_concurrency.lockutils [None req-862b659e-704c-4268-ab5e-a6f2e77c6244 tempest-ServerStableDeviceRescueTest-1297733707 tempest-ServerStableDeviceRescueTest-1297733707-project-member] Acquiring lock "np0000004346-np0000004346" by "nova.scheduler.host_manager.HostState.update.._locked_update" {{(pid=96338) inner /opt/stack/data/venv/lib/python3.12/site-packages/oslo_concurrency/lockutils.py:511}}
Jul 03 01:25:20.041585 np0000004346 nova-scheduler[96338]: DEBUG oslo_concurrency.lockutils [None req-862b659e-704c-4268-ab5e-a6f2e77c6244 tempest-ServerStableDeviceRescueTest-1297733707 tempest-ServerStableDeviceRescueTest-1297733707-project-member] Lock "np0000004346-np0000004346" acquired by "nova.scheduler.host_manager.HostState.update.._locked_update" :: waited 0.000s {{(pid=96338) inner /opt/stack/data/venv/lib/python3.12/site-packages/oslo_concurrency/lockutils.py:524}}
Jul 03 01:25:20.043046 np0000004346 nova-scheduler[96338]: DEBUG nova.scheduler.host_manager [None req-862b659e-704c-4268-ab5e-a6f2e77c6244 tempest-ServerStableDeviceRescueTest-1297733707 tempest-ServerStableDeviceRescueTest-1297733707-project-member] Update host state from compute node: ComputeNode(cpu_allocation_ratio=4.0,cpu_info='{"arch": "x86_64", "model": "EPYC-Milan", "vendor": "AMD", "topology": {"cells": 1, "sockets": 16, "cores": 1, "threads": 1}, "maxphysaddr": {"mode": "emulate", "bits": 40}, "features": ["sse4.2", "flushbyasid", "arch-capabilities", "msr", "nx", "cr8legacy", "3dnowprefetch", "amd-stibp", "virt-ssbd", "xsaveopt", "pae", "amd-psfd", "cmov", "invpcid", "fxsr", "pku", "xsaveerptr", "vgif", "mmx", "vme", "ssse3", "pni", "avx2", "popcnt", "cx8", "tsc-scale", "tsc_adjust", "fsrm", "apic", "cmp_legacy", "svme-addr-chk", "sha-ni", "avx", "clflush", "de", "sse4a", "rdtscp", "pfthreshold", "ibpb", "ssbd", "clflushopt", "pse", "pge", "perfctr_core", "tsc", "f16c", "clzero", "tsc-deadline", "lbrv", "npt", "sse2", "fma", "nrip-save", "pclmuldq", "mtrr", "lm", "syscall", "clwb", "smap", "spec-ctrl", "cx16", "pdpe1gb", "lahf_lm", "xsavec", "rdrand", "lfence-always-serializing", "fxsr_opt", "abm", "bmi1", "xsave", "osvw", "gds-no", "x2apic", "mds-no", "stibp-always-on", "movbe", "vaes", "bmi2", "rdpid", "wbnoinvd", "no-nested-data-bp", "smep", "vmcb-clean", "pse36", "stibp", "misalignsse", "mca", "sep", "umip", "aes", "arat", "amd-ssbd", "v-vmsave-vmload", "sse", "pat", "svm", "mmxext", "rdctl-no", "pcid", "topoext", "vpclmulqdq", "adx", "hypervisor", "skip-l1dfl-vmentry", "xsaves", "ibrs", "pschange-mc-no", "fsgsbase", "fpu", "mce", "pause-filter", "rdseed", "sse4.1", "null-sel-clr-base", "erms", "xgetbv1"]}',created_at=2026-07-03T01:23:38Z,current_workload=0,deleted=False,deleted_at=None,disk_allocation_ratio=1.0,disk_available_least=75,free_disk_gb=95,free_ram_mb=63789,host='np0000004346',host_ip=10.4.3.64,hypervisor_hostname='np0000004346',hypervisor_type='QEMU',hypervisor_version=8002002,id=1,local_gb=95,local_gb_used=0,mapped=1,memory_mb=64301,memory_mb_used=512,metrics='[]',numa_topology='{"nova_object.name": "NUMATopology", "nova_object.namespace": "nova", "nova_object.version": "1.2", "nova_object.data": {"cells": [{"nova_object.name": "NUMACell", "nova_object.namespace": "nova", "nova_object.version": "1.5", "nova_object.data": {"id": 0, "cpuset": [0, 1, 2, 3, 4, 5, 6, 7, 8, 9, 10, 11, 12, 13, 14, 15], "pcpuset": [0, 1, 2, 3, 4, 5, 6, 7, 8, 9, 10, 11, 12, 13, 14, 15], "memory": 64301, "cpu_usage": 0, "memory_usage": 0, "pinned_cpus": [], "siblings": [[6], [12], [2], [15], [5], [11], [8], [14], [4], [1], [7], [10], [0], [13], [3], [9]], "mempages": [{"nova_object.name": "NUMAPagesTopology", "nova_object.namespace": "nova", "nova_object.version": "1.1", "nova_object.data": {"size_kb": 4, "total": 16461070, "used": 0, "reserved": 0}, "nova_object.changes": ["size_kb", "total", "reserved", "used"]}, {"nova_object.name": "NUMAPagesTopology", "nova_object.namespace": "nova", "nova_object.version": "1.1", "nova_object.data": {"size_kb": 2048, "total": 0, "used": 0, "reserved": 0}, "nova_object.changes": ["size_kb", "total", "reserved", "used"]}, {"nova_object.name": "NUMAPagesTopology", "nova_object.namespace": "nova", "nova_object.version": "1.1", "nova_object.data": {"size_kb": 1048576, "total": 0, "used": 0, "reserved": 0}, "nova_object.changes": ["size_kb", "total", "reserved", "used"]}], "network_metadata": {"nova_object.name": "NetworkMetadata", "nova_object.namespace": "nova", "nova_object.version": "1.0", "nova_object.data": {"physnets": [], "tunneled": false}, "nova_object.changes": ["physnets", "tunneled"]}, "socket": null}, "nova_object.changes": ["pcpuset", "pinned_cpus", "network_metadata", "siblings", "cpuset", "id", "memory_usage", "memory", "cpu_usage", "socket", "mempages"]}]}, "nova_object.changes": ["cells"]}',pci_device_pools=PciDevicePoolList,ram_allocation_ratio=1.0,running_vms=0,service_id=2,stats={failed_builds='0',uptime=' 01:24:21 up 24 min, 2 users, load average: 2.32, 1.70, 0.89
Jul 03 01:25:20.043046 np0000004346 nova-scheduler[96338]: '},supported_hv_specs=[HVSpec,HVSpec,HVSpec,HVSpec,HVSpec,HVSpec,HVSpec,HVSpec,HVSpec,HVSpec,HVSpec,HVSpec,HVSpec,HVSpec,HVSpec,HVSpec,HVSpec,HVSpec,HVSpec,HVSpec,HVSpec,HVSpec,HVSpec,HVSpec,HVSpec],updated_at=2026-07-03T01:24:23Z,uuid=62ffd681-b37c-4e71-8548-becab391848d,vcpus=16,vcpus_used=0) {{(pid=96338) _locked_update /opt/stack/nova/nova/scheduler/host_manager.py:168}}
Jul 03 01:25:20.043963 np0000004346 nova-scheduler[96338]: DEBUG nova.scheduler.host_manager [None req-862b659e-704c-4268-ab5e-a6f2e77c6244 tempest-ServerStableDeviceRescueTest-1297733707 tempest-ServerStableDeviceRescueTest-1297733707-project-member] Update host state with aggregates: [] {{(pid=96338) _locked_update /opt/stack/nova/nova/scheduler/host_manager.py:171}}
Jul 03 01:25:20.043963 np0000004346 nova-scheduler[96338]: DEBUG nova.scheduler.host_manager [None req-862b659e-704c-4268-ab5e-a6f2e77c6244 tempest-ServerStableDeviceRescueTest-1297733707 tempest-ServerStableDeviceRescueTest-1297733707-project-member] Update host state with service dict: {'id': 2, 'uuid': '19865987-6e64-4a48-8834-182510d70157', 'host': 'np0000004346', 'binary': 'nova-compute', 'topic': 'compute', 'report_count': 1, 'disabled': False, 'disabled_reason': None, 'last_seen_up': datetime.datetime(2026, 7, 3, 1, 23, 46, tzinfo=datetime.timezone.utc), 'forced_down': False, 'version': 72, 'created_at': datetime.datetime(2026, 7, 3, 1, 23, 36, tzinfo=datetime.timezone.utc), 'updated_at': datetime.datetime(2026, 7, 3, 1, 23, 46, tzinfo=datetime.timezone.utc), 'deleted_at': None, 'deleted': False} {{(pid=96338) _locked_update /opt/stack/nova/nova/scheduler/host_manager.py:174}}
Jul 03 01:25:20.043963 np0000004346 nova-scheduler[96338]: DEBUG nova.scheduler.host_manager [None req-862b659e-704c-4268-ab5e-a6f2e77c6244 tempest-ServerStableDeviceRescueTest-1297733707 tempest-ServerStableDeviceRescueTest-1297733707-project-member] Update host state with instances: [] {{(pid=96338) _locked_update /opt/stack/nova/nova/scheduler/host_manager.py:177}}
