Aug 05 14:35:19.065433 np0000006572 systemd[1]: Starting devstack@n-api-meta.service - Devstack devstack@n-api-meta.service...
Aug 05 14:35:19.070648 np0000006572 devstack@n-api-meta.service[92893]: [uWSGI] getting INI configuration from /etc/nova/nova-metadata-uwsgi.ini
Aug 05 14:35:19.072907 np0000006572 devstack@n-api-meta.service[92893]: *** Starting uWSGI 2.0.24-debian (64bit) on [Wed Aug 5 14:35:19 2026] ***
Aug 05 14:35:19.072907 np0000006572 devstack@n-api-meta.service[92893]: compiled with version: 13.2.0 on 17 April 2024 16:23:48
Aug 05 14:35:19.072907 np0000006572 devstack@n-api-meta.service[92893]: os: Linux-6.8.0-137-generic #137-Ubuntu SMP PREEMPT_DYNAMIC Fri Jul 17 20:28:23 UTC 2026
Aug 05 14:35:19.072907 np0000006572 devstack@n-api-meta.service[92893]: nodename: np0000006572
Aug 05 14:35:19.072907 np0000006572 devstack@n-api-meta.service[92893]: machine: x86_64
Aug 05 14:35:19.072907 np0000006572 devstack@n-api-meta.service[92893]: clock source: unix
Aug 05 14:35:19.072907 np0000006572 devstack@n-api-meta.service[92893]: pcre jit disabled
Aug 05 14:35:19.072907 np0000006572 devstack@n-api-meta.service[92893]: detected number of CPU cores: 16
Aug 05 14:35:19.072907 np0000006572 devstack@n-api-meta.service[92893]: current working directory: /
Aug 05 14:35:19.072907 np0000006572 devstack@n-api-meta.service[92893]: detected binary path: /usr/bin/uwsgi-core
Aug 05 14:35:19.072907 np0000006572 devstack@n-api-meta.service[92893]: your processes number limit is 252954
Aug 05 14:35:19.072907 np0000006572 devstack@n-api-meta.service[92893]: your memory page size is 4096 bytes
Aug 05 14:35:19.072907 np0000006572 devstack@n-api-meta.service[92893]: detected max file descriptor number: 2048
Aug 05 14:35:19.072907 np0000006572 devstack@n-api-meta.service[92893]: lock engine: pthread robust mutexes
Aug 05 14:35:19.073391 np0000006572 devstack@n-api-meta.service[92893]: thunder lock: enabled
Aug 05 14:35:19.073391 np0000006572 devstack@n-api-meta.service[92893]: uWSGI http bound on 0.0.0.0:8775 fd 5
Aug 05 14:35:19.073391 np0000006572 devstack@n-api-meta.service[92893]: uwsgi socket 0 bound to TCP address 127.0.0.1:36421 (port auto-assigned) fd 4
Aug 05 14:35:19.073391 np0000006572 devstack@n-api-meta.service[92893]: Python version: 3.12.3 (main, Jun 19 2026, 12:46:00) [GCC 13.3.0]
Aug 05 14:35:19.073391 np0000006572 devstack@n-api-meta.service[92893]: PEP 405 virtualenv detected: /opt/stack/data/venv
Aug 05 14:35:19.073391 np0000006572 devstack@n-api-meta.service[92893]: Set PythonHome to /opt/stack/data/venv
Aug 05 14:35:19.105095 np0000006572 devstack@n-api-meta.service[92893]: Python main interpreter initialized at 0x759b1a8a4668
Aug 05 14:35:19.105095 np0000006572 devstack@n-api-meta.service[92893]: python threads support enabled
Aug 05 14:35:19.105095 np0000006572 devstack@n-api-meta.service[92893]: your server socket listen backlog is limited to 100 connections
Aug 05 14:35:19.105095 np0000006572 devstack@n-api-meta.service[92893]: your mercy for graceful operations on workers is 80 seconds
Aug 05 14:35:19.105518 np0000006572 devstack@n-api-meta.service[92893]: mapped 537436 bytes (524 KB) for 3 cores
Aug 05 14:35:19.105635 np0000006572 devstack@n-api-meta.service[92893]: *** Operational MODE: preforking ***
Aug 05 14:35:19.105809 np0000006572 devstack@n-api-meta.service[92893]: *** uWSGI is running in multiple interpreter mode ***
Aug 05 14:35:19.105809 np0000006572 devstack@n-api-meta.service[92893]: spawned uWSGI master process (pid: 92893)
Aug 05 14:35:19.106031 np0000006572 systemd[1]: Started devstack@n-api-meta.service - Devstack devstack@n-api-meta.service.
Aug 05 14:35:19.106332 np0000006572 devstack@n-api-meta.service[92893]: spawned uWSGI worker 1 (pid: 92896, cores: 1)
Aug 05 14:35:19.106744 np0000006572 devstack@n-api-meta.service[92893]: spawned uWSGI worker 2 (pid: 92897, cores: 1)
Aug 05 14:35:19.107222 np0000006572 devstack@n-api-meta.service[92893]: spawned uWSGI worker 3 (pid: 92898, cores: 1)
Aug 05 14:35:19.107775 np0000006572 devstack@n-api-meta.service[92893]: spawned uWSGI http 1 (pid: 92899)
Aug 05 14:35:19.107775 np0000006572 devstack@n-api-meta.service[92893]: running "unix_signal:15 gracefully_kill_them_all" (master-start)...
Aug 05 14:35:20.698974 np0000006572 devstack@n-api-meta.service[92896]: INFO dbcounter [None req-8a9a4311-9616-40a7-a87d-df33b4ea913e None None] Registered counter for database nova_api
Aug 05 14:35:20.706383 np0000006572 devstack@n-api-meta.service[92897]: INFO dbcounter [None req-e3f7c4ad-5913-4db2-803a-3d274fef4305 None None] Registered counter for database nova_api
Aug 05 14:35:20.709249 np0000006572 devstack@n-api-meta.service[92898]: INFO dbcounter [None req-1cfd12fd-bd73-4ee4-b6bd-6f2bf53efe08 None None] Registered counter for database nova_api
Aug 05 14:35:20.738665 np0000006572 devstack@n-api-meta.service[92896]: DEBUG oslo_db.sqlalchemy.engines [None req-8a9a4311-9616-40a7-a87d-df33b4ea913e None None] MySQL server mode set to STRICT_TRANS_TABLES,STRICT_ALL_TABLES,NO_ZERO_IN_DATE,NO_ZERO_DATE,ERROR_FOR_DIVISION_BY_ZERO,TRADITIONAL,NO_ENGINE_SUBSTITUTION {{(pid=92896) _check_effective_sql_mode /opt/stack/data/venv/lib/python3.12/site-packages/oslo_db/sqlalchemy/engines.py:325}}
Aug 05 14:35:20.745943 np0000006572 devstack@n-api-meta.service[92898]: DEBUG oslo_db.sqlalchemy.engines [None req-1cfd12fd-bd73-4ee4-b6bd-6f2bf53efe08 None None] MySQL server mode set to STRICT_TRANS_TABLES,STRICT_ALL_TABLES,NO_ZERO_IN_DATE,NO_ZERO_DATE,ERROR_FOR_DIVISION_BY_ZERO,TRADITIONAL,NO_ENGINE_SUBSTITUTION {{(pid=92898) _check_effective_sql_mode /opt/stack/data/venv/lib/python3.12/site-packages/oslo_db/sqlalchemy/engines.py:325}}
Aug 05 14:35:20.751664 np0000006572 devstack@n-api-meta.service[92897]: DEBUG oslo_db.sqlalchemy.engines [None req-e3f7c4ad-5913-4db2-803a-3d274fef4305 None None] MySQL server mode set to STRICT_TRANS_TABLES,STRICT_ALL_TABLES,NO_ZERO_IN_DATE,NO_ZERO_DATE,ERROR_FOR_DIVISION_BY_ZERO,TRADITIONAL,NO_ENGINE_SUBSTITUTION {{(pid=92897) _check_effective_sql_mode /opt/stack/data/venv/lib/python3.12/site-packages/oslo_db/sqlalchemy/engines.py:325}}
Aug 05 14:35:20.770016 np0000006572 devstack@n-api-meta.service[92896]: DEBUG dbcounter [-] [92896] Writer thread running {{(pid=92896) stat_writer /opt/stack/data/venv/lib/python3.12/site-packages/dbcounter.py:102}}
Aug 05 14:35:20.773869 np0000006572 devstack@n-api-meta.service[92896]: DEBUG nova.context [None req-8a9a4311-9616-40a7-a87d-df33b4ea913e None None] Found 2 cells: 00000000-0000-0000-0000-000000000000(cell0),47ab2f7e-28b1-47ab-8b38-baad7c089d6a(cell1) {{(pid=92896) load_cells /opt/stack/nova/nova/context.py:509}}
Aug 05 14:35:20.773869 np0000006572 devstack@n-api-meta.service[92896]: INFO nova.utils [None req-8a9a4311-9616-40a7-a87d-df33b4ea913e None None] The cell worker thread pool MainProcess.cell_worker is initialized
Aug 05 14:35:20.775502 np0000006572 devstack@n-api-meta.service[92898]: DEBUG dbcounter [-] [92898] Writer thread running {{(pid=92898) stat_writer /opt/stack/data/venv/lib/python3.12/site-packages/dbcounter.py:102}}
Aug 05 14:35:20.775973 np0000006572 devstack@n-api-meta.service[92896]: DEBUG oslo_concurrency.lockutils [None req-8a9a4311-9616-40a7-a87d-df33b4ea913e None None] Acquiring lock "00000000-0000-0000-0000-000000000000" by "nova.context.set_target_cell..get_or_set_cached_cell_and_set_connections" {{(pid=92896) inner /opt/stack/data/venv/lib/python3.12/site-packages/oslo_concurrency/lockutils.py:512}}
Aug 05 14:35:20.776255 np0000006572 devstack@n-api-meta.service[92896]: DEBUG oslo_concurrency.lockutils [None req-8a9a4311-9616-40a7-a87d-df33b4ea913e None None] Lock "00000000-0000-0000-0000-000000000000" acquired by "nova.context.set_target_cell..get_or_set_cached_cell_and_set_connections" :: waited 0.000s {{(pid=92896) inner /opt/stack/data/venv/lib/python3.12/site-packages/oslo_concurrency/lockutils.py:525}}
Aug 05 14:35:20.776735 np0000006572 devstack@n-api-meta.service[92896]: DEBUG oslo_concurrency.lockutils [None req-8a9a4311-9616-40a7-a87d-df33b4ea913e None None] Lock "00000000-0000-0000-0000-000000000000" "released" by "nova.context.set_target_cell..get_or_set_cached_cell_and_set_connections" :: held 0.001s {{(pid=92896) inner /opt/stack/data/venv/lib/python3.12/site-packages/oslo_concurrency/lockutils.py:544}}
Aug 05 14:35:20.777563 np0000006572 devstack@n-api-meta.service[92896]: DEBUG oslo_concurrency.lockutils [None req-8a9a4311-9616-40a7-a87d-df33b4ea913e None None] Acquiring lock "47ab2f7e-28b1-47ab-8b38-baad7c089d6a" by "nova.context.set_target_cell..get_or_set_cached_cell_and_set_connections" {{(pid=92896) inner /opt/stack/data/venv/lib/python3.12/site-packages/oslo_concurrency/lockutils.py:512}}
Aug 05 14:35:20.777805 np0000006572 devstack@n-api-meta.service[92896]: DEBUG oslo_concurrency.lockutils [None req-8a9a4311-9616-40a7-a87d-df33b4ea913e None None] Lock "47ab2f7e-28b1-47ab-8b38-baad7c089d6a" acquired by "nova.context.set_target_cell..get_or_set_cached_cell_and_set_connections" :: waited 0.000s {{(pid=92896) inner /opt/stack/data/venv/lib/python3.12/site-packages/oslo_concurrency/lockutils.py:525}}
Aug 05 14:35:20.778062 np0000006572 devstack@n-api-meta.service[92898]: DEBUG nova.context [None req-1cfd12fd-bd73-4ee4-b6bd-6f2bf53efe08 None None] Found 2 cells: 00000000-0000-0000-0000-000000000000(cell0),47ab2f7e-28b1-47ab-8b38-baad7c089d6a(cell1) {{(pid=92898) load_cells /opt/stack/nova/nova/context.py:509}}
Aug 05 14:35:20.778329 np0000006572 devstack@n-api-meta.service[92898]: INFO nova.utils [None req-1cfd12fd-bd73-4ee4-b6bd-6f2bf53efe08 None None] The cell worker thread pool MainProcess.cell_worker is initialized
Aug 05 14:35:20.779067 np0000006572 devstack@n-api-meta.service[92896]: DEBUG oslo_concurrency.lockutils [None req-8a9a4311-9616-40a7-a87d-df33b4ea913e None None] Lock "47ab2f7e-28b1-47ab-8b38-baad7c089d6a" "released" by "nova.context.set_target_cell..get_or_set_cached_cell_and_set_connections" :: held 0.001s {{(pid=92896) inner /opt/stack/data/venv/lib/python3.12/site-packages/oslo_concurrency/lockutils.py:544}}
Aug 05 14:35:20.780086 np0000006572 devstack@n-api-meta.service[92898]: DEBUG oslo_concurrency.lockutils [None req-1cfd12fd-bd73-4ee4-b6bd-6f2bf53efe08 None None] Acquiring lock "00000000-0000-0000-0000-000000000000" by "nova.context.set_target_cell..get_or_set_cached_cell_and_set_connections" {{(pid=92898) inner /opt/stack/data/venv/lib/python3.12/site-packages/oslo_concurrency/lockutils.py:512}}
Aug 05 14:35:20.780294 np0000006572 devstack@n-api-meta.service[92898]: DEBUG oslo_concurrency.lockutils [None req-1cfd12fd-bd73-4ee4-b6bd-6f2bf53efe08 None None] Lock "00000000-0000-0000-0000-000000000000" acquired by "nova.context.set_target_cell..get_or_set_cached_cell_and_set_connections" :: waited 0.000s {{(pid=92898) inner /opt/stack/data/venv/lib/python3.12/site-packages/oslo_concurrency/lockutils.py:525}}
Aug 05 14:35:20.780665 np0000006572 devstack@n-api-meta.service[92898]: DEBUG oslo_concurrency.lockutils [None req-1cfd12fd-bd73-4ee4-b6bd-6f2bf53efe08 None None] Lock "00000000-0000-0000-0000-000000000000" "released" by "nova.context.set_target_cell..get_or_set_cached_cell_and_set_connections" :: held 0.000s {{(pid=92898) inner /opt/stack/data/venv/lib/python3.12/site-packages/oslo_concurrency/lockutils.py:544}}
Aug 05 14:35:20.780910 np0000006572 devstack@n-api-meta.service[92896]: INFO dbcounter [None req-8a9a4311-9616-40a7-a87d-df33b4ea913e None None] Registered counter for database nova_cell0
Aug 05 14:35:20.781331 np0000006572 devstack@n-api-meta.service[92898]: DEBUG oslo_concurrency.lockutils [None req-1cfd12fd-bd73-4ee4-b6bd-6f2bf53efe08 None None] Acquiring lock "47ab2f7e-28b1-47ab-8b38-baad7c089d6a" by "nova.context.set_target_cell..get_or_set_cached_cell_and_set_connections" {{(pid=92898) inner /opt/stack/data/venv/lib/python3.12/site-packages/oslo_concurrency/lockutils.py:512}}
Aug 05 14:35:20.781507 np0000006572 devstack@n-api-meta.service[92898]: DEBUG oslo_concurrency.lockutils [None req-1cfd12fd-bd73-4ee4-b6bd-6f2bf53efe08 None None] Lock "47ab2f7e-28b1-47ab-8b38-baad7c089d6a" acquired by "nova.context.set_target_cell..get_or_set_cached_cell_and_set_connections" :: waited 0.000s {{(pid=92898) inner /opt/stack/data/venv/lib/python3.12/site-packages/oslo_concurrency/lockutils.py:525}}
Aug 05 14:35:20.782693 np0000006572 devstack@n-api-meta.service[92898]: DEBUG oslo_concurrency.lockutils [None req-1cfd12fd-bd73-4ee4-b6bd-6f2bf53efe08 None None] Lock "47ab2f7e-28b1-47ab-8b38-baad7c089d6a" "released" by "nova.context.set_target_cell..get_or_set_cached_cell_and_set_connections" :: held 0.001s {{(pid=92898) inner /opt/stack/data/venv/lib/python3.12/site-packages/oslo_concurrency/lockutils.py:544}}
Aug 05 14:35:20.783644 np0000006572 devstack@n-api-meta.service[92896]: INFO dbcounter [None req-8a9a4311-9616-40a7-a87d-df33b4ea913e None None] Registered counter for database nova_cell1
Aug 05 14:35:20.784650 np0000006572 devstack@n-api-meta.service[92898]: INFO dbcounter [None req-1cfd12fd-bd73-4ee4-b6bd-6f2bf53efe08 None None] Registered counter for database nova_cell0
Aug 05 14:35:20.788081 np0000006572 devstack@n-api-meta.service[92898]: INFO dbcounter [None req-1cfd12fd-bd73-4ee4-b6bd-6f2bf53efe08 None None] Registered counter for database nova_cell1
Aug 05 14:35:20.791456 np0000006572 devstack@n-api-meta.service[92897]: DEBUG dbcounter [-] [92897] Writer thread running {{(pid=92897) stat_writer /opt/stack/data/venv/lib/python3.12/site-packages/dbcounter.py:102}}
Aug 05 14:35:20.795276 np0000006572 devstack@n-api-meta.service[92897]: DEBUG nova.context [None req-e3f7c4ad-5913-4db2-803a-3d274fef4305 None None] Found 2 cells: 00000000-0000-0000-0000-000000000000(cell0),47ab2f7e-28b1-47ab-8b38-baad7c089d6a(cell1) {{(pid=92897) load_cells /opt/stack/nova/nova/context.py:509}}
Aug 05 14:35:20.795605 np0000006572 devstack@n-api-meta.service[92897]: INFO nova.utils [None req-e3f7c4ad-5913-4db2-803a-3d274fef4305 None None] The cell worker thread pool MainProcess.cell_worker is initialized
Aug 05 14:35:20.797998 np0000006572 devstack@n-api-meta.service[92897]: DEBUG oslo_concurrency.lockutils [None req-e3f7c4ad-5913-4db2-803a-3d274fef4305 None None] Acquiring lock "00000000-0000-0000-0000-000000000000" by "nova.context.set_target_cell..get_or_set_cached_cell_and_set_connections" {{(pid=92897) inner /opt/stack/data/venv/lib/python3.12/site-packages/oslo_concurrency/lockutils.py:512}}
Aug 05 14:35:20.798499 np0000006572 devstack@n-api-meta.service[92897]: DEBUG oslo_concurrency.lockutils [None req-e3f7c4ad-5913-4db2-803a-3d274fef4305 None None] Lock "00000000-0000-0000-0000-000000000000" acquired by "nova.context.set_target_cell..get_or_set_cached_cell_and_set_connections" :: waited 0.000s {{(pid=92897) inner /opt/stack/data/venv/lib/python3.12/site-packages/oslo_concurrency/lockutils.py:525}}
Aug 05 14:35:20.799018 np0000006572 devstack@n-api-meta.service[92897]: DEBUG oslo_concurrency.lockutils [None req-e3f7c4ad-5913-4db2-803a-3d274fef4305 None None] Lock "00000000-0000-0000-0000-000000000000" "released" by "nova.context.set_target_cell..get_or_set_cached_cell_and_set_connections" :: held 0.001s {{(pid=92897) inner /opt/stack/data/venv/lib/python3.12/site-packages/oslo_concurrency/lockutils.py:544}}
Aug 05 14:35:20.799918 np0000006572 devstack@n-api-meta.service[92897]: DEBUG oslo_concurrency.lockutils [None req-e3f7c4ad-5913-4db2-803a-3d274fef4305 None None] Acquiring lock "47ab2f7e-28b1-47ab-8b38-baad7c089d6a" by "nova.context.set_target_cell..get_or_set_cached_cell_and_set_connections" {{(pid=92897) inner /opt/stack/data/venv/lib/python3.12/site-packages/oslo_concurrency/lockutils.py:512}}
Aug 05 14:35:20.800107 np0000006572 devstack@n-api-meta.service[92897]: DEBUG oslo_concurrency.lockutils [None req-e3f7c4ad-5913-4db2-803a-3d274fef4305 None None] Lock "47ab2f7e-28b1-47ab-8b38-baad7c089d6a" acquired by "nova.context.set_target_cell..get_or_set_cached_cell_and_set_connections" :: waited 0.000s {{(pid=92897) inner /opt/stack/data/venv/lib/python3.12/site-packages/oslo_concurrency/lockutils.py:525}}
Aug 05 14:35:20.801285 np0000006572 devstack@n-api-meta.service[92897]: DEBUG oslo_concurrency.lockutils [None req-e3f7c4ad-5913-4db2-803a-3d274fef4305 None None] Lock "47ab2f7e-28b1-47ab-8b38-baad7c089d6a" "released" by "nova.context.set_target_cell..get_or_set_cached_cell_and_set_connections" :: held 0.001s {{(pid=92897) inner /opt/stack/data/venv/lib/python3.12/site-packages/oslo_concurrency/lockutils.py:544}}
Aug 05 14:35:20.803653 np0000006572 devstack@n-api-meta.service[92897]: INFO dbcounter [None req-e3f7c4ad-5913-4db2-803a-3d274fef4305 None None] Registered counter for database nova_cell0
Aug 05 14:35:20.807380 np0000006572 devstack@n-api-meta.service[92897]: INFO dbcounter [None req-e3f7c4ad-5913-4db2-803a-3d274fef4305 None None] Registered counter for database nova_cell1
Aug 05 14:35:20.823277 np0000006572 devstack@n-api-meta.service[92896]: DEBUG oslo_db.sqlalchemy.engines [None req-8a9a4311-9616-40a7-a87d-df33b4ea913e None None] MySQL server mode set to STRICT_TRANS_TABLES,STRICT_ALL_TABLES,NO_ZERO_IN_DATE,NO_ZERO_DATE,ERROR_FOR_DIVISION_BY_ZERO,TRADITIONAL,NO_ENGINE_SUBSTITUTION {{(pid=92896) _check_effective_sql_mode /opt/stack/data/venv/lib/python3.12/site-packages/oslo_db/sqlalchemy/engines.py:325}}
Aug 05 14:35:20.832149 np0000006572 devstack@n-api-meta.service[92896]: DEBUG oslo_db.sqlalchemy.engines [None req-8a9a4311-9616-40a7-a87d-df33b4ea913e None None] MySQL server mode set to STRICT_TRANS_TABLES,STRICT_ALL_TABLES,NO_ZERO_IN_DATE,NO_ZERO_DATE,ERROR_FOR_DIVISION_BY_ZERO,TRADITIONAL,NO_ENGINE_SUBSTITUTION {{(pid=92896) _check_effective_sql_mode /opt/stack/data/venv/lib/python3.12/site-packages/oslo_db/sqlalchemy/engines.py:325}}
Aug 05 14:35:20.853254 np0000006572 devstack@n-api-meta.service[92898]: DEBUG oslo_db.sqlalchemy.engines [None req-1cfd12fd-bd73-4ee4-b6bd-6f2bf53efe08 None None] MySQL server mode set to STRICT_TRANS_TABLES,STRICT_ALL_TABLES,NO_ZERO_IN_DATE,NO_ZERO_DATE,ERROR_FOR_DIVISION_BY_ZERO,TRADITIONAL,NO_ENGINE_SUBSTITUTION {{(pid=92898) _check_effective_sql_mode /opt/stack/data/venv/lib/python3.12/site-packages/oslo_db/sqlalchemy/engines.py:325}}
Aug 05 14:35:20.857917 np0000006572 devstack@n-api-meta.service[92897]: DEBUG oslo_db.sqlalchemy.engines [None req-e3f7c4ad-5913-4db2-803a-3d274fef4305 None None] MySQL server mode set to STRICT_TRANS_TABLES,STRICT_ALL_TABLES,NO_ZERO_IN_DATE,NO_ZERO_DATE,ERROR_FOR_DIVISION_BY_ZERO,TRADITIONAL,NO_ENGINE_SUBSTITUTION {{(pid=92897) _check_effective_sql_mode /opt/stack/data/venv/lib/python3.12/site-packages/oslo_db/sqlalchemy/engines.py:325}}
Aug 05 14:35:20.875377 np0000006572 devstack@n-api-meta.service[92897]: DEBUG oslo_db.sqlalchemy.engines [None req-e3f7c4ad-5913-4db2-803a-3d274fef4305 None None] MySQL server mode set to STRICT_TRANS_TABLES,STRICT_ALL_TABLES,NO_ZERO_IN_DATE,NO_ZERO_DATE,ERROR_FOR_DIVISION_BY_ZERO,TRADITIONAL,NO_ENGINE_SUBSTITUTION {{(pid=92897) _check_effective_sql_mode /opt/stack/data/venv/lib/python3.12/site-packages/oslo_db/sqlalchemy/engines.py:325}}
Aug 05 14:35:20.877343 np0000006572 devstack@n-api-meta.service[92898]: DEBUG oslo_db.sqlalchemy.engines [None req-1cfd12fd-bd73-4ee4-b6bd-6f2bf53efe08 None None] MySQL server mode set to STRICT_TRANS_TABLES,STRICT_ALL_TABLES,NO_ZERO_IN_DATE,NO_ZERO_DATE,ERROR_FOR_DIVISION_BY_ZERO,TRADITIONAL,NO_ENGINE_SUBSTITUTION {{(pid=92898) _check_effective_sql_mode /opt/stack/data/venv/lib/python3.12/site-packages/oslo_db/sqlalchemy/engines.py:325}}
Aug 05 14:35:20.935560 np0000006572 devstack@n-api-meta.service[92896]: DEBUG dbcounter [-] [92896] Writer thread running {{(pid=92896) stat_writer /opt/stack/data/venv/lib/python3.12/site-packages/dbcounter.py:102}}
Aug 05 14:35:20.939763 np0000006572 devstack@n-api-meta.service[92896]: DEBUG dbcounter [-] [92896] Writer thread running {{(pid=92896) stat_writer /opt/stack/data/venv/lib/python3.12/site-packages/dbcounter.py:102}}
Aug 05 14:35:20.942985 np0000006572 devstack@n-api-meta.service[92896]: INFO dbcounter [None req-8a9a4311-9616-40a7-a87d-df33b4ea913e None None] Registered counter for database nova_cell0
Aug 05 14:35:20.966603 np0000006572 devstack@n-api-meta.service[92898]: DEBUG dbcounter [-] [92898] Writer thread running {{(pid=92898) stat_writer /opt/stack/data/venv/lib/python3.12/site-packages/dbcounter.py:102}}
Aug 05 14:35:20.969500 np0000006572 devstack@n-api-meta.service[92897]: DEBUG dbcounter [-] [92897] Writer thread running {{(pid=92897) stat_writer /opt/stack/data/venv/lib/python3.12/site-packages/dbcounter.py:102}}
Aug 05 14:35:20.972617 np0000006572 devstack@n-api-meta.service[92898]: DEBUG dbcounter [-] [92898] Writer thread running {{(pid=92898) stat_writer /opt/stack/data/venv/lib/python3.12/site-packages/dbcounter.py:102}}
Aug 05 14:35:20.973349 np0000006572 devstack@n-api-meta.service[92897]: DEBUG dbcounter [-] [92897] Writer thread running {{(pid=92897) stat_writer /opt/stack/data/venv/lib/python3.12/site-packages/dbcounter.py:102}}
Aug 05 14:35:20.975956 np0000006572 devstack@n-api-meta.service[92896]: DEBUG oslo_db.sqlalchemy.engines [None req-8a9a4311-9616-40a7-a87d-df33b4ea913e None None] MySQL server mode set to STRICT_TRANS_TABLES,STRICT_ALL_TABLES,NO_ZERO_IN_DATE,NO_ZERO_DATE,ERROR_FOR_DIVISION_BY_ZERO,TRADITIONAL,NO_ENGINE_SUBSTITUTION {{(pid=92896) _check_effective_sql_mode /opt/stack/data/venv/lib/python3.12/site-packages/oslo_db/sqlalchemy/engines.py:325}}
Aug 05 14:35:20.976309 np0000006572 devstack@n-api-meta.service[92898]: INFO dbcounter [None req-1cfd12fd-bd73-4ee4-b6bd-6f2bf53efe08 None None] Registered counter for database nova_cell0
Aug 05 14:35:20.977255 np0000006572 devstack@n-api-meta.service[92897]: INFO dbcounter [None req-e3f7c4ad-5913-4db2-803a-3d274fef4305 None None] Registered counter for database nova_cell0
Aug 05 14:35:20.982898 np0000006572 devstack@n-api-meta.service[92896]: DEBUG dbcounter [-] [92896] Writer thread running {{(pid=92896) stat_writer /opt/stack/data/venv/lib/python3.12/site-packages/dbcounter.py:102}}
Aug 05 14:35:21.009100 np0000006572 devstack@n-api-meta.service[92898]: DEBUG oslo_db.sqlalchemy.engines [None req-1cfd12fd-bd73-4ee4-b6bd-6f2bf53efe08 None None] MySQL server mode set to STRICT_TRANS_TABLES,STRICT_ALL_TABLES,NO_ZERO_IN_DATE,NO_ZERO_DATE,ERROR_FOR_DIVISION_BY_ZERO,TRADITIONAL,NO_ENGINE_SUBSTITUTION {{(pid=92898) _check_effective_sql_mode /opt/stack/data/venv/lib/python3.12/site-packages/oslo_db/sqlalchemy/engines.py:325}}
Aug 05 14:35:21.015044 np0000006572 devstack@n-api-meta.service[92897]: DEBUG oslo_db.sqlalchemy.engines [None req-e3f7c4ad-5913-4db2-803a-3d274fef4305 None None] MySQL server mode set to STRICT_TRANS_TABLES,STRICT_ALL_TABLES,NO_ZERO_IN_DATE,NO_ZERO_DATE,ERROR_FOR_DIVISION_BY_ZERO,TRADITIONAL,NO_ENGINE_SUBSTITUTION {{(pid=92897) _check_effective_sql_mode /opt/stack/data/venv/lib/python3.12/site-packages/oslo_db/sqlalchemy/engines.py:325}}
Aug 05 14:35:21.016719 np0000006572 devstack@n-api-meta.service[92898]: DEBUG dbcounter [-] [92898] Writer thread running {{(pid=92898) stat_writer /opt/stack/data/venv/lib/python3.12/site-packages/dbcounter.py:102}}
Aug 05 14:35:21.021244 np0000006572 devstack@n-api-meta.service[92897]: DEBUG dbcounter [-] [92897] Writer thread running {{(pid=92897) stat_writer /opt/stack/data/venv/lib/python3.12/site-packages/dbcounter.py:102}}
Aug 05 14:35:21.022759 np0000006572 devstack@n-api-meta.service[92896]: WARNING nova.api.metadata.handler [None req-8a9a4311-9616-40a7-a87d-df33b4ea913e None None] metadata_proxy_shared_secret is not configured, the metadata information returned by the proxy cannot be trusted
Aug 05 14:35:21.025041 np0000006572 devstack@n-api-meta.service[92896]: DEBUG nova.api.openstack.wsgi_app [None req-8a9a4311-9616-40a7-a87d-df33b4ea913e None None] ******************************************************************************** {{(pid=92896) log_opt_values /opt/stack/data/venv/lib/python3.12/site-packages/oslo_config/cfg.py:3518}}
Aug 05 14:35:21.025217 np0000006572 devstack@n-api-meta.service[92896]: DEBUG nova.api.openstack.wsgi_app [None req-8a9a4311-9616-40a7-a87d-df33b4ea913e None None] Configuration options gathered from: {{(pid=92896) log_opt_values /opt/stack/data/venv/lib/python3.12/site-packages/oslo_config/cfg.py:3519}}
Aug 05 14:35:21.025346 np0000006572 devstack@n-api-meta.service[92896]: DEBUG nova.api.openstack.wsgi_app [None req-8a9a4311-9616-40a7-a87d-df33b4ea913e None None] command line args: [] {{(pid=92896) log_opt_values /opt/stack/data/venv/lib/python3.12/site-packages/oslo_config/cfg.py:3520}}
Aug 05 14:35:21.025480 np0000006572 devstack@n-api-meta.service[92896]: DEBUG nova.api.openstack.wsgi_app [None req-8a9a4311-9616-40a7-a87d-df33b4ea913e None None] config files: ['/etc/nova/api-paste.ini', '/etc/nova/nova.conf'] {{(pid=92896) log_opt_values /opt/stack/data/venv/lib/python3.12/site-packages/oslo_config/cfg.py:3521}}
Aug 05 14:35:21.025591 np0000006572 devstack@n-api-meta.service[92896]: DEBUG nova.api.openstack.wsgi_app [None req-8a9a4311-9616-40a7-a87d-df33b4ea913e None None] ================================================================================ {{(pid=92896) log_opt_values /opt/stack/data/venv/lib/python3.12/site-packages/oslo_config/cfg.py:3526}}
Aug 05 14:35:21.025768 np0000006572 devstack@n-api-meta.service[92896]: DEBUG nova.api.openstack.wsgi_app [None req-8a9a4311-9616-40a7-a87d-df33b4ea913e None None] allow_resize_to_same_host = True {{(pid=92896) log_opt_values /opt/stack/data/venv/lib/python3.12/site-packages/oslo_config/cfg.py:3534}}
Aug 05 14:35:21.025895 np0000006572 devstack@n-api-meta.service[92896]: DEBUG nova.api.openstack.wsgi_app [None req-8a9a4311-9616-40a7-a87d-df33b4ea913e None None] arq_binding_timeout = 300 {{(pid=92896) log_opt_values /opt/stack/data/venv/lib/python3.12/site-packages/oslo_config/cfg.py:3534}}
Aug 05 14:35:21.026014 np0000006572 devstack@n-api-meta.service[92896]: DEBUG nova.api.openstack.wsgi_app [None req-8a9a4311-9616-40a7-a87d-df33b4ea913e None None] block_device_allocate_retries = 60 {{(pid=92896) log_opt_values /opt/stack/data/venv/lib/python3.12/site-packages/oslo_config/cfg.py:3534}}
Aug 05 14:35:21.026172 np0000006572 devstack@n-api-meta.service[92896]: DEBUG nova.api.openstack.wsgi_app [None req-8a9a4311-9616-40a7-a87d-df33b4ea913e None None] block_device_allocate_retries_interval = 3 {{(pid=92896) log_opt_values /opt/stack/data/venv/lib/python3.12/site-packages/oslo_config/cfg.py:3534}}
Aug 05 14:35:21.026302 np0000006572 devstack@n-api-meta.service[92896]: DEBUG nova.api.openstack.wsgi_app [None req-8a9a4311-9616-40a7-a87d-df33b4ea913e None None] cell_worker_thread_pool_size = 5 {{(pid=92896) log_opt_values /opt/stack/data/venv/lib/python3.12/site-packages/oslo_config/cfg.py:3534}}
Aug 05 14:35:21.026419 np0000006572 devstack@n-api-meta.service[92896]: DEBUG nova.api.openstack.wsgi_app [None req-8a9a4311-9616-40a7-a87d-df33b4ea913e None None] cert = self.pem {{(pid=92896) log_opt_values /opt/stack/data/venv/lib/python3.12/site-packages/oslo_config/cfg.py:3534}}
Aug 05 14:35:21.026545 np0000006572 devstack@n-api-meta.service[92896]: DEBUG nova.api.openstack.wsgi_app [None req-8a9a4311-9616-40a7-a87d-df33b4ea913e None None] compute_driver = libvirt.LibvirtDriver {{(pid=92896) log_opt_values /opt/stack/data/venv/lib/python3.12/site-packages/oslo_config/cfg.py:3534}}
Aug 05 14:35:21.026674 np0000006572 devstack@n-api-meta.service[92896]: DEBUG nova.api.openstack.wsgi_app [None req-8a9a4311-9616-40a7-a87d-df33b4ea913e None None] compute_monitors = [] {{(pid=92896) log_opt_values /opt/stack/data/venv/lib/python3.12/site-packages/oslo_config/cfg.py:3534}}
Aug 05 14:35:21.026794 np0000006572 devstack@n-api-meta.service[92896]: DEBUG nova.api.openstack.wsgi_app [None req-8a9a4311-9616-40a7-a87d-df33b4ea913e None None] concurrency_backend = auto {{(pid=92896) log_opt_values /opt/stack/data/venv/lib/python3.12/site-packages/oslo_config/cfg.py:3534}}
Aug 05 14:35:21.026938 np0000006572 devstack@n-api-meta.service[92896]: DEBUG nova.api.openstack.wsgi_app [None req-8a9a4311-9616-40a7-a87d-df33b4ea913e None None] config_dir = [] {{(pid=92896) log_opt_values /opt/stack/data/venv/lib/python3.12/site-packages/oslo_config/cfg.py:3534}}
Aug 05 14:35:21.027060 np0000006572 devstack@n-api-meta.service[92896]: DEBUG nova.api.openstack.wsgi_app [None req-8a9a4311-9616-40a7-a87d-df33b4ea913e None None] config_drive_format = iso9660 {{(pid=92896) log_opt_values /opt/stack/data/venv/lib/python3.12/site-packages/oslo_config/cfg.py:3534}}
Aug 05 14:35:21.027222 np0000006572 devstack@n-api-meta.service[92896]: DEBUG nova.api.openstack.wsgi_app [None req-8a9a4311-9616-40a7-a87d-df33b4ea913e None None] config_file = ['/etc/nova/api-paste.ini', '/etc/nova/nova.conf'] {{(pid=92896) log_opt_values /opt/stack/data/venv/lib/python3.12/site-packages/oslo_config/cfg.py:3534}}
Aug 05 14:35:21.027344 np0000006572 devstack@n-api-meta.service[92896]: DEBUG nova.api.openstack.wsgi_app [None req-8a9a4311-9616-40a7-a87d-df33b4ea913e None None] config_source = [] {{(pid=92896) log_opt_values /opt/stack/data/venv/lib/python3.12/site-packages/oslo_config/cfg.py:3534}}
Aug 05 14:35:21.027533 np0000006572 devstack@n-api-meta.service[92896]: DEBUG nova.api.openstack.wsgi_app [None req-8a9a4311-9616-40a7-a87d-df33b4ea913e None None] console_host = np0000006572 {{(pid=92896) log_opt_values /opt/stack/data/venv/lib/python3.12/site-packages/oslo_config/cfg.py:3534}}
Aug 05 14:35:21.027672 np0000006572 devstack@n-api-meta.service[92896]: DEBUG nova.api.openstack.wsgi_app [None req-8a9a4311-9616-40a7-a87d-df33b4ea913e None None] control_exchange = nova {{(pid=92896) log_opt_values /opt/stack/data/venv/lib/python3.12/site-packages/oslo_config/cfg.py:3534}}
Aug 05 14:35:21.027788 np0000006572 devstack@n-api-meta.service[92896]: DEBUG nova.api.openstack.wsgi_app [None req-8a9a4311-9616-40a7-a87d-df33b4ea913e None None] cpu_allocation_ratio = None {{(pid=92896) log_opt_values /opt/stack/data/venv/lib/python3.12/site-packages/oslo_config/cfg.py:3534}}
Aug 05 14:35:21.027895 np0000006572 devstack@n-api-meta.service[92896]: DEBUG nova.api.openstack.wsgi_app [None req-8a9a4311-9616-40a7-a87d-df33b4ea913e None None] daemon = False {{(pid=92896) log_opt_values /opt/stack/data/venv/lib/python3.12/site-packages/oslo_config/cfg.py:3534}}
Aug 05 14:35:21.028047 np0000006572 devstack@n-api-meta.service[92896]: DEBUG nova.api.openstack.wsgi_app [None req-8a9a4311-9616-40a7-a87d-df33b4ea913e None None] debug = True {{(pid=92896) log_opt_values /opt/stack/data/venv/lib/python3.12/site-packages/oslo_config/cfg.py:3534}}
Aug 05 14:35:21.028185 np0000006572 devstack@n-api-meta.service[92896]: DEBUG nova.api.openstack.wsgi_app [None req-8a9a4311-9616-40a7-a87d-df33b4ea913e None None] default_access_ip_network_name = None {{(pid=92896) log_opt_values /opt/stack/data/venv/lib/python3.12/site-packages/oslo_config/cfg.py:3534}}
Aug 05 14:35:21.028303 np0000006572 devstack@n-api-meta.service[92896]: DEBUG nova.api.openstack.wsgi_app [None req-8a9a4311-9616-40a7-a87d-df33b4ea913e None None] default_availability_zone = nova {{(pid=92896) log_opt_values /opt/stack/data/venv/lib/python3.12/site-packages/oslo_config/cfg.py:3534}}
Aug 05 14:35:21.028420 np0000006572 devstack@n-api-meta.service[92896]: DEBUG nova.api.openstack.wsgi_app [None req-8a9a4311-9616-40a7-a87d-df33b4ea913e None None] default_ephemeral_format = ext4 {{(pid=92896) log_opt_values /opt/stack/data/venv/lib/python3.12/site-packages/oslo_config/cfg.py:3534}}
Aug 05 14:35:21.028531 np0000006572 devstack@n-api-meta.service[92896]: DEBUG nova.api.openstack.wsgi_app [None req-8a9a4311-9616-40a7-a87d-df33b4ea913e None None] default_green_pool_size = 1000 {{(pid=92896) log_opt_values /opt/stack/data/venv/lib/python3.12/site-packages/oslo_config/cfg.py:3534}}
Aug 05 14:35:21.028721 np0000006572 devstack@n-api-meta.service[92896]: DEBUG nova.api.openstack.wsgi_app [None req-8a9a4311-9616-40a7-a87d-df33b4ea913e None None] default_log_levels = ['amqp=WARN', 'boto=WARN', 'sqlalchemy=WARN', 'suds=INFO', 'oslo.messaging=INFO', 'oslo_messaging=INFO', 'iso8601=WARN', 'requests.packages.urllib3.connectionpool=WARN', 'urllib3.connectionpool=WARN', 'websocket=WARN', 'requests.packages.urllib3.util.retry=WARN', 'urllib3.util.retry=WARN', 'keystonemiddleware=WARN', 'routes.middleware=WARN', 'stevedore=WARN', 'taskflow=WARN', 'keystoneauth=WARN', 'oslo.cache=INFO', 'oslo_policy=INFO', 'dogpile.core.dogpile=INFO', 'glanceclient=WARN', 'oslo.privsep.daemon=INFO'] {{(pid=92896) log_opt_values /opt/stack/data/venv/lib/python3.12/site-packages/oslo_config/cfg.py:3534}}
Aug 05 14:35:21.028844 np0000006572 devstack@n-api-meta.service[92896]: DEBUG nova.api.openstack.wsgi_app [None req-8a9a4311-9616-40a7-a87d-df33b4ea913e None None] default_schedule_zone = None {{(pid=92896) log_opt_values /opt/stack/data/venv/lib/python3.12/site-packages/oslo_config/cfg.py:3534}}
Aug 05 14:35:21.028946 np0000006572 devstack@n-api-meta.service[92896]: DEBUG nova.api.openstack.wsgi_app [None req-8a9a4311-9616-40a7-a87d-df33b4ea913e None None] default_thread_pool_size = 10 {{(pid=92896) log_opt_values /opt/stack/data/venv/lib/python3.12/site-packages/oslo_config/cfg.py:3534}}
Aug 05 14:35:21.029083 np0000006572 devstack@n-api-meta.service[92896]: DEBUG nova.api.openstack.wsgi_app [None req-8a9a4311-9616-40a7-a87d-df33b4ea913e None None] disk_allocation_ratio = None {{(pid=92896) log_opt_values /opt/stack/data/venv/lib/python3.12/site-packages/oslo_config/cfg.py:3534}}
Aug 05 14:35:21.029220 np0000006572 devstack@n-api-meta.service[92896]: DEBUG nova.api.openstack.wsgi_app [None req-8a9a4311-9616-40a7-a87d-df33b4ea913e None None] enable_new_services = True {{(pid=92896) log_opt_values /opt/stack/data/venv/lib/python3.12/site-packages/oslo_config/cfg.py:3534}}
Aug 05 14:35:21.029335 np0000006572 devstack@n-api-meta.service[92896]: DEBUG nova.api.openstack.wsgi_app [None req-8a9a4311-9616-40a7-a87d-df33b4ea913e None None] flat_injected = False {{(pid=92896) log_opt_values /opt/stack/data/venv/lib/python3.12/site-packages/oslo_config/cfg.py:3534}}
Aug 05 14:35:21.029454 np0000006572 devstack@n-api-meta.service[92896]: DEBUG nova.api.openstack.wsgi_app [None req-8a9a4311-9616-40a7-a87d-df33b4ea913e None None] force_config_drive = True {{(pid=92896) log_opt_values /opt/stack/data/venv/lib/python3.12/site-packages/oslo_config/cfg.py:3534}}
Aug 05 14:35:21.029648 np0000006572 devstack@n-api-meta.service[92896]: DEBUG nova.api.openstack.wsgi_app [None req-8a9a4311-9616-40a7-a87d-df33b4ea913e None None] force_raw_images = True {{(pid=92896) log_opt_values /opt/stack/data/venv/lib/python3.12/site-packages/oslo_config/cfg.py:3534}}
Aug 05 14:35:21.029778 np0000006572 devstack@n-api-meta.service[92896]: DEBUG nova.api.openstack.wsgi_app [None req-8a9a4311-9616-40a7-a87d-df33b4ea913e None None] graceful_shutdown_timeout = 5 {{(pid=92896) log_opt_values /opt/stack/data/venv/lib/python3.12/site-packages/oslo_config/cfg.py:3534}}
Aug 05 14:35:21.029925 np0000006572 devstack@n-api-meta.service[92896]: DEBUG nova.api.openstack.wsgi_app [None req-8a9a4311-9616-40a7-a87d-df33b4ea913e None None] heal_instance_info_cache_interval = -1 {{(pid=92896) log_opt_values /opt/stack/data/venv/lib/python3.12/site-packages/oslo_config/cfg.py:3534}}
Aug 05 14:35:21.030193 np0000006572 devstack@n-api-meta.service[92896]: DEBUG nova.api.openstack.wsgi_app [None req-8a9a4311-9616-40a7-a87d-df33b4ea913e None None] host = np0000006572 {{(pid=92896) log_opt_values /opt/stack/data/venv/lib/python3.12/site-packages/oslo_config/cfg.py:3534}}
Aug 05 14:35:21.030351 np0000006572 devstack@n-api-meta.service[92896]: DEBUG nova.api.openstack.wsgi_app [None req-8a9a4311-9616-40a7-a87d-df33b4ea913e None None] initial_cpu_allocation_ratio = 4.0 {{(pid=92896) log_opt_values /opt/stack/data/venv/lib/python3.12/site-packages/oslo_config/cfg.py:3534}}
Aug 05 14:35:21.030473 np0000006572 devstack@n-api-meta.service[92896]: DEBUG nova.api.openstack.wsgi_app [None req-8a9a4311-9616-40a7-a87d-df33b4ea913e None None] initial_disk_allocation_ratio = 1.0 {{(pid=92896) log_opt_values /opt/stack/data/venv/lib/python3.12/site-packages/oslo_config/cfg.py:3534}}
Aug 05 14:35:21.030608 np0000006572 devstack@n-api-meta.service[92896]: DEBUG nova.api.openstack.wsgi_app [None req-8a9a4311-9616-40a7-a87d-df33b4ea913e None None] initial_ram_allocation_ratio = 1.0 {{(pid=92896) log_opt_values /opt/stack/data/venv/lib/python3.12/site-packages/oslo_config/cfg.py:3534}}
Aug 05 14:35:21.030849 np0000006572 devstack@n-api-meta.service[92896]: DEBUG nova.api.openstack.wsgi_app [None req-8a9a4311-9616-40a7-a87d-df33b4ea913e None None] injected_network_template = /opt/stack/nova/nova/virt/interfaces.template {{(pid=92896) log_opt_values /opt/stack/data/venv/lib/python3.12/site-packages/oslo_config/cfg.py:3534}}
Aug 05 14:35:21.030967 np0000006572 devstack@n-api-meta.service[92896]: DEBUG nova.api.openstack.wsgi_app [None req-8a9a4311-9616-40a7-a87d-df33b4ea913e None None] instance_build_timeout = 0 {{(pid=92896) log_opt_values /opt/stack/data/venv/lib/python3.12/site-packages/oslo_config/cfg.py:3534}}
Aug 05 14:35:21.031089 np0000006572 devstack@n-api-meta.service[92896]: DEBUG nova.api.openstack.wsgi_app [None req-8a9a4311-9616-40a7-a87d-df33b4ea913e None None] instance_delete_interval = 300 {{(pid=92896) log_opt_values /opt/stack/data/venv/lib/python3.12/site-packages/oslo_config/cfg.py:3534}}
Aug 05 14:35:21.031274 np0000006572 devstack@n-api-meta.service[92896]: DEBUG nova.api.openstack.wsgi_app [None req-8a9a4311-9616-40a7-a87d-df33b4ea913e None None] instance_format = [instance: %(uuid)s] {{(pid=92896) log_opt_values /opt/stack/data/venv/lib/python3.12/site-packages/oslo_config/cfg.py:3534}}
Aug 05 14:35:21.031396 np0000006572 devstack@n-api-meta.service[92896]: DEBUG nova.api.openstack.wsgi_app [None req-8a9a4311-9616-40a7-a87d-df33b4ea913e None None] instance_name_template = instance-%08x {{(pid=92896) log_opt_values /opt/stack/data/venv/lib/python3.12/site-packages/oslo_config/cfg.py:3534}}
Aug 05 14:35:21.031511 np0000006572 devstack@n-api-meta.service[92896]: DEBUG nova.api.openstack.wsgi_app [None req-8a9a4311-9616-40a7-a87d-df33b4ea913e None None] instance_usage_audit = False {{(pid=92896) log_opt_values /opt/stack/data/venv/lib/python3.12/site-packages/oslo_config/cfg.py:3534}}
Aug 05 14:35:21.031656 np0000006572 devstack@n-api-meta.service[92896]: DEBUG nova.api.openstack.wsgi_app [None req-8a9a4311-9616-40a7-a87d-df33b4ea913e None None] instance_usage_audit_period = month {{(pid=92896) log_opt_values /opt/stack/data/venv/lib/python3.12/site-packages/oslo_config/cfg.py:3534}}
Aug 05 14:35:21.031777 np0000006572 devstack@n-api-meta.service[92896]: DEBUG nova.api.openstack.wsgi_app [None req-8a9a4311-9616-40a7-a87d-df33b4ea913e None None] instance_uuid_format = [instance: %(uuid)s] {{(pid=92896) log_opt_values /opt/stack/data/venv/lib/python3.12/site-packages/oslo_config/cfg.py:3534}}
Aug 05 14:35:21.031925 np0000006572 devstack@n-api-meta.service[92896]: DEBUG nova.api.openstack.wsgi_app [None req-8a9a4311-9616-40a7-a87d-df33b4ea913e None None] instances_path = /opt/stack/data/nova/instances {{(pid=92896) log_opt_values /opt/stack/data/venv/lib/python3.12/site-packages/oslo_config/cfg.py:3534}}
Aug 05 14:35:21.032047 np0000006572 devstack@n-api-meta.service[92896]: DEBUG nova.api.openstack.wsgi_app [None req-8a9a4311-9616-40a7-a87d-df33b4ea913e None None] internal_service_availability_zone = internal {{(pid=92896) log_opt_values /opt/stack/data/venv/lib/python3.12/site-packages/oslo_config/cfg.py:3534}}
Aug 05 14:35:21.032177 np0000006572 devstack@n-api-meta.service[92896]: DEBUG nova.api.openstack.wsgi_app [None req-8a9a4311-9616-40a7-a87d-df33b4ea913e None None] key = None {{(pid=92896) log_opt_values /opt/stack/data/venv/lib/python3.12/site-packages/oslo_config/cfg.py:3534}}
Aug 05 14:35:21.032289 np0000006572 devstack@n-api-meta.service[92896]: DEBUG nova.api.openstack.wsgi_app [None req-8a9a4311-9616-40a7-a87d-df33b4ea913e None None] live_migration_retry_count = 30 {{(pid=92896) log_opt_values /opt/stack/data/venv/lib/python3.12/site-packages/oslo_config/cfg.py:3534}}
Aug 05 14:35:21.032411 np0000006572 devstack@n-api-meta.service[92896]: DEBUG nova.api.openstack.wsgi_app [None req-8a9a4311-9616-40a7-a87d-df33b4ea913e None None] log_color = False {{(pid=92896) log_opt_values /opt/stack/data/venv/lib/python3.12/site-packages/oslo_config/cfg.py:3534}}
Aug 05 14:35:21.032561 np0000006572 devstack@n-api-meta.service[92896]: DEBUG nova.api.openstack.wsgi_app [None req-8a9a4311-9616-40a7-a87d-df33b4ea913e None None] log_config_append = None {{(pid=92896) log_opt_values /opt/stack/data/venv/lib/python3.12/site-packages/oslo_config/cfg.py:3534}}
Aug 05 14:35:21.032702 np0000006572 devstack@n-api-meta.service[92896]: DEBUG nova.api.openstack.wsgi_app [None req-8a9a4311-9616-40a7-a87d-df33b4ea913e None None] log_date_format = %Y-%m-%d %H:%M:%S {{(pid=92896) log_opt_values /opt/stack/data/venv/lib/python3.12/site-packages/oslo_config/cfg.py:3534}}
Aug 05 14:35:21.032823 np0000006572 devstack@n-api-meta.service[92896]: DEBUG nova.api.openstack.wsgi_app [None req-8a9a4311-9616-40a7-a87d-df33b4ea913e None None] log_dir = None {{(pid=92896) log_opt_values /opt/stack/data/venv/lib/python3.12/site-packages/oslo_config/cfg.py:3534}}
Aug 05 14:35:21.032968 np0000006572 devstack@n-api-meta.service[92896]: DEBUG nova.api.openstack.wsgi_app [None req-8a9a4311-9616-40a7-a87d-df33b4ea913e None None] log_file = None {{(pid=92896) log_opt_values /opt/stack/data/venv/lib/python3.12/site-packages/oslo_config/cfg.py:3534}}
Aug 05 14:35:21.033059 np0000006572 devstack@n-api-meta.service[92896]: DEBUG nova.api.openstack.wsgi_app [None req-8a9a4311-9616-40a7-a87d-df33b4ea913e None None] log_options = True {{(pid=92896) log_opt_values /opt/stack/data/venv/lib/python3.12/site-packages/oslo_config/cfg.py:3534}}
Aug 05 14:35:21.033211 np0000006572 devstack@n-api-meta.service[92896]: DEBUG nova.api.openstack.wsgi_app [None req-8a9a4311-9616-40a7-a87d-df33b4ea913e None None] log_rotate_interval = 1 {{(pid=92896) log_opt_values /opt/stack/data/venv/lib/python3.12/site-packages/oslo_config/cfg.py:3534}}
Aug 05 14:35:21.033398 np0000006572 devstack@n-api-meta.service[92896]: DEBUG nova.api.openstack.wsgi_app [None req-8a9a4311-9616-40a7-a87d-df33b4ea913e None None] log_rotate_interval_type = days {{(pid=92896) log_opt_values /opt/stack/data/venv/lib/python3.12/site-packages/oslo_config/cfg.py:3534}}
Aug 05 14:35:21.033535 np0000006572 devstack@n-api-meta.service[92896]: DEBUG nova.api.openstack.wsgi_app [None req-8a9a4311-9616-40a7-a87d-df33b4ea913e None None] log_rotation_type = none {{(pid=92896) log_opt_values /opt/stack/data/venv/lib/python3.12/site-packages/oslo_config/cfg.py:3534}}
Aug 05 14:35:21.033666 np0000006572 devstack@n-api-meta.service[92896]: DEBUG nova.api.openstack.wsgi_app [None req-8a9a4311-9616-40a7-a87d-df33b4ea913e None None] logging_context_format_string = %(color)s%(levelname)s %(name)s [%(global_request_id)s %(request_id)s %(project_name)s %(user_name)s%(color)s] %(instance)s%(color)s%(message)s {{(pid=92896) log_opt_values /opt/stack/data/venv/lib/python3.12/site-packages/oslo_config/cfg.py:3534}}
Aug 05 14:35:21.033765 np0000006572 devstack@n-api-meta.service[92896]: DEBUG nova.api.openstack.wsgi_app [None req-8a9a4311-9616-40a7-a87d-df33b4ea913e None None] logging_debug_format_suffix = {{(pid=%(process)d) %(funcName)s %(pathname)s:%(lineno)d}} {{(pid=92896) log_opt_values /opt/stack/data/venv/lib/python3.12/site-packages/oslo_config/cfg.py:3534}}
Aug 05 14:35:21.033915 np0000006572 devstack@n-api-meta.service[92896]: DEBUG nova.api.openstack.wsgi_app [None req-8a9a4311-9616-40a7-a87d-df33b4ea913e None None] logging_default_format_string = %(color)s%(levelname)s %(name)s [-%(color)s] %(instance)s%(color)s%(message)s {{(pid=92896) log_opt_values /opt/stack/data/venv/lib/python3.12/site-packages/oslo_config/cfg.py:3534}}
Aug 05 14:35:21.034035 np0000006572 devstack@n-api-meta.service[92896]: DEBUG nova.api.openstack.wsgi_app [None req-8a9a4311-9616-40a7-a87d-df33b4ea913e None None] logging_exception_prefix = ERROR %(name)s %(instance)s {{(pid=92896) log_opt_values /opt/stack/data/venv/lib/python3.12/site-packages/oslo_config/cfg.py:3534}}
Aug 05 14:35:21.034136 np0000006572 devstack@n-api-meta.service[92896]: DEBUG nova.api.openstack.wsgi_app [None req-8a9a4311-9616-40a7-a87d-df33b4ea913e None None] logging_user_identity_format = %(user)s %(project)s %(domain)s %(system_scope)s %(user_domain)s %(project_domain)s {{(pid=92896) log_opt_values /opt/stack/data/venv/lib/python3.12/site-packages/oslo_config/cfg.py:3534}}
Aug 05 14:35:21.034286 np0000006572 devstack@n-api-meta.service[92896]: DEBUG nova.api.openstack.wsgi_app [None req-8a9a4311-9616-40a7-a87d-df33b4ea913e None None] long_rpc_timeout = 1800 {{(pid=92896) log_opt_values /opt/stack/data/venv/lib/python3.12/site-packages/oslo_config/cfg.py:3534}}
Aug 05 14:35:21.034401 np0000006572 devstack@n-api-meta.service[92896]: DEBUG nova.api.openstack.wsgi_app [None req-8a9a4311-9616-40a7-a87d-df33b4ea913e None None] manager_shutdown_timeout = 160 {{(pid=92896) log_opt_values /opt/stack/data/venv/lib/python3.12/site-packages/oslo_config/cfg.py:3534}}
Aug 05 14:35:21.034515 np0000006572 devstack@n-api-meta.service[92896]: DEBUG nova.api.openstack.wsgi_app [None req-8a9a4311-9616-40a7-a87d-df33b4ea913e None None] max_concurrent_builds = 10 {{(pid=92896) log_opt_values /opt/stack/data/venv/lib/python3.12/site-packages/oslo_config/cfg.py:3534}}
Aug 05 14:35:21.034653 np0000006572 devstack@n-api-meta.service[92896]: DEBUG nova.api.openstack.wsgi_app [None req-8a9a4311-9616-40a7-a87d-df33b4ea913e None None] max_concurrent_live_migrations = 1 {{(pid=92896) log_opt_values /opt/stack/data/venv/lib/python3.12/site-packages/oslo_config/cfg.py:3534}}
Aug 05 14:35:21.034765 np0000006572 devstack@n-api-meta.service[92896]: DEBUG nova.api.openstack.wsgi_app [None req-8a9a4311-9616-40a7-a87d-df33b4ea913e None None] max_concurrent_snapshots = 5 {{(pid=92896) log_opt_values /opt/stack/data/venv/lib/python3.12/site-packages/oslo_config/cfg.py:3534}}
Aug 05 14:35:21.034875 np0000006572 devstack@n-api-meta.service[92896]: DEBUG nova.api.openstack.wsgi_app [None req-8a9a4311-9616-40a7-a87d-df33b4ea913e None None] max_local_block_devices = 3 {{(pid=92896) log_opt_values /opt/stack/data/venv/lib/python3.12/site-packages/oslo_config/cfg.py:3534}}
Aug 05 14:35:21.034982 np0000006572 devstack@n-api-meta.service[92896]: DEBUG nova.api.openstack.wsgi_app [None req-8a9a4311-9616-40a7-a87d-df33b4ea913e None None] max_logfile_count = 30 {{(pid=92896) log_opt_values /opt/stack/data/venv/lib/python3.12/site-packages/oslo_config/cfg.py:3534}}
Aug 05 14:35:21.035136 np0000006572 devstack@n-api-meta.service[92896]: DEBUG nova.api.openstack.wsgi_app [None req-8a9a4311-9616-40a7-a87d-df33b4ea913e None None] max_logfile_size_mb = 200 {{(pid=92896) log_opt_values /opt/stack/data/venv/lib/python3.12/site-packages/oslo_config/cfg.py:3534}}
Aug 05 14:35:21.035262 np0000006572 devstack@n-api-meta.service[92896]: DEBUG nova.api.openstack.wsgi_app [None req-8a9a4311-9616-40a7-a87d-df33b4ea913e None None] maximum_instance_delete_attempts = 5 {{(pid=92896) log_opt_values /opt/stack/data/venv/lib/python3.12/site-packages/oslo_config/cfg.py:3534}}
Aug 05 14:35:21.035381 np0000006572 devstack@n-api-meta.service[92896]: DEBUG nova.api.openstack.wsgi_app [None req-8a9a4311-9616-40a7-a87d-df33b4ea913e None None] migrate_max_retries = -1 {{(pid=92896) log_opt_values /opt/stack/data/venv/lib/python3.12/site-packages/oslo_config/cfg.py:3534}}
Aug 05 14:35:21.035519 np0000006572 devstack@n-api-meta.service[92896]: DEBUG nova.api.openstack.wsgi_app [None req-8a9a4311-9616-40a7-a87d-df33b4ea913e None None] mkisofs_cmd = genisoimage {{(pid=92896) log_opt_values /opt/stack/data/venv/lib/python3.12/site-packages/oslo_config/cfg.py:3534}}
Aug 05 14:35:21.035704 np0000006572 devstack@n-api-meta.service[92896]: DEBUG nova.api.openstack.wsgi_app [None req-8a9a4311-9616-40a7-a87d-df33b4ea913e None None] my_block_storage_ip = 10.4.3.159 {{(pid=92896) log_opt_values /opt/stack/data/venv/lib/python3.12/site-packages/oslo_config/cfg.py:3534}}
Aug 05 14:35:21.035803 np0000006572 devstack@n-api-meta.service[92896]: DEBUG nova.api.openstack.wsgi_app [None req-8a9a4311-9616-40a7-a87d-df33b4ea913e None None] my_ip = 10.4.3.159 {{(pid=92896) log_opt_values /opt/stack/data/venv/lib/python3.12/site-packages/oslo_config/cfg.py:3534}}
Aug 05 14:35:21.036108 np0000006572 devstack@n-api-meta.service[92896]: DEBUG nova.api.openstack.wsgi_app [None req-8a9a4311-9616-40a7-a87d-df33b4ea913e None None] my_shared_fs_storage_ip = 10.4.3.159 {{(pid=92896) log_opt_values /opt/stack/data/venv/lib/python3.12/site-packages/oslo_config/cfg.py:3534}}
Aug 05 14:35:21.036324 np0000006572 devstack@n-api-meta.service[92896]: DEBUG nova.api.openstack.wsgi_app [None req-8a9a4311-9616-40a7-a87d-df33b4ea913e None None] network_allocate_retries = 0 {{(pid=92896) log_opt_values /opt/stack/data/venv/lib/python3.12/site-packages/oslo_config/cfg.py:3534}}
Aug 05 14:35:21.036505 np0000006572 devstack@n-api-meta.service[92896]: DEBUG nova.api.openstack.wsgi_app [None req-8a9a4311-9616-40a7-a87d-df33b4ea913e None None] non_inheritable_image_properties = ['cache_in_nova', 'bittorrent'] {{(pid=92896) log_opt_values /opt/stack/data/venv/lib/python3.12/site-packages/oslo_config/cfg.py:3534}}
Aug 05 14:35:21.036665 np0000006572 devstack@n-api-meta.service[92896]: DEBUG nova.api.openstack.wsgi_app [None req-8a9a4311-9616-40a7-a87d-df33b4ea913e None None] osapi_compute_unique_server_name_scope = {{(pid=92896) log_opt_values /opt/stack/data/venv/lib/python3.12/site-packages/oslo_config/cfg.py:3534}}
