Aug 05 14:35:25.612921 np0000006572 nova-conductor[95885]: DEBUG cotyledon.oslo_config_glue [-] oslo_messaging_rabbit.rabbit_qos_prefetch_count = 0 {{(pid=95885) log_opt_values /opt/stack/data/venv/lib/python3.12/site-packages/oslo_config/cfg.py:3545}}
Aug 05 14:35:25.612921 np0000006572 nova-conductor[95885]: DEBUG cotyledon.oslo_config_glue [-] oslo_messaging_rabbit.rabbit_quorum_delivery_limit = 0 {{(pid=95885) log_opt_values /opt/stack/data/venv/lib/python3.12/site-packages/oslo_config/cfg.py:3545}}
Aug 05 14:35:25.613216 np0000006572 nova-conductor[95885]: DEBUG cotyledon.oslo_config_glue [-] oslo_messaging_rabbit.rabbit_quorum_max_memory_bytes = 0 {{(pid=95885) log_opt_values /opt/stack/data/venv/lib/python3.12/site-packages/oslo_config/cfg.py:3545}}
Aug 05 14:35:25.613216 np0000006572 nova-conductor[95885]: DEBUG cotyledon.oslo_config_glue [-] oslo_messaging_rabbit.rabbit_quorum_max_memory_length = 0 {{(pid=95885) log_opt_values /opt/stack/data/venv/lib/python3.12/site-packages/oslo_config/cfg.py:3545}}
Aug 05 14:35:25.613216 np0000006572 nova-conductor[95885]: DEBUG cotyledon.oslo_config_glue [-] oslo_messaging_rabbit.rabbit_quorum_queue = False {{(pid=95885) log_opt_values /opt/stack/data/venv/lib/python3.12/site-packages/oslo_config/cfg.py:3545}}
Aug 05 14:35:25.613216 np0000006572 nova-conductor[95885]: DEBUG cotyledon.oslo_config_glue [-] oslo_messaging_rabbit.rabbit_retry_backoff = 2 {{(pid=95885) log_opt_values /opt/stack/data/venv/lib/python3.12/site-packages/oslo_config/cfg.py:3545}}
Aug 05 14:35:25.613216 np0000006572 nova-conductor[95885]: DEBUG cotyledon.oslo_config_glue [-] oslo_messaging_rabbit.rabbit_retry_interval = 1 {{(pid=95885) log_opt_values /opt/stack/data/venv/lib/python3.12/site-packages/oslo_config/cfg.py:3545}}
Aug 05 14:35:25.613216 np0000006572 nova-conductor[95885]: DEBUG cotyledon.oslo_config_glue [-] oslo_messaging_rabbit.rabbit_stream_fanout = False {{(pid=95885) log_opt_values /opt/stack/data/venv/lib/python3.12/site-packages/oslo_config/cfg.py:3545}}
Aug 05 14:35:25.613216 np0000006572 nova-conductor[95885]: DEBUG cotyledon.oslo_config_glue [-] oslo_messaging_rabbit.rabbit_transient_queues_ttl = 1800 {{(pid=95885) log_opt_values /opt/stack/data/venv/lib/python3.12/site-packages/oslo_config/cfg.py:3545}}
Aug 05 14:35:25.613216 np0000006572 nova-conductor[95885]: DEBUG cotyledon.oslo_config_glue [-] oslo_messaging_rabbit.rabbit_transient_quorum_queue = False {{(pid=95885) log_opt_values /opt/stack/data/venv/lib/python3.12/site-packages/oslo_config/cfg.py:3545}}
Aug 05 14:35:25.613441 np0000006572 nova-conductor[95885]: DEBUG cotyledon.oslo_config_glue [-] oslo_messaging_rabbit.rpc_conn_pool_size = 30 {{(pid=95885) log_opt_values /opt/stack/data/venv/lib/python3.12/site-packages/oslo_config/cfg.py:3545}}
Aug 05 14:35:25.613441 np0000006572 nova-conductor[95885]: DEBUG cotyledon.oslo_config_glue [-] oslo_messaging_rabbit.ssl = False {{(pid=95885) log_opt_values /opt/stack/data/venv/lib/python3.12/site-packages/oslo_config/cfg.py:3545}}
Aug 05 14:35:25.613441 np0000006572 nova-conductor[95885]: DEBUG cotyledon.oslo_config_glue [-] oslo_messaging_rabbit.ssl_ca_file = {{(pid=95885) log_opt_values /opt/stack/data/venv/lib/python3.12/site-packages/oslo_config/cfg.py:3545}}
Aug 05 14:35:25.613441 np0000006572 nova-conductor[95885]: DEBUG cotyledon.oslo_config_glue [-] oslo_messaging_rabbit.ssl_cert_file = {{(pid=95885) log_opt_values /opt/stack/data/venv/lib/python3.12/site-packages/oslo_config/cfg.py:3545}}
Aug 05 14:35:25.613441 np0000006572 nova-conductor[95885]: DEBUG cotyledon.oslo_config_glue [-] oslo_messaging_rabbit.ssl_enforce_fips_mode = False {{(pid=95885) log_opt_values /opt/stack/data/venv/lib/python3.12/site-packages/oslo_config/cfg.py:3545}}
Aug 05 14:35:25.613441 np0000006572 nova-conductor[95885]: DEBUG cotyledon.oslo_config_glue [-] oslo_messaging_rabbit.ssl_enforce_hostname_verification = True {{(pid=95885) log_opt_values /opt/stack/data/venv/lib/python3.12/site-packages/oslo_config/cfg.py:3545}}
Aug 05 14:35:25.613441 np0000006572 nova-conductor[95885]: DEBUG cotyledon.oslo_config_glue [-] oslo_messaging_rabbit.ssl_key_file = {{(pid=95885) log_opt_values /opt/stack/data/venv/lib/python3.12/site-packages/oslo_config/cfg.py:3545}}
Aug 05 14:35:25.613441 np0000006572 nova-conductor[95885]: DEBUG cotyledon.oslo_config_glue [-] oslo_messaging_rabbit.ssl_version = {{(pid=95885) log_opt_values /opt/stack/data/venv/lib/python3.12/site-packages/oslo_config/cfg.py:3545}}
Aug 05 14:35:25.613441 np0000006572 nova-conductor[95885]: DEBUG cotyledon.oslo_config_glue [-] oslo_messaging_rabbit.use_queue_manager = False {{(pid=95885) log_opt_values /opt/stack/data/venv/lib/python3.12/site-packages/oslo_config/cfg.py:3545}}
Aug 05 14:35:25.613710 np0000006572 nova-conductor[95885]: DEBUG cotyledon.oslo_config_glue [-] oslo_messaging_notifications.driver = ['messagingv2'] {{(pid=95885) log_opt_values /opt/stack/data/venv/lib/python3.12/site-packages/oslo_config/cfg.py:3545}}
Aug 05 14:35:25.613710 np0000006572 nova-conductor[95885]: DEBUG cotyledon.oslo_config_glue [-] oslo_messaging_notifications.retry = -1 {{(pid=95885) log_opt_values /opt/stack/data/venv/lib/python3.12/site-packages/oslo_config/cfg.py:3545}}
Aug 05 14:35:25.613710 np0000006572 nova-conductor[95885]: DEBUG cotyledon.oslo_config_glue [-] oslo_messaging_notifications.topics = ['notifications'] {{(pid=95885) log_opt_values /opt/stack/data/venv/lib/python3.12/site-packages/oslo_config/cfg.py:3545}}
Aug 05 14:35:25.613710 np0000006572 nova-conductor[95885]: DEBUG cotyledon.oslo_config_glue [-] oslo_messaging_notifications.transport_url = **** {{(pid=95885) log_opt_values /opt/stack/data/venv/lib/python3.12/site-packages/oslo_config/cfg.py:3545}}
Aug 05 14:35:25.613710 np0000006572 nova-conductor[95885]: DEBUG cotyledon.oslo_config_glue [-] oslo_limit.auth_section = None {{(pid=95885) log_opt_values /opt/stack/data/venv/lib/python3.12/site-packages/oslo_config/cfg.py:3545}}
Aug 05 14:35:25.613710 np0000006572 nova-conductor[95885]: DEBUG cotyledon.oslo_config_glue [-] oslo_limit.auth_type = None {{(pid=95885) log_opt_values /opt/stack/data/venv/lib/python3.12/site-packages/oslo_config/cfg.py:3545}}
Aug 05 14:35:25.613710 np0000006572 nova-conductor[95885]: DEBUG cotyledon.oslo_config_glue [-] oslo_limit.cafile = None {{(pid=95885) log_opt_values /opt/stack/data/venv/lib/python3.12/site-packages/oslo_config/cfg.py:3545}}
Aug 05 14:35:25.613710 np0000006572 nova-conductor[95885]: DEBUG cotyledon.oslo_config_glue [-] oslo_limit.certfile = None {{(pid=95885) log_opt_values /opt/stack/data/venv/lib/python3.12/site-packages/oslo_config/cfg.py:3545}}
Aug 05 14:35:25.613710 np0000006572 nova-conductor[95885]: DEBUG cotyledon.oslo_config_glue [-] oslo_limit.collect_timing = False {{(pid=95885) log_opt_values /opt/stack/data/venv/lib/python3.12/site-packages/oslo_config/cfg.py:3545}}
Aug 05 14:35:25.613983 np0000006572 nova-conductor[95885]: DEBUG cotyledon.oslo_config_glue [-] oslo_limit.connect_retries = None {{(pid=95885) log_opt_values /opt/stack/data/venv/lib/python3.12/site-packages/oslo_config/cfg.py:3545}}
Aug 05 14:35:25.613983 np0000006572 nova-conductor[95885]: DEBUG cotyledon.oslo_config_glue [-] oslo_limit.connect_retry_delay = None {{(pid=95885) log_opt_values /opt/stack/data/venv/lib/python3.12/site-packages/oslo_config/cfg.py:3545}}
Aug 05 14:35:25.613983 np0000006572 nova-conductor[95885]: DEBUG cotyledon.oslo_config_glue [-] oslo_limit.endpoint_id = None {{(pid=95885) log_opt_values /opt/stack/data/venv/lib/python3.12/site-packages/oslo_config/cfg.py:3545}}
Aug 05 14:35:25.613983 np0000006572 nova-conductor[95885]: DEBUG cotyledon.oslo_config_glue [-] oslo_limit.endpoint_interface = public {{(pid=95885) log_opt_values /opt/stack/data/venv/lib/python3.12/site-packages/oslo_config/cfg.py:3545}}
Aug 05 14:35:25.613983 np0000006572 nova-conductor[95885]: DEBUG cotyledon.oslo_config_glue [-] oslo_limit.endpoint_override = None {{(pid=95885) log_opt_values /opt/stack/data/venv/lib/python3.12/site-packages/oslo_config/cfg.py:3545}}
Aug 05 14:35:25.613983 np0000006572 nova-conductor[95885]: DEBUG cotyledon.oslo_config_glue [-] oslo_limit.endpoint_region_name = None {{(pid=95885) log_opt_values /opt/stack/data/venv/lib/python3.12/site-packages/oslo_config/cfg.py:3545}}
Aug 05 14:35:25.613983 np0000006572 nova-conductor[95885]: DEBUG cotyledon.oslo_config_glue [-] oslo_limit.endpoint_service_name = None {{(pid=95885) log_opt_values /opt/stack/data/venv/lib/python3.12/site-packages/oslo_config/cfg.py:3545}}
Aug 05 14:35:25.613983 np0000006572 nova-conductor[95885]: DEBUG cotyledon.oslo_config_glue [-] oslo_limit.endpoint_service_type = None {{(pid=95885) log_opt_values /opt/stack/data/venv/lib/python3.12/site-packages/oslo_config/cfg.py:3545}}
Aug 05 14:35:25.613983 np0000006572 nova-conductor[95885]: DEBUG cotyledon.oslo_config_glue [-] oslo_limit.insecure = False {{(pid=95885) log_opt_values /opt/stack/data/venv/lib/python3.12/site-packages/oslo_config/cfg.py:3545}}
Aug 05 14:35:25.614255 np0000006572 nova-conductor[95885]: DEBUG cotyledon.oslo_config_glue [-] oslo_limit.keyfile = None {{(pid=95885) log_opt_values /opt/stack/data/venv/lib/python3.12/site-packages/oslo_config/cfg.py:3545}}
Aug 05 14:35:25.614255 np0000006572 nova-conductor[95885]: DEBUG cotyledon.oslo_config_glue [-] oslo_limit.max_version = None {{(pid=95885) log_opt_values /opt/stack/data/venv/lib/python3.12/site-packages/oslo_config/cfg.py:3545}}
Aug 05 14:35:25.614255 np0000006572 nova-conductor[95885]: DEBUG cotyledon.oslo_config_glue [-] oslo_limit.min_version = None {{(pid=95885) log_opt_values /opt/stack/data/venv/lib/python3.12/site-packages/oslo_config/cfg.py:3545}}
Aug 05 14:35:25.614255 np0000006572 nova-conductor[95885]: DEBUG cotyledon.oslo_config_glue [-] oslo_limit.region_name = None {{(pid=95885) log_opt_values /opt/stack/data/venv/lib/python3.12/site-packages/oslo_config/cfg.py:3545}}
Aug 05 14:35:25.614255 np0000006572 nova-conductor[95885]: DEBUG cotyledon.oslo_config_glue [-] oslo_limit.retriable_status_codes = None {{(pid=95885) log_opt_values /opt/stack/data/venv/lib/python3.12/site-packages/oslo_config/cfg.py:3545}}
Aug 05 14:35:25.614255 np0000006572 nova-conductor[95885]: DEBUG cotyledon.oslo_config_glue [-] oslo_limit.service_name = None {{(pid=95885) log_opt_values /opt/stack/data/venv/lib/python3.12/site-packages/oslo_config/cfg.py:3545}}
Aug 05 14:35:25.614255 np0000006572 nova-conductor[95885]: DEBUG cotyledon.oslo_config_glue [-] oslo_limit.service_type = None {{(pid=95885) log_opt_values /opt/stack/data/venv/lib/python3.12/site-packages/oslo_config/cfg.py:3545}}
Aug 05 14:35:25.614255 np0000006572 nova-conductor[95885]: DEBUG cotyledon.oslo_config_glue [-] oslo_limit.split_loggers = False {{(pid=95885) log_opt_values /opt/stack/data/venv/lib/python3.12/site-packages/oslo_config/cfg.py:3545}}
Aug 05 14:35:25.614255 np0000006572 nova-conductor[95885]: DEBUG cotyledon.oslo_config_glue [-] oslo_limit.status_code_retries = None {{(pid=95885) log_opt_values /opt/stack/data/venv/lib/python3.12/site-packages/oslo_config/cfg.py:3545}}
Aug 05 14:35:25.614502 np0000006572 nova-conductor[95885]: DEBUG cotyledon.oslo_config_glue [-] oslo_limit.status_code_retry_delay = None {{(pid=95885) log_opt_values /opt/stack/data/venv/lib/python3.12/site-packages/oslo_config/cfg.py:3545}}
Aug 05 14:35:25.614502 np0000006572 nova-conductor[95885]: DEBUG cotyledon.oslo_config_glue [-] oslo_limit.timeout = None {{(pid=95885) log_opt_values /opt/stack/data/venv/lib/python3.12/site-packages/oslo_config/cfg.py:3545}}
Aug 05 14:35:25.614502 np0000006572 nova-conductor[95885]: DEBUG cotyledon.oslo_config_glue [-] oslo_limit.valid_interfaces = None {{(pid=95885) log_opt_values /opt/stack/data/venv/lib/python3.12/site-packages/oslo_config/cfg.py:3545}}
Aug 05 14:35:25.614502 np0000006572 nova-conductor[95885]: DEBUG cotyledon.oslo_config_glue [-] oslo_limit.version = None {{(pid=95885) log_opt_values /opt/stack/data/venv/lib/python3.12/site-packages/oslo_config/cfg.py:3545}}
Aug 05 14:35:25.614502 np0000006572 nova-conductor[95885]: DEBUG cotyledon.oslo_config_glue [-] oslo_reports.file_event_handler = None {{(pid=95885) log_opt_values /opt/stack/data/venv/lib/python3.12/site-packages/oslo_config/cfg.py:3545}}
Aug 05 14:35:25.614502 np0000006572 nova-conductor[95885]: DEBUG cotyledon.oslo_config_glue [-] oslo_reports.file_event_handler_interval = 1 {{(pid=95885) log_opt_values /opt/stack/data/venv/lib/python3.12/site-packages/oslo_config/cfg.py:3545}}
Aug 05 14:35:25.614502 np0000006572 nova-conductor[95885]: DEBUG cotyledon.oslo_config_glue [-] oslo_reports.log_dir = None {{(pid=95885) log_opt_values /opt/stack/data/venv/lib/python3.12/site-packages/oslo_config/cfg.py:3545}}
Aug 05 14:35:25.614502 np0000006572 nova-conductor[95885]: DEBUG cotyledon.oslo_config_glue [-] ******************************************************************************** {{(pid=95885) log_opt_values /opt/stack/data/venv/lib/python3.12/site-packages/oslo_config/cfg.py:3552}}
Aug 05 14:35:25.614502 np0000006572 nova-conductor[95885]: DEBUG cotyledon._service_worker [-] Run service ServiceWrapper(2) [95885] {{(pid=95885) wait_forever /opt/stack/data/venv/lib/python3.12/site-packages/cotyledon/_service_worker.py:218}}
Aug 05 14:35:25.614777 np0000006572 nova-conductor[95873]: DEBUG oslo_db.sqlalchemy.engines [None req-ad50ae75-974e-49a3-ba53-8381a4e72186 None None] MySQL server mode set to STRICT_TRANS_TABLES,STRICT_ALL_TABLES,NO_ZERO_IN_DATE,NO_ZERO_DATE,ERROR_FOR_DIVISION_BY_ZERO,TRADITIONAL,NO_ENGINE_SUBSTITUTION {{(pid=95873) _check_effective_sql_mode /opt/stack/data/venv/lib/python3.12/site-packages/oslo_db/sqlalchemy/engines.py:325}}
Aug 05 14:35:25.615192 np0000006572 nova-conductor[95885]: INFO nova.service [-] Starting conductor node (version 33.1.0)
Aug 05 14:35:25.618321 np0000006572 nova-conductor[95861]: DEBUG oslo_db.sqlalchemy.engines [None req-7bc33eec-7bef-4004-b971-44e20984fbc1 None None] MySQL server mode set to STRICT_TRANS_TABLES,STRICT_ALL_TABLES,NO_ZERO_IN_DATE,NO_ZERO_DATE,ERROR_FOR_DIVISION_BY_ZERO,TRADITIONAL,NO_ENGINE_SUBSTITUTION {{(pid=95861) _check_effective_sql_mode /opt/stack/data/venv/lib/python3.12/site-packages/oslo_db/sqlalchemy/engines.py:325}}
Aug 05 14:35:25.619280 np0000006572 nova-conductor[95885]: INFO dbcounter [None req-60a49d85-73fb-4952-9ea7-678e863428a2 None None] Registered counter for database nova_cell0
Aug 05 14:35:25.625104 np0000006572 nova-conductor[95873]: DEBUG dbcounter [-] [95873] Writer thread running {{(pid=95873) stat_writer /opt/stack/data/venv/lib/python3.12/site-packages/dbcounter.py:102}}
Aug 05 14:35:25.630101 np0000006572 nova-conductor[95861]: DEBUG dbcounter [-] [95861] Writer thread running {{(pid=95861) stat_writer /opt/stack/data/venv/lib/python3.12/site-packages/dbcounter.py:102}}
Aug 05 14:35:25.640805 np0000006572 nova-conductor[95873]: DEBUG nova.service [None req-ad50ae75-974e-49a3-ba53-8381a4e72186 None None] Creating RPC server for service: nova-conductor on topic: conductor {{(pid=95873) start /opt/stack/nova/nova/service.py:196}}
Aug 05 14:35:25.646598 np0000006572 nova-conductor[95861]: DEBUG nova.service [None req-7bc33eec-7bef-4004-b971-44e20984fbc1 None None] Creating RPC server for service: nova-conductor on topic: conductor {{(pid=95861) start /opt/stack/nova/nova/service.py:196}}
Aug 05 14:35:25.659845 np0000006572 nova-conductor[95885]: DEBUG oslo_db.sqlalchemy.engines [None req-60a49d85-73fb-4952-9ea7-678e863428a2 None None] MySQL server mode set to STRICT_TRANS_TABLES,STRICT_ALL_TABLES,NO_ZERO_IN_DATE,NO_ZERO_DATE,ERROR_FOR_DIVISION_BY_ZERO,TRADITIONAL,NO_ENGINE_SUBSTITUTION {{(pid=95885) _check_effective_sql_mode /opt/stack/data/venv/lib/python3.12/site-packages/oslo_db/sqlalchemy/engines.py:325}}
Aug 05 14:35:25.667416 np0000006572 nova-conductor[95873]: DEBUG nova.service [None req-ad50ae75-974e-49a3-ba53-8381a4e72186 None None] Join ServiceGroup membership for this service conductor {{(pid=95873) start /opt/stack/nova/nova/service.py:222}}
Aug 05 14:35:25.667616 np0000006572 nova-conductor[95873]: DEBUG nova.servicegroup.drivers.db [None req-ad50ae75-974e-49a3-ba53-8381a4e72186 None None] DB_Driver: join new ServiceGroup member np0000006572 to the conductor group, service = {{(pid=95873) join /opt/stack/nova/nova/servicegroup/drivers/db.py:44}}
Aug 05 14:35:25.668468 np0000006572 nova-conductor[95885]: DEBUG dbcounter [-] [95885] Writer thread running {{(pid=95885) stat_writer /opt/stack/data/venv/lib/python3.12/site-packages/dbcounter.py:102}}
Aug 05 14:35:25.669967 np0000006572 nova-conductor[95873]: DEBUG oslo.service.backend._threading.loopingcall [None req-be0e9f0d-f523-4cee-837b-a59419ec3e0d None None] Dynamic interval looping call 'nova.service.Service.periodic_tasks' sleeping for 60.00 seconds {{(pid=95873) _run_loop /opt/stack/data/venv/lib/python3.12/site-packages/oslo_service/backend/_threading/loopingcall.py:125}}
Aug 05 14:35:25.670672 np0000006572 nova-conductor[95861]: DEBUG nova.service [None req-7bc33eec-7bef-4004-b971-44e20984fbc1 None None] Join ServiceGroup membership for this service conductor {{(pid=95861) start /opt/stack/nova/nova/service.py:222}}
Aug 05 14:35:25.670878 np0000006572 nova-conductor[95861]: DEBUG nova.servicegroup.drivers.db [None req-7bc33eec-7bef-4004-b971-44e20984fbc1 None None] DB_Driver: join new ServiceGroup member np0000006572 to the conductor group, service = {{(pid=95861) join /opt/stack/nova/nova/servicegroup/drivers/db.py:44}}
Aug 05 14:35:25.671041 np0000006572 nova-conductor[95885]: DEBUG nova.service [None req-60a49d85-73fb-4952-9ea7-678e863428a2 None None] Creating RPC server for service: nova-conductor on topic: conductor {{(pid=95885) start /opt/stack/nova/nova/service.py:196}}
Aug 05 14:35:25.688829 np0000006572 nova-conductor[95885]: DEBUG nova.service [None req-60a49d85-73fb-4952-9ea7-678e863428a2 None None] Join ServiceGroup membership for this service conductor {{(pid=95885) start /opt/stack/nova/nova/service.py:222}}
Aug 05 14:35:25.688994 np0000006572 nova-conductor[95885]: DEBUG nova.servicegroup.drivers.db [None req-60a49d85-73fb-4952-9ea7-678e863428a2 None None] DB_Driver: join new ServiceGroup member np0000006572 to the conductor group, service = {{(pid=95885) join /opt/stack/nova/nova/servicegroup/drivers/db.py:44}}
Aug 05 14:35:30.679354 np0000006572 nova-conductor[95873]: DEBUG oslo.service.backend._threading.loopingcall [-] Fixed interval looping call 'nova.servicegroup.drivers.db.DbDriver._report_state' sleeping for 119.99 seconds {{(pid=95873) _run_loop /opt/stack/data/venv/lib/python3.12/site-packages/oslo_service/backend/_threading/loopingcall.py:125}}
Aug 05 14:35:30.681705 np0000006572 nova-conductor[95861]: DEBUG oslo.service.backend._threading.loopingcall [-] Fixed interval looping call 'nova.servicegroup.drivers.db.DbDriver._report_state' sleeping for 119.99 seconds {{(pid=95861) _run_loop /opt/stack/data/venv/lib/python3.12/site-packages/oslo_service/backend/_threading/loopingcall.py:125}}
Aug 05 14:35:30.700224 np0000006572 nova-conductor[95885]: DEBUG oslo.service.backend._threading.loopingcall [-] Fixed interval looping call 'nova.servicegroup.drivers.db.DbDriver._report_state' sleeping for 119.99 seconds {{(pid=95885) _run_loop /opt/stack/data/venv/lib/python3.12/site-packages/oslo_service/backend/_threading/loopingcall.py:125}}
Aug 05 14:35:34.268008 np0000006572 nova-conductor[94408]: DEBUG dbcounter [-] [94408] Writing DB stats nova_api:SELECT=1 {{(pid=94408) stat_writer /opt/stack/data/venv/lib/python3.12/site-packages/dbcounter.py:115}}
Aug 05 14:35:34.383202 np0000006572 nova-conductor[94408]: DEBUG dbcounter [-] [94408] Writing DB stats nova_cell0:SELECT=1 {{(pid=94408) stat_writer /opt/stack/data/venv/lib/python3.12/site-packages/dbcounter.py:115}}
Aug 05 14:35:34.389114 np0000006572 nova-conductor[94408]: DEBUG dbcounter [-] [94408] Writing DB stats nova_cell1:SELECT=1 {{(pid=94408) stat_writer /opt/stack/data/venv/lib/python3.12/site-packages/dbcounter.py:115}}
Aug 05 14:35:40.676303 np0000006572 nova-conductor[95873]: DEBUG dbcounter [-] [95873] Writing DB stats nova_cell0:SELECT=4,nova_cell0:INSERT=1,nova_cell0:UPDATE=1 {{(pid=95873) stat_writer /opt/stack/data/venv/lib/python3.12/site-packages/dbcounter.py:115}}
Aug 05 14:35:40.680102 np0000006572 nova-conductor[95861]: DEBUG dbcounter [-] [95861] Writing DB stats nova_cell0:SELECT=5,nova_cell0:INSERT=1,nova_cell0:UPDATE=1 {{(pid=95861) stat_writer /opt/stack/data/venv/lib/python3.12/site-packages/dbcounter.py:115}}
Aug 05 14:35:40.696130 np0000006572 nova-conductor[95885]: DEBUG dbcounter [-] [95885] Writing DB stats nova_cell0:SELECT=3 {{(pid=95885) stat_writer /opt/stack/data/venv/lib/python3.12/site-packages/dbcounter.py:115}}
Aug 05 14:35:46.690779 np0000006572 nova-conductor[95885]: DEBUG oslo.service.backend._threading.loopingcall [None req-4f09c839-bbc9-4d02-9a0b-b7f3f47bfbde None None] Dynamic interval looping call 'nova.service.Service.periodic_tasks' sleeping for 60.00 seconds {{(pid=95885) _run_loop /opt/stack/data/venv/lib/python3.12/site-packages/oslo_service/backend/_threading/loopingcall.py:125}}
Aug 05 14:36:06.672812 np0000006572 nova-conductor[95861]: DEBUG oslo.service.backend._threading.loopingcall [None req-0c6b1e86-3893-46c9-b08c-bf7e1ee207de None None] Dynamic interval looping call 'nova.service.Service.periodic_tasks' sleeping for 60.00 seconds {{(pid=95861) _run_loop /opt/stack/data/venv/lib/python3.12/site-packages/oslo_service/backend/_threading/loopingcall.py:125}}
Aug 05 14:36:25.670678 np0000006572 nova-conductor[95873]: DEBUG oslo.service.backend._threading.loopingcall [None req-be0e9f0d-f523-4cee-837b-a59419ec3e0d None None] Dynamic interval looping call 'nova.service.Service.periodic_tasks' sleeping for 60.00 seconds {{(pid=95873) _run_loop /opt/stack/data/venv/lib/python3.12/site-packages/oslo_service/backend/_threading/loopingcall.py:125}}
Aug 05 14:36:46.691366 np0000006572 nova-conductor[95885]: DEBUG oslo.service.backend._threading.loopingcall [None req-4f09c839-bbc9-4d02-9a0b-b7f3f47bfbde None None] Dynamic interval looping call 'nova.service.Service.periodic_tasks' sleeping for 60.00 seconds {{(pid=95885) _run_loop /opt/stack/data/venv/lib/python3.12/site-packages/oslo_service/backend/_threading/loopingcall.py:125}}
Aug 05 14:37:06.673308 np0000006572 nova-conductor[95861]: DEBUG oslo.service.backend._threading.loopingcall [None req-0c6b1e86-3893-46c9-b08c-bf7e1ee207de None None] Dynamic interval looping call 'nova.service.Service.periodic_tasks' sleeping for 60.00 seconds {{(pid=95861) _run_loop /opt/stack/data/venv/lib/python3.12/site-packages/oslo_service/backend/_threading/loopingcall.py:125}}
Aug 05 14:37:25.671143 np0000006572 nova-conductor[95873]: DEBUG oslo.service.backend._threading.loopingcall [None req-be0e9f0d-f523-4cee-837b-a59419ec3e0d None None] Dynamic interval looping call 'nova.service.Service.periodic_tasks' sleeping for 60.00 seconds {{(pid=95873) _run_loop /opt/stack/data/venv/lib/python3.12/site-packages/oslo_service/backend/_threading/loopingcall.py:125}}
Aug 05 14:37:30.678149 np0000006572 nova-conductor[95873]: DEBUG oslo.service.backend._threading.loopingcall [-] Fixed interval looping call 'nova.servicegroup.drivers.db.DbDriver._report_state' sleeping for 119.99 seconds {{(pid=95873) _run_loop /opt/stack/data/venv/lib/python3.12/site-packages/oslo_service/backend/_threading/loopingcall.py:125}}
Aug 05 14:37:30.678755 np0000006572 nova-conductor[95861]: DEBUG oslo.service.backend._threading.loopingcall [-] Fixed interval looping call 'nova.servicegroup.drivers.db.DbDriver._report_state' sleeping for 119.99 seconds {{(pid=95861) _run_loop /opt/stack/data/venv/lib/python3.12/site-packages/oslo_service/backend/_threading/loopingcall.py:125}}
Aug 05 14:37:30.695377 np0000006572 nova-conductor[95885]: DEBUG oslo.service.backend._threading.loopingcall [-] Fixed interval looping call 'nova.servicegroup.drivers.db.DbDriver._report_state' sleeping for 120.00 seconds {{(pid=95885) _run_loop /opt/stack/data/venv/lib/python3.12/site-packages/oslo_service/backend/_threading/loopingcall.py:125}}
Aug 05 14:37:40.673220 np0000006572 nova-conductor[95873]: DEBUG dbcounter [-] [95873] Writing DB stats nova_cell0:SELECT=1,nova_cell0:UPDATE=1 {{(pid=95873) stat_writer /opt/stack/data/venv/lib/python3.12/site-packages/dbcounter.py:115}}
Aug 05 14:37:40.674892 np0000006572 nova-conductor[95861]: DEBUG dbcounter [-] [95861] Writing DB stats nova_cell0:SELECT=1,nova_cell0:UPDATE=1 {{(pid=95861) stat_writer /opt/stack/data/venv/lib/python3.12/site-packages/dbcounter.py:115}}
Aug 05 14:37:40.692786 np0000006572 nova-conductor[95885]: DEBUG dbcounter [-] [95885] Writing DB stats nova_cell0:SELECT=1 {{(pid=95885) stat_writer /opt/stack/data/venv/lib/python3.12/site-packages/dbcounter.py:115}}
Aug 05 14:37:45.010022 np0000006572 nova-conductor[95873]: DEBUG oslo_db.sqlalchemy.engines [None req-19757808-7020-46d3-8186-551f0364ae58 tempest-DeleteServersTestJSON-1738692691 tempest-DeleteServersTestJSON-1738692691-project-member] Parent process 94408 forked (95873) with an open database connection, which is being discarded and recreated. {{(pid=95873) checkout /opt/stack/data/venv/lib/python3.12/site-packages/oslo_db/sqlalchemy/engines.py:402}}
Aug 05 14:37:45.063671 np0000006572 nova-conductor[95873]: DEBUG dbcounter [-] [95873] Writer thread running {{(pid=95873) stat_writer /opt/stack/data/venv/lib/python3.12/site-packages/dbcounter.py:102}}
Aug 05 14:37:46.029177 np0000006572 nova-conductor[95873]: DEBUG nova.conductor.manager [None req-19757808-7020-46d3-8186-551f0364ae58 tempest-DeleteServersTestJSON-1738692691 tempest-DeleteServersTestJSON-1738692691-project-member] Took 0.96 seconds to select destinations for 1 instance(s). {{(pid=95873) _schedule_instances /opt/stack/nova/nova/conductor/manager.py:968}}
Aug 05 14:37:46.054142 np0000006572 nova-conductor[95873]: DEBUG oslo_concurrency.lockutils [None req-19757808-7020-46d3-8186-551f0364ae58 tempest-DeleteServersTestJSON-1738692691 tempest-DeleteServersTestJSON-1738692691-project-member] Acquiring lock "47ab2f7e-28b1-47ab-8b38-baad7c089d6a" by "nova.context.set_target_cell..get_or_set_cached_cell_and_set_connections" {{(pid=95873) inner /opt/stack/data/venv/lib/python3.12/site-packages/oslo_concurrency/lockutils.py:512}}
Aug 05 14:37:46.054142 np0000006572 nova-conductor[95873]: DEBUG oslo_concurrency.lockutils [None req-19757808-7020-46d3-8186-551f0364ae58 tempest-DeleteServersTestJSON-1738692691 tempest-DeleteServersTestJSON-1738692691-project-member] Lock "47ab2f7e-28b1-47ab-8b38-baad7c089d6a" acquired by "nova.context.set_target_cell..get_or_set_cached_cell_and_set_connections" :: waited 0.000s {{(pid=95873) inner /opt/stack/data/venv/lib/python3.12/site-packages/oslo_concurrency/lockutils.py:525}}
Aug 05 14:37:46.054142 np0000006572 nova-conductor[95873]: DEBUG oslo_concurrency.lockutils [None req-19757808-7020-46d3-8186-551f0364ae58 tempest-DeleteServersTestJSON-1738692691 tempest-DeleteServersTestJSON-1738692691-project-member] Lock "47ab2f7e-28b1-47ab-8b38-baad7c089d6a" "released" by "nova.context.set_target_cell..get_or_set_cached_cell_and_set_connections" :: held 0.001s {{(pid=95873) inner /opt/stack/data/venv/lib/python3.12/site-packages/oslo_concurrency/lockutils.py:544}}
Aug 05 14:37:46.055818 np0000006572 nova-conductor[95873]: INFO dbcounter [None req-19757808-7020-46d3-8186-551f0364ae58 tempest-DeleteServersTestJSON-1738692691 tempest-DeleteServersTestJSON-1738692691-project-member] Registered counter for database nova_cell1
Aug 05 14:37:46.090860 np0000006572 nova-conductor[95873]: DEBUG oslo_db.sqlalchemy.engines [None req-19757808-7020-46d3-8186-551f0364ae58 tempest-DeleteServersTestJSON-1738692691 tempest-DeleteServersTestJSON-1738692691-project-member] MySQL server mode set to STRICT_TRANS_TABLES,STRICT_ALL_TABLES,NO_ZERO_IN_DATE,NO_ZERO_DATE,ERROR_FOR_DIVISION_BY_ZERO,TRADITIONAL,NO_ENGINE_SUBSTITUTION {{(pid=95873) _check_effective_sql_mode /opt/stack/data/venv/lib/python3.12/site-packages/oslo_db/sqlalchemy/engines.py:325}}
Aug 05 14:37:46.097232 np0000006572 nova-conductor[95873]: DEBUG dbcounter [-] [95873] Writer thread running {{(pid=95873) stat_writer /opt/stack/data/venv/lib/python3.12/site-packages/dbcounter.py:102}}
Aug 05 14:37:46.151978 np0000006572 nova-conductor[95873]: INFO nova.utils [None req-19757808-7020-46d3-8186-551f0364ae58 tempest-DeleteServersTestJSON-1738692691 tempest-DeleteServersTestJSON-1738692691-project-member] The cell worker thread pool ForkProcess-2.cell_worker is initialized
Aug 05 14:37:46.152315 np0000006572 nova-conductor[95873]: DEBUG oslo_concurrency.lockutils [None req-19757808-7020-46d3-8186-551f0364ae58 tempest-DeleteServersTestJSON-1738692691 tempest-DeleteServersTestJSON-1738692691-project-member] Acquiring lock "00000000-0000-0000-0000-000000000000" by "nova.context.set_target_cell..get_or_set_cached_cell_and_set_connections" {{(pid=95873) inner /opt/stack/data/venv/lib/python3.12/site-packages/oslo_concurrency/lockutils.py:512}}
Aug 05 14:37:46.152496 np0000006572 nova-conductor[95873]: DEBUG oslo_concurrency.lockutils [None req-19757808-7020-46d3-8186-551f0364ae58 tempest-DeleteServersTestJSON-1738692691 tempest-DeleteServersTestJSON-1738692691-project-member] Lock "00000000-0000-0000-0000-000000000000" acquired by "nova.context.set_target_cell..get_or_set_cached_cell_and_set_connections" :: waited 0.000s {{(pid=95873) inner /opt/stack/data/venv/lib/python3.12/site-packages/oslo_concurrency/lockutils.py:525}}
Aug 05 14:37:46.152920 np0000006572 nova-conductor[95873]: DEBUG oslo_concurrency.lockutils [None req-19757808-7020-46d3-8186-551f0364ae58 tempest-DeleteServersTestJSON-1738692691 tempest-DeleteServersTestJSON-1738692691-project-member] Lock "00000000-0000-0000-0000-000000000000" "released" by "nova.context.set_target_cell..get_or_set_cached_cell_and_set_connections" :: held 0.000s {{(pid=95873) inner /opt/stack/data/venv/lib/python3.12/site-packages/oslo_concurrency/lockutils.py:544}}
Aug 05 14:37:46.153612 np0000006572 nova-conductor[95873]: DEBUG oslo_concurrency.lockutils [None req-19757808-7020-46d3-8186-551f0364ae58 tempest-DeleteServersTestJSON-1738692691 tempest-DeleteServersTestJSON-1738692691-project-member] Acquiring lock "47ab2f7e-28b1-47ab-8b38-baad7c089d6a" by "nova.context.set_target_cell..get_or_set_cached_cell_and_set_connections" {{(pid=95873) inner /opt/stack/data/venv/lib/python3.12/site-packages/oslo_concurrency/lockutils.py:512}}
Aug 05 14:37:46.154675 np0000006572 nova-conductor[95873]: INFO dbcounter [None req-19757808-7020-46d3-8186-551f0364ae58 tempest-DeleteServersTestJSON-1738692691 tempest-DeleteServersTestJSON-1738692691-project-member] Registered counter for database nova_cell0
Aug 05 14:37:46.155755 np0000006572 nova-conductor[95873]: DEBUG oslo_concurrency.lockutils [None req-19757808-7020-46d3-8186-551f0364ae58 tempest-DeleteServersTestJSON-1738692691 tempest-DeleteServersTestJSON-1738692691-project-member] Lock "47ab2f7e-28b1-47ab-8b38-baad7c089d6a" acquired by "nova.context.set_target_cell..get_or_set_cached_cell_and_set_connections" :: waited 0.001s {{(pid=95873) inner /opt/stack/data/venv/lib/python3.12/site-packages/oslo_concurrency/lockutils.py:525}}
Aug 05 14:37:46.155906 np0000006572 nova-conductor[95873]: DEBUG oslo_concurrency.lockutils [None req-19757808-7020-46d3-8186-551f0364ae58 tempest-DeleteServersTestJSON-1738692691 tempest-DeleteServersTestJSON-1738692691-project-member] Lock "47ab2f7e-28b1-47ab-8b38-baad7c089d6a" "released" by "nova.context.set_target_cell..get_or_set_cached_cell_and_set_connections" :: held 0.001s {{(pid=95873) inner /opt/stack/data/venv/lib/python3.12/site-packages/oslo_concurrency/lockutils.py:544}}
Aug 05 14:37:46.186686 np0000006572 nova-conductor[95873]: DEBUG oslo_db.sqlalchemy.engines [None req-19757808-7020-46d3-8186-551f0364ae58 tempest-DeleteServersTestJSON-1738692691 tempest-DeleteServersTestJSON-1738692691-project-member] MySQL server mode set to STRICT_TRANS_TABLES,STRICT_ALL_TABLES,NO_ZERO_IN_DATE,NO_ZERO_DATE,ERROR_FOR_DIVISION_BY_ZERO,TRADITIONAL,NO_ENGINE_SUBSTITUTION {{(pid=95873) _check_effective_sql_mode /opt/stack/data/venv/lib/python3.12/site-packages/oslo_db/sqlalchemy/engines.py:325}}
Aug 05 14:37:46.193406 np0000006572 nova-conductor[95873]: DEBUG dbcounter [-] [95873] Writer thread running {{(pid=95873) stat_writer /opt/stack/data/venv/lib/python3.12/site-packages/dbcounter.py:102}}
Aug 05 14:37:46.205615 np0000006572 nova-conductor[95873]: DEBUG nova.quota [None req-19757808-7020-46d3-8186-551f0364ae58 tempest-DeleteServersTestJSON-1738692691 tempest-DeleteServersTestJSON-1738692691-project-member] Getting quotas for project c094ccb7368e40eebbd1d987ebeb402d. Resources: {'instances', 'cores', 'ram'} {{(pid=95873) _get_quotas /opt/stack/nova/nova/quota.py:389}}
Aug 05 14:37:46.209655 np0000006572 nova-conductor[95873]: DEBUG nova.quota [None req-19757808-7020-46d3-8186-551f0364ae58 tempest-DeleteServersTestJSON-1738692691 tempest-DeleteServersTestJSON-1738692691-project-member] Getting quotas for user 38e9ec045be44a228c4b6098b9715c39 and project c094ccb7368e40eebbd1d987ebeb402d. Resources: {'instances', 'cores', 'ram'} {{(pid=95873) _get_quotas /opt/stack/nova/nova/quota.py:379}}
Aug 05 14:37:46.220130 np0000006572 nova-conductor[95873]: DEBUG nova.conductor.manager [None req-19757808-7020-46d3-8186-551f0364ae58 tempest-DeleteServersTestJSON-1738692691 tempest-DeleteServersTestJSON-1738692691-project-member] [instance: e157fb55-2c4a-4c1d-97b0-aa9aedbec31b] Selected host: np0000006572; Selected node: np0000006572; Alternates: [] {{(pid=95873) schedule_and_build_instances /opt/stack/nova/nova/conductor/manager.py:1784}}
Aug 05 14:37:46.220648 np0000006572 nova-conductor[95873]: DEBUG oslo_concurrency.lockutils [None req-19757808-7020-46d3-8186-551f0364ae58 tempest-DeleteServersTestJSON-1738692691 tempest-DeleteServersTestJSON-1738692691-project-member] Acquiring lock "47ab2f7e-28b1-47ab-8b38-baad7c089d6a" by "nova.context.set_target_cell..get_or_set_cached_cell_and_set_connections" {{(pid=95873) inner /opt/stack/data/venv/lib/python3.12/site-packages/oslo_concurrency/lockutils.py:512}}
Aug 05 14:37:46.220831 np0000006572 nova-conductor[95873]: DEBUG oslo_concurrency.lockutils [None req-19757808-7020-46d3-8186-551f0364ae58 tempest-DeleteServersTestJSON-1738692691 tempest-DeleteServersTestJSON-1738692691-project-member] Lock "47ab2f7e-28b1-47ab-8b38-baad7c089d6a" acquired by "nova.context.set_target_cell..get_or_set_cached_cell_and_set_connections" :: waited 0.000s {{(pid=95873) inner /opt/stack/data/venv/lib/python3.12/site-packages/oslo_concurrency/lockutils.py:525}}
Aug 05 14:37:46.220942 np0000006572 nova-conductor[95873]: DEBUG oslo_concurrency.lockutils [None req-19757808-7020-46d3-8186-551f0364ae58 tempest-DeleteServersTestJSON-1738692691 tempest-DeleteServersTestJSON-1738692691-project-member] Lock "47ab2f7e-28b1-47ab-8b38-baad7c089d6a" "released" by "nova.context.set_target_cell..get_or_set_cached_cell_and_set_connections" :: held 0.000s {{(pid=95873) inner /opt/stack/data/venv/lib/python3.12/site-packages/oslo_concurrency/lockutils.py:544}}
Aug 05 14:37:46.236352 np0000006572 nova-conductor[95873]: DEBUG nova.conductor.manager [None req-19757808-7020-46d3-8186-551f0364ae58 tempest-DeleteServersTestJSON-1738692691 tempest-DeleteServersTestJSON-1738692691-project-member] [instance: e157fb55-2c4a-4c1d-97b0-aa9aedbec31b] block_device_mapping [BlockDeviceMapping(attachment_id=,boot_index=0,connection_info=None,created_at=,delete_on_termination=True,deleted=,deleted_at=,destination_type='local',device_name=None,device_type='disk',disk_bus=None,encrypted=False,encryption_format=None,encryption_options=None,encryption_secret_uuid=None,guest_format=None,id=,image_id='7c0160e9-edd0-487d-a3c5-2dd8460eaf0a',instance=,instance_uuid=,no_device=False,snapshot_id=None,source_type='image',tag=None,updated_at=,uuid=,volume_id=None,volume_size=None,volume_type=None)] {{(pid=95873) _create_block_device_mapping /opt/stack/nova/nova/conductor/manager.py:1529}}
Aug 05 14:37:46.237911 np0000006572 nova-conductor[95873]: DEBUG oslo_concurrency.lockutils [None req-19757808-7020-46d3-8186-551f0364ae58 tempest-DeleteServersTestJSON-1738692691 tempest-DeleteServersTestJSON-1738692691-project-member] Acquiring lock "47ab2f7e-28b1-47ab-8b38-baad7c089d6a" by "nova.context.set_target_cell..get_or_set_cached_cell_and_set_connections" {{(pid=95873) inner /opt/stack/data/venv/lib/python3.12/site-packages/oslo_concurrency/lockutils.py:512}}
Aug 05 14:37:46.238152 np0000006572 nova-conductor[95873]: DEBUG oslo_concurrency.lockutils [None req-19757808-7020-46d3-8186-551f0364ae58 tempest-DeleteServersTestJSON-1738692691 tempest-DeleteServersTestJSON-1738692691-project-member] Lock "47ab2f7e-28b1-47ab-8b38-baad7c089d6a" acquired by "nova.context.set_target_cell..get_or_set_cached_cell_and_set_connections" :: waited 0.000s {{(pid=95873) inner /opt/stack/data/venv/lib/python3.12/site-packages/oslo_concurrency/lockutils.py:525}}
Aug 05 14:37:46.238328 np0000006572 nova-conductor[95873]: DEBUG oslo_concurrency.lockutils [None req-19757808-7020-46d3-8186-551f0364ae58 tempest-DeleteServersTestJSON-1738692691 tempest-DeleteServersTestJSON-1738692691-project-member] Lock "47ab2f7e-28b1-47ab-8b38-baad7c089d6a" "released" by "nova.context.set_target_cell..get_or_set_cached_cell_and_set_connections" :: held 0.000s {{(pid=95873) inner /opt/stack/data/venv/lib/python3.12/site-packages/oslo_concurrency/lockutils.py:544}}
Aug 05 14:37:46.276950 np0000006572 nova-conductor[95873]: DEBUG oslo_concurrency.lockutils [None req-19757808-7020-46d3-8186-551f0364ae58 tempest-DeleteServersTestJSON-1738692691 tempest-DeleteServersTestJSON-1738692691-project-member] Acquiring lock "47ab2f7e-28b1-47ab-8b38-baad7c089d6a" by "nova.context.set_target_cell..get_or_set_cached_cell_and_set_connections" {{(pid=95873) inner /opt/stack/data/venv/lib/python3.12/site-packages/oslo_concurrency/lockutils.py:512}}
Aug 05 14:37:46.277198 np0000006572 nova-conductor[95873]: DEBUG oslo_concurrency.lockutils [None req-19757808-7020-46d3-8186-551f0364ae58 tempest-DeleteServersTestJSON-1738692691 tempest-DeleteServersTestJSON-1738692691-project-member] Lock "47ab2f7e-28b1-47ab-8b38-baad7c089d6a" acquired by "nova.context.set_target_cell..get_or_set_cached_cell_and_set_connections" :: waited 0.000s {{(pid=95873) inner /opt/stack/data/venv/lib/python3.12/site-packages/oslo_concurrency/lockutils.py:525}}
Aug 05 14:37:46.277369 np0000006572 nova-conductor[95873]: DEBUG oslo_concurrency.lockutils [None req-19757808-7020-46d3-8186-551f0364ae58 tempest-DeleteServersTestJSON-1738692691 tempest-DeleteServersTestJSON-1738692691-project-member] Lock "47ab2f7e-28b1-47ab-8b38-baad7c089d6a" "released" by "nova.context.set_target_cell..get_or_set_cached_cell_and_set_connections" :: held 0.000s {{(pid=95873) inner /opt/stack/data/venv/lib/python3.12/site-packages/oslo_concurrency/lockutils.py:544}}
Aug 05 14:37:46.277647 np0000006572 nova-conductor[95873]: DEBUG oslo_concurrency.lockutils [None req-19757808-7020-46d3-8186-551f0364ae58 tempest-DeleteServersTestJSON-1738692691 tempest-DeleteServersTestJSON-1738692691-project-member] Acquiring lock "compute-rpcapi-router" {{(pid=95873) lock /opt/stack/data/venv/lib/python3.12/site-packages/oslo_concurrency/lockutils.py:396}}
Aug 05 14:37:46.277779 np0000006572 nova-conductor[95873]: DEBUG oslo_concurrency.lockutils [None req-19757808-7020-46d3-8186-551f0364ae58 tempest-DeleteServersTestJSON-1738692691 tempest-DeleteServersTestJSON-1738692691-project-member] Acquired lock "compute-rpcapi-router" {{(pid=95873) lock /opt/stack/data/venv/lib/python3.12/site-packages/oslo_concurrency/lockutils.py:399}}
Aug 05 14:37:46.278280 np0000006572 nova-conductor[95873]: DEBUG oslo_concurrency.lockutils [None req-83605671-fe04-4028-9de0-7115f43ace02 None None] Acquiring lock "00000000-0000-0000-0000-000000000000" by "nova.context.set_target_cell..get_or_set_cached_cell_and_set_connections" {{(pid=95873) inner /opt/stack/data/venv/lib/python3.12/site-packages/oslo_concurrency/lockutils.py:512}}
Aug 05 14:37:46.278405 np0000006572 nova-conductor[95873]: DEBUG oslo_concurrency.lockutils [None req-83605671-fe04-4028-9de0-7115f43ace02 None None] Lock "00000000-0000-0000-0000-000000000000" acquired by "nova.context.set_target_cell..get_or_set_cached_cell_and_set_connections" :: waited 0.000s {{(pid=95873) inner /opt/stack/data/venv/lib/python3.12/site-packages/oslo_concurrency/lockutils.py:525}}
Aug 05 14:37:46.278576 np0000006572 nova-conductor[95873]: DEBUG oslo_concurrency.lockutils [None req-83605671-fe04-4028-9de0-7115f43ace02 None None] Lock "00000000-0000-0000-0000-000000000000" "released" by "nova.context.set_target_cell..get_or_set_cached_cell_and_set_connections" :: held 0.000s {{(pid=95873) inner /opt/stack/data/venv/lib/python3.12/site-packages/oslo_concurrency/lockutils.py:544}}
Aug 05 14:37:46.279738 np0000006572 nova-conductor[95873]: DEBUG oslo_concurrency.lockutils [None req-83605671-fe04-4028-9de0-7115f43ace02 None None] Acquiring lock "47ab2f7e-28b1-47ab-8b38-baad7c089d6a" by "nova.context.set_target_cell..get_or_set_cached_cell_and_set_connections" {{(pid=95873) inner /opt/stack/data/venv/lib/python3.12/site-packages/oslo_concurrency/lockutils.py:512}}
Aug 05 14:37:46.279738 np0000006572 nova-conductor[95873]: DEBUG oslo_concurrency.lockutils [None req-83605671-fe04-4028-9de0-7115f43ace02 None None] Lock "47ab2f7e-28b1-47ab-8b38-baad7c089d6a" acquired by "nova.context.set_target_cell..get_or_set_cached_cell_and_set_connections" :: waited 0.000s {{(pid=95873) inner /opt/stack/data/venv/lib/python3.12/site-packages/oslo_concurrency/lockutils.py:525}}
Aug 05 14:37:46.279738 np0000006572 nova-conductor[95873]: DEBUG oslo_concurrency.lockutils [None req-83605671-fe04-4028-9de0-7115f43ace02 None None] Lock "47ab2f7e-28b1-47ab-8b38-baad7c089d6a" "released" by "nova.context.set_target_cell..get_or_set_cached_cell_and_set_connections" :: held 0.000s {{(pid=95873) inner /opt/stack/data/venv/lib/python3.12/site-packages/oslo_concurrency/lockutils.py:544}}
Aug 05 14:37:46.287601 np0000006572 nova-conductor[95873]: INFO nova.compute.rpcapi [None req-83605671-fe04-4028-9de0-7115f43ace02 None None] Automatically selected compute RPC version 6.5 from minimum service version 72
Aug 05 14:37:46.287934 np0000006572 nova-conductor[95873]: DEBUG oslo_concurrency.lockutils [None req-83605671-fe04-4028-9de0-7115f43ace02 None None] Releasing lock "compute-rpcapi-router" {{(pid=95873) lock /opt/stack/data/venv/lib/python3.12/site-packages/oslo_concurrency/lockutils.py:419}}
Aug 05 14:37:46.559788 np0000006572 nova-conductor[95861]: DEBUG dbcounter [-] [95861] Writer thread running {{(pid=95861) stat_writer /opt/stack/data/venv/lib/python3.12/site-packages/dbcounter.py:102}}
Aug 05 14:37:46.692966 np0000006572 nova-conductor[95885]: DEBUG oslo.service.backend._threading.loopingcall [None req-4f09c839-bbc9-4d02-9a0b-b7f3f47bfbde None None] Dynamic interval looping call 'nova.service.Service.periodic_tasks' sleeping for 60.00 seconds {{(pid=95885) _run_loop /opt/stack/data/venv/lib/python3.12/site-packages/oslo_service/backend/_threading/loopingcall.py:125}}
Aug 05 14:37:47.056653 np0000006572 nova-conductor[95861]: DEBUG nova.conductor.manager [None req-3ed4136d-9c2f-42df-9274-1413e548c769 tempest-ServerBootFromVolumeStableRescueTest-1545334928 tempest-ServerBootFromVolumeStableRescueTest-1545334928-project-member] Took 0.50 seconds to select destinations for 1 instance(s). {{(pid=95861) _schedule_instances /opt/stack/nova/nova/conductor/manager.py:968}}
Aug 05 14:37:47.083335 np0000006572 nova-conductor[95861]: DEBUG oslo_concurrency.lockutils [None req-3ed4136d-9c2f-42df-9274-1413e548c769 tempest-ServerBootFromVolumeStableRescueTest-1545334928 tempest-ServerBootFromVolumeStableRescueTest-1545334928-project-member] Acquiring lock "47ab2f7e-28b1-47ab-8b38-baad7c089d6a" by "nova.context.set_target_cell..get_or_set_cached_cell_and_set_connections" {{(pid=95861) inner /opt/stack/data/venv/lib/python3.12/site-packages/oslo_concurrency/lockutils.py:512}}
Aug 05 14:37:47.083599 np0000006572 nova-conductor[95861]: DEBUG oslo_concurrency.lockutils [None req-3ed4136d-9c2f-42df-9274-1413e548c769 tempest-ServerBootFromVolumeStableRescueTest-1545334928 tempest-ServerBootFromVolumeStableRescueTest-1545334928-project-member] Lock "47ab2f7e-28b1-47ab-8b38-baad7c089d6a" acquired by "nova.context.set_target_cell..get_or_set_cached_cell_and_set_connections" :: waited 0.000s {{(pid=95861) inner /opt/stack/data/venv/lib/python3.12/site-packages/oslo_concurrency/lockutils.py:525}}
Aug 05 14:37:47.085288 np0000006572 nova-conductor[95861]: DEBUG oslo_concurrency.lockutils [None req-3ed4136d-9c2f-42df-9274-1413e548c769 tempest-ServerBootFromVolumeStableRescueTest-1545334928 tempest-ServerBootFromVolumeStableRescueTest-1545334928-project-member] Lock "47ab2f7e-28b1-47ab-8b38-baad7c089d6a" "released" by "nova.context.set_target_cell..get_or_set_cached_cell_and_set_connections" :: held 0.002s {{(pid=95861) inner /opt/stack/data/venv/lib/python3.12/site-packages/oslo_concurrency/lockutils.py:544}}
Aug 05 14:37:47.087078 np0000006572 nova-conductor[95861]: INFO dbcounter [None req-3ed4136d-9c2f-42df-9274-1413e548c769 tempest-ServerBootFromVolumeStableRescueTest-1545334928 tempest-ServerBootFromVolumeStableRescueTest-1545334928-project-member] Registered counter for database nova_cell1
Aug 05 14:37:47.122317 np0000006572 nova-conductor[95861]: DEBUG oslo_db.sqlalchemy.engines [None req-3ed4136d-9c2f-42df-9274-1413e548c769 tempest-ServerBootFromVolumeStableRescueTest-1545334928 tempest-ServerBootFromVolumeStableRescueTest-1545334928-project-member] MySQL server mode set to STRICT_TRANS_TABLES,STRICT_ALL_TABLES,NO_ZERO_IN_DATE,NO_ZERO_DATE,ERROR_FOR_DIVISION_BY_ZERO,TRADITIONAL,NO_ENGINE_SUBSTITUTION {{(pid=95861) _check_effective_sql_mode /opt/stack/data/venv/lib/python3.12/site-packages/oslo_db/sqlalchemy/engines.py:325}}
Aug 05 14:37:47.129958 np0000006572 nova-conductor[95861]: DEBUG dbcounter [-] [95861] Writer thread running {{(pid=95861) stat_writer /opt/stack/data/venv/lib/python3.12/site-packages/dbcounter.py:102}}
Aug 05 14:37:47.174141 np0000006572 nova-conductor[95861]: INFO nova.utils [None req-3ed4136d-9c2f-42df-9274-1413e548c769 tempest-ServerBootFromVolumeStableRescueTest-1545334928 tempest-ServerBootFromVolumeStableRescueTest-1545334928-project-member] The cell worker thread pool ForkProcess-1.cell_worker is initialized
Aug 05 14:37:47.174425 np0000006572 nova-conductor[95861]: DEBUG oslo_concurrency.lockutils [None req-3ed4136d-9c2f-42df-9274-1413e548c769 tempest-ServerBootFromVolumeStableRescueTest-1545334928 tempest-ServerBootFromVolumeStableRescueTest-1545334928-project-member] Acquiring lock "00000000-0000-0000-0000-000000000000" by "nova.context.set_target_cell..get_or_set_cached_cell_and_set_connections" {{(pid=95861) inner /opt/stack/data/venv/lib/python3.12/site-packages/oslo_concurrency/lockutils.py:512}}
Aug 05 14:37:47.174525 np0000006572 nova-conductor[95861]: DEBUG oslo_concurrency.lockutils [None req-3ed4136d-9c2f-42df-9274-1413e548c769 tempest-ServerBootFromVolumeStableRescueTest-1545334928 tempest-ServerBootFromVolumeStableRescueTest-1545334928-project-member] Lock "00000000-0000-0000-0000-000000000000" acquired by "nova.context.set_target_cell..get_or_set_cached_cell_and_set_connections" :: waited 0.000s {{(pid=95861) inner /opt/stack/data/venv/lib/python3.12/site-packages/oslo_concurrency/lockutils.py:525}}
Aug 05 14:37:47.175022 np0000006572 nova-conductor[95861]: DEBUG oslo_concurrency.lockutils [None req-3ed4136d-9c2f-42df-9274-1413e548c769 tempest-ServerBootFromVolumeStableRescueTest-1545334928 tempest-ServerBootFromVolumeStableRescueTest-1545334928-project-member] Lock "00000000-0000-0000-0000-000000000000" "released" by "nova.context.set_target_cell..get_or_set_cached_cell_and_set_connections" :: held 0.000s {{(pid=95861) inner /opt/stack/data/venv/lib/python3.12/site-packages/oslo_concurrency/lockutils.py:544}}
Aug 05 14:37:47.175769 np0000006572 nova-conductor[95861]: DEBUG oslo_concurrency.lockutils [None req-3ed4136d-9c2f-42df-9274-1413e548c769 tempest-ServerBootFromVolumeStableRescueTest-1545334928 tempest-ServerBootFromVolumeStableRescueTest-1545334928-project-member] Acquiring lock "47ab2f7e-28b1-47ab-8b38-baad7c089d6a" by "nova.context.set_target_cell..get_or_set_cached_cell_and_set_connections" {{(pid=95861) inner /opt/stack/data/venv/lib/python3.12/site-packages/oslo_concurrency/lockutils.py:512}}
Aug 05 14:37:47.176036 np0000006572 nova-conductor[95861]: DEBUG oslo_concurrency.lockutils [None req-3ed4136d-9c2f-42df-9274-1413e548c769 tempest-ServerBootFromVolumeStableRescueTest-1545334928 tempest-ServerBootFromVolumeStableRescueTest-1545334928-project-member] Lock "47ab2f7e-28b1-47ab-8b38-baad7c089d6a" acquired by "nova.context.set_target_cell..get_or_set_cached_cell_and_set_connections" :: waited 0.000s {{(pid=95861) inner /opt/stack/data/venv/lib/python3.12/site-packages/oslo_concurrency/lockutils.py:525}}
Aug 05 14:37:47.176204 np0000006572 nova-conductor[95861]: DEBUG oslo_concurrency.lockutils [None req-3ed4136d-9c2f-42df-9274-1413e548c769 tempest-ServerBootFromVolumeStableRescueTest-1545334928 tempest-ServerBootFromVolumeStableRescueTest-1545334928-project-member] Lock "47ab2f7e-28b1-47ab-8b38-baad7c089d6a" "released" by "nova.context.set_target_cell..get_or_set_cached_cell_and_set_connections" :: held 0.000s {{(pid=95861) inner /opt/stack/data/venv/lib/python3.12/site-packages/oslo_concurrency/lockutils.py:544}}
