Jun 01 08:32:59.773883 np0000001838 devstack@g-api.service[101914]: INFO glance.location [None req-dfdcfd8b-77c8-4f2c-b664-5f05469c1c71 tempest-TestInstancesWithCinderVolumes-772050652 tempest-TestInstancesWithCinderVolumes-772050652-project-member] Image format matched and virtual size computed: 117440512
Jun 01 08:32:59.795656 np0000001838 devstack@g-api.service[101912]: DEBUG glance.api.middleware.version_negotiation [None req-fd08d3b6-2dc2-4b57-aa7b-114e9d5ac089 tempest-AttachVolumeShelveTestJSON-1551771599 tempest-AttachVolumeShelveTestJSON-1551771599-project-member] Determining version of request: GET /v2/images/6bbf962b-e8f4-46f5-8513-bb916505c9da Accept: */* {{(pid=101912) process_request /opt/stack/glance/glance/api/middleware/version_negotiation.py:44}}
Jun 01 08:32:59.796052 np0000001838 devstack@g-api.service[101912]: DEBUG glance.api.middleware.version_negotiation [None req-fd08d3b6-2dc2-4b57-aa7b-114e9d5ac089 tempest-AttachVolumeShelveTestJSON-1551771599 tempest-AttachVolumeShelveTestJSON-1551771599-project-member] Using url versioning {{(pid=101912) process_request /opt/stack/glance/glance/api/middleware/version_negotiation.py:57}}
Jun 01 08:32:59.796052 np0000001838 devstack@g-api.service[101912]: DEBUG glance.api.middleware.version_negotiation [None req-fd08d3b6-2dc2-4b57-aa7b-114e9d5ac089 tempest-AttachVolumeShelveTestJSON-1551771599 tempest-AttachVolumeShelveTestJSON-1551771599-project-member] Matched version: v2 {{(pid=101912) process_request /opt/stack/glance/glance/api/middleware/version_negotiation.py:69}}
Jun 01 08:32:59.796132 np0000001838 devstack@g-api.service[101912]: DEBUG glance.api.middleware.version_negotiation [None req-fd08d3b6-2dc2-4b57-aa7b-114e9d5ac089 tempest-AttachVolumeShelveTestJSON-1551771599 tempest-AttachVolumeShelveTestJSON-1551771599-project-member] new path /v2/images/6bbf962b-e8f4-46f5-8513-bb916505c9da {{(pid=101912) process_request /opt/stack/glance/glance/api/middleware/version_negotiation.py:70}}
Jun 01 08:32:59.818743 np0000001838 devstack@g-api.service[101912]: [pid: 101912|app: 0|req: 54/147] 127.0.0.1 () {44 vars in 1115 bytes} [Mon Jun 1 08:32:59 2026] GET /v2/images/6bbf962b-e8f4-46f5-8513-bb916505c9da => generated 1619 bytes in 23 msecs (HTTP/1.1 200) 4 headers in 158 bytes (1 switches on core 0)
Jun 01 08:32:59.840423 np0000001838 devstack@g-api.service[101914]: DEBUG glance_store.backend [None req-dfdcfd8b-77c8-4f2c-b664-5f05469c1c71 tempest-TestInstancesWithCinderVolumes-772050652 tempest-TestInstancesWithCinderVolumes-772050652-project-member] Attempting to import store swift {{(pid=101914) _load_store /opt/stack/data/venv/lib/python3.12/site-packages/glance_store/backend.py:215}}
Jun 01 08:32:59.840423 np0000001838 devstack@g-api.service[101914]: DEBUG glance_store.capabilities [None req-dfdcfd8b-77c8-4f2c-b664-5f05469c1c71 tempest-TestInstancesWithCinderVolumes-772050652 tempest-TestInstancesWithCinderVolumes-772050652-project-member] Store glance_store._drivers.swift.store.SingleTenantStore doesn't support updating dynamic storage capabilities. Please overwrite 'update_capabilities' method of the store to implement updating logics if needed. {{(pid=101914) update_capabilities /opt/stack/data/venv/lib/python3.12/site-packages/glance_store/capabilities.py:91}}
Jun 01 08:32:59.840423 np0000001838 devstack@g-api.service[101914]: DEBUG glance_store.driver [None req-dfdcfd8b-77c8-4f2c-b664-5f05469c1c71 tempest-TestInstancesWithCinderVolumes-772050652 tempest-TestInstancesWithCinderVolumes-772050652-project-member] Late loading location class glance_store._drivers.swift.store.StoreLocation {{(pid=101914) get_store_location_class /opt/stack/data/venv/lib/python3.12/site-packages/glance_store/driver.py:134}}
Jun 01 08:32:59.840423 np0000001838 devstack@g-api.service[101914]: DEBUG glance_store.location [None req-dfdcfd8b-77c8-4f2c-b664-5f05469c1c71 tempest-TestInstancesWithCinderVolumes-772050652 tempest-TestInstancesWithCinderVolumes-772050652-project-member] Registering scheme swift+https with {'store': , 'location_class': , 'store_entry': 'swift'} {{(pid=101914) register_scheme_map /opt/stack/data/venv/lib/python3.12/site-packages/glance_store/location.py:146}}
Jun 01 08:32:59.840423 np0000001838 devstack@g-api.service[101914]: DEBUG glance_store.location [None req-dfdcfd8b-77c8-4f2c-b664-5f05469c1c71 tempest-TestInstancesWithCinderVolumes-772050652 tempest-TestInstancesWithCinderVolumes-772050652-project-member] Registering scheme swift+https with {'store': , 'location_class': , 'store_entry': 'swift'} {{(pid=101914) register_scheme_map /opt/stack/data/venv/lib/python3.12/site-packages/glance_store/location.py:146}}
Jun 01 08:32:59.840423 np0000001838 devstack@g-api.service[101914]: DEBUG glance_store.location [None req-dfdcfd8b-77c8-4f2c-b664-5f05469c1c71 tempest-TestInstancesWithCinderVolumes-772050652 tempest-TestInstancesWithCinderVolumes-772050652-project-member] Registering scheme swift with {'store': , 'location_class': , 'store_entry': 'swift'} {{(pid=101914) register_scheme_map /opt/stack/data/venv/lib/python3.12/site-packages/glance_store/location.py:146}}
Jun 01 08:32:59.840423 np0000001838 devstack@g-api.service[101914]: DEBUG glance_store.location [None req-dfdcfd8b-77c8-4f2c-b664-5f05469c1c71 tempest-TestInstancesWithCinderVolumes-772050652 tempest-TestInstancesWithCinderVolumes-772050652-project-member] Registering scheme swift+https with {'store': , 'location_class': , 'store_entry': 'swift'} {{(pid=101914) register_scheme_map /opt/stack/data/venv/lib/python3.12/site-packages/glance_store/location.py:146}}
Jun 01 08:32:59.840423 np0000001838 devstack@g-api.service[101914]: DEBUG glance_store.location [None req-dfdcfd8b-77c8-4f2c-b664-5f05469c1c71 tempest-TestInstancesWithCinderVolumes-772050652 tempest-TestInstancesWithCinderVolumes-772050652-project-member] Registering scheme swift with {'store': , 'location_class': , 'store_entry': 'swift'} {{(pid=101914) register_scheme_map /opt/stack/data/venv/lib/python3.12/site-packages/glance_store/location.py:146}}
Jun 01 08:32:59.840423 np0000001838 devstack@g-api.service[101914]: DEBUG glance_store.location [None req-dfdcfd8b-77c8-4f2c-b664-5f05469c1c71 tempest-TestInstancesWithCinderVolumes-772050652 tempest-TestInstancesWithCinderVolumes-772050652-project-member] Registering scheme swift+http with {'store': , 'location_class': , 'store_entry': 'swift'} {{(pid=101914) register_scheme_map /opt/stack/data/venv/lib/python3.12/site-packages/glance_store/location.py:146}}
Jun 01 08:32:59.840423 np0000001838 devstack@g-api.service[101914]: DEBUG glance_store.location [None req-dfdcfd8b-77c8-4f2c-b664-5f05469c1c71 tempest-TestInstancesWithCinderVolumes-772050652 tempest-TestInstancesWithCinderVolumes-772050652-project-member] Registering scheme swift+https with {'store': , 'location_class': , 'store_entry': 'swift'} {{(pid=101914) register_scheme_map /opt/stack/data/venv/lib/python3.12/site-packages/glance_store/location.py:146}}
Jun 01 08:32:59.840423 np0000001838 devstack@g-api.service[101914]: DEBUG glance_store.location [None req-dfdcfd8b-77c8-4f2c-b664-5f05469c1c71 tempest-TestInstancesWithCinderVolumes-772050652 tempest-TestInstancesWithCinderVolumes-772050652-project-member] Registering scheme swift with {'store': , 'location_class': , 'store_entry': 'swift'} {{(pid=101914) register_scheme_map /opt/stack/data/venv/lib/python3.12/site-packages/glance_store/location.py:146}}
Jun 01 08:32:59.841094 np0000001838 devstack@g-api.service[101914]: DEBUG glance_store.location [None req-dfdcfd8b-77c8-4f2c-b664-5f05469c1c71 tempest-TestInstancesWithCinderVolumes-772050652 tempest-TestInstancesWithCinderVolumes-772050652-project-member] Registering scheme swift+http with {'store': , 'location_class': , 'store_entry': 'swift'} {{(pid=101914) register_scheme_map /opt/stack/data/venv/lib/python3.12/site-packages/glance_store/location.py:146}}
Jun 01 08:32:59.841094 np0000001838 devstack@g-api.service[101914]: DEBUG glance_store.location [None req-dfdcfd8b-77c8-4f2c-b664-5f05469c1c71 tempest-TestInstancesWithCinderVolumes-772050652 tempest-TestInstancesWithCinderVolumes-772050652-project-member] Registering scheme swift+config with {'store': , 'location_class': , 'store_entry': 'swift'} {{(pid=101914) register_scheme_map /opt/stack/data/venv/lib/python3.12/site-packages/glance_store/location.py:146}}
Jun 01 08:32:59.841094 np0000001838 devstack@g-api.service[101914]: DEBUG glance_store.backend [None req-dfdcfd8b-77c8-4f2c-b664-5f05469c1c71 tempest-TestInstancesWithCinderVolumes-772050652 tempest-TestInstancesWithCinderVolumes-772050652-project-member] Skipping store.set_acls... not implemented. {{(pid=101914) set_acls /opt/stack/data/venv/lib/python3.12/site-packages/glance_store/backend.py:507}}
Jun 01 08:32:59.843323 np0000001838 devstack@g-api.service[101914]: [pid: 101914|app: 0|req: 49/148] 127.0.0.1 () {40 vars in 858 bytes} [Mon Jun 1 08:32:57 2026] PUT /v2/images/69e9f92b-e6aa-4098-bea2-a28172e10950/file => generated 0 bytes in 2469 msecs (HTTP/1.1 204) 4 headers in 171 bytes (1 switches on core 0)
Jun 01 08:32:59.878084 np0000001838 devstack@g-api.service[101912]: DEBUG glance.api.middleware.version_negotiation [None req-fd08d3b6-2dc2-4b57-aa7b-114e9d5ac089 tempest-AttachVolumeShelveTestJSON-1551771599 tempest-AttachVolumeShelveTestJSON-1551771599-project-member] Determining version of request: GET /v2/schemas/image Accept: */* {{(pid=101912) process_request /opt/stack/glance/glance/api/middleware/version_negotiation.py:44}}
Jun 01 08:32:59.878235 np0000001838 devstack@g-api.service[101912]: DEBUG glance.api.middleware.version_negotiation [None req-fd08d3b6-2dc2-4b57-aa7b-114e9d5ac089 tempest-AttachVolumeShelveTestJSON-1551771599 tempest-AttachVolumeShelveTestJSON-1551771599-project-member] Using url versioning {{(pid=101912) process_request /opt/stack/glance/glance/api/middleware/version_negotiation.py:57}}
Jun 01 08:32:59.878383 np0000001838 devstack@g-api.service[101912]: DEBUG glance.api.middleware.version_negotiation [None req-fd08d3b6-2dc2-4b57-aa7b-114e9d5ac089 tempest-AttachVolumeShelveTestJSON-1551771599 tempest-AttachVolumeShelveTestJSON-1551771599-project-member] Matched version: v2 {{(pid=101912) process_request /opt/stack/glance/glance/api/middleware/version_negotiation.py:69}}
Jun 01 08:32:59.878493 np0000001838 devstack@g-api.service[101912]: DEBUG glance.api.middleware.version_negotiation [None req-fd08d3b6-2dc2-4b57-aa7b-114e9d5ac089 tempest-AttachVolumeShelveTestJSON-1551771599 tempest-AttachVolumeShelveTestJSON-1551771599-project-member] new path /v2/schemas/image {{(pid=101912) process_request /opt/stack/glance/glance/api/middleware/version_negotiation.py:70}}
Jun 01 08:32:59.880743 np0000001838 devstack@g-api.service[101912]: [pid: 101912|app: 0|req: 55/149] 127.0.0.1 () {44 vars in 1055 bytes} [Mon Jun 1 08:32:59 2026] GET /v2/schemas/image => generated 6083 bytes in 3 msecs (HTTP/1.1 200) 4 headers in 158 bytes (1 switches on core 0)
Jun 01 08:33:00.045159 np0000001838 devstack@g-api.service[101913]: DEBUG swiftclient [None req-f0b93b6d-28c2-4bc4-b679-812fe649a49a tempest-AttachSCSIVolumeTestJSON-59087718 tempest-AttachSCSIVolumeTestJSON-59087718-project-admin] REQ: curl -i https://10.4.3.236:8080/v1/AUTH_fa2238112d79411c8e4779f40a4ec6d6/glance/97f7416c-8487-4f1b-a425-7e6b6ff06c4d -I -H "X-Auth-Token: gAAAAABqHUO7T89M..." {{(pid=101913) http_log /opt/stack/data/venv/lib/python3.12/site-packages/swiftclient/client.py:160}}
Jun 01 08:33:00.046090 np0000001838 devstack@g-api.service[101913]: DEBUG swiftclient [None req-f0b93b6d-28c2-4bc4-b679-812fe649a49a tempest-AttachSCSIVolumeTestJSON-59087718 tempest-AttachSCSIVolumeTestJSON-59087718-project-admin] RESP STATUS: 200 OK {{(pid=101913) http_log /opt/stack/data/venv/lib/python3.12/site-packages/swiftclient/client.py:161}}
Jun 01 08:33:00.046462 np0000001838 devstack@g-api.service[101913]: DEBUG swiftclient [None req-f0b93b6d-28c2-4bc4-b679-812fe649a49a tempest-AttachSCSIVolumeTestJSON-59087718 tempest-AttachSCSIVolumeTestJSON-59087718-project-admin] RESP HEADERS: {'Date': 'Mon, 01 Jun 2026 08:33:00 GMT', 'Server': 'Apache/2.4.58 (Ubuntu)', 'Content-Type': 'application/octet-stream', 'Content-Length': '21692416', 'X-Object-Manifest': 'glance/97f7416c-8487-4f1b-a425-7e6b6ff06c4d-', 'Last-Modified': 'Mon, 01 Jun 2026 08:31:31 GMT', 'X-Timestamp': '1780302690.85965', 'Accept-Ranges': 'bytes', 'Etag': '"737c2a37dd3f91e374c48cad70137398"', 'X-Trans-Id': 'txa1c9515da54a47c19f85c-006a1d43bb', 'X-Openstack-Request-Id': 'txa1c9515da54a47c19f85c-006a1d43bb', 'Connection': 'close'} {{(pid=101913) http_log /opt/stack/data/venv/lib/python3.12/site-packages/swiftclient/client.py:162}}
Jun 01 08:33:00.079461 np0000001838 devstack@g-api.service[101913]: DEBUG swiftclient [None req-f0b93b6d-28c2-4bc4-b679-812fe649a49a tempest-AttachSCSIVolumeTestJSON-59087718 tempest-AttachSCSIVolumeTestJSON-59087718-project-admin] REQ: curl -i https://10.4.3.236:8080/v1/AUTH_fa2238112d79411c8e4779f40a4ec6d6/glance?format=json&prefix=97f7416c-8487-4f1b-a425-7e6b6ff06c4d- -X GET -H "X-Auth-Token: gAAAAABqHUO7T89M..." -H "Accept-Encoding: gzip" {{(pid=101913) http_log /opt/stack/data/venv/lib/python3.12/site-packages/swiftclient/client.py:160}}
Jun 01 08:33:00.079690 np0000001838 devstack@g-api.service[101913]: DEBUG swiftclient [None req-f0b93b6d-28c2-4bc4-b679-812fe649a49a tempest-AttachSCSIVolumeTestJSON-59087718 tempest-AttachSCSIVolumeTestJSON-59087718-project-admin] RESP STATUS: 200 OK {{(pid=101913) http_log /opt/stack/data/venv/lib/python3.12/site-packages/swiftclient/client.py:161}}
Jun 01 08:33:00.079776 np0000001838 devstack@g-api.service[101913]: DEBUG swiftclient [None req-f0b93b6d-28c2-4bc4-b679-812fe649a49a tempest-AttachSCSIVolumeTestJSON-59087718 tempest-AttachSCSIVolumeTestJSON-59087718-project-admin] RESP HEADERS: {'Date': 'Mon, 01 Jun 2026 08:33:00 GMT', 'Server': 'Apache/2.4.58 (Ubuntu)', 'Content-Type': 'application/json; charset=utf-8', 'Content-Length': '210', 'X-Container-Object-Count': '9', 'X-Container-Bytes-Used': '161677312', 'X-Timestamp': '1780302551.15509', 'Last-Modified': 'Mon, 01 Jun 2026 08:29:12 GMT', 'Accept-Ranges': 'bytes', 'X-Storage-Policy': 'Policy-0', 'X-Container-Sharding': 'False', 'X-Trans-Id': 'tx1e2dd263dce74ef2bc92a-006a1d43bc', 'X-Openstack-Request-Id': 'tx1e2dd263dce74ef2bc92a-006a1d43bc', 'Connection': 'close'} {{(pid=101913) http_log /opt/stack/data/venv/lib/python3.12/site-packages/swiftclient/client.py:162}}
Jun 01 08:33:00.080554 np0000001838 devstack@g-api.service[101913]: DEBUG swiftclient [None req-f0b93b6d-28c2-4bc4-b679-812fe649a49a tempest-AttachSCSIVolumeTestJSON-59087718 tempest-AttachSCSIVolumeTestJSON-59087718-project-admin] RESP BODY: b'[{"bytes": 21692416, "hash": "87617e24a5e30cb3b87fda8c0764838f", "name": "97f7416c-8487-4f1b-a425-7e6b6ff06c4d-00001", "content_type": "application/octet-stream", "last_modified": "2026-06-01T08:31:30.552420"}]' {{(pid=101913) http_log /opt/stack/data/venv/lib/python3.12/site-packages/swiftclient/client.py:166}}
Jun 01 08:33:00.111098 np0000001838 devstack@g-api.service[101913]: DEBUG swiftclient [None req-f0b93b6d-28c2-4bc4-b679-812fe649a49a tempest-AttachSCSIVolumeTestJSON-59087718 tempest-AttachSCSIVolumeTestJSON-59087718-project-admin] REQ: curl -i https://10.4.3.236:8080/v1/AUTH_fa2238112d79411c8e4779f40a4ec6d6/glance/97f7416c-8487-4f1b-a425-7e6b6ff06c4d-00001 DELETE -H "X-Auth-Token: gAAAAABqHUO7T89M..." {{(pid=101913) http_log /opt/stack/data/venv/lib/python3.12/site-packages/swiftclient/client.py:160}}
Jun 01 08:33:00.111185 np0000001838 devstack@g-api.service[101913]: DEBUG swiftclient [None req-f0b93b6d-28c2-4bc4-b679-812fe649a49a tempest-AttachSCSIVolumeTestJSON-59087718 tempest-AttachSCSIVolumeTestJSON-59087718-project-admin] RESP STATUS: 204 No Content {{(pid=101913) http_log /opt/stack/data/venv/lib/python3.12/site-packages/swiftclient/client.py:161}}
Jun 01 08:33:00.111310 np0000001838 devstack@g-api.service[101913]: DEBUG swiftclient [None req-f0b93b6d-28c2-4bc4-b679-812fe649a49a tempest-AttachSCSIVolumeTestJSON-59087718 tempest-AttachSCSIVolumeTestJSON-59087718-project-admin] RESP HEADERS: {'Date': 'Mon, 01 Jun 2026 08:33:00 GMT', 'Server': 'Apache/2.4.58 (Ubuntu)', 'Content-Type': 'text/html; charset=UTF-8', 'X-Trans-Id': 'txc97ec4dc12b64485a2253-006a1d43bc', 'X-Openstack-Request-Id': 'txc97ec4dc12b64485a2253-006a1d43bc', 'Connection': 'close'} {{(pid=101913) http_log /opt/stack/data/venv/lib/python3.12/site-packages/swiftclient/client.py:162}}
Jun 01 08:33:00.138746 np0000001838 devstack@g-api.service[101913]: DEBUG swiftclient [None req-f0b93b6d-28c2-4bc4-b679-812fe649a49a tempest-AttachSCSIVolumeTestJSON-59087718 tempest-AttachSCSIVolumeTestJSON-59087718-project-admin] REQ: curl -i https://10.4.3.236:8080/v1/AUTH_fa2238112d79411c8e4779f40a4ec6d6/glance/97f7416c-8487-4f1b-a425-7e6b6ff06c4d DELETE -H "X-Auth-Token: gAAAAABqHUO7T89M..." {{(pid=101913) http_log /opt/stack/data/venv/lib/python3.12/site-packages/swiftclient/client.py:160}}
Jun 01 08:33:00.138928 np0000001838 devstack@g-api.service[101913]: DEBUG swiftclient [None req-f0b93b6d-28c2-4bc4-b679-812fe649a49a tempest-AttachSCSIVolumeTestJSON-59087718 tempest-AttachSCSIVolumeTestJSON-59087718-project-admin] RESP STATUS: 204 No Content {{(pid=101913) http_log /opt/stack/data/venv/lib/python3.12/site-packages/swiftclient/client.py:161}}
Jun 01 08:33:00.139113 np0000001838 devstack@g-api.service[101913]: DEBUG swiftclient [None req-f0b93b6d-28c2-4bc4-b679-812fe649a49a tempest-AttachSCSIVolumeTestJSON-59087718 tempest-AttachSCSIVolumeTestJSON-59087718-project-admin] RESP HEADERS: {'Date': 'Mon, 01 Jun 2026 08:33:00 GMT', 'Server': 'Apache/2.4.58 (Ubuntu)', 'Content-Type': 'text/html; charset=UTF-8', 'X-Trans-Id': 'txdbe2a5bd77b741149c0da-006a1d43bc', 'X-Openstack-Request-Id': 'txdbe2a5bd77b741149c0da-006a1d43bc', 'Connection': 'close'} {{(pid=101913) http_log /opt/stack/data/venv/lib/python3.12/site-packages/swiftclient/client.py:162}}
Jun 01 08:33:00.192307 np0000001838 devstack@g-api.service[101913]: DEBUG glance.api.middleware.cache [None req-f0b93b6d-28c2-4bc4-b679-812fe649a49a tempest-AttachSCSIVolumeTestJSON-59087718 tempest-AttachSCSIVolumeTestJSON-59087718-project-admin] Removing image 97f7416c-8487-4f1b-a425-7e6b6ff06c4d from cache {{(pid=101913) _process_DELETE_response /opt/stack/glance/glance/api/middleware/cache.py:264}}
Jun 01 08:33:00.192574 np0000001838 devstack@g-api.service[101913]: DEBUG glance.image_cache.drivers.centralized_db [None req-f0b93b6d-28c2-4bc4-b679-812fe649a49a tempest-AttachSCSIVolumeTestJSON-59087718 tempest-AttachSCSIVolumeTestJSON-59087718-project-admin] Deleting image cache file '/opt/stack/data/glance/cache/97f7416c-8487-4f1b-a425-7e6b6ff06c4d' {{(pid=101913) delete_cached_file /opt/stack/glance/glance/image_cache/drivers/centralized_db.py:395}}
Jun 01 08:33:00.206105 np0000001838 devstack@g-api.service[101913]: [pid: 101913|app: 0|req: 46/150] 127.0.0.1 () {40 vars in 841 bytes} [Mon Jun 1 08:32:59 2026] DELETE /v2/images/97f7416c-8487-4f1b-a425-7e6b6ff06c4d => generated 0 bytes in 665 msecs (HTTP/1.1 204) 4 headers in 171 bytes (1 switches on core 0)
Jun 01 08:33:00.215460 np0000001838 devstack@g-api.service[101914]: DEBUG glance.api.middleware.version_negotiation [None req-dfdcfd8b-77c8-4f2c-b664-5f05469c1c71 tempest-TestInstancesWithCinderVolumes-772050652 tempest-TestInstancesWithCinderVolumes-772050652-project-member] Determining version of request: GET /v2/images/97f7416c-8487-4f1b-a425-7e6b6ff06c4d Accept: application/json {{(pid=101914) process_request /opt/stack/glance/glance/api/middleware/version_negotiation.py:44}}
Jun 01 08:33:00.215838 np0000001838 devstack@g-api.service[101914]: DEBUG glance.api.middleware.version_negotiation [None req-dfdcfd8b-77c8-4f2c-b664-5f05469c1c71 tempest-TestInstancesWithCinderVolumes-772050652 tempest-TestInstancesWithCinderVolumes-772050652-project-member] Using url versioning {{(pid=101914) process_request /opt/stack/glance/glance/api/middleware/version_negotiation.py:57}}
Jun 01 08:33:00.215838 np0000001838 devstack@g-api.service[101914]: DEBUG glance.api.middleware.version_negotiation [None req-dfdcfd8b-77c8-4f2c-b664-5f05469c1c71 tempest-TestInstancesWithCinderVolumes-772050652 tempest-TestInstancesWithCinderVolumes-772050652-project-member] Matched version: v2 {{(pid=101914) process_request /opt/stack/glance/glance/api/middleware/version_negotiation.py:69}}
Jun 01 08:33:00.215894 np0000001838 devstack@g-api.service[101914]: DEBUG glance.api.middleware.version_negotiation [None req-dfdcfd8b-77c8-4f2c-b664-5f05469c1c71 tempest-TestInstancesWithCinderVolumes-772050652 tempest-TestInstancesWithCinderVolumes-772050652-project-member] new path /v2/images/97f7416c-8487-4f1b-a425-7e6b6ff06c4d {{(pid=101914) process_request /opt/stack/glance/glance/api/middleware/version_negotiation.py:70}}
Jun 01 08:33:00.221807 np0000001838 devstack@g-api.service[101914]: DEBUG glance.db.sqlalchemy.api [None req-a0875ec8-51ac-4bf9-9eb3-d9e4cbc9cd8b tempest-AttachSCSIVolumeTestJSON-1922069126 tempest-AttachSCSIVolumeTestJSON-1922069126-project-reader] No image found with ID 97f7416c-8487-4f1b-a425-7e6b6ff06c4d {{(pid=101914) _image_get /opt/stack/glance/glance/db/sqlalchemy/api.py:303}}
Jun 01 08:33:00.224202 np0000001838 devstack@g-api.service[101914]: [pid: 101914|app: 0|req: 50/151] 127.0.0.1 () {40 vars in 838 bytes} [Mon Jun 1 08:33:00 2026] GET /v2/images/97f7416c-8487-4f1b-a425-7e6b6ff06c4d => generated 139 bytes in 9 msecs (HTTP/1.1 404) 4 headers in 164 bytes (1 switches on core 0)
Jun 01 08:33:00.545629 np0000001838 devstack@g-api.service[101912]: DEBUG glance.api.middleware.version_negotiation [None req-fd08d3b6-2dc2-4b57-aa7b-114e9d5ac089 tempest-AttachVolumeShelveTestJSON-1551771599 tempest-AttachVolumeShelveTestJSON-1551771599-project-member] Determining version of request: GET /v2/images/69e9f92b-e6aa-4098-bea2-a28172e10950 Accept: application/json {{(pid=101912) process_request /opt/stack/glance/glance/api/middleware/version_negotiation.py:44}}
Jun 01 08:33:00.545787 np0000001838 devstack@g-api.service[101912]: DEBUG glance.api.middleware.version_negotiation [None req-fd08d3b6-2dc2-4b57-aa7b-114e9d5ac089 tempest-AttachVolumeShelveTestJSON-1551771599 tempest-AttachVolumeShelveTestJSON-1551771599-project-member] Using url versioning {{(pid=101912) process_request /opt/stack/glance/glance/api/middleware/version_negotiation.py:57}}
Jun 01 08:33:00.545915 np0000001838 devstack@g-api.service[101912]: DEBUG glance.api.middleware.version_negotiation [None req-fd08d3b6-2dc2-4b57-aa7b-114e9d5ac089 tempest-AttachVolumeShelveTestJSON-1551771599 tempest-AttachVolumeShelveTestJSON-1551771599-project-member] Matched version: v2 {{(pid=101912) process_request /opt/stack/glance/glance/api/middleware/version_negotiation.py:69}}
Jun 01 08:33:00.546002 np0000001838 devstack@g-api.service[101912]: DEBUG glance.api.middleware.version_negotiation [None req-fd08d3b6-2dc2-4b57-aa7b-114e9d5ac089 tempest-AttachVolumeShelveTestJSON-1551771599 tempest-AttachVolumeShelveTestJSON-1551771599-project-member] new path /v2/images/69e9f92b-e6aa-4098-bea2-a28172e10950 {{(pid=101912) process_request /opt/stack/glance/glance/api/middleware/version_negotiation.py:70}}
Jun 01 08:33:00.553809 np0000001838 devstack@g-api.service[101912]: [pid: 101912|app: 0|req: 56/152] 127.0.0.1 () {40 vars in 838 bytes} [Mon Jun 1 08:33:00 2026] GET /v2/images/69e9f92b-e6aa-4098-bea2-a28172e10950 => generated 810 bytes in 8 msecs (HTTP/1.1 200) 4 headers in 157 bytes (1 switches on core 0)
Jun 01 08:33:00.577159 np0000001838 devstack@g-api.service[101913]: DEBUG glance.api.middleware.version_negotiation [None req-f0b93b6d-28c2-4bc4-b679-812fe649a49a tempest-AttachSCSIVolumeTestJSON-59087718 tempest-AttachSCSIVolumeTestJSON-59087718-project-admin] Determining version of request: GET /v2/images/69e9f92b-e6aa-4098-bea2-a28172e10950 Accept: */* {{(pid=101913) process_request /opt/stack/glance/glance/api/middleware/version_negotiation.py:44}}
Jun 01 08:33:00.577963 np0000001838 devstack@g-api.service[101913]: DEBUG glance.api.middleware.version_negotiation [None req-f0b93b6d-28c2-4bc4-b679-812fe649a49a tempest-AttachSCSIVolumeTestJSON-59087718 tempest-AttachSCSIVolumeTestJSON-59087718-project-admin] Using url versioning {{(pid=101913) process_request /opt/stack/glance/glance/api/middleware/version_negotiation.py:57}}
Jun 01 08:33:00.578953 np0000001838 devstack@g-api.service[101913]: DEBUG glance.api.middleware.version_negotiation [None req-f0b93b6d-28c2-4bc4-b679-812fe649a49a tempest-AttachSCSIVolumeTestJSON-59087718 tempest-AttachSCSIVolumeTestJSON-59087718-project-admin] Matched version: v2 {{(pid=101913) process_request /opt/stack/glance/glance/api/middleware/version_negotiation.py:69}}
Jun 01 08:33:00.579069 np0000001838 devstack@g-api.service[101913]: DEBUG glance.api.middleware.version_negotiation [None req-f0b93b6d-28c2-4bc4-b679-812fe649a49a tempest-AttachSCSIVolumeTestJSON-59087718 tempest-AttachSCSIVolumeTestJSON-59087718-project-admin] new path /v2/images/69e9f92b-e6aa-4098-bea2-a28172e10950 {{(pid=101913) process_request /opt/stack/glance/glance/api/middleware/version_negotiation.py:70}}
Jun 01 08:33:00.594945 np0000001838 devstack@g-api.service[101913]: [pid: 101913|app: 0|req: 47/153] 127.0.0.1 () {44 vars in 1115 bytes} [Mon Jun 1 08:33:00 2026] GET /v2/images/69e9f92b-e6aa-4098-bea2-a28172e10950 => generated 810 bytes in 18 msecs (HTTP/1.1 200) 4 headers in 157 bytes (1 switches on core 0)
Jun 01 08:33:00.604097 np0000001838 devstack@g-api.service[101914]: DEBUG glance.api.middleware.version_negotiation [None req-a0875ec8-51ac-4bf9-9eb3-d9e4cbc9cd8b tempest-AttachSCSIVolumeTestJSON-1922069126 tempest-AttachSCSIVolumeTestJSON-1922069126-project-reader] Determining version of request: GET /v2/schemas/image Accept: */* {{(pid=101914) process_request /opt/stack/glance/glance/api/middleware/version_negotiation.py:44}}
Jun 01 08:33:00.607913 np0000001838 devstack@g-api.service[101914]: DEBUG glance.api.middleware.version_negotiation [None req-a0875ec8-51ac-4bf9-9eb3-d9e4cbc9cd8b tempest-AttachSCSIVolumeTestJSON-1922069126 tempest-AttachSCSIVolumeTestJSON-1922069126-project-reader] Using url versioning {{(pid=101914) process_request /opt/stack/glance/glance/api/middleware/version_negotiation.py:57}}
Jun 01 08:33:00.607913 np0000001838 devstack@g-api.service[101914]: DEBUG glance.api.middleware.version_negotiation [None req-a0875ec8-51ac-4bf9-9eb3-d9e4cbc9cd8b tempest-AttachSCSIVolumeTestJSON-1922069126 tempest-AttachSCSIVolumeTestJSON-1922069126-project-reader] Matched version: v2 {{(pid=101914) process_request /opt/stack/glance/glance/api/middleware/version_negotiation.py:69}}
Jun 01 08:33:00.607913 np0000001838 devstack@g-api.service[101914]: DEBUG glance.api.middleware.version_negotiation [None req-a0875ec8-51ac-4bf9-9eb3-d9e4cbc9cd8b tempest-AttachSCSIVolumeTestJSON-1922069126 tempest-AttachSCSIVolumeTestJSON-1922069126-project-reader] new path /v2/schemas/image {{(pid=101914) process_request /opt/stack/glance/glance/api/middleware/version_negotiation.py:70}}
Jun 01 08:33:00.611770 np0000001838 devstack@g-api.service[101914]: [pid: 101914|app: 0|req: 51/154] 127.0.0.1 () {44 vars in 1055 bytes} [Mon Jun 1 08:33:00 2026] GET /v2/schemas/image => generated 6083 bytes in 8 msecs (HTTP/1.1 200) 4 headers in 158 bytes (1 switches on core 0)
Jun 01 08:33:00.622196 np0000001838 devstack@g-api.service[101912]: DEBUG glance.api.middleware.version_negotiation [None req-ecf09343-4c65-4094-a92b-e831eb6de7f7 tempest-TestInstancesWithCinderVolumes-772050652 tempest-TestInstancesWithCinderVolumes-772050652-project-member] Determining version of request: GET /v2/schemas/image Accept: */* {{(pid=101912) process_request /opt/stack/glance/glance/api/middleware/version_negotiation.py:44}}
Jun 01 08:33:00.622253 np0000001838 devstack@g-api.service[101912]: DEBUG glance.api.middleware.version_negotiation [None req-ecf09343-4c65-4094-a92b-e831eb6de7f7 tempest-TestInstancesWithCinderVolumes-772050652 tempest-TestInstancesWithCinderVolumes-772050652-project-member] Using url versioning {{(pid=101912) process_request /opt/stack/glance/glance/api/middleware/version_negotiation.py:57}}
Jun 01 08:33:00.622398 np0000001838 devstack@g-api.service[101912]: DEBUG glance.api.middleware.version_negotiation [None req-ecf09343-4c65-4094-a92b-e831eb6de7f7 tempest-TestInstancesWithCinderVolumes-772050652 tempest-TestInstancesWithCinderVolumes-772050652-project-member] Matched version: v2 {{(pid=101912) process_request /opt/stack/glance/glance/api/middleware/version_negotiation.py:69}}
Jun 01 08:33:00.622520 np0000001838 devstack@g-api.service[101912]: DEBUG glance.api.middleware.version_negotiation [None req-ecf09343-4c65-4094-a92b-e831eb6de7f7 tempest-TestInstancesWithCinderVolumes-772050652 tempest-TestInstancesWithCinderVolumes-772050652-project-member] new path /v2/schemas/image {{(pid=101912) process_request /opt/stack/glance/glance/api/middleware/version_negotiation.py:70}}
Jun 01 08:33:00.624687 np0000001838 devstack@g-api.service[101912]: [pid: 101912|app: 0|req: 57/155] 127.0.0.1 () {44 vars in 1055 bytes} [Mon Jun 1 08:33:00 2026] GET /v2/schemas/image => generated 6083 bytes in 3 msecs (HTTP/1.1 200) 4 headers in 158 bytes (1 switches on core 0)
Jun 01 08:33:00.634369 np0000001838 devstack@g-api.service[101913]: DEBUG glance.api.middleware.version_negotiation [None req-32e8f680-fb14-4046-a3ec-5c99fc76da7f tempest-TestInstancesWithCinderVolumes-772050652 tempest-TestInstancesWithCinderVolumes-772050652-project-member] Determining version of request: GET /v2/images/69e9f92b-e6aa-4098-bea2-a28172e10950 Accept: */* {{(pid=101913) process_request /opt/stack/glance/glance/api/middleware/version_negotiation.py:44}}
Jun 01 08:33:00.634369 np0000001838 devstack@g-api.service[101913]: DEBUG glance.api.middleware.version_negotiation [None req-32e8f680-fb14-4046-a3ec-5c99fc76da7f tempest-TestInstancesWithCinderVolumes-772050652 tempest-TestInstancesWithCinderVolumes-772050652-project-member] Using url versioning {{(pid=101913) process_request /opt/stack/glance/glance/api/middleware/version_negotiation.py:57}}
Jun 01 08:33:00.634369 np0000001838 devstack@g-api.service[101913]: DEBUG glance.api.middleware.version_negotiation [None req-32e8f680-fb14-4046-a3ec-5c99fc76da7f tempest-TestInstancesWithCinderVolumes-772050652 tempest-TestInstancesWithCinderVolumes-772050652-project-member] Matched version: v2 {{(pid=101913) process_request /opt/stack/glance/glance/api/middleware/version_negotiation.py:69}}
Jun 01 08:33:00.634369 np0000001838 devstack@g-api.service[101913]: DEBUG glance.api.middleware.version_negotiation [None req-32e8f680-fb14-4046-a3ec-5c99fc76da7f tempest-TestInstancesWithCinderVolumes-772050652 tempest-TestInstancesWithCinderVolumes-772050652-project-member] new path /v2/images/69e9f92b-e6aa-4098-bea2-a28172e10950 {{(pid=101913) process_request /opt/stack/glance/glance/api/middleware/version_negotiation.py:70}}
Jun 01 08:33:00.646479 np0000001838 devstack@g-api.service[101913]: [pid: 101913|app: 0|req: 48/156] 127.0.0.1 () {44 vars in 1115 bytes} [Mon Jun 1 08:33:00 2026] GET /v2/images/69e9f92b-e6aa-4098-bea2-a28172e10950 => generated 810 bytes in 14 msecs (HTTP/1.1 200) 4 headers in 157 bytes (1 switches on core 0)
Jun 01 08:33:00.658261 np0000001838 devstack@g-api.service[101914]: DEBUG glance.api.middleware.version_negotiation [None req-32e8f680-fb14-4046-a3ec-5c99fc76da7f tempest-TestInstancesWithCinderVolumes-772050652 tempest-TestInstancesWithCinderVolumes-772050652-project-member] Determining version of request: GET /v2/schemas/image Accept: */* {{(pid=101914) process_request /opt/stack/glance/glance/api/middleware/version_negotiation.py:44}}
Jun 01 08:33:00.658443 np0000001838 devstack@g-api.service[101914]: DEBUG glance.api.middleware.version_negotiation [None req-32e8f680-fb14-4046-a3ec-5c99fc76da7f tempest-TestInstancesWithCinderVolumes-772050652 tempest-TestInstancesWithCinderVolumes-772050652-project-member] Using url versioning {{(pid=101914) process_request /opt/stack/glance/glance/api/middleware/version_negotiation.py:57}}
Jun 01 08:33:00.658597 np0000001838 devstack@g-api.service[101914]: DEBUG glance.api.middleware.version_negotiation [None req-32e8f680-fb14-4046-a3ec-5c99fc76da7f tempest-TestInstancesWithCinderVolumes-772050652 tempest-TestInstancesWithCinderVolumes-772050652-project-member] Matched version: v2 {{(pid=101914) process_request /opt/stack/glance/glance/api/middleware/version_negotiation.py:69}}
Jun 01 08:33:00.658710 np0000001838 devstack@g-api.service[101914]: DEBUG glance.api.middleware.version_negotiation [None req-32e8f680-fb14-4046-a3ec-5c99fc76da7f tempest-TestInstancesWithCinderVolumes-772050652 tempest-TestInstancesWithCinderVolumes-772050652-project-member] new path /v2/schemas/image {{(pid=101914) process_request /opt/stack/glance/glance/api/middleware/version_negotiation.py:70}}
Jun 01 08:33:00.662531 np0000001838 devstack@g-api.service[101914]: [pid: 101914|app: 0|req: 52/157] 127.0.0.1 () {44 vars in 1055 bytes} [Mon Jun 1 08:33:00 2026] GET /v2/schemas/image => generated 6083 bytes in 4 msecs (HTTP/1.1 200) 4 headers in 158 bytes (1 switches on core 0)
Jun 01 08:33:00.669851 np0000001838 devstack@g-api.service[101912]: DEBUG glance.api.middleware.version_negotiation [None req-32e8f680-fb14-4046-a3ec-5c99fc76da7f tempest-TestInstancesWithCinderVolumes-772050652 tempest-TestInstancesWithCinderVolumes-772050652-project-member] Determining version of request: GET /v2/schemas/image Accept: */* {{(pid=101912) process_request /opt/stack/glance/glance/api/middleware/version_negotiation.py:44}}
Jun 01 08:33:00.670321 np0000001838 devstack@g-api.service[101912]: DEBUG glance.api.middleware.version_negotiation [None req-32e8f680-fb14-4046-a3ec-5c99fc76da7f tempest-TestInstancesWithCinderVolumes-772050652 tempest-TestInstancesWithCinderVolumes-772050652-project-member] Using url versioning {{(pid=101912) process_request /opt/stack/glance/glance/api/middleware/version_negotiation.py:57}}
Jun 01 08:33:00.670321 np0000001838 devstack@g-api.service[101912]: DEBUG glance.api.middleware.version_negotiation [None req-32e8f680-fb14-4046-a3ec-5c99fc76da7f tempest-TestInstancesWithCinderVolumes-772050652 tempest-TestInstancesWithCinderVolumes-772050652-project-member] Matched version: v2 {{(pid=101912) process_request /opt/stack/glance/glance/api/middleware/version_negotiation.py:69}}
Jun 01 08:33:00.670321 np0000001838 devstack@g-api.service[101912]: DEBUG glance.api.middleware.version_negotiation [None req-32e8f680-fb14-4046-a3ec-5c99fc76da7f tempest-TestInstancesWithCinderVolumes-772050652 tempest-TestInstancesWithCinderVolumes-772050652-project-member] new path /v2/schemas/image {{(pid=101912) process_request /opt/stack/glance/glance/api/middleware/version_negotiation.py:70}}
Jun 01 08:33:00.674103 np0000001838 devstack@g-api.service[101912]: [pid: 101912|app: 0|req: 58/158] 127.0.0.1 () {44 vars in 1055 bytes} [Mon Jun 1 08:33:00 2026] GET /v2/schemas/image => generated 6083 bytes in 3 msecs (HTTP/1.1 200) 4 headers in 158 bytes (1 switches on core 0)
Jun 01 08:33:00.692674 np0000001838 devstack@g-api.service[101913]: DEBUG glance.api.middleware.version_negotiation [None req-32e8f680-fb14-4046-a3ec-5c99fc76da7f tempest-TestInstancesWithCinderVolumes-772050652 tempest-TestInstancesWithCinderVolumes-772050652-project-member] Determining version of request: GET /v2/images/69e9f92b-e6aa-4098-bea2-a28172e10950 Accept: */* {{(pid=101913) process_request /opt/stack/glance/glance/api/middleware/version_negotiation.py:44}}
Jun 01 08:33:00.692853 np0000001838 devstack@g-api.service[101913]: DEBUG glance.api.middleware.version_negotiation [None req-32e8f680-fb14-4046-a3ec-5c99fc76da7f tempest-TestInstancesWithCinderVolumes-772050652 tempest-TestInstancesWithCinderVolumes-772050652-project-member] Using url versioning {{(pid=101913) process_request /opt/stack/glance/glance/api/middleware/version_negotiation.py:57}}
Jun 01 08:33:00.692987 np0000001838 devstack@g-api.service[101913]: DEBUG glance.api.middleware.version_negotiation [None req-32e8f680-fb14-4046-a3ec-5c99fc76da7f tempest-TestInstancesWithCinderVolumes-772050652 tempest-TestInstancesWithCinderVolumes-772050652-project-member] Matched version: v2 {{(pid=101913) process_request /opt/stack/glance/glance/api/middleware/version_negotiation.py:69}}
Jun 01 08:33:00.693096 np0000001838 devstack@g-api.service[101913]: DEBUG glance.api.middleware.version_negotiation [None req-32e8f680-fb14-4046-a3ec-5c99fc76da7f tempest-TestInstancesWithCinderVolumes-772050652 tempest-TestInstancesWithCinderVolumes-772050652-project-member] new path /v2/images/69e9f92b-e6aa-4098-bea2-a28172e10950 {{(pid=101913) process_request /opt/stack/glance/glance/api/middleware/version_negotiation.py:70}}
Jun 01 08:33:00.705936 np0000001838 devstack@g-api.service[101913]: [pid: 101913|app: 0|req: 49/159] 127.0.0.1 () {44 vars in 1115 bytes} [Mon Jun 1 08:33:00 2026] GET /v2/images/69e9f92b-e6aa-4098-bea2-a28172e10950 => generated 810 bytes in 13 msecs (HTTP/1.1 200) 4 headers in 157 bytes (1 switches on core 0)
Jun 01 08:33:00.716543 np0000001838 devstack@g-api.service[101914]: DEBUG glance.api.middleware.version_negotiation [None req-32e8f680-fb14-4046-a3ec-5c99fc76da7f tempest-TestInstancesWithCinderVolumes-772050652 tempest-TestInstancesWithCinderVolumes-772050652-project-member] Determining version of request: GET /v2/schemas/image Accept: */* {{(pid=101914) process_request /opt/stack/glance/glance/api/middleware/version_negotiation.py:44}}
Jun 01 08:33:00.716765 np0000001838 devstack@g-api.service[101914]: DEBUG glance.api.middleware.version_negotiation [None req-32e8f680-fb14-4046-a3ec-5c99fc76da7f tempest-TestInstancesWithCinderVolumes-772050652 tempest-TestInstancesWithCinderVolumes-772050652-project-member] Using url versioning {{(pid=101914) process_request /opt/stack/glance/glance/api/middleware/version_negotiation.py:57}}
Jun 01 08:33:00.716962 np0000001838 devstack@g-api.service[101914]: DEBUG glance.api.middleware.version_negotiation [None req-32e8f680-fb14-4046-a3ec-5c99fc76da7f tempest-TestInstancesWithCinderVolumes-772050652 tempest-TestInstancesWithCinderVolumes-772050652-project-member] Matched version: v2 {{(pid=101914) process_request /opt/stack/glance/glance/api/middleware/version_negotiation.py:69}}
Jun 01 08:33:00.717094 np0000001838 devstack@g-api.service[101914]: DEBUG glance.api.middleware.version_negotiation [None req-32e8f680-fb14-4046-a3ec-5c99fc76da7f tempest-TestInstancesWithCinderVolumes-772050652 tempest-TestInstancesWithCinderVolumes-772050652-project-member] new path /v2/schemas/image {{(pid=101914) process_request /opt/stack/glance/glance/api/middleware/version_negotiation.py:70}}
Jun 01 08:33:00.720320 np0000001838 devstack@g-api.service[101914]: [pid: 101914|app: 0|req: 53/160] 127.0.0.1 () {44 vars in 1055 bytes} [Mon Jun 1 08:33:00 2026] GET /v2/schemas/image => generated 6083 bytes in 4 msecs (HTTP/1.1 200) 4 headers in 158 bytes (1 switches on core 0)
Jun 01 08:33:01.199244 np0000001838 devstack@g-api.service[101912]: DEBUG glance.api.middleware.version_negotiation [None req-32e8f680-fb14-4046-a3ec-5c99fc76da7f tempest-TestInstancesWithCinderVolumes-772050652 tempest-TestInstancesWithCinderVolumes-772050652-project-member] Determining version of request: GET /versions Accept: */* {{(pid=101912) process_request /opt/stack/glance/glance/api/middleware/version_negotiation.py:44}}
Jun 01 08:33:01.200410 np0000001838 devstack@g-api.service[101912]: [pid: 101912|app: 0|req: 59/161] 127.0.0.1 () {44 vars in 1039 bytes} [Mon Jun 1 08:33:01 2026] GET /versions => generated 1407 bytes in 1 msecs (HTTP/1.1 200) 3 headers in 92 bytes (1 switches on core 0)
Jun 01 08:33:01.220390 np0000001838 devstack@g-api.service[101913]: DEBUG glance.api.middleware.version_negotiation [None req-32e8f680-fb14-4046-a3ec-5c99fc76da7f tempest-TestInstancesWithCinderVolumes-772050652 tempest-TestInstancesWithCinderVolumes-772050652-project-member] Determining version of request: GET /v2/images/69e9f92b-e6aa-4098-bea2-a28172e10950/locations Accept: */* {{(pid=101913) process_request /opt/stack/glance/glance/api/middleware/version_negotiation.py:44}}
Jun 01 08:33:01.220390 np0000001838 devstack@g-api.service[101913]: DEBUG glance.api.middleware.version_negotiation [None req-32e8f680-fb14-4046-a3ec-5c99fc76da7f tempest-TestInstancesWithCinderVolumes-772050652 tempest-TestInstancesWithCinderVolumes-772050652-project-member] Using url versioning {{(pid=101913) process_request /opt/stack/glance/glance/api/middleware/version_negotiation.py:57}}
Jun 01 08:33:01.220390 np0000001838 devstack@g-api.service[101913]: DEBUG glance.api.middleware.version_negotiation [None req-32e8f680-fb14-4046-a3ec-5c99fc76da7f tempest-TestInstancesWithCinderVolumes-772050652 tempest-TestInstancesWithCinderVolumes-772050652-project-member] Matched version: v2 {{(pid=101913) process_request /opt/stack/glance/glance/api/middleware/version_negotiation.py:69}}
Jun 01 08:33:01.220390 np0000001838 devstack@g-api.service[101913]: DEBUG glance.api.middleware.version_negotiation [None req-32e8f680-fb14-4046-a3ec-5c99fc76da7f tempest-TestInstancesWithCinderVolumes-772050652 tempest-TestInstancesWithCinderVolumes-772050652-project-member] new path /v2/images/69e9f92b-e6aa-4098-bea2-a28172e10950/locations {{(pid=101913) process_request /opt/stack/glance/glance/api/middleware/version_negotiation.py:70}}
Jun 01 08:33:01.569962 np0000001838 devstack@g-api.service[101913]: [pid: 101913|app: 0|req: 50/162] 127.0.0.1 () {44 vars in 1135 bytes} [Mon Jun 1 08:33:01 2026] GET /v2/images/69e9f92b-e6aa-4098-bea2-a28172e10950/locations => generated 92 bytes in 350 msecs (HTTP/1.1 200) 4 headers in 156 bytes (1 switches on core 0)
Jun 01 08:33:01.580806 np0000001838 devstack@g-api.service[101914]: DEBUG glance.api.middleware.version_negotiation [None req-32e8f680-fb14-4046-a3ec-5c99fc76da7f tempest-TestInstancesWithCinderVolumes-772050652 tempest-TestInstancesWithCinderVolumes-772050652-project-member] Determining version of request: GET /v2/images/69e9f92b-e6aa-4098-bea2-a28172e10950 Accept: */* {{(pid=101914) process_request /opt/stack/glance/glance/api/middleware/version_negotiation.py:44}}
Jun 01 08:33:01.581333 np0000001838 devstack@g-api.service[101914]: DEBUG glance.api.middleware.version_negotiation [None req-32e8f680-fb14-4046-a3ec-5c99fc76da7f tempest-TestInstancesWithCinderVolumes-772050652 tempest-TestInstancesWithCinderVolumes-772050652-project-member] Using url versioning {{(pid=101914) process_request /opt/stack/glance/glance/api/middleware/version_negotiation.py:57}}
Jun 01 08:33:01.581333 np0000001838 devstack@g-api.service[101914]: DEBUG glance.api.middleware.version_negotiation [None req-32e8f680-fb14-4046-a3ec-5c99fc76da7f tempest-TestInstancesWithCinderVolumes-772050652 tempest-TestInstancesWithCinderVolumes-772050652-project-member] Matched version: v2 {{(pid=101914) process_request /opt/stack/glance/glance/api/middleware/version_negotiation.py:69}}
Jun 01 08:33:01.581333 np0000001838 devstack@g-api.service[101914]: DEBUG glance.api.middleware.version_negotiation [None req-32e8f680-fb14-4046-a3ec-5c99fc76da7f tempest-TestInstancesWithCinderVolumes-772050652 tempest-TestInstancesWithCinderVolumes-772050652-project-member] new path /v2/images/69e9f92b-e6aa-4098-bea2-a28172e10950 {{(pid=101914) process_request /opt/stack/glance/glance/api/middleware/version_negotiation.py:70}}
Jun 01 08:33:01.589927 np0000001838 devstack@g-api.service[101914]: [pid: 101914|app: 0|req: 54/163] 127.0.0.1 () {44 vars in 1115 bytes} [Mon Jun 1 08:33:01 2026] GET /v2/images/69e9f92b-e6aa-4098-bea2-a28172e10950 => generated 810 bytes in 9 msecs (HTTP/1.1 200) 4 headers in 157 bytes (1 switches on core 0)
Jun 01 08:33:01.600891 np0000001838 devstack@g-api.service[101912]: DEBUG glance.api.middleware.version_negotiation [None req-32e8f680-fb14-4046-a3ec-5c99fc76da7f tempest-TestInstancesWithCinderVolumes-772050652 tempest-TestInstancesWithCinderVolumes-772050652-project-member] Determining version of request: GET /v2/schemas/image Accept: */* {{(pid=101912) process_request /opt/stack/glance/glance/api/middleware/version_negotiation.py:44}}
Jun 01 08:33:01.601107 np0000001838 devstack@g-api.service[101912]: DEBUG glance.api.middleware.version_negotiation [None req-32e8f680-fb14-4046-a3ec-5c99fc76da7f tempest-TestInstancesWithCinderVolumes-772050652 tempest-TestInstancesWithCinderVolumes-772050652-project-member] Using url versioning {{(pid=101912) process_request /opt/stack/glance/glance/api/middleware/version_negotiation.py:57}}
Jun 01 08:33:01.601195 np0000001838 devstack@g-api.service[101912]: DEBUG glance.api.middleware.version_negotiation [None req-32e8f680-fb14-4046-a3ec-5c99fc76da7f tempest-TestInstancesWithCinderVolumes-772050652 tempest-TestInstancesWithCinderVolumes-772050652-project-member] Matched version: v2 {{(pid=101912) process_request /opt/stack/glance/glance/api/middleware/version_negotiation.py:69}}
Jun 01 08:33:01.601320 np0000001838 devstack@g-api.service[101912]: DEBUG glance.api.middleware.version_negotiation [None req-32e8f680-fb14-4046-a3ec-5c99fc76da7f tempest-TestInstancesWithCinderVolumes-772050652 tempest-TestInstancesWithCinderVolumes-772050652-project-member] new path /v2/schemas/image {{(pid=101912) process_request /opt/stack/glance/glance/api/middleware/version_negotiation.py:70}}
Jun 01 08:33:01.604232 np0000001838 devstack@g-api.service[101912]: [pid: 101912|app: 0|req: 60/164] 127.0.0.1 () {44 vars in 1055 bytes} [Mon Jun 1 08:33:01 2026] GET /v2/schemas/image => generated 6083 bytes in 3 msecs (HTTP/1.1 200) 4 headers in 158 bytes (1 switches on core 0)
Jun 01 08:33:01.617111 np0000001838 devstack@g-api.service[101913]: DEBUG glance.api.middleware.version_negotiation [None req-32e8f680-fb14-4046-a3ec-5c99fc76da7f service glance] Determining version of request: GET /v2/schemas/image Accept: */* {{(pid=101913) process_request /opt/stack/glance/glance/api/middleware/version_negotiation.py:44}}
Jun 01 08:33:01.617111 np0000001838 devstack@g-api.service[101913]: DEBUG glance.api.middleware.version_negotiation [None req-32e8f680-fb14-4046-a3ec-5c99fc76da7f service glance] Using url versioning {{(pid=101913) process_request /opt/stack/glance/glance/api/middleware/version_negotiation.py:57}}
Jun 01 08:33:01.617111 np0000001838 devstack@g-api.service[101913]: DEBUG glance.api.middleware.version_negotiation [None req-32e8f680-fb14-4046-a3ec-5c99fc76da7f service glance] Matched version: v2 {{(pid=101913) process_request /opt/stack/glance/glance/api/middleware/version_negotiation.py:69}}
Jun 01 08:33:01.617111 np0000001838 devstack@g-api.service[101913]: DEBUG glance.api.middleware.version_negotiation [None req-32e8f680-fb14-4046-a3ec-5c99fc76da7f service glance] new path /v2/schemas/image {{(pid=101913) process_request /opt/stack/glance/glance/api/middleware/version_negotiation.py:70}}
Jun 01 08:33:01.622516 np0000001838 devstack@g-api.service[101913]: [pid: 101913|app: 0|req: 51/165] 127.0.0.1 () {44 vars in 1055 bytes} [Mon Jun 1 08:33:01 2026] GET /v2/schemas/image => generated 6083 bytes in 6 msecs (HTTP/1.1 200) 4 headers in 158 bytes (1 switches on core 0)
Jun 01 08:33:01.664466 np0000001838 devstack@g-api.service[101914]: DEBUG glance.api.middleware.version_negotiation [None req-32e8f680-fb14-4046-a3ec-5c99fc76da7f tempest-TestInstancesWithCinderVolumes-772050652 tempest-TestInstancesWithCinderVolumes-772050652-project-member] Determining version of request: GET /v2/images/69e9f92b-e6aa-4098-bea2-a28172e10950 Accept: */* {{(pid=101914) process_request /opt/stack/glance/glance/api/middleware/version_negotiation.py:44}}
Jun 01 08:33:01.664466 np0000001838 devstack@g-api.service[101914]: DEBUG glance.api.middleware.version_negotiation [None req-32e8f680-fb14-4046-a3ec-5c99fc76da7f tempest-TestInstancesWithCinderVolumes-772050652 tempest-TestInstancesWithCinderVolumes-772050652-project-member] Using url versioning {{(pid=101914) process_request /opt/stack/glance/glance/api/middleware/version_negotiation.py:57}}
Jun 01 08:33:01.664466 np0000001838 devstack@g-api.service[101914]: DEBUG glance.api.middleware.version_negotiation [None req-32e8f680-fb14-4046-a3ec-5c99fc76da7f tempest-TestInstancesWithCinderVolumes-772050652 tempest-TestInstancesWithCinderVolumes-772050652-project-member] Matched version: v2 {{(pid=101914) process_request /opt/stack/glance/glance/api/middleware/version_negotiation.py:69}}
Jun 01 08:33:01.664683 np0000001838 devstack@g-api.service[101914]: DEBUG glance.api.middleware.version_negotiation [None req-32e8f680-fb14-4046-a3ec-5c99fc76da7f tempest-TestInstancesWithCinderVolumes-772050652 tempest-TestInstancesWithCinderVolumes-772050652-project-member] new path /v2/images/69e9f92b-e6aa-4098-bea2-a28172e10950 {{(pid=101914) process_request /opt/stack/glance/glance/api/middleware/version_negotiation.py:70}}
Jun 01 08:33:01.676632 np0000001838 devstack@g-api.service[101914]: [pid: 101914|app: 0|req: 55/166] 127.0.0.1 () {44 vars in 1115 bytes} [Mon Jun 1 08:33:01 2026] GET /v2/images/69e9f92b-e6aa-4098-bea2-a28172e10950 => generated 810 bytes in 12 msecs (HTTP/1.1 200) 4 headers in 157 bytes (1 switches on core 0)
Jun 01 08:33:01.688172 np0000001838 devstack@g-api.service[101912]: DEBUG glance.api.middleware.version_negotiation [None req-32e8f680-fb14-4046-a3ec-5c99fc76da7f tempest-TestInstancesWithCinderVolumes-772050652 tempest-TestInstancesWithCinderVolumes-772050652-project-member] Determining version of request: GET /v2/images/69e9f92b-e6aa-4098-bea2-a28172e10950/file Accept: */* {{(pid=101912) process_request /opt/stack/glance/glance/api/middleware/version_negotiation.py:44}}
