Jun 01 08:28:43.197153 np0000001838 nova-scheduler[95646]: DEBUG cotyledon.oslo_config_glue [-] oslo_limit.endpoint_id = None {{(pid=95646) log_opt_values /opt/stack/data/venv/lib/python3.12/site-packages/oslo_config/cfg.py:3256}}
Jun 01 08:28:43.197153 np0000001838 nova-scheduler[95646]: DEBUG cotyledon.oslo_config_glue [-] oslo_limit.endpoint_interface = public {{(pid=95646) log_opt_values /opt/stack/data/venv/lib/python3.12/site-packages/oslo_config/cfg.py:3256}}
Jun 01 08:28:43.197153 np0000001838 nova-scheduler[95646]: DEBUG cotyledon.oslo_config_glue [-] oslo_limit.endpoint_override = None {{(pid=95646) log_opt_values /opt/stack/data/venv/lib/python3.12/site-packages/oslo_config/cfg.py:3256}}
Jun 01 08:28:43.197153 np0000001838 nova-scheduler[95646]: DEBUG cotyledon.oslo_config_glue [-] oslo_limit.endpoint_region_name = None {{(pid=95646) log_opt_values /opt/stack/data/venv/lib/python3.12/site-packages/oslo_config/cfg.py:3256}}
Jun 01 08:28:43.197153 np0000001838 nova-scheduler[95646]: DEBUG cotyledon.oslo_config_glue [-] oslo_limit.endpoint_service_name = None {{(pid=95646) log_opt_values /opt/stack/data/venv/lib/python3.12/site-packages/oslo_config/cfg.py:3256}}
Jun 01 08:28:43.197153 np0000001838 nova-scheduler[95646]: DEBUG cotyledon.oslo_config_glue [-] oslo_limit.endpoint_service_type = None {{(pid=95646) log_opt_values /opt/stack/data/venv/lib/python3.12/site-packages/oslo_config/cfg.py:3256}}
Jun 01 08:28:43.197153 np0000001838 nova-scheduler[95646]: DEBUG cotyledon.oslo_config_glue [-] oslo_limit.insecure = False {{(pid=95646) log_opt_values /opt/stack/data/venv/lib/python3.12/site-packages/oslo_config/cfg.py:3256}}
Jun 01 08:28:43.197349 np0000001838 nova-scheduler[95646]: DEBUG cotyledon.oslo_config_glue [-] oslo_limit.keyfile = None {{(pid=95646) log_opt_values /opt/stack/data/venv/lib/python3.12/site-packages/oslo_config/cfg.py:3256}}
Jun 01 08:28:43.197349 np0000001838 nova-scheduler[95646]: DEBUG cotyledon.oslo_config_glue [-] oslo_limit.max_version = None {{(pid=95646) log_opt_values /opt/stack/data/venv/lib/python3.12/site-packages/oslo_config/cfg.py:3256}}
Jun 01 08:28:43.197349 np0000001838 nova-scheduler[95646]: DEBUG cotyledon.oslo_config_glue [-] oslo_limit.min_version = None {{(pid=95646) log_opt_values /opt/stack/data/venv/lib/python3.12/site-packages/oslo_config/cfg.py:3256}}
Jun 01 08:28:43.197349 np0000001838 nova-scheduler[95646]: DEBUG cotyledon.oslo_config_glue [-] oslo_limit.region_name = None {{(pid=95646) log_opt_values /opt/stack/data/venv/lib/python3.12/site-packages/oslo_config/cfg.py:3256}}
Jun 01 08:28:43.197349 np0000001838 nova-scheduler[95646]: DEBUG cotyledon.oslo_config_glue [-] oslo_limit.retriable_status_codes = None {{(pid=95646) log_opt_values /opt/stack/data/venv/lib/python3.12/site-packages/oslo_config/cfg.py:3256}}
Jun 01 08:28:43.197349 np0000001838 nova-scheduler[95646]: DEBUG cotyledon.oslo_config_glue [-] oslo_limit.service_name = None {{(pid=95646) log_opt_values /opt/stack/data/venv/lib/python3.12/site-packages/oslo_config/cfg.py:3256}}
Jun 01 08:28:43.197349 np0000001838 nova-scheduler[95646]: DEBUG cotyledon.oslo_config_glue [-] oslo_limit.service_type = None {{(pid=95646) log_opt_values /opt/stack/data/venv/lib/python3.12/site-packages/oslo_config/cfg.py:3256}}
Jun 01 08:28:43.197349 np0000001838 nova-scheduler[95646]: DEBUG cotyledon.oslo_config_glue [-] oslo_limit.split_loggers = False {{(pid=95646) log_opt_values /opt/stack/data/venv/lib/python3.12/site-packages/oslo_config/cfg.py:3256}}
Jun 01 08:28:43.197349 np0000001838 nova-scheduler[95646]: DEBUG cotyledon.oslo_config_glue [-] oslo_limit.status_code_retries = None {{(pid=95646) log_opt_values /opt/stack/data/venv/lib/python3.12/site-packages/oslo_config/cfg.py:3256}}
Jun 01 08:28:43.197529 np0000001838 nova-scheduler[95646]: DEBUG cotyledon.oslo_config_glue [-] oslo_limit.status_code_retry_delay = None {{(pid=95646) log_opt_values /opt/stack/data/venv/lib/python3.12/site-packages/oslo_config/cfg.py:3256}}
Jun 01 08:28:43.197529 np0000001838 nova-scheduler[95646]: DEBUG cotyledon.oslo_config_glue [-] oslo_limit.timeout = None {{(pid=95646) log_opt_values /opt/stack/data/venv/lib/python3.12/site-packages/oslo_config/cfg.py:3256}}
Jun 01 08:28:43.197529 np0000001838 nova-scheduler[95646]: DEBUG cotyledon.oslo_config_glue [-] oslo_limit.valid_interfaces = None {{(pid=95646) log_opt_values /opt/stack/data/venv/lib/python3.12/site-packages/oslo_config/cfg.py:3256}}
Jun 01 08:28:43.197529 np0000001838 nova-scheduler[95646]: DEBUG cotyledon.oslo_config_glue [-] oslo_limit.version = None {{(pid=95646) log_opt_values /opt/stack/data/venv/lib/python3.12/site-packages/oslo_config/cfg.py:3256}}
Jun 01 08:28:43.197529 np0000001838 nova-scheduler[95646]: DEBUG cotyledon.oslo_config_glue [-] oslo_reports.file_event_handler = None {{(pid=95646) log_opt_values /opt/stack/data/venv/lib/python3.12/site-packages/oslo_config/cfg.py:3256}}
Jun 01 08:28:43.197529 np0000001838 nova-scheduler[95646]: DEBUG cotyledon.oslo_config_glue [-] oslo_reports.file_event_handler_interval = 1 {{(pid=95646) log_opt_values /opt/stack/data/venv/lib/python3.12/site-packages/oslo_config/cfg.py:3256}}
Jun 01 08:28:43.197529 np0000001838 nova-scheduler[95646]: DEBUG cotyledon.oslo_config_glue [-] oslo_reports.log_dir = None {{(pid=95646) log_opt_values /opt/stack/data/venv/lib/python3.12/site-packages/oslo_config/cfg.py:3256}}
Jun 01 08:28:43.197529 np0000001838 nova-scheduler[95646]: DEBUG cotyledon.oslo_config_glue [-] ******************************************************************************** {{(pid=95646) log_opt_values /opt/stack/data/venv/lib/python3.12/site-packages/oslo_config/cfg.py:3263}}
Jun 01 08:28:43.197529 np0000001838 nova-scheduler[95646]: DEBUG cotyledon._service_worker [-] Run service ServiceWrapper(2) [95646] {{(pid=95646) wait_forever /opt/stack/data/venv/lib/python3.12/site-packages/cotyledon/_service_worker.py:218}}
Jun 01 08:28:43.197762 np0000001838 nova-scheduler[95646]: INFO nova.service [-] Starting scheduler node (version 33.1.0)
Jun 01 08:28:43.200694 np0000001838 nova-scheduler[95646]: INFO dbcounter [None req-726bb2b1-a44b-478e-9b3b-071730b9b67e None None] Registered counter for database nova_cell0
Jun 01 08:28:43.202614 np0000001838 nova-scheduler[95642]: DEBUG oslo_db.sqlalchemy.engines [None req-e104ec8c-03bf-4f3d-a01f-a3f413f27254 None None] MySQL server mode set to STRICT_TRANS_TABLES,STRICT_ALL_TABLES,NO_ZERO_IN_DATE,NO_ZERO_DATE,ERROR_FOR_DIVISION_BY_ZERO,TRADITIONAL,NO_ENGINE_SUBSTITUTION {{(pid=95642) _check_effective_sql_mode /opt/stack/data/venv/lib/python3.12/site-packages/oslo_db/sqlalchemy/engines.py:325}}
Jun 01 08:28:43.212579 np0000001838 nova-scheduler[95642]: DEBUG dbcounter [-] [95642] Writer thread running {{(pid=95642) stat_writer /opt/stack/data/venv/lib/python3.12/site-packages/dbcounter.py:102}}
Jun 01 08:28:43.229191 np0000001838 nova-scheduler[95642]: DEBUG nova.service [None req-e104ec8c-03bf-4f3d-a01f-a3f413f27254 None None] Creating RPC server for service: nova-scheduler on topic: scheduler {{(pid=95642) start /opt/stack/nova/nova/service.py:195}}
Jun 01 08:28:43.231921 np0000001838 nova-scheduler[95644]: DEBUG oslo_db.sqlalchemy.engines [None req-0467c645-9013-469e-b233-d160d6a91094 None None] MySQL server mode set to STRICT_TRANS_TABLES,STRICT_ALL_TABLES,NO_ZERO_IN_DATE,NO_ZERO_DATE,ERROR_FOR_DIVISION_BY_ZERO,TRADITIONAL,NO_ENGINE_SUBSTITUTION {{(pid=95644) _check_effective_sql_mode /opt/stack/data/venv/lib/python3.12/site-packages/oslo_db/sqlalchemy/engines.py:325}}
Jun 01 08:28:43.242425 np0000001838 nova-scheduler[95646]: DEBUG oslo_db.sqlalchemy.engines [None req-726bb2b1-a44b-478e-9b3b-071730b9b67e None None] MySQL server mode set to STRICT_TRANS_TABLES,STRICT_ALL_TABLES,NO_ZERO_IN_DATE,NO_ZERO_DATE,ERROR_FOR_DIVISION_BY_ZERO,TRADITIONAL,NO_ENGINE_SUBSTITUTION {{(pid=95646) _check_effective_sql_mode /opt/stack/data/venv/lib/python3.12/site-packages/oslo_db/sqlalchemy/engines.py:325}}
Jun 01 08:28:43.242539 np0000001838 nova-scheduler[95644]: DEBUG dbcounter [-] [95644] Writer thread running {{(pid=95644) stat_writer /opt/stack/data/venv/lib/python3.12/site-packages/dbcounter.py:102}}
Jun 01 08:28:43.245590 np0000001838 nova-scheduler[95644]: DEBUG nova.service [None req-0467c645-9013-469e-b233-d160d6a91094 None None] Creating RPC server for service: nova-scheduler on topic: scheduler {{(pid=95644) start /opt/stack/nova/nova/service.py:195}}
Jun 01 08:28:43.251560 np0000001838 nova-scheduler[95646]: DEBUG dbcounter [-] [95646] Writer thread running {{(pid=95646) stat_writer /opt/stack/data/venv/lib/python3.12/site-packages/dbcounter.py:102}}
Jun 01 08:28:43.255389 np0000001838 nova-scheduler[95646]: DEBUG nova.service [None req-726bb2b1-a44b-478e-9b3b-071730b9b67e None None] Creating RPC server for service: nova-scheduler on topic: scheduler {{(pid=95646) start /opt/stack/nova/nova/service.py:195}}
Jun 01 08:28:43.278760 np0000001838 nova-scheduler[95644]: DEBUG nova.service [None req-0467c645-9013-469e-b233-d160d6a91094 None None] Join ServiceGroup membership for this service scheduler {{(pid=95644) start /opt/stack/nova/nova/service.py:221}}
Jun 01 08:28:43.278760 np0000001838 nova-scheduler[95644]: DEBUG nova.servicegroup.drivers.db [None req-0467c645-9013-469e-b233-d160d6a91094 None None] DB_Driver: join new ServiceGroup member np0000001838 to the scheduler group, service = {{(pid=95644) join /opt/stack/nova/nova/servicegroup/drivers/db.py:44}}
Jun 01 08:28:43.278944 np0000001838 nova-scheduler[95646]: DEBUG nova.service [None req-726bb2b1-a44b-478e-9b3b-071730b9b67e None None] Join ServiceGroup membership for this service scheduler {{(pid=95646) start /opt/stack/nova/nova/service.py:221}}
Jun 01 08:28:43.278944 np0000001838 nova-scheduler[95646]: DEBUG nova.servicegroup.drivers.db [None req-726bb2b1-a44b-478e-9b3b-071730b9b67e None None] DB_Driver: join new ServiceGroup member np0000001838 to the scheduler group, service = {{(pid=95646) join /opt/stack/nova/nova/servicegroup/drivers/db.py:44}}
Jun 01 08:28:43.283986 np0000001838 nova-scheduler[95642]: DEBUG nova.service [None req-e104ec8c-03bf-4f3d-a01f-a3f413f27254 None None] Join ServiceGroup membership for this service scheduler {{(pid=95642) start /opt/stack/nova/nova/service.py:221}}
Jun 01 08:28:43.284175 np0000001838 nova-scheduler[95642]: DEBUG nova.servicegroup.drivers.db [None req-e104ec8c-03bf-4f3d-a01f-a3f413f27254 None None] DB_Driver: join new ServiceGroup member np0000001838 to the scheduler group, service = {{(pid=95642) join /opt/stack/nova/nova/servicegroup/drivers/db.py:44}}
Jun 01 08:28:48.291969 np0000001838 nova-scheduler[95644]: DEBUG oslo.service.backend._threading.loopingcall [-] Fixed interval looping call 'nova.servicegroup.drivers.db.DbDriver._report_state' sleeping for 119.99 seconds {{(pid=95644) _run_loop /opt/stack/data/venv/lib/python3.12/site-packages/oslo_service/backend/_threading/loopingcall.py:125}}
Jun 01 08:28:48.294953 np0000001838 nova-scheduler[95642]: DEBUG oslo.service.backend._threading.loopingcall [-] Fixed interval looping call 'nova.servicegroup.drivers.db.DbDriver._report_state' sleeping for 119.99 seconds {{(pid=95642) _run_loop /opt/stack/data/venv/lib/python3.12/site-packages/oslo_service/backend/_threading/loopingcall.py:125}}
Jun 01 08:28:48.295139 np0000001838 nova-scheduler[95646]: DEBUG oslo.service.backend._threading.loopingcall [-] Fixed interval looping call 'nova.servicegroup.drivers.db.DbDriver._report_state' sleeping for 119.99 seconds {{(pid=95646) _run_loop /opt/stack/data/venv/lib/python3.12/site-packages/oslo_service/backend/_threading/loopingcall.py:125}}
Jun 01 08:28:51.810395 np0000001838 nova-scheduler[94368]: DEBUG dbcounter [-] [94368] Writing DB stats nova_api:SELECT=3 {{(pid=94368) stat_writer /opt/stack/data/venv/lib/python3.12/site-packages/dbcounter.py:115}}
Jun 01 08:28:51.949932 np0000001838 nova-scheduler[94368]: DEBUG dbcounter [-] [94368] Writing DB stats nova_cell0:SELECT=1 {{(pid=94368) stat_writer /opt/stack/data/venv/lib/python3.12/site-packages/dbcounter.py:115}}
Jun 01 08:28:51.953845 np0000001838 nova-scheduler[94368]: DEBUG dbcounter [-] [94368] Writing DB stats nova_cell1:SELECT=1 {{(pid=94368) stat_writer /opt/stack/data/venv/lib/python3.12/site-packages/dbcounter.py:115}}
Jun 01 08:28:56.280069 np0000001838 nova-scheduler[95644]: DEBUG oslo.service.backend._threading.loopingcall [None req-6cd6a9cb-69da-4941-a50d-40ff79db2a25 None None] Dynamic interval looping call 'nova.service.Service.periodic_tasks' sleeping for 60.00 seconds {{(pid=95644) _run_loop /opt/stack/data/venv/lib/python3.12/site-packages/oslo_service/backend/_threading/loopingcall.py:125}}
Jun 01 08:28:58.288271 np0000001838 nova-scheduler[95644]: DEBUG dbcounter [-] [95644] Writing DB stats nova_cell0:SELECT=3,nova_cell0:UPDATE=1 {{(pid=95644) stat_writer /opt/stack/data/venv/lib/python3.12/site-packages/dbcounter.py:115}}
Jun 01 08:28:58.292753 np0000001838 nova-scheduler[95646]: DEBUG dbcounter [-] [95646] Writing DB stats nova_cell0:SELECT=3 {{(pid=95646) stat_writer /opt/stack/data/venv/lib/python3.12/site-packages/dbcounter.py:115}}
Jun 01 08:28:58.294037 np0000001838 nova-scheduler[95642]: DEBUG dbcounter [-] [95642] Writing DB stats nova_cell0:SELECT=4,nova_cell0:INSERT=1,nova_cell0:UPDATE=1 {{(pid=95642) stat_writer /opt/stack/data/venv/lib/python3.12/site-packages/dbcounter.py:115}}
Jun 01 08:29:33.286212 np0000001838 nova-scheduler[95642]: DEBUG oslo.service.backend._threading.loopingcall [None req-9c34f50d-807e-4ddc-bba5-ad1a27770cdf None None] Dynamic interval looping call 'nova.service.Service.periodic_tasks' sleeping for 60.00 seconds {{(pid=95642) _run_loop /opt/stack/data/venv/lib/python3.12/site-packages/oslo_service/backend/_threading/loopingcall.py:125}}
Jun 01 08:29:38.281340 np0000001838 nova-scheduler[95646]: DEBUG oslo.service.backend._threading.loopingcall [None req-c2c71495-0f33-44f3-af37-2008fb301465 None None] Dynamic interval looping call 'nova.service.Service.periodic_tasks' sleeping for 60.00 seconds {{(pid=95646) _run_loop /opt/stack/data/venv/lib/python3.12/site-packages/oslo_service/backend/_threading/loopingcall.py:125}}
Jun 01 08:29:56.280604 np0000001838 nova-scheduler[95644]: DEBUG oslo.service.backend._threading.loopingcall [None req-6cd6a9cb-69da-4941-a50d-40ff79db2a25 None None] Dynamic interval looping call 'nova.service.Service.periodic_tasks' sleeping for 60.00 seconds {{(pid=95644) _run_loop /opt/stack/data/venv/lib/python3.12/site-packages/oslo_service/backend/_threading/loopingcall.py:125}}
Jun 01 08:30:33.286863 np0000001838 nova-scheduler[95642]: DEBUG oslo.service.backend._threading.loopingcall [None req-9c34f50d-807e-4ddc-bba5-ad1a27770cdf None None] Dynamic interval looping call 'nova.service.Service.periodic_tasks' sleeping for 60.00 seconds {{(pid=95642) _run_loop /opt/stack/data/venv/lib/python3.12/site-packages/oslo_service/backend/_threading/loopingcall.py:125}}
Jun 01 08:30:38.281852 np0000001838 nova-scheduler[95646]: DEBUG oslo.service.backend._threading.loopingcall [None req-c2c71495-0f33-44f3-af37-2008fb301465 None None] Dynamic interval looping call 'nova.service.Service.periodic_tasks' sleeping for 60.00 seconds {{(pid=95646) _run_loop /opt/stack/data/venv/lib/python3.12/site-packages/oslo_service/backend/_threading/loopingcall.py:125}}
Jun 01 08:30:48.291976 np0000001838 nova-scheduler[95644]: DEBUG oslo.service.backend._threading.loopingcall [-] Fixed interval looping call 'nova.servicegroup.drivers.db.DbDriver._report_state' sleeping for 119.99 seconds {{(pid=95644) _run_loop /opt/stack/data/venv/lib/python3.12/site-packages/oslo_service/backend/_threading/loopingcall.py:125}}
Jun 01 08:30:48.292614 np0000001838 nova-scheduler[95642]: DEBUG oslo.service.backend._threading.loopingcall [-] Fixed interval looping call 'nova.servicegroup.drivers.db.DbDriver._report_state' sleeping for 119.99 seconds {{(pid=95642) _run_loop /opt/stack/data/venv/lib/python3.12/site-packages/oslo_service/backend/_threading/loopingcall.py:125}}
Jun 01 08:30:48.292956 np0000001838 nova-scheduler[95646]: DEBUG oslo.service.backend._threading.loopingcall [-] Fixed interval looping call 'nova.servicegroup.drivers.db.DbDriver._report_state' sleeping for 119.99 seconds {{(pid=95646) _run_loop /opt/stack/data/venv/lib/python3.12/site-packages/oslo_service/backend/_threading/loopingcall.py:125}}
Jun 01 08:30:56.281105 np0000001838 nova-scheduler[95644]: DEBUG oslo.service.backend._threading.loopingcall [None req-6cd6a9cb-69da-4941-a50d-40ff79db2a25 None None] Dynamic interval looping call 'nova.service.Service.periodic_tasks' sleeping for 60.00 seconds {{(pid=95644) _run_loop /opt/stack/data/venv/lib/python3.12/site-packages/oslo_service/backend/_threading/loopingcall.py:125}}
Jun 01 08:30:58.285752 np0000001838 nova-scheduler[95644]: DEBUG dbcounter [-] [95644] Writing DB stats nova_cell0:SELECT=1,nova_cell0:UPDATE=1 {{(pid=95644) stat_writer /opt/stack/data/venv/lib/python3.12/site-packages/dbcounter.py:115}}
Jun 01 08:30:58.289347 np0000001838 nova-scheduler[95642]: DEBUG dbcounter [-] [95642] Writing DB stats nova_cell0:SELECT=1,nova_cell0:UPDATE=1 {{(pid=95642) stat_writer /opt/stack/data/venv/lib/python3.12/site-packages/dbcounter.py:115}}
Jun 01 08:30:58.290641 np0000001838 nova-scheduler[95646]: DEBUG dbcounter [-] [95646] Writing DB stats nova_cell0:SELECT=1,nova_cell0:UPDATE=1 {{(pid=95646) stat_writer /opt/stack/data/venv/lib/python3.12/site-packages/dbcounter.py:115}}
Jun 01 08:31:24.816636 np0000001838 nova-scheduler[95644]: DEBUG nova.scheduler.manager [None req-ddcd3c71-c1f1-4810-9842-3e4197fa5239 tempest-ServerRescueNegativeTestJSON-1639279980 tempest-ServerRescueNegativeTestJSON-1639279980-project-member] Starting to schedule for instances: ['cbba70e9-55e1-4ffc-b049-8fc86291f38e'] {{(pid=95644) select_destinations /opt/stack/nova/nova/scheduler/manager.py:210}}
Jun 01 08:31:24.817166 np0000001838 nova-scheduler[95644]: DEBUG nova.scheduler.request_filter [None req-ddcd3c71-c1f1-4810-9842-3e4197fa5239 tempest-ServerRescueNegativeTestJSON-1639279980 tempest-ServerRescueNegativeTestJSON-1639279980-project-member] compute_status_filter request filter added forbidden trait COMPUTE_STATUS_DISABLED {{(pid=95644) compute_status_filter /opt/stack/nova/nova/scheduler/request_filter.py:253}}
Jun 01 08:31:24.817166 np0000001838 nova-scheduler[95644]: DEBUG nova.scheduler.request_filter [None req-ddcd3c71-c1f1-4810-9842-3e4197fa5239 tempest-ServerRescueNegativeTestJSON-1639279980 tempest-ServerRescueNegativeTestJSON-1639279980-project-member] Request filter 'compute_status_filter' took 0.0 seconds {{(pid=95644) wrapper /opt/stack/nova/nova/scheduler/request_filter.py:46}}
Jun 01 08:31:24.818524 np0000001838 nova-scheduler[95644]: DEBUG nova.scheduler.request_filter [None req-ddcd3c71-c1f1-4810-9842-3e4197fa5239 tempest-ServerRescueNegativeTestJSON-1639279980 tempest-ServerRescueNegativeTestJSON-1639279980-project-member] Request filter 'accelerators_filter' took 0.0 seconds {{(pid=95644) wrapper /opt/stack/nova/nova/scheduler/request_filter.py:46}}
Jun 01 08:31:24.818524 np0000001838 nova-scheduler[95644]: DEBUG nova.scheduler.request_filter [None req-ddcd3c71-c1f1-4810-9842-3e4197fa5239 tempest-ServerRescueNegativeTestJSON-1639279980 tempest-ServerRescueNegativeTestJSON-1639279980-project-member] Request filter 'packed_virtqueue_filter' took 0.0 seconds {{(pid=95644) wrapper /opt/stack/nova/nova/scheduler/request_filter.py:46}}
Jun 01 08:31:24.818524 np0000001838 nova-scheduler[95644]: DEBUG nova.scheduler.request_filter [None req-ddcd3c71-c1f1-4810-9842-3e4197fa5239 tempest-ServerRescueNegativeTestJSON-1639279980 tempest-ServerRescueNegativeTestJSON-1639279980-project-member] Request filter 'remote_managed_ports_filter' took 0.0 seconds {{(pid=95644) wrapper /opt/stack/nova/nova/scheduler/request_filter.py:46}}
Jun 01 08:31:24.818524 np0000001838 nova-scheduler[95644]: DEBUG nova.scheduler.request_filter [None req-ddcd3c71-c1f1-4810-9842-3e4197fa5239 tempest-ServerRescueNegativeTestJSON-1639279980 tempest-ServerRescueNegativeTestJSON-1639279980-project-member] ephemeral_encryption_filter skipped {{(pid=95644) ephemeral_encryption_filter /opt/stack/nova/nova/scheduler/request_filter.py:426}}
Jun 01 08:31:24.818524 np0000001838 nova-scheduler[95644]: DEBUG nova.scheduler.request_filter [None req-ddcd3c71-c1f1-4810-9842-3e4197fa5239 tempest-ServerRescueNegativeTestJSON-1639279980 tempest-ServerRescueNegativeTestJSON-1639279980-project-member] virtio_sound_filter skipped {{(pid=95644) virtio_sound_filter /opt/stack/nova/nova/scheduler/request_filter.py:460}}
Jun 01 08:31:24.818740 np0000001838 nova-scheduler[95644]: DEBUG nova.scheduler.request_filter [None req-ddcd3c71-c1f1-4810-9842-3e4197fa5239 tempest-ServerRescueNegativeTestJSON-1639279980 tempest-ServerRescueNegativeTestJSON-1639279980-project-member] tpm_secret_security_filter skipped {{(pid=95644) tpm_secret_security_filter /opt/stack/nova/nova/scheduler/request_filter.py:477}}
Jun 01 08:31:25.454816 np0000001838 nova-scheduler[95644]: INFO nova.utils [None req-ddcd3c71-c1f1-4810-9842-3e4197fa5239 tempest-ServerRescueNegativeTestJSON-1639279980 tempest-ServerRescueNegativeTestJSON-1639279980-project-member] The cell worker thread pool ForkProcess-2.cell_worker is initialized
Jun 01 08:31:25.455152 np0000001838 nova-scheduler[95644]: DEBUG oslo_concurrency.lockutils [None req-ddcd3c71-c1f1-4810-9842-3e4197fa5239 tempest-ServerRescueNegativeTestJSON-1639279980 tempest-ServerRescueNegativeTestJSON-1639279980-project-member] Acquiring lock "333369d5-89b9-4883-8a94-33a1c5e29fd5" by "nova.context.set_target_cell..get_or_set_cached_cell_and_set_connections" {{(pid=95644) inner /opt/stack/data/venv/lib/python3.12/site-packages/oslo_concurrency/lockutils.py:511}}
Jun 01 08:31:25.455363 np0000001838 nova-scheduler[95644]: DEBUG oslo_concurrency.lockutils [None req-ddcd3c71-c1f1-4810-9842-3e4197fa5239 tempest-ServerRescueNegativeTestJSON-1639279980 tempest-ServerRescueNegativeTestJSON-1639279980-project-member] Lock "333369d5-89b9-4883-8a94-33a1c5e29fd5" acquired by "nova.context.set_target_cell..get_or_set_cached_cell_and_set_connections" :: waited 0.000s {{(pid=95644) inner /opt/stack/data/venv/lib/python3.12/site-packages/oslo_concurrency/lockutils.py:524}}
Jun 01 08:31:25.456934 np0000001838 nova-scheduler[95644]: DEBUG oslo_concurrency.lockutils [None req-ddcd3c71-c1f1-4810-9842-3e4197fa5239 tempest-ServerRescueNegativeTestJSON-1639279980 tempest-ServerRescueNegativeTestJSON-1639279980-project-member] Lock "333369d5-89b9-4883-8a94-33a1c5e29fd5" "released" by "nova.context.set_target_cell..get_or_set_cached_cell_and_set_connections" :: held 0.001s {{(pid=95644) inner /opt/stack/data/venv/lib/python3.12/site-packages/oslo_concurrency/lockutils.py:543}}
Jun 01 08:31:25.459278 np0000001838 nova-scheduler[95644]: INFO dbcounter [None req-ddcd3c71-c1f1-4810-9842-3e4197fa5239 tempest-ServerRescueNegativeTestJSON-1639279980 tempest-ServerRescueNegativeTestJSON-1639279980-project-member] Registered counter for database nova_cell1
Jun 01 08:31:25.525872 np0000001838 nova-scheduler[95644]: DEBUG oslo_db.sqlalchemy.engines [None req-ddcd3c71-c1f1-4810-9842-3e4197fa5239 tempest-ServerRescueNegativeTestJSON-1639279980 tempest-ServerRescueNegativeTestJSON-1639279980-project-member] MySQL server mode set to STRICT_TRANS_TABLES,STRICT_ALL_TABLES,NO_ZERO_IN_DATE,NO_ZERO_DATE,ERROR_FOR_DIVISION_BY_ZERO,TRADITIONAL,NO_ENGINE_SUBSTITUTION {{(pid=95644) _check_effective_sql_mode /opt/stack/data/venv/lib/python3.12/site-packages/oslo_db/sqlalchemy/engines.py:325}}
Jun 01 08:31:25.533877 np0000001838 nova-scheduler[95644]: DEBUG dbcounter [-] [95644] Writer thread running {{(pid=95644) stat_writer /opt/stack/data/venv/lib/python3.12/site-packages/dbcounter.py:102}}
Jun 01 08:31:25.549829 np0000001838 nova-scheduler[95644]: DEBUG oslo_db.sqlalchemy.engines [None req-ddcd3c71-c1f1-4810-9842-3e4197fa5239 tempest-ServerRescueNegativeTestJSON-1639279980 tempest-ServerRescueNegativeTestJSON-1639279980-project-member] Parent process 94368 forked (95644) with an open database connection, which is being discarded and recreated. {{(pid=95644) checkout /opt/stack/data/venv/lib/python3.12/site-packages/oslo_db/sqlalchemy/engines.py:402}}
Jun 01 08:31:25.601112 np0000001838 nova-scheduler[95644]: DEBUG dbcounter [-] [95644] Writer thread running {{(pid=95644) stat_writer /opt/stack/data/venv/lib/python3.12/site-packages/dbcounter.py:102}}
Jun 01 08:31:25.603119 np0000001838 nova-scheduler[95644]: DEBUG oslo_concurrency.lockutils [None req-ddcd3c71-c1f1-4810-9842-3e4197fa5239 tempest-ServerRescueNegativeTestJSON-1639279980 tempest-ServerRescueNegativeTestJSON-1639279980-project-member] Acquiring lock "333369d5-89b9-4883-8a94-33a1c5e29fd5" by "nova.context.set_target_cell..get_or_set_cached_cell_and_set_connections" {{(pid=95644) inner /opt/stack/data/venv/lib/python3.12/site-packages/oslo_concurrency/lockutils.py:511}}
Jun 01 08:31:25.603743 np0000001838 nova-scheduler[95644]: DEBUG oslo_concurrency.lockutils [None req-ddcd3c71-c1f1-4810-9842-3e4197fa5239 tempest-ServerRescueNegativeTestJSON-1639279980 tempest-ServerRescueNegativeTestJSON-1639279980-project-member] Lock "333369d5-89b9-4883-8a94-33a1c5e29fd5" acquired by "nova.context.set_target_cell..get_or_set_cached_cell_and_set_connections" :: waited 0.000s {{(pid=95644) inner /opt/stack/data/venv/lib/python3.12/site-packages/oslo_concurrency/lockutils.py:524}}
Jun 01 08:31:25.603743 np0000001838 nova-scheduler[95644]: DEBUG oslo_concurrency.lockutils [None req-ddcd3c71-c1f1-4810-9842-3e4197fa5239 tempest-ServerRescueNegativeTestJSON-1639279980 tempest-ServerRescueNegativeTestJSON-1639279980-project-member] Lock "333369d5-89b9-4883-8a94-33a1c5e29fd5" "released" by "nova.context.set_target_cell..get_or_set_cached_cell_and_set_connections" :: held 0.000s {{(pid=95644) inner /opt/stack/data/venv/lib/python3.12/site-packages/oslo_concurrency/lockutils.py:543}}
Jun 01 08:31:25.607510 np0000001838 nova-scheduler[95644]: DEBUG oslo_concurrency.lockutils [None req-ddcd3c71-c1f1-4810-9842-3e4197fa5239 tempest-ServerRescueNegativeTestJSON-1639279980 tempest-ServerRescueNegativeTestJSON-1639279980-project-member] Acquiring lock "('np0000001838', 'np0000001838')" by "nova.scheduler.host_manager.HostState.update.._locked_update" {{(pid=95644) inner /opt/stack/data/venv/lib/python3.12/site-packages/oslo_concurrency/lockutils.py:511}}
Jun 01 08:31:25.607510 np0000001838 nova-scheduler[95644]: DEBUG oslo_concurrency.lockutils [None req-ddcd3c71-c1f1-4810-9842-3e4197fa5239 tempest-ServerRescueNegativeTestJSON-1639279980 tempest-ServerRescueNegativeTestJSON-1639279980-project-member] Lock "('np0000001838', 'np0000001838')" acquired by "nova.scheduler.host_manager.HostState.update.._locked_update" :: waited 0.000s {{(pid=95644) inner /opt/stack/data/venv/lib/python3.12/site-packages/oslo_concurrency/lockutils.py:524}}
Jun 01 08:31:25.608826 np0000001838 nova-scheduler[95644]: DEBUG nova.scheduler.host_manager [None req-ddcd3c71-c1f1-4810-9842-3e4197fa5239 tempest-ServerRescueNegativeTestJSON-1639279980 tempest-ServerRescueNegativeTestJSON-1639279980-project-member] Update host state from compute node: ComputeNode(cpu_allocation_ratio=4.0,cpu_info='{"arch": "x86_64", "model": "EPYC-Milan", "vendor": "AMD", "topology": {"cells": 1, "sockets": 12, "cores": 1, "threads": 1}, "maxphysaddr": {"mode": "emulate", "bits": 40}, "features": ["pae", "xsaveopt", "ssse3", "no-nested-data-bp", "vpclmulqdq", "pat", "rdseed", "sse4.2", "fsgsbase", "stibp-always-on", "vmcb-clean", "topoext", "avx2", "xsaves", "mtrr", "osvw", "erms", "bmi2", "fpu", "clflush", "cx16", "clzero", "gds-no", "smap", "movbe", "svm", "avx", "x2apic", "apic", "xgetbv1", "clwb", "null-sel-clr-base", "pfthreshold", "syscall", "v-vmsave-vmload", "arat", "hypervisor", "perfctr_core", "sse4a", "amd-ssbd", "vaes", "aes", "f16c", "de", "pse36", "pause-filter", "vme", "pni", "sse", "smep", "svme-addr-chk", "rdpid", "cr8legacy", "xsave", "nrip-save", "pge", "rdtscp", "ibpb", "lfence-always-serializing", "msr", "umip", "amd-stibp", "cx8", "fma", "nx", "adx", "wbnoinvd", "tsc", "vgif", "3dnowprefetch", "mce", "popcnt", "pcid", "skip-l1dfl-vmentry", "lm", "cmov", "fsrm", "sse2", "lahf_lm", "sha-ni", "tsc_adjust", "rdctl-no", "arch-capabilities", "flushbyasid", "stibp", "mca", "virt-ssbd", "pse", "fxsr", "ssbd", "spec-ctrl", "tsc-scale", "pschange-mc-no", "rdrand", "amd-psfd", "pku", "pdpe1gb", "cmp_legacy", "sse4.1", "clflushopt", "lbrv", "ibrs", "bmi1", "xsaveerptr", "mmxext", "tsc-deadline", "npt", "sep", "mmx", "misalignsse", "mds-no", "pclmuldq", "xsavec", "abm", "invpcid", "fxsr_opt"]}',created_at=2026-06-01T08:29:08Z,current_workload=0,deleted=False,deleted_at=None,disk_allocation_ratio=1.0,disk_available_least=74,free_disk_gb=95,free_ram_mb=23518,host='np0000001838',host_ip=10.4.3.236,hypervisor_hostname='np0000001838',hypervisor_type='QEMU',hypervisor_version=8002002,id=1,local_gb=95,local_gb_used=0,mapped=1,memory_mb=24030,memory_mb_used=512,metrics='[]',numa_topology='{"nova_object.name": "NUMATopology", "nova_object.namespace": "nova", "nova_object.version": "1.2", "nova_object.data": {"cells": [{"nova_object.name": "NUMACell", "nova_object.namespace": "nova", "nova_object.version": "1.5", "nova_object.data": {"id": 0, "cpuset": [0, 1, 2, 3, 4, 5, 6, 7, 8, 9, 10, 11], "pcpuset": [0, 1, 2, 3, 4, 5, 6, 7, 8, 9, 10, 11], "memory": 24030, "cpu_usage": 0, "memory_usage": 0, "pinned_cpus": [], "siblings": [[6], [2], [5], [11], [8], [4], [1], [7], [10], [0], [3], [9]], "mempages": [{"nova_object.name": "NUMAPagesTopology", "nova_object.namespace": "nova", "nova_object.version": "1.1", "nova_object.data": {"size_kb": 4, "total": 6151797, "used": 0, "reserved": 0}, "nova_object.changes": ["size_kb", "used", "total", "reserved"]}, {"nova_object.name": "NUMAPagesTopology", "nova_object.namespace": "nova", "nova_object.version": "1.1", "nova_object.data": {"size_kb": 2048, "total": 0, "used": 0, "reserved": 0}, "nova_object.changes": ["size_kb", "used", "total", "reserved"]}, {"nova_object.name": "NUMAPagesTopology", "nova_object.namespace": "nova", "nova_object.version": "1.1", "nova_object.data": {"size_kb": 1048576, "total": 0, "used": 0, "reserved": 0}, "nova_object.changes": ["size_kb", "used", "total", "reserved"]}], "network_metadata": {"nova_object.name": "NetworkMetadata", "nova_object.namespace": "nova", "nova_object.version": "1.0", "nova_object.data": {"physnets": [], "tunneled": false}, "nova_object.changes": ["physnets", "tunneled"]}, "socket": null}, "nova_object.changes": ["memory_usage", "cpu_usage", "network_metadata", "memory", "id", "pcpuset", "mempages", "siblings", "pinned_cpus", "cpuset", "socket"]}]}, "nova_object.changes": ["cells"]}',pci_device_pools=PciDevicePoolList,ram_allocation_ratio=1.0,running_vms=0,service_id=2,stats={failed_builds='0',uptime=' 08:30:53 up 28 min, 2 users, load average: 1.16, 1.41, 0.85
Jun 01 08:31:25.608826 np0000001838 nova-scheduler[95644]: '},supported_hv_specs=[HVSpec,HVSpec,HVSpec,HVSpec,HVSpec,HVSpec,HVSpec,HVSpec,HVSpec,HVSpec,HVSpec,HVSpec,HVSpec,HVSpec,HVSpec,HVSpec,HVSpec,HVSpec,HVSpec,HVSpec,HVSpec,HVSpec,HVSpec,HVSpec,HVSpec],updated_at=2026-06-01T08:30:56Z,uuid=30554e7a-4b47-483c-81a5-b6681aa60300,vcpus=12,vcpus_used=0) {{(pid=95644) _locked_update /opt/stack/nova/nova/scheduler/host_manager.py:168}}
Jun 01 08:31:25.610814 np0000001838 nova-scheduler[95644]: DEBUG nova.scheduler.host_manager [None req-ddcd3c71-c1f1-4810-9842-3e4197fa5239 tempest-ServerRescueNegativeTestJSON-1639279980 tempest-ServerRescueNegativeTestJSON-1639279980-project-member] Update host state with aggregates: [] {{(pid=95644) _locked_update /opt/stack/nova/nova/scheduler/host_manager.py:171}}
Jun 01 08:31:25.610814 np0000001838 nova-scheduler[95644]: DEBUG nova.scheduler.host_manager [None req-ddcd3c71-c1f1-4810-9842-3e4197fa5239 tempest-ServerRescueNegativeTestJSON-1639279980 tempest-ServerRescueNegativeTestJSON-1639279980-project-member] Update host state with service dict: {'id': 2, 'uuid': '160f6339-c9d7-4b0a-b9b5-72d4414b46b1', 'host': 'np0000001838', 'binary': 'nova-compute', 'topic': 'compute', 'report_count': 2, 'disabled': False, 'disabled_reason': None, 'last_seen_up': datetime.datetime(2026, 6, 1, 8, 31, 17, tzinfo=datetime.timezone.utc), 'forced_down': False, 'version': 72, 'created_at': datetime.datetime(2026, 6, 1, 8, 29, 6, tzinfo=datetime.timezone.utc), 'updated_at': datetime.datetime(2026, 6, 1, 8, 31, 17, tzinfo=datetime.timezone.utc), 'deleted_at': None, 'deleted': False} {{(pid=95644) _locked_update /opt/stack/nova/nova/scheduler/host_manager.py:174}}
Jun 01 08:31:25.610814 np0000001838 nova-scheduler[95644]: DEBUG nova.scheduler.host_manager [None req-ddcd3c71-c1f1-4810-9842-3e4197fa5239 tempest-ServerRescueNegativeTestJSON-1639279980 tempest-ServerRescueNegativeTestJSON-1639279980-project-member] Update host state with instances: [] {{(pid=95644) _locked_update /opt/stack/nova/nova/scheduler/host_manager.py:177}}
Jun 01 08:31:25.610814 np0000001838 nova-scheduler[95644]: DEBUG oslo_concurrency.lockutils [None req-ddcd3c71-c1f1-4810-9842-3e4197fa5239 tempest-ServerRescueNegativeTestJSON-1639279980 tempest-ServerRescueNegativeTestJSON-1639279980-project-member] Lock "('np0000001838', 'np0000001838')" "released" by "nova.scheduler.host_manager.HostState.update.._locked_update" :: held 0.003s {{(pid=95644) inner /opt/stack/data/venv/lib/python3.12/site-packages/oslo_concurrency/lockutils.py:543}}
Jun 01 08:31:25.611638 np0000001838 nova-scheduler[95644]: DEBUG nova.filters [None req-ddcd3c71-c1f1-4810-9842-3e4197fa5239 tempest-ServerRescueNegativeTestJSON-1639279980 tempest-ServerRescueNegativeTestJSON-1639279980-project-member] Starting with 1 host(s) {{(pid=95644) get_filtered_objects /opt/stack/nova/nova/filters.py:70}}
Jun 01 08:31:25.611638 np0000001838 nova-scheduler[95644]: DEBUG nova.filters [None req-ddcd3c71-c1f1-4810-9842-3e4197fa5239 tempest-ServerRescueNegativeTestJSON-1639279980 tempest-ServerRescueNegativeTestJSON-1639279980-project-member] Filter ComputeFilter returned 1 host(s) {{(pid=95644) get_filtered_objects /opt/stack/nova/nova/filters.py:102}}
Jun 01 08:31:25.611840 np0000001838 nova-scheduler[95644]: DEBUG nova.filters [None req-ddcd3c71-c1f1-4810-9842-3e4197fa5239 tempest-ServerRescueNegativeTestJSON-1639279980 tempest-ServerRescueNegativeTestJSON-1639279980-project-member] Filter ComputeCapabilitiesFilter returned 1 host(s) {{(pid=95644) get_filtered_objects /opt/stack/nova/nova/filters.py:102}}
Jun 01 08:31:25.611927 np0000001838 nova-scheduler[95644]: DEBUG nova.filters [None req-ddcd3c71-c1f1-4810-9842-3e4197fa5239 tempest-ServerRescueNegativeTestJSON-1639279980 tempest-ServerRescueNegativeTestJSON-1639279980-project-member] Filter ImagePropertiesFilter returned 1 host(s) {{(pid=95644) get_filtered_objects /opt/stack/nova/nova/filters.py:102}}
Jun 01 08:31:25.612071 np0000001838 nova-scheduler[95644]: DEBUG nova.filters [None req-ddcd3c71-c1f1-4810-9842-3e4197fa5239 tempest-ServerRescueNegativeTestJSON-1639279980 tempest-ServerRescueNegativeTestJSON-1639279980-project-member] Filter ServerGroupAntiAffinityFilter returned 1 host(s) {{(pid=95644) get_filtered_objects /opt/stack/nova/nova/filters.py:102}}
Jun 01 08:31:25.612435 np0000001838 nova-scheduler[95644]: DEBUG nova.filters [None req-ddcd3c71-c1f1-4810-9842-3e4197fa5239 tempest-ServerRescueNegativeTestJSON-1639279980 tempest-ServerRescueNegativeTestJSON-1639279980-project-member] Filter ServerGroupAffinityFilter returned 1 host(s) {{(pid=95644) get_filtered_objects /opt/stack/nova/nova/filters.py:102}}
Jun 01 08:31:25.612627 np0000001838 nova-scheduler[95644]: DEBUG nova.filters [None req-ddcd3c71-c1f1-4810-9842-3e4197fa5239 tempest-ServerRescueNegativeTestJSON-1639279980 tempest-ServerRescueNegativeTestJSON-1639279980-project-member] Filter SameHostFilter returned 1 host(s) {{(pid=95644) get_filtered_objects /opt/stack/nova/nova/filters.py:102}}
Jun 01 08:31:25.612627 np0000001838 nova-scheduler[95644]: DEBUG nova.filters [None req-ddcd3c71-c1f1-4810-9842-3e4197fa5239 tempest-ServerRescueNegativeTestJSON-1639279980 tempest-ServerRescueNegativeTestJSON-1639279980-project-member] Filter DifferentHostFilter returned 1 host(s) {{(pid=95644) get_filtered_objects /opt/stack/nova/nova/filters.py:102}}
Jun 01 08:31:25.613415 np0000001838 nova-scheduler[95644]: DEBUG nova.scheduler.manager [None req-ddcd3c71-c1f1-4810-9842-3e4197fa5239 tempest-ServerRescueNegativeTestJSON-1639279980 tempest-ServerRescueNegativeTestJSON-1639279980-project-member] Filtered [(np0000001838, np0000001838) ram: 23518MB disk: 75776MB io_ops: 0 instances: 0, allocation_candidates: 1] {{(pid=95644) _get_sorted_hosts /opt/stack/nova/nova/scheduler/manager.py:743}}
Jun 01 08:31:25.613415 np0000001838 nova-scheduler[95644]: DEBUG nova.scheduler.manager [None req-ddcd3c71-c1f1-4810-9842-3e4197fa5239 tempest-ServerRescueNegativeTestJSON-1639279980 tempest-ServerRescueNegativeTestJSON-1639279980-project-member] Weighed [WeighedHost [host: (np0000001838, np0000001838) ram: 23518MB disk: 75776MB io_ops: 0 instances: 0, allocation_candidates: 1, weight: 0.0]] {{(pid=95644) _get_sorted_hosts /opt/stack/nova/nova/scheduler/manager.py:765}}
Jun 01 08:31:25.613415 np0000001838 nova-scheduler[95644]: DEBUG nova.scheduler.utils [None req-ddcd3c71-c1f1-4810-9842-3e4197fa5239 tempest-ServerRescueNegativeTestJSON-1639279980 tempest-ServerRescueNegativeTestJSON-1639279980-project-member] Attempting to claim resources in the placement API for instance cbba70e9-55e1-4ffc-b049-8fc86291f38e {{(pid=95644) claim_resources /opt/stack/nova/nova/scheduler/utils.py:1304}}
Jun 01 08:31:25.822076 np0000001838 nova-scheduler[95644]: DEBUG nova.scheduler.manager [None req-ddcd3c71-c1f1-4810-9842-3e4197fa5239 tempest-ServerRescueNegativeTestJSON-1639279980 tempest-ServerRescueNegativeTestJSON-1639279980-project-member] [instance: cbba70e9-55e1-4ffc-b049-8fc86291f38e] Selected host: (np0000001838, np0000001838) ram: 23518MB disk: 75776MB io_ops: 0 instances: 0, allocation_candidates: 1 {{(pid=95644) _consume_selected_host /opt/stack/nova/nova/scheduler/manager.py:625}}
Jun 01 08:31:25.822923 np0000001838 nova-scheduler[95644]: DEBUG oslo_concurrency.lockutils [None req-ddcd3c71-c1f1-4810-9842-3e4197fa5239 tempest-ServerRescueNegativeTestJSON-1639279980 tempest-ServerRescueNegativeTestJSON-1639279980-project-member] Acquiring lock "('np0000001838', 'np0000001838')" by "nova.scheduler.host_manager.HostState.consume_from_request.._locked" {{(pid=95644) inner /opt/stack/data/venv/lib/python3.12/site-packages/oslo_concurrency/lockutils.py:511}}
Jun 01 08:31:25.822923 np0000001838 nova-scheduler[95644]: DEBUG oslo_concurrency.lockutils [None req-ddcd3c71-c1f1-4810-9842-3e4197fa5239 tempest-ServerRescueNegativeTestJSON-1639279980 tempest-ServerRescueNegativeTestJSON-1639279980-project-member] Lock "('np0000001838', 'np0000001838')" acquired by "nova.scheduler.host_manager.HostState.consume_from_request.._locked" :: waited 0.000s {{(pid=95644) inner /opt/stack/data/venv/lib/python3.12/site-packages/oslo_concurrency/lockutils.py:524}}
Jun 01 08:31:25.822923 np0000001838 nova-scheduler[95644]: DEBUG oslo_concurrency.lockutils [None req-ddcd3c71-c1f1-4810-9842-3e4197fa5239 tempest-ServerRescueNegativeTestJSON-1639279980 tempest-ServerRescueNegativeTestJSON-1639279980-project-member] Lock "('np0000001838', 'np0000001838')" "released" by "nova.scheduler.host_manager.HostState.consume_from_request.._locked" :: held 0.000s {{(pid=95644) inner /opt/stack/data/venv/lib/python3.12/site-packages/oslo_concurrency/lockutils.py:543}}
Jun 01 08:31:27.262853 np0000001838 nova-scheduler[95646]: DEBUG nova.scheduler.manager [None req-25917ec9-7d71-4d03-875d-d248cc0d1406 tempest-AttachVolumeShelveTestJSON-1551771599 tempest-AttachVolumeShelveTestJSON-1551771599-project-member] Starting to schedule for instances: ['6e3d2b24-00da-44e4-8c74-44c273a3fb10'] {{(pid=95646) select_destinations /opt/stack/nova/nova/scheduler/manager.py:210}}
Jun 01 08:31:27.264013 np0000001838 nova-scheduler[95646]: DEBUG nova.scheduler.request_filter [None req-25917ec9-7d71-4d03-875d-d248cc0d1406 tempest-AttachVolumeShelveTestJSON-1551771599 tempest-AttachVolumeShelveTestJSON-1551771599-project-member] compute_status_filter request filter added forbidden trait COMPUTE_STATUS_DISABLED {{(pid=95646) compute_status_filter /opt/stack/nova/nova/scheduler/request_filter.py:253}}
Jun 01 08:31:27.264369 np0000001838 nova-scheduler[95646]: DEBUG nova.scheduler.request_filter [None req-25917ec9-7d71-4d03-875d-d248cc0d1406 tempest-AttachVolumeShelveTestJSON-1551771599 tempest-AttachVolumeShelveTestJSON-1551771599-project-member] Request filter 'compute_status_filter' took 0.0 seconds {{(pid=95646) wrapper /opt/stack/nova/nova/scheduler/request_filter.py:46}}
Jun 01 08:31:27.264369 np0000001838 nova-scheduler[95646]: DEBUG nova.scheduler.request_filter [None req-25917ec9-7d71-4d03-875d-d248cc0d1406 tempest-AttachVolumeShelveTestJSON-1551771599 tempest-AttachVolumeShelveTestJSON-1551771599-project-member] Request filter 'accelerators_filter' took 0.0 seconds {{(pid=95646) wrapper /opt/stack/nova/nova/scheduler/request_filter.py:46}}
Jun 01 08:31:27.264369 np0000001838 nova-scheduler[95646]: DEBUG nova.scheduler.request_filter [None req-25917ec9-7d71-4d03-875d-d248cc0d1406 tempest-AttachVolumeShelveTestJSON-1551771599 tempest-AttachVolumeShelveTestJSON-1551771599-project-member] Request filter 'packed_virtqueue_filter' took 0.0 seconds {{(pid=95646) wrapper /opt/stack/nova/nova/scheduler/request_filter.py:46}}
Jun 01 08:31:27.264369 np0000001838 nova-scheduler[95646]: DEBUG nova.scheduler.request_filter [None req-25917ec9-7d71-4d03-875d-d248cc0d1406 tempest-AttachVolumeShelveTestJSON-1551771599 tempest-AttachVolumeShelveTestJSON-1551771599-project-member] Request filter 'remote_managed_ports_filter' took 0.0 seconds {{(pid=95646) wrapper /opt/stack/nova/nova/scheduler/request_filter.py:46}}
Jun 01 08:31:27.264369 np0000001838 nova-scheduler[95646]: DEBUG nova.scheduler.request_filter [None req-25917ec9-7d71-4d03-875d-d248cc0d1406 tempest-AttachVolumeShelveTestJSON-1551771599 tempest-AttachVolumeShelveTestJSON-1551771599-project-member] ephemeral_encryption_filter skipped {{(pid=95646) ephemeral_encryption_filter /opt/stack/nova/nova/scheduler/request_filter.py:426}}
Jun 01 08:31:27.265624 np0000001838 nova-scheduler[95646]: DEBUG nova.scheduler.request_filter [None req-25917ec9-7d71-4d03-875d-d248cc0d1406 tempest-AttachVolumeShelveTestJSON-1551771599 tempest-AttachVolumeShelveTestJSON-1551771599-project-member] virtio_sound_filter skipped {{(pid=95646) virtio_sound_filter /opt/stack/nova/nova/scheduler/request_filter.py:460}}
Jun 01 08:31:27.266248 np0000001838 nova-scheduler[95646]: DEBUG nova.scheduler.request_filter [None req-25917ec9-7d71-4d03-875d-d248cc0d1406 tempest-AttachVolumeShelveTestJSON-1551771599 tempest-AttachVolumeShelveTestJSON-1551771599-project-member] tpm_secret_security_filter skipped {{(pid=95646) tpm_secret_security_filter /opt/stack/nova/nova/scheduler/request_filter.py:477}}
Jun 01 08:31:27.380705 np0000001838 nova-scheduler[95646]: INFO nova.utils [None req-25917ec9-7d71-4d03-875d-d248cc0d1406 tempest-AttachVolumeShelveTestJSON-1551771599 tempest-AttachVolumeShelveTestJSON-1551771599-project-member] The cell worker thread pool ForkProcess-3.cell_worker is initialized
Jun 01 08:31:27.381633 np0000001838 nova-scheduler[95646]: DEBUG oslo_concurrency.lockutils [None req-25917ec9-7d71-4d03-875d-d248cc0d1406 tempest-AttachVolumeShelveTestJSON-1551771599 tempest-AttachVolumeShelveTestJSON-1551771599-project-member] Acquiring lock "333369d5-89b9-4883-8a94-33a1c5e29fd5" by "nova.context.set_target_cell..get_or_set_cached_cell_and_set_connections" {{(pid=95646) inner /opt/stack/data/venv/lib/python3.12/site-packages/oslo_concurrency/lockutils.py:511}}
Jun 01 08:31:27.381633 np0000001838 nova-scheduler[95646]: DEBUG oslo_concurrency.lockutils [None req-25917ec9-7d71-4d03-875d-d248cc0d1406 tempest-AttachVolumeShelveTestJSON-1551771599 tempest-AttachVolumeShelveTestJSON-1551771599-project-member] Lock "333369d5-89b9-4883-8a94-33a1c5e29fd5" acquired by "nova.context.set_target_cell..get_or_set_cached_cell_and_set_connections" :: waited 0.000s {{(pid=95646) inner /opt/stack/data/venv/lib/python3.12/site-packages/oslo_concurrency/lockutils.py:524}}
Jun 01 08:31:27.382871 np0000001838 nova-scheduler[95646]: DEBUG oslo_concurrency.lockutils [None req-25917ec9-7d71-4d03-875d-d248cc0d1406 tempest-AttachVolumeShelveTestJSON-1551771599 tempest-AttachVolumeShelveTestJSON-1551771599-project-member] Lock "333369d5-89b9-4883-8a94-33a1c5e29fd5" "released" by "nova.context.set_target_cell..get_or_set_cached_cell_and_set_connections" :: held 0.001s {{(pid=95646) inner /opt/stack/data/venv/lib/python3.12/site-packages/oslo_concurrency/lockutils.py:543}}
Jun 01 08:31:27.385720 np0000001838 nova-scheduler[95646]: INFO dbcounter [None req-25917ec9-7d71-4d03-875d-d248cc0d1406 tempest-AttachVolumeShelveTestJSON-1551771599 tempest-AttachVolumeShelveTestJSON-1551771599-project-member] Registered counter for database nova_cell1
Jun 01 08:31:27.434282 np0000001838 nova-scheduler[95646]: DEBUG oslo_db.sqlalchemy.engines [None req-25917ec9-7d71-4d03-875d-d248cc0d1406 tempest-AttachVolumeShelveTestJSON-1551771599 tempest-AttachVolumeShelveTestJSON-1551771599-project-member] MySQL server mode set to STRICT_TRANS_TABLES,STRICT_ALL_TABLES,NO_ZERO_IN_DATE,NO_ZERO_DATE,ERROR_FOR_DIVISION_BY_ZERO,TRADITIONAL,NO_ENGINE_SUBSTITUTION {{(pid=95646) _check_effective_sql_mode /opt/stack/data/venv/lib/python3.12/site-packages/oslo_db/sqlalchemy/engines.py:325}}
Jun 01 08:31:27.441925 np0000001838 nova-scheduler[95646]: DEBUG dbcounter [-] [95646] Writer thread running {{(pid=95646) stat_writer /opt/stack/data/venv/lib/python3.12/site-packages/dbcounter.py:102}}
Jun 01 08:31:27.515565 np0000001838 nova-scheduler[95646]: DEBUG dbcounter [-] [95646] Writer thread running {{(pid=95646) stat_writer /opt/stack/data/venv/lib/python3.12/site-packages/dbcounter.py:102}}
Jun 01 08:31:27.530797 np0000001838 nova-scheduler[95646]: DEBUG oslo_concurrency.lockutils [None req-25917ec9-7d71-4d03-875d-d248cc0d1406 tempest-AttachVolumeShelveTestJSON-1551771599 tempest-AttachVolumeShelveTestJSON-1551771599-project-member] Acquiring lock "333369d5-89b9-4883-8a94-33a1c5e29fd5" by "nova.context.set_target_cell..get_or_set_cached_cell_and_set_connections" {{(pid=95646) inner /opt/stack/data/venv/lib/python3.12/site-packages/oslo_concurrency/lockutils.py:511}}
Jun 01 08:31:27.531344 np0000001838 nova-scheduler[95646]: DEBUG oslo_concurrency.lockutils [None req-25917ec9-7d71-4d03-875d-d248cc0d1406 tempest-AttachVolumeShelveTestJSON-1551771599 tempest-AttachVolumeShelveTestJSON-1551771599-project-member] Lock "333369d5-89b9-4883-8a94-33a1c5e29fd5" acquired by "nova.context.set_target_cell..get_or_set_cached_cell_and_set_connections" :: waited 0.000s {{(pid=95646) inner /opt/stack/data/venv/lib/python3.12/site-packages/oslo_concurrency/lockutils.py:524}}
Jun 01 08:31:27.531561 np0000001838 nova-scheduler[95646]: DEBUG oslo_concurrency.lockutils [None req-25917ec9-7d71-4d03-875d-d248cc0d1406 tempest-AttachVolumeShelveTestJSON-1551771599 tempest-AttachVolumeShelveTestJSON-1551771599-project-member] Lock "333369d5-89b9-4883-8a94-33a1c5e29fd5" "released" by "nova.context.set_target_cell..get_or_set_cached_cell_and_set_connections" :: held 0.001s {{(pid=95646) inner /opt/stack/data/venv/lib/python3.12/site-packages/oslo_concurrency/lockutils.py:543}}
Jun 01 08:31:27.535773 np0000001838 nova-scheduler[95646]: DEBUG oslo_concurrency.lockutils [None req-25917ec9-7d71-4d03-875d-d248cc0d1406 tempest-AttachVolumeShelveTestJSON-1551771599 tempest-AttachVolumeShelveTestJSON-1551771599-project-member] Acquiring lock "('np0000001838', 'np0000001838')" by "nova.scheduler.host_manager.HostState.update.._locked_update" {{(pid=95646) inner /opt/stack/data/venv/lib/python3.12/site-packages/oslo_concurrency/lockutils.py:511}}
Jun 01 08:31:27.536314 np0000001838 nova-scheduler[95646]: DEBUG oslo_concurrency.lockutils [None req-25917ec9-7d71-4d03-875d-d248cc0d1406 tempest-AttachVolumeShelveTestJSON-1551771599 tempest-AttachVolumeShelveTestJSON-1551771599-project-member] Lock "('np0000001838', 'np0000001838')" acquired by "nova.scheduler.host_manager.HostState.update.._locked_update" :: waited 0.000s {{(pid=95646) inner /opt/stack/data/venv/lib/python3.12/site-packages/oslo_concurrency/lockutils.py:524}}
