Aug 24 11:48:15.270905 np0000007967 devstack@g-api.service[99830]: DEBUG glance.api.middleware.version_negotiation [None req-dd0bb2fb-9a78-4065-8c9b-7f3051292119 tempest-TestImageHashVerification-488551700 tempest-TestImageHashVerification-488551700-project-member] Matched version: v2 {{(pid=99830) process_request /opt/stack/glance/glance/api/middleware/version_negotiation.py:69}}
Aug 24 11:48:15.270905 np0000007967 devstack@g-api.service[99830]: DEBUG glance.api.middleware.version_negotiation [None req-dd0bb2fb-9a78-4065-8c9b-7f3051292119 tempest-TestImageHashVerification-488551700 tempest-TestImageHashVerification-488551700-project-member] new path /v2/schemas/image {{(pid=99830) process_request /opt/stack/glance/glance/api/middleware/version_negotiation.py:70}}
Aug 24 11:48:15.274574 np0000007967 devstack@g-api.service[99830]: [pid: 99830|app: 0|req: 44/125] 127.0.0.1 () {44 vars in 1055 bytes} [Mon Aug 24 11:48:15 2026] GET /v2/schemas/image => generated 6083 bytes in 5 msecs (HTTP/1.1 200) 4 headers in 158 bytes (1 switches on core 0)
Aug 24 11:48:15.321246 np0000007967 devstack@g-api.service[99829]: DEBUG swiftclient [None req-3cc8a0b3-696a-4b39-bbfb-9843a1089dc3 tempest-TestImageHashVerification-488551700 tempest-TestImageHashVerification-488551700-project-member] REQ: curl -i https://10.4.3.223:8080/v1/AUTH_8926a4c48c074853a7d77d6d55d6248b/glance/2ee1b5a3-d299-4b0a-8f88-8bba59f9a6af-00001 -X PUT -H "X-Auth-Token: gAAAAABqjC97QW_z..." {{(pid=99829) http_log /opt/stack/data/venv/lib/python3.12/site-packages/swiftclient/client.py:160}}
Aug 24 11:48:15.321246 np0000007967 devstack@g-api.service[99829]: DEBUG swiftclient [None req-3cc8a0b3-696a-4b39-bbfb-9843a1089dc3 tempest-TestImageHashVerification-488551700 tempest-TestImageHashVerification-488551700-project-member] RESP STATUS: 201 Created {{(pid=99829) http_log /opt/stack/data/venv/lib/python3.12/site-packages/swiftclient/client.py:161}}
Aug 24 11:48:15.321775 np0000007967 devstack@g-api.service[99829]: DEBUG swiftclient [None req-3cc8a0b3-696a-4b39-bbfb-9843a1089dc3 tempest-TestImageHashVerification-488551700 tempest-TestImageHashVerification-488551700-project-member] RESP HEADERS: {'Date': 'Mon, 24 Aug 2026 11:48:15 GMT', 'Server': 'Apache/2.4.58 (Ubuntu)', 'Content-Type': 'text/html; charset=UTF-8', 'Content-Length': '0', 'Etag': 'eda9a9889837ac4bc81d6387d92c1bec', 'Last-Modified': 'Mon, 24 Aug 2026 11:48:12 GMT', 'X-Trans-Id': 'tx8d3fa2891df64bddbf849-006a8c2f7b', 'X-Openstack-Request-Id': 'tx8d3fa2891df64bddbf849-006a8c2f7b', 'Connection': 'close'} {{(pid=99829) http_log /opt/stack/data/venv/lib/python3.12/site-packages/swiftclient/client.py:162}}
Aug 24 11:48:15.321935 np0000007967 devstack@g-api.service[99829]: DEBUG glance_store._drivers.swift.store [None req-3cc8a0b3-696a-4b39-bbfb-9843a1089dc3 tempest-TestImageHashVerification-488551700 tempest-TestImageHashVerification-488551700-project-member] Wrote chunk 2ee1b5a3-d299-4b0a-8f88-8bba59f9a6af-00001 (1/?) of length 204800000 to Swift returning MD5 of content: eda9a9889837ac4bc81d6387d92c1bec {{(pid=99829) add /opt/stack/data/venv/lib/python3.12/site-packages/glance_store/_drivers/swift/store.py:1059}}
Aug 24 11:48:15.991334 np0000007967 devstack@g-api.service[99827]: DEBUG glance.api.middleware.version_negotiation [None req-4e82fcc0-3074-4f67-bfc5-64a7f03665e8 tempest-ServerActionsTestOtherA-278880349 tempest-ServerActionsTestOtherA-278880349-project-member] Determining version of request: GET /v2/images/2ee1b5a3-d299-4b0a-8f88-8bba59f9a6af Accept: application/json {{(pid=99827) process_request /opt/stack/glance/glance/api/middleware/version_negotiation.py:44}}
Aug 24 11:48:15.991568 np0000007967 devstack@g-api.service[99827]: DEBUG glance.api.middleware.version_negotiation [None req-4e82fcc0-3074-4f67-bfc5-64a7f03665e8 tempest-ServerActionsTestOtherA-278880349 tempest-ServerActionsTestOtherA-278880349-project-member] Using url versioning {{(pid=99827) process_request /opt/stack/glance/glance/api/middleware/version_negotiation.py:57}}
Aug 24 11:48:15.995760 np0000007967 devstack@g-api.service[99827]: DEBUG glance.api.middleware.version_negotiation [None req-4e82fcc0-3074-4f67-bfc5-64a7f03665e8 tempest-ServerActionsTestOtherA-278880349 tempest-ServerActionsTestOtherA-278880349-project-member] Matched version: v2 {{(pid=99827) process_request /opt/stack/glance/glance/api/middleware/version_negotiation.py:69}}
Aug 24 11:48:15.995953 np0000007967 devstack@g-api.service[99827]: DEBUG glance.api.middleware.version_negotiation [None req-4e82fcc0-3074-4f67-bfc5-64a7f03665e8 tempest-ServerActionsTestOtherA-278880349 tempest-ServerActionsTestOtherA-278880349-project-member] new path /v2/images/2ee1b5a3-d299-4b0a-8f88-8bba59f9a6af {{(pid=99827) process_request /opt/stack/glance/glance/api/middleware/version_negotiation.py:70}}
Aug 24 11:48:16.009029 np0000007967 devstack@g-api.service[99827]: [pid: 99827|app: 0|req: 47/126] 127.0.0.1 () {40 vars in 838 bytes} [Mon Aug 24 11:48:15 2026] GET /v2/images/2ee1b5a3-d299-4b0a-8f88-8bba59f9a6af => generated 648 bytes in 18 msecs (HTTP/1.1 200) 4 headers in 157 bytes (1 switches on core 0)
Aug 24 11:48:17.023173 np0000007967 devstack@g-api.service[99830]: DEBUG glance.api.middleware.version_negotiation [None req-4e82fcc0-3074-4f67-bfc5-64a7f03665e8 tempest-ServerActionsTestOtherA-278880349 tempest-ServerActionsTestOtherA-278880349-project-member] Determining version of request: GET /v2/images/2ee1b5a3-d299-4b0a-8f88-8bba59f9a6af Accept: application/json {{(pid=99830) process_request /opt/stack/glance/glance/api/middleware/version_negotiation.py:44}}
Aug 24 11:48:17.023765 np0000007967 devstack@g-api.service[99830]: DEBUG glance.api.middleware.version_negotiation [None req-4e82fcc0-3074-4f67-bfc5-64a7f03665e8 tempest-ServerActionsTestOtherA-278880349 tempest-ServerActionsTestOtherA-278880349-project-member] Using url versioning {{(pid=99830) process_request /opt/stack/glance/glance/api/middleware/version_negotiation.py:57}}
Aug 24 11:48:17.023765 np0000007967 devstack@g-api.service[99830]: DEBUG glance.api.middleware.version_negotiation [None req-4e82fcc0-3074-4f67-bfc5-64a7f03665e8 tempest-ServerActionsTestOtherA-278880349 tempest-ServerActionsTestOtherA-278880349-project-member] Matched version: v2 {{(pid=99830) process_request /opt/stack/glance/glance/api/middleware/version_negotiation.py:69}}
Aug 24 11:48:17.023866 np0000007967 devstack@g-api.service[99830]: DEBUG glance.api.middleware.version_negotiation [None req-4e82fcc0-3074-4f67-bfc5-64a7f03665e8 tempest-ServerActionsTestOtherA-278880349 tempest-ServerActionsTestOtherA-278880349-project-member] new path /v2/images/2ee1b5a3-d299-4b0a-8f88-8bba59f9a6af {{(pid=99830) process_request /opt/stack/glance/glance/api/middleware/version_negotiation.py:70}}
Aug 24 11:48:17.041776 np0000007967 devstack@g-api.service[99830]: [pid: 99830|app: 0|req: 45/127] 127.0.0.1 () {40 vars in 838 bytes} [Mon Aug 24 11:48:17 2026] GET /v2/images/2ee1b5a3-d299-4b0a-8f88-8bba59f9a6af => generated 648 bytes in 20 msecs (HTTP/1.1 200) 4 headers in 157 bytes (1 switches on core 0)
Aug 24 11:48:18.054987 np0000007967 devstack@g-api.service[99827]: DEBUG glance.api.middleware.version_negotiation [None req-b3e561db-41c9-4c2f-aa46-d282b739f6be tempest-TestImageHashVerification-488551700 tempest-TestImageHashVerification-488551700-project-member] Determining version of request: GET /v2/images/2ee1b5a3-d299-4b0a-8f88-8bba59f9a6af Accept: application/json {{(pid=99827) process_request /opt/stack/glance/glance/api/middleware/version_negotiation.py:44}}
Aug 24 11:48:18.054987 np0000007967 devstack@g-api.service[99827]: DEBUG glance.api.middleware.version_negotiation [None req-b3e561db-41c9-4c2f-aa46-d282b739f6be tempest-TestImageHashVerification-488551700 tempest-TestImageHashVerification-488551700-project-member] Using url versioning {{(pid=99827) process_request /opt/stack/glance/glance/api/middleware/version_negotiation.py:57}}
Aug 24 11:48:18.054987 np0000007967 devstack@g-api.service[99827]: DEBUG glance.api.middleware.version_negotiation [None req-b3e561db-41c9-4c2f-aa46-d282b739f6be tempest-TestImageHashVerification-488551700 tempest-TestImageHashVerification-488551700-project-member] Matched version: v2 {{(pid=99827) process_request /opt/stack/glance/glance/api/middleware/version_negotiation.py:69}}
Aug 24 11:48:18.056153 np0000007967 devstack@g-api.service[99827]: DEBUG glance.api.middleware.version_negotiation [None req-b3e561db-41c9-4c2f-aa46-d282b739f6be tempest-TestImageHashVerification-488551700 tempest-TestImageHashVerification-488551700-project-member] new path /v2/images/2ee1b5a3-d299-4b0a-8f88-8bba59f9a6af {{(pid=99827) process_request /opt/stack/glance/glance/api/middleware/version_negotiation.py:70}}
Aug 24 11:48:18.068653 np0000007967 devstack@g-api.service[99827]: [pid: 99827|app: 0|req: 48/128] 127.0.0.1 () {40 vars in 838 bytes} [Mon Aug 24 11:48:18 2026] GET /v2/images/2ee1b5a3-d299-4b0a-8f88-8bba59f9a6af => generated 648 bytes in 14 msecs (HTTP/1.1 200) 4 headers in 157 bytes (1 switches on core 0)
Aug 24 11:48:18.189589 np0000007967 devstack@g-api.service[99829]: DEBUG swiftclient [None req-3cc8a0b3-696a-4b39-bbfb-9843a1089dc3 tempest-TestImageHashVerification-488551700 tempest-TestImageHashVerification-488551700-project-member] REQ: curl -i https://10.4.3.223:8080/v1/AUTH_8926a4c48c074853a7d77d6d55d6248b/glance/2ee1b5a3-d299-4b0a-8f88-8bba59f9a6af-00002 -X PUT -H "X-Auth-Token: gAAAAABqjC97QW_z..." {{(pid=99829) http_log /opt/stack/data/venv/lib/python3.12/site-packages/swiftclient/client.py:160}}
Aug 24 11:48:18.189589 np0000007967 devstack@g-api.service[99829]: DEBUG swiftclient [None req-3cc8a0b3-696a-4b39-bbfb-9843a1089dc3 tempest-TestImageHashVerification-488551700 tempest-TestImageHashVerification-488551700-project-member] RESP STATUS: 201 Created {{(pid=99829) http_log /opt/stack/data/venv/lib/python3.12/site-packages/swiftclient/client.py:161}}
Aug 24 11:48:18.189589 np0000007967 devstack@g-api.service[99829]: DEBUG swiftclient [None req-3cc8a0b3-696a-4b39-bbfb-9843a1089dc3 tempest-TestImageHashVerification-488551700 tempest-TestImageHashVerification-488551700-project-member] RESP HEADERS: {'Date': 'Mon, 24 Aug 2026 11:48:18 GMT', 'Server': 'Apache/2.4.58 (Ubuntu)', 'Content-Type': 'text/html; charset=UTF-8', 'Content-Length': '0', 'Etag': 'eda9a9889837ac4bc81d6387d92c1bec', 'Last-Modified': 'Mon, 24 Aug 2026 11:48:16 GMT', 'X-Trans-Id': 'tx14beaac62c9044c092b9a-006a8c2f7f', 'X-Openstack-Request-Id': 'tx14beaac62c9044c092b9a-006a8c2f7f', 'Connection': 'close'} {{(pid=99829) http_log /opt/stack/data/venv/lib/python3.12/site-packages/swiftclient/client.py:162}}
Aug 24 11:48:18.189589 np0000007967 devstack@g-api.service[99829]: DEBUG glance_store._drivers.swift.store [None req-3cc8a0b3-696a-4b39-bbfb-9843a1089dc3 tempest-TestImageHashVerification-488551700 tempest-TestImageHashVerification-488551700-project-member] Wrote chunk 2ee1b5a3-d299-4b0a-8f88-8bba59f9a6af-00002 (2/?) of length 204800000 to Swift returning MD5 of content: eda9a9889837ac4bc81d6387d92c1bec {{(pid=99829) add /opt/stack/data/venv/lib/python3.12/site-packages/glance_store/_drivers/swift/store.py:1059}}
Aug 24 11:48:19.079639 np0000007967 devstack@g-api.service[99830]: DEBUG glance.api.middleware.version_negotiation [None req-2e982889-8e2f-4c4b-87ff-440611baac3e tempest-TestImageHashVerification-488551700 tempest-TestImageHashVerification-488551700-project-member] Determining version of request: GET /v2/images/2ee1b5a3-d299-4b0a-8f88-8bba59f9a6af Accept: application/json {{(pid=99830) process_request /opt/stack/glance/glance/api/middleware/version_negotiation.py:44}}
Aug 24 11:48:19.079639 np0000007967 devstack@g-api.service[99830]: DEBUG glance.api.middleware.version_negotiation [None req-2e982889-8e2f-4c4b-87ff-440611baac3e tempest-TestImageHashVerification-488551700 tempest-TestImageHashVerification-488551700-project-member] Using url versioning {{(pid=99830) process_request /opt/stack/glance/glance/api/middleware/version_negotiation.py:57}}
Aug 24 11:48:19.079639 np0000007967 devstack@g-api.service[99830]: DEBUG glance.api.middleware.version_negotiation [None req-2e982889-8e2f-4c4b-87ff-440611baac3e tempest-TestImageHashVerification-488551700 tempest-TestImageHashVerification-488551700-project-member] Matched version: v2 {{(pid=99830) process_request /opt/stack/glance/glance/api/middleware/version_negotiation.py:69}}
Aug 24 11:48:19.079639 np0000007967 devstack@g-api.service[99830]: DEBUG glance.api.middleware.version_negotiation [None req-2e982889-8e2f-4c4b-87ff-440611baac3e tempest-TestImageHashVerification-488551700 tempest-TestImageHashVerification-488551700-project-member] new path /v2/images/2ee1b5a3-d299-4b0a-8f88-8bba59f9a6af {{(pid=99830) process_request /opt/stack/glance/glance/api/middleware/version_negotiation.py:70}}
Aug 24 11:48:19.095385 np0000007967 devstack@g-api.service[99830]: [pid: 99830|app: 0|req: 46/129] 127.0.0.1 () {40 vars in 838 bytes} [Mon Aug 24 11:48:19 2026] GET /v2/images/2ee1b5a3-d299-4b0a-8f88-8bba59f9a6af => generated 648 bytes in 16 msecs (HTTP/1.1 200) 4 headers in 157 bytes (1 switches on core 0)
Aug 24 11:48:20.109565 np0000007967 devstack@g-api.service[99827]: DEBUG glance.api.middleware.version_negotiation [None req-466c39fc-2d36-40c2-9eef-004668451f13 tempest-TestImageHashVerification-488551700 tempest-TestImageHashVerification-488551700-project-member] Determining version of request: GET /v2/images/2ee1b5a3-d299-4b0a-8f88-8bba59f9a6af Accept: application/json {{(pid=99827) process_request /opt/stack/glance/glance/api/middleware/version_negotiation.py:44}}
Aug 24 11:48:20.110012 np0000007967 devstack@g-api.service[99827]: DEBUG glance.api.middleware.version_negotiation [None req-466c39fc-2d36-40c2-9eef-004668451f13 tempest-TestImageHashVerification-488551700 tempest-TestImageHashVerification-488551700-project-member] Using url versioning {{(pid=99827) process_request /opt/stack/glance/glance/api/middleware/version_negotiation.py:57}}
Aug 24 11:48:20.110012 np0000007967 devstack@g-api.service[99827]: DEBUG glance.api.middleware.version_negotiation [None req-466c39fc-2d36-40c2-9eef-004668451f13 tempest-TestImageHashVerification-488551700 tempest-TestImageHashVerification-488551700-project-member] Matched version: v2 {{(pid=99827) process_request /opt/stack/glance/glance/api/middleware/version_negotiation.py:69}}
Aug 24 11:48:20.110012 np0000007967 devstack@g-api.service[99827]: DEBUG glance.api.middleware.version_negotiation [None req-466c39fc-2d36-40c2-9eef-004668451f13 tempest-TestImageHashVerification-488551700 tempest-TestImageHashVerification-488551700-project-member] new path /v2/images/2ee1b5a3-d299-4b0a-8f88-8bba59f9a6af {{(pid=99827) process_request /opt/stack/glance/glance/api/middleware/version_negotiation.py:70}}
Aug 24 11:48:20.139611 np0000007967 devstack@g-api.service[99827]: [pid: 99827|app: 0|req: 49/130] 127.0.0.1 () {40 vars in 838 bytes} [Mon Aug 24 11:48:20 2026] GET /v2/images/2ee1b5a3-d299-4b0a-8f88-8bba59f9a6af => generated 648 bytes in 30 msecs (HTTP/1.1 200) 4 headers in 157 bytes (1 switches on core 0)
Aug 24 11:48:20.968715 np0000007967 devstack@g-api.service[99830]: DEBUG glance.api.middleware.version_negotiation [None req-34829137-8287-44db-b534-ec8685be99f8 tempest-TestImageHashVerification-488551700 tempest-TestImageHashVerification-488551700-project-member] Determining version of request: POST /v2/images Accept: application/json {{(pid=99830) process_request /opt/stack/glance/glance/api/middleware/version_negotiation.py:44}}
Aug 24 11:48:20.968715 np0000007967 devstack@g-api.service[99830]: DEBUG glance.api.middleware.version_negotiation [None req-34829137-8287-44db-b534-ec8685be99f8 tempest-TestImageHashVerification-488551700 tempest-TestImageHashVerification-488551700-project-member] Using url versioning {{(pid=99830) process_request /opt/stack/glance/glance/api/middleware/version_negotiation.py:57}}
Aug 24 11:48:20.968715 np0000007967 devstack@g-api.service[99830]: DEBUG glance.api.middleware.version_negotiation [None req-34829137-8287-44db-b534-ec8685be99f8 tempest-TestImageHashVerification-488551700 tempest-TestImageHashVerification-488551700-project-member] Matched version: v2 {{(pid=99830) process_request /opt/stack/glance/glance/api/middleware/version_negotiation.py:69}}
Aug 24 11:48:20.968715 np0000007967 devstack@g-api.service[99830]: DEBUG glance.api.middleware.version_negotiation [None req-34829137-8287-44db-b534-ec8685be99f8 tempest-TestImageHashVerification-488551700 tempest-TestImageHashVerification-488551700-project-member] new path /v2/images {{(pid=99830) process_request /opt/stack/glance/glance/api/middleware/version_negotiation.py:70}}
Aug 24 11:48:21.151777 np0000007967 devstack@g-api.service[99827]: DEBUG glance.api.middleware.version_negotiation [None req-66adf19d-ed8c-4b53-977e-ac9933e8f344 tempest-TestImageHashVerification-488551700 tempest-TestImageHashVerification-488551700-project-member] Determining version of request: GET /v2/images/2ee1b5a3-d299-4b0a-8f88-8bba59f9a6af Accept: application/json {{(pid=99827) process_request /opt/stack/glance/glance/api/middleware/version_negotiation.py:44}}
Aug 24 11:48:21.152339 np0000007967 devstack@g-api.service[99827]: DEBUG glance.api.middleware.version_negotiation [None req-66adf19d-ed8c-4b53-977e-ac9933e8f344 tempest-TestImageHashVerification-488551700 tempest-TestImageHashVerification-488551700-project-member] Using url versioning {{(pid=99827) process_request /opt/stack/glance/glance/api/middleware/version_negotiation.py:57}}
Aug 24 11:48:21.152339 np0000007967 devstack@g-api.service[99827]: DEBUG glance.api.middleware.version_negotiation [None req-66adf19d-ed8c-4b53-977e-ac9933e8f344 tempest-TestImageHashVerification-488551700 tempest-TestImageHashVerification-488551700-project-member] Matched version: v2 {{(pid=99827) process_request /opt/stack/glance/glance/api/middleware/version_negotiation.py:69}}
Aug 24 11:48:21.152499 np0000007967 devstack@g-api.service[99827]: DEBUG glance.api.middleware.version_negotiation [None req-66adf19d-ed8c-4b53-977e-ac9933e8f344 tempest-TestImageHashVerification-488551700 tempest-TestImageHashVerification-488551700-project-member] new path /v2/images/2ee1b5a3-d299-4b0a-8f88-8bba59f9a6af {{(pid=99827) process_request /opt/stack/glance/glance/api/middleware/version_negotiation.py:70}}
Aug 24 11:48:21.173228 np0000007967 devstack@g-api.service[99827]: [pid: 99827|app: 0|req: 50/131] 127.0.0.1 () {40 vars in 838 bytes} [Mon Aug 24 11:48:21 2026] GET /v2/images/2ee1b5a3-d299-4b0a-8f88-8bba59f9a6af => generated 648 bytes in 19 msecs (HTTP/1.1 200) 4 headers in 157 bytes (1 switches on core 0)
Aug 24 11:48:21.206541 np0000007967 devstack@g-api.service[99827]: DEBUG glance.api.middleware.version_negotiation [None req-727baa2c-f77a-4d64-acea-44ca20459dc8 tempest-TestImageHashVerification-488551700 tempest-TestImageHashVerification-488551700-project-member] Determining version of request: GET /v2/images/cf6eaa24-e16e-46b6-8933-c25d16c96a35 Accept: */* {{(pid=99827) process_request /opt/stack/glance/glance/api/middleware/version_negotiation.py:44}}
Aug 24 11:48:21.206541 np0000007967 devstack@g-api.service[99827]: DEBUG glance.api.middleware.version_negotiation [None req-727baa2c-f77a-4d64-acea-44ca20459dc8 tempest-TestImageHashVerification-488551700 tempest-TestImageHashVerification-488551700-project-member] Using url versioning {{(pid=99827) process_request /opt/stack/glance/glance/api/middleware/version_negotiation.py:57}}
Aug 24 11:48:21.206706 np0000007967 devstack@g-api.service[99827]: DEBUG glance.api.middleware.version_negotiation [None req-727baa2c-f77a-4d64-acea-44ca20459dc8 tempest-TestImageHashVerification-488551700 tempest-TestImageHashVerification-488551700-project-member] Matched version: v2 {{(pid=99827) process_request /opt/stack/glance/glance/api/middleware/version_negotiation.py:69}}
Aug 24 11:48:21.207419 np0000007967 devstack@g-api.service[99827]: DEBUG glance.api.middleware.version_negotiation [None req-727baa2c-f77a-4d64-acea-44ca20459dc8 tempest-TestImageHashVerification-488551700 tempest-TestImageHashVerification-488551700-project-member] new path /v2/images/cf6eaa24-e16e-46b6-8933-c25d16c96a35 {{(pid=99827) process_request /opt/stack/glance/glance/api/middleware/version_negotiation.py:70}}
Aug 24 11:48:21.217116 np0000007967 devstack@g-api.service[99829]: DEBUG swiftclient [None req-3cc8a0b3-696a-4b39-bbfb-9843a1089dc3 tempest-TestImageHashVerification-488551700 tempest-TestImageHashVerification-488551700-project-member] REQ: curl -i https://10.4.3.223:8080/v1/AUTH_8926a4c48c074853a7d77d6d55d6248b/glance/2ee1b5a3-d299-4b0a-8f88-8bba59f9a6af-00003 -X PUT -H "X-Auth-Token: gAAAAABqjC97QW_z..." {{(pid=99829) http_log /opt/stack/data/venv/lib/python3.12/site-packages/swiftclient/client.py:160}}
Aug 24 11:48:21.217116 np0000007967 devstack@g-api.service[99829]: DEBUG swiftclient [None req-3cc8a0b3-696a-4b39-bbfb-9843a1089dc3 tempest-TestImageHashVerification-488551700 tempest-TestImageHashVerification-488551700-project-member] RESP STATUS: 201 Created {{(pid=99829) http_log /opt/stack/data/venv/lib/python3.12/site-packages/swiftclient/client.py:161}}
Aug 24 11:48:21.217116 np0000007967 devstack@g-api.service[99829]: DEBUG swiftclient [None req-3cc8a0b3-696a-4b39-bbfb-9843a1089dc3 tempest-TestImageHashVerification-488551700 tempest-TestImageHashVerification-488551700-project-member] RESP HEADERS: {'Date': 'Mon, 24 Aug 2026 11:48:21 GMT', 'Server': 'Apache/2.4.58 (Ubuntu)', 'Content-Type': 'text/html; charset=UTF-8', 'Content-Length': '0', 'Etag': 'eda9a9889837ac4bc81d6387d92c1bec', 'Last-Modified': 'Mon, 24 Aug 2026 11:48:19 GMT', 'X-Trans-Id': 'tx5272191c668340dd945b3-006a8c2f82', 'X-Openstack-Request-Id': 'tx5272191c668340dd945b3-006a8c2f82', 'Connection': 'close'} {{(pid=99829) http_log /opt/stack/data/venv/lib/python3.12/site-packages/swiftclient/client.py:162}}
Aug 24 11:48:21.217116 np0000007967 devstack@g-api.service[99829]: DEBUG glance_store._drivers.swift.store [None req-3cc8a0b3-696a-4b39-bbfb-9843a1089dc3 tempest-TestImageHashVerification-488551700 tempest-TestImageHashVerification-488551700-project-member] Wrote chunk 2ee1b5a3-d299-4b0a-8f88-8bba59f9a6af-00003 (3/?) of length 204800000 to Swift returning MD5 of content: eda9a9889837ac4bc81d6387d92c1bec {{(pid=99829) add /opt/stack/data/venv/lib/python3.12/site-packages/glance_store/_drivers/swift/store.py:1059}}
Aug 24 11:48:21.235032 np0000007967 devstack@g-api.service[99827]: [pid: 99827|app: 0|req: 51/132] 127.0.0.1 () {44 vars in 1115 bytes} [Mon Aug 24 11:48:21 2026] GET /v2/images/cf6eaa24-e16e-46b6-8933-c25d16c96a35 => generated 1044 bytes in 30 msecs (HTTP/1.1 200) 4 headers in 158 bytes (1 switches on core 0)
Aug 24 11:48:21.290215 np0000007967 devstack@g-api.service[99827]: DEBUG glance.api.middleware.version_negotiation [None req-d6551f3d-1397-441d-a5c2-26d3f062bdbf tempest-VolumesActionsTest-819884182 tempest-VolumesActionsTest-819884182-project-member] Determining version of request: GET /v2/schemas/image Accept: */* {{(pid=99827) process_request /opt/stack/glance/glance/api/middleware/version_negotiation.py:44}}
Aug 24 11:48:21.293743 np0000007967 devstack@g-api.service[99827]: DEBUG glance.api.middleware.version_negotiation [None req-d6551f3d-1397-441d-a5c2-26d3f062bdbf tempest-VolumesActionsTest-819884182 tempest-VolumesActionsTest-819884182-project-member] Using url versioning {{(pid=99827) process_request /opt/stack/glance/glance/api/middleware/version_negotiation.py:57}}
Aug 24 11:48:21.293933 np0000007967 devstack@g-api.service[99827]: DEBUG glance.api.middleware.version_negotiation [None req-d6551f3d-1397-441d-a5c2-26d3f062bdbf tempest-VolumesActionsTest-819884182 tempest-VolumesActionsTest-819884182-project-member] Matched version: v2 {{(pid=99827) process_request /opt/stack/glance/glance/api/middleware/version_negotiation.py:69}}
Aug 24 11:48:21.294238 np0000007967 devstack@g-api.service[99827]: DEBUG glance.api.middleware.version_negotiation [None req-d6551f3d-1397-441d-a5c2-26d3f062bdbf tempest-VolumesActionsTest-819884182 tempest-VolumesActionsTest-819884182-project-member] new path /v2/schemas/image {{(pid=99827) process_request /opt/stack/glance/glance/api/middleware/version_negotiation.py:70}}
Aug 24 11:48:21.300754 np0000007967 devstack@g-api.service[99827]: [pid: 99827|app: 0|req: 52/133] 127.0.0.1 () {44 vars in 1055 bytes} [Mon Aug 24 11:48:21 2026] GET /v2/schemas/image => generated 6083 bytes in 11 msecs (HTTP/1.1 200) 4 headers in 158 bytes (1 switches on core 0)
Aug 24 11:48:21.506027 np0000007967 devstack@g-api.service[99829]: DEBUG dbcounter [-] [99829] Writing DB stats glance:SELECT=14,glance:INSERT=1,glance:UPDATE=1 {{(pid=99829) stat_writer /opt/stack/data/venv/lib/python3.12/site-packages/dbcounter.py:115}}
Aug 24 11:48:22.188136 np0000007967 devstack@g-api.service[99827]: DEBUG glance.api.middleware.version_negotiation [None req-d6551f3d-1397-441d-a5c2-26d3f062bdbf tempest-VolumesActionsTest-819884182 tempest-VolumesActionsTest-819884182-project-member] Determining version of request: GET /v2/images/2ee1b5a3-d299-4b0a-8f88-8bba59f9a6af Accept: application/json {{(pid=99827) process_request /opt/stack/glance/glance/api/middleware/version_negotiation.py:44}}
Aug 24 11:48:22.188648 np0000007967 devstack@g-api.service[99827]: DEBUG glance.api.middleware.version_negotiation [None req-d6551f3d-1397-441d-a5c2-26d3f062bdbf tempest-VolumesActionsTest-819884182 tempest-VolumesActionsTest-819884182-project-member] Using url versioning {{(pid=99827) process_request /opt/stack/glance/glance/api/middleware/version_negotiation.py:57}}
Aug 24 11:48:22.188877 np0000007967 devstack@g-api.service[99827]: DEBUG glance.api.middleware.version_negotiation [None req-d6551f3d-1397-441d-a5c2-26d3f062bdbf tempest-VolumesActionsTest-819884182 tempest-VolumesActionsTest-819884182-project-member] Matched version: v2 {{(pid=99827) process_request /opt/stack/glance/glance/api/middleware/version_negotiation.py:69}}
Aug 24 11:48:22.189223 np0000007967 devstack@g-api.service[99827]: DEBUG glance.api.middleware.version_negotiation [None req-d6551f3d-1397-441d-a5c2-26d3f062bdbf tempest-VolumesActionsTest-819884182 tempest-VolumesActionsTest-819884182-project-member] new path /v2/images/2ee1b5a3-d299-4b0a-8f88-8bba59f9a6af {{(pid=99827) process_request /opt/stack/glance/glance/api/middleware/version_negotiation.py:70}}
Aug 24 11:48:22.209055 np0000007967 devstack@g-api.service[99827]: [pid: 99827|app: 0|req: 53/134] 127.0.0.1 () {40 vars in 838 bytes} [Mon Aug 24 11:48:22 2026] GET /v2/images/2ee1b5a3-d299-4b0a-8f88-8bba59f9a6af => generated 648 bytes in 22 msecs (HTTP/1.1 200) 4 headers in 157 bytes (1 switches on core 0)
Aug 24 11:48:22.313771 np0000007967 devstack@g-api.service[99830]: [pid: 99830|app: 0|req: 47/135] 127.0.0.1 () {42 vars in 786 bytes} [Mon Aug 24 11:48:20 2026] POST /v2/images => generated 648 bytes in 1346 msecs (HTTP/1.1 201) 6 headers in 315 bytes (1 switches on core 0)
Aug 24 11:48:22.325222 np0000007967 devstack@g-api.service[99827]: DEBUG glance.api.middleware.version_negotiation [None req-741ab4f2-ade6-4483-89b8-e9c62d2cdc39 tempest-TestImageHashVerification-488551700 tempest-TestImageHashVerification-488551700-project-member] Determining version of request: PUT /v2/images/d2cbad8e-6950-4fce-82b0-b1bcccb36e45/file Accept: {{(pid=99827) process_request /opt/stack/glance/glance/api/middleware/version_negotiation.py:44}}
Aug 24 11:48:22.326529 np0000007967 devstack@g-api.service[99827]: DEBUG glance.api.middleware.version_negotiation [None req-741ab4f2-ade6-4483-89b8-e9c62d2cdc39 tempest-TestImageHashVerification-488551700 tempest-TestImageHashVerification-488551700-project-member] Using url versioning {{(pid=99827) process_request /opt/stack/glance/glance/api/middleware/version_negotiation.py:57}}
Aug 24 11:48:22.326529 np0000007967 devstack@g-api.service[99827]: DEBUG glance.api.middleware.version_negotiation [None req-741ab4f2-ade6-4483-89b8-e9c62d2cdc39 tempest-TestImageHashVerification-488551700 tempest-TestImageHashVerification-488551700-project-member] Matched version: v2 {{(pid=99827) process_request /opt/stack/glance/glance/api/middleware/version_negotiation.py:69}}
Aug 24 11:48:22.326529 np0000007967 devstack@g-api.service[99827]: DEBUG glance.api.middleware.version_negotiation [None req-741ab4f2-ade6-4483-89b8-e9c62d2cdc39 tempest-TestImageHashVerification-488551700 tempest-TestImageHashVerification-488551700-project-member] new path /v2/images/d2cbad8e-6950-4fce-82b0-b1bcccb36e45/file {{(pid=99827) process_request /opt/stack/glance/glance/api/middleware/version_negotiation.py:70}}
Aug 24 11:48:23.175368 np0000007967 devstack@g-api.service[99827]: INFO glance.api.v2.image_data [None req-6ac09d69-5ed2-4b6a-a935-508cd889c9c7 tempest-ImageDependencyTests-1232340745 tempest-ImageDependencyTests-1232340745-project-member] Unable to create trust: no such option collect_timing in group [keystone_authtoken] Use the existing user token.
Aug 24 11:48:23.220146 np0000007967 devstack@g-api.service[99830]: DEBUG glance.api.middleware.version_negotiation [None req-3c806e7a-3938-4862-9360-e008ae1b902a tempest-ImageDependencyTests-1232340745 tempest-ImageDependencyTests-1232340745-project-member] Determining version of request: GET /v2/images/2ee1b5a3-d299-4b0a-8f88-8bba59f9a6af Accept: application/json {{(pid=99830) process_request /opt/stack/glance/glance/api/middleware/version_negotiation.py:44}}
Aug 24 11:48:23.220458 np0000007967 devstack@g-api.service[99830]: DEBUG glance.api.middleware.version_negotiation [None req-3c806e7a-3938-4862-9360-e008ae1b902a tempest-ImageDependencyTests-1232340745 tempest-ImageDependencyTests-1232340745-project-member] Using url versioning {{(pid=99830) process_request /opt/stack/glance/glance/api/middleware/version_negotiation.py:57}}
Aug 24 11:48:23.220625 np0000007967 devstack@g-api.service[99830]: DEBUG glance.api.middleware.version_negotiation [None req-3c806e7a-3938-4862-9360-e008ae1b902a tempest-ImageDependencyTests-1232340745 tempest-ImageDependencyTests-1232340745-project-member] Matched version: v2 {{(pid=99830) process_request /opt/stack/glance/glance/api/middleware/version_negotiation.py:69}}
Aug 24 11:48:23.220774 np0000007967 devstack@g-api.service[99830]: DEBUG glance.api.middleware.version_negotiation [None req-3c806e7a-3938-4862-9360-e008ae1b902a tempest-ImageDependencyTests-1232340745 tempest-ImageDependencyTests-1232340745-project-member] new path /v2/images/2ee1b5a3-d299-4b0a-8f88-8bba59f9a6af {{(pid=99830) process_request /opt/stack/glance/glance/api/middleware/version_negotiation.py:70}}
Aug 24 11:48:23.240083 np0000007967 devstack@g-api.service[99830]: [pid: 99830|app: 0|req: 48/136] 127.0.0.1 () {40 vars in 838 bytes} [Mon Aug 24 11:48:23 2026] GET /v2/images/2ee1b5a3-d299-4b0a-8f88-8bba59f9a6af => generated 648 bytes in 20 msecs (HTTP/1.1 200) 4 headers in 157 bytes (1 switches on core 0)
Aug 24 11:48:23.892010 np0000007967 devstack@g-api.service[99827]: DEBUG glance.location [None req-6ac09d69-5ed2-4b6a-a935-508cd889c9c7 tempest-ImageDependencyTests-1232340745 tempest-ImageDependencyTests-1232340745-project-member] Enabling in-flight format inspection for raw {{(pid=99827) set_data /opt/stack/glance/glance/location.py:596}}
Aug 24 11:48:23.895532 np0000007967 devstack@g-api.service[99827]: DEBUG glance_store.backend [None req-6ac09d69-5ed2-4b6a-a935-508cd889c9c7 tempest-ImageDependencyTests-1232340745 tempest-ImageDependencyTests-1232340745-project-member] Attempting to import store swift {{(pid=99827) _load_store /opt/stack/data/venv/lib/python3.12/site-packages/glance_store/backend.py:215}}
Aug 24 11:48:23.896628 np0000007967 devstack@g-api.service[99827]: DEBUG glance_store.capabilities [None req-6ac09d69-5ed2-4b6a-a935-508cd889c9c7 tempest-ImageDependencyTests-1232340745 tempest-ImageDependencyTests-1232340745-project-member] Store glance_store._drivers.swift.store.SingleTenantStore doesn't support updating dynamic storage capabilities. Please overwrite 'update_capabilities' method of the store to implement updating logics if needed. {{(pid=99827) update_capabilities /opt/stack/data/venv/lib/python3.12/site-packages/glance_store/capabilities.py:91}}
Aug 24 11:48:23.896628 np0000007967 devstack@g-api.service[99827]: DEBUG glance_store.driver [None req-6ac09d69-5ed2-4b6a-a935-508cd889c9c7 tempest-ImageDependencyTests-1232340745 tempest-ImageDependencyTests-1232340745-project-member] Late loading location class glance_store._drivers.swift.store.StoreLocation {{(pid=99827) get_store_location_class /opt/stack/data/venv/lib/python3.12/site-packages/glance_store/driver.py:134}}
Aug 24 11:48:23.896878 np0000007967 devstack@g-api.service[99827]: DEBUG glance_store.location [None req-6ac09d69-5ed2-4b6a-a935-508cd889c9c7 tempest-ImageDependencyTests-1232340745 tempest-ImageDependencyTests-1232340745-project-member] Registering scheme swift+https with {'store': , 'location_class': , 'store_entry': 'swift'} {{(pid=99827) register_scheme_map /opt/stack/data/venv/lib/python3.12/site-packages/glance_store/location.py:146}}
Aug 24 11:48:23.897218 np0000007967 devstack@g-api.service[99827]: DEBUG glance_store.location [None req-6ac09d69-5ed2-4b6a-a935-508cd889c9c7 tempest-ImageDependencyTests-1232340745 tempest-ImageDependencyTests-1232340745-project-member] Registering scheme swift+https with {'store': , 'location_class': , 'store_entry': 'swift'} {{(pid=99827) register_scheme_map /opt/stack/data/venv/lib/python3.12/site-packages/glance_store/location.py:146}}
Aug 24 11:48:23.897686 np0000007967 devstack@g-api.service[99827]: DEBUG glance_store.location [None req-6ac09d69-5ed2-4b6a-a935-508cd889c9c7 tempest-ImageDependencyTests-1232340745 tempest-ImageDependencyTests-1232340745-project-member] Registering scheme swift with {'store': , 'location_class': , 'store_entry': 'swift'} {{(pid=99827) register_scheme_map /opt/stack/data/venv/lib/python3.12/site-packages/glance_store/location.py:146}}
Aug 24 11:48:23.897834 np0000007967 devstack@g-api.service[99827]: DEBUG glance_store.location [None req-6ac09d69-5ed2-4b6a-a935-508cd889c9c7 tempest-ImageDependencyTests-1232340745 tempest-ImageDependencyTests-1232340745-project-member] Registering scheme swift+https with {'store': , 'location_class': , 'store_entry': 'swift'} {{(pid=99827) register_scheme_map /opt/stack/data/venv/lib/python3.12/site-packages/glance_store/location.py:146}}
Aug 24 11:48:23.898190 np0000007967 devstack@g-api.service[99827]: DEBUG glance_store.location [None req-6ac09d69-5ed2-4b6a-a935-508cd889c9c7 tempest-ImageDependencyTests-1232340745 tempest-ImageDependencyTests-1232340745-project-member] Registering scheme swift with {'store': , 'location_class': , 'store_entry': 'swift'} {{(pid=99827) register_scheme_map /opt/stack/data/venv/lib/python3.12/site-packages/glance_store/location.py:146}}
Aug 24 11:48:23.898190 np0000007967 devstack@g-api.service[99827]: DEBUG glance_store.location [None req-6ac09d69-5ed2-4b6a-a935-508cd889c9c7 tempest-ImageDependencyTests-1232340745 tempest-ImageDependencyTests-1232340745-project-member] Registering scheme swift+http with {'store': , 'location_class': , 'store_entry': 'swift'} {{(pid=99827) register_scheme_map /opt/stack/data/venv/lib/python3.12/site-packages/glance_store/location.py:146}}
Aug 24 11:48:23.898190 np0000007967 devstack@g-api.service[99827]: DEBUG glance_store.location [None req-6ac09d69-5ed2-4b6a-a935-508cd889c9c7 tempest-ImageDependencyTests-1232340745 tempest-ImageDependencyTests-1232340745-project-member] Registering scheme swift+https with {'store': , 'location_class': , 'store_entry': 'swift'} {{(pid=99827) register_scheme_map /opt/stack/data/venv/lib/python3.12/site-packages/glance_store/location.py:146}}
Aug 24 11:48:23.898430 np0000007967 devstack@g-api.service[99827]: DEBUG glance_store.location [None req-6ac09d69-5ed2-4b6a-a935-508cd889c9c7 tempest-ImageDependencyTests-1232340745 tempest-ImageDependencyTests-1232340745-project-member] Registering scheme swift with {'store': , 'location_class': , 'store_entry': 'swift'} {{(pid=99827) register_scheme_map /opt/stack/data/venv/lib/python3.12/site-packages/glance_store/location.py:146}}
Aug 24 11:48:23.898430 np0000007967 devstack@g-api.service[99827]: DEBUG glance_store.location [None req-6ac09d69-5ed2-4b6a-a935-508cd889c9c7 tempest-ImageDependencyTests-1232340745 tempest-ImageDependencyTests-1232340745-project-member] Registering scheme swift+http with {'store': , 'location_class': , 'store_entry': 'swift'} {{(pid=99827) register_scheme_map /opt/stack/data/venv/lib/python3.12/site-packages/glance_store/location.py:146}}
Aug 24 11:48:23.898535 np0000007967 devstack@g-api.service[99827]: DEBUG glance_store.location [None req-6ac09d69-5ed2-4b6a-a935-508cd889c9c7 tempest-ImageDependencyTests-1232340745 tempest-ImageDependencyTests-1232340745-project-member] Registering scheme swift+config with {'store': , 'location_class': , 'store_entry': 'swift'} {{(pid=99827) register_scheme_map /opt/stack/data/venv/lib/python3.12/site-packages/glance_store/location.py:146}}
Aug 24 11:48:24.255784 np0000007967 devstack@g-api.service[99830]: DEBUG glance.api.middleware.version_negotiation [None req-25ebdbc7-0d95-4cd1-94fd-f6e2f59f042d tempest-TestImageHashVerification-488551700 tempest-TestImageHashVerification-488551700-project-member] Determining version of request: GET /v2/images/2ee1b5a3-d299-4b0a-8f88-8bba59f9a6af Accept: application/json {{(pid=99830) process_request /opt/stack/glance/glance/api/middleware/version_negotiation.py:44}}
Aug 24 11:48:24.257023 np0000007967 devstack@g-api.service[99830]: DEBUG glance.api.middleware.version_negotiation [None req-25ebdbc7-0d95-4cd1-94fd-f6e2f59f042d tempest-TestImageHashVerification-488551700 tempest-TestImageHashVerification-488551700-project-member] Using url versioning {{(pid=99830) process_request /opt/stack/glance/glance/api/middleware/version_negotiation.py:57}}
Aug 24 11:48:24.257242 np0000007967 devstack@g-api.service[99830]: DEBUG glance.api.middleware.version_negotiation [None req-25ebdbc7-0d95-4cd1-94fd-f6e2f59f042d tempest-TestImageHashVerification-488551700 tempest-TestImageHashVerification-488551700-project-member] Matched version: v2 {{(pid=99830) process_request /opt/stack/glance/glance/api/middleware/version_negotiation.py:69}}
Aug 24 11:48:24.257410 np0000007967 devstack@g-api.service[99830]: DEBUG glance.api.middleware.version_negotiation [None req-25ebdbc7-0d95-4cd1-94fd-f6e2f59f042d tempest-TestImageHashVerification-488551700 tempest-TestImageHashVerification-488551700-project-member] new path /v2/images/2ee1b5a3-d299-4b0a-8f88-8bba59f9a6af {{(pid=99830) process_request /opt/stack/glance/glance/api/middleware/version_negotiation.py:70}}
Aug 24 11:48:24.276709 np0000007967 devstack@g-api.service[99830]: [pid: 99830|app: 0|req: 49/137] 127.0.0.1 () {40 vars in 838 bytes} [Mon Aug 24 11:48:24 2026] GET /v2/images/2ee1b5a3-d299-4b0a-8f88-8bba59f9a6af => generated 648 bytes in 21 msecs (HTTP/1.1 200) 4 headers in 157 bytes (1 switches on core 0)
Aug 24 11:48:24.283622 np0000007967 devstack@g-api.service[99827]: DEBUG swiftclient [None req-6ac09d69-5ed2-4b6a-a935-508cd889c9c7 tempest-ImageDependencyTests-1232340745 tempest-ImageDependencyTests-1232340745-project-member] REQ: curl -i https://10.4.3.223:8080/v1/AUTH_8926a4c48c074853a7d77d6d55d6248b/glance -I -H "X-Auth-Token: gAAAAABqjC-Hf8m4..." {{(pid=99827) http_log /opt/stack/data/venv/lib/python3.12/site-packages/swiftclient/client.py:160}}
Aug 24 11:48:24.283779 np0000007967 devstack@g-api.service[99827]: DEBUG swiftclient [None req-6ac09d69-5ed2-4b6a-a935-508cd889c9c7 tempest-ImageDependencyTests-1232340745 tempest-ImageDependencyTests-1232340745-project-member] RESP STATUS: 204 No Content {{(pid=99827) http_log /opt/stack/data/venv/lib/python3.12/site-packages/swiftclient/client.py:161}}
Aug 24 11:48:24.284016 np0000007967 devstack@g-api.service[99827]: DEBUG swiftclient [None req-6ac09d69-5ed2-4b6a-a935-508cd889c9c7 tempest-ImageDependencyTests-1232340745 tempest-ImageDependencyTests-1232340745-project-member] RESP HEADERS: {'Date': 'Mon, 24 Aug 2026 11:48:24 GMT', 'Server': 'Apache/2.4.58 (Ubuntu)', 'Content-Type': 'text/plain; charset=utf-8', 'X-Container-Object-Count': '6', 'X-Container-Bytes-Used': '678756352', 'X-Timestamp': '1787571824.35878', 'Last-Modified': 'Mon, 24 Aug 2026 11:43:45 GMT', 'Accept-Ranges': 'bytes', 'X-Storage-Policy': 'Policy-0', 'X-Container-Sharding': 'False', 'Vary': 'Accept', 'X-Trans-Id': 'tx34d1981c0199474e86c98-006a8c2f88', 'X-Openstack-Request-Id': 'tx34d1981c0199474e86c98-006a8c2f88', 'Connection': 'close'} {{(pid=99827) http_log /opt/stack/data/venv/lib/python3.12/site-packages/swiftclient/client.py:162}}
Aug 24 11:48:24.284294 np0000007967 devstack@g-api.service[99827]: DEBUG glance_store._drivers.swift.store [None req-6ac09d69-5ed2-4b6a-a935-508cd889c9c7 tempest-ImageDependencyTests-1232340745 tempest-ImageDependencyTests-1232340745-project-member] Adding image object 'd2cbad8e-6950-4fce-82b0-b1bcccb36e45' to Swift {{(pid=99827) add /opt/stack/data/venv/lib/python3.12/site-packages/glance_store/_drivers/swift/store.py:970}}
Aug 24 11:48:24.297226 np0000007967 devstack@g-api.service[99827]: DEBUG oslo_utils.imageutils.format_inspector [None req-6ac09d69-5ed2-4b6a-a935-508cd889c9c7 tempest-ImageDependencyTests-1232340745 tempest-ImageDependencyTests-1232340745-project-member] Format inspector for vmdk does not match, excluding from consideration (Signature KDMV not found: b'\x02\x9d\xbe\xda') {{(pid=99827) _process_chunk /opt/stack/data/venv/lib/python3.12/site-packages/oslo_utils/imageutils/format_inspector.py:1758}}
Aug 24 11:48:24.297653 np0000007967 devstack@g-api.service[99829]: DEBUG swiftclient [None req-3cc8a0b3-696a-4b39-bbfb-9843a1089dc3 tempest-TestImageHashVerification-488551700 tempest-TestImageHashVerification-488551700-project-member] REQ: curl -i https://10.4.3.223:8080/v1/AUTH_8926a4c48c074853a7d77d6d55d6248b/glance/2ee1b5a3-d299-4b0a-8f88-8bba59f9a6af-00004 -X PUT -H "X-Auth-Token: gAAAAABqjC97QW_z..." {{(pid=99829) http_log /opt/stack/data/venv/lib/python3.12/site-packages/swiftclient/client.py:160}}
Aug 24 11:48:24.298088 np0000007967 devstack@g-api.service[99829]: DEBUG swiftclient [None req-3cc8a0b3-696a-4b39-bbfb-9843a1089dc3 tempest-TestImageHashVerification-488551700 tempest-TestImageHashVerification-488551700-project-member] RESP STATUS: 201 Created {{(pid=99829) http_log /opt/stack/data/venv/lib/python3.12/site-packages/swiftclient/client.py:161}}
Aug 24 11:48:24.298088 np0000007967 devstack@g-api.service[99829]: DEBUG swiftclient [None req-3cc8a0b3-696a-4b39-bbfb-9843a1089dc3 tempest-TestImageHashVerification-488551700 tempest-TestImageHashVerification-488551700-project-member] RESP HEADERS: {'Date': 'Mon, 24 Aug 2026 11:48:24 GMT', 'Server': 'Apache/2.4.58 (Ubuntu)', 'Content-Type': 'text/html; charset=UTF-8', 'Content-Length': '0', 'Etag': 'eda9a9889837ac4bc81d6387d92c1bec', 'Last-Modified': 'Mon, 24 Aug 2026 11:48:22 GMT', 'X-Trans-Id': 'tx340fa33918fc40f2a71f0-006a8c2f85', 'X-Openstack-Request-Id': 'tx340fa33918fc40f2a71f0-006a8c2f85', 'Connection': 'close'} {{(pid=99829) http_log /opt/stack/data/venv/lib/python3.12/site-packages/swiftclient/client.py:162}}
Aug 24 11:48:24.298238 np0000007967 devstack@g-api.service[99829]: DEBUG glance_store._drivers.swift.store [None req-3cc8a0b3-696a-4b39-bbfb-9843a1089dc3 tempest-TestImageHashVerification-488551700 tempest-TestImageHashVerification-488551700-project-member] Wrote chunk 2ee1b5a3-d299-4b0a-8f88-8bba59f9a6af-00004 (4/?) of length 204800000 to Swift returning MD5 of content: eda9a9889837ac4bc81d6387d92c1bec {{(pid=99829) add /opt/stack/data/venv/lib/python3.12/site-packages/glance_store/_drivers/swift/store.py:1059}}
Aug 24 11:48:24.341043 np0000007967 devstack@g-api.service[99827]: DEBUG swiftclient [None req-6ac09d69-5ed2-4b6a-a935-508cd889c9c7 tempest-ImageDependencyTests-1232340745 tempest-ImageDependencyTests-1232340745-project-member] REQ: curl -i https://10.4.3.223:8080/v1/AUTH_8926a4c48c074853a7d77d6d55d6248b/glance/d2cbad8e-6950-4fce-82b0-b1bcccb36e45 -X PUT -H "X-Auth-Token: gAAAAABqjC-Hf8m4..." -H "Content-Length: 1024" {{(pid=99827) http_log /opt/stack/data/venv/lib/python3.12/site-packages/swiftclient/client.py:160}}
Aug 24 11:48:24.341207 np0000007967 devstack@g-api.service[99827]: DEBUG swiftclient [None req-6ac09d69-5ed2-4b6a-a935-508cd889c9c7 tempest-ImageDependencyTests-1232340745 tempest-ImageDependencyTests-1232340745-project-member] RESP STATUS: 201 Created {{(pid=99827) http_log /opt/stack/data/venv/lib/python3.12/site-packages/swiftclient/client.py:161}}
Aug 24 11:48:24.342010 np0000007967 devstack@g-api.service[99827]: DEBUG swiftclient [None req-6ac09d69-5ed2-4b6a-a935-508cd889c9c7 tempest-ImageDependencyTests-1232340745 tempest-ImageDependencyTests-1232340745-project-member] RESP HEADERS: {'Date': 'Mon, 24 Aug 2026 11:48:24 GMT', 'Server': 'Apache/2.4.58 (Ubuntu)', 'Content-Type': 'text/html; charset=UTF-8', 'Content-Length': '0', 'Etag': '005022a28ce5b113f7f12197751a9914', 'Last-Modified': 'Mon, 24 Aug 2026 11:48:25 GMT', 'X-Trans-Id': 'tx1e783135de89434daa173-006a8c2f88', 'X-Openstack-Request-Id': 'tx1e783135de89434daa173-006a8c2f88', 'Connection': 'close'} {{(pid=99827) http_log /opt/stack/data/venv/lib/python3.12/site-packages/swiftclient/client.py:162}}
Aug 24 11:48:24.342010 np0000007967 devstack@g-api.service[99827]: INFO glance.location [None req-6ac09d69-5ed2-4b6a-a935-508cd889c9c7 tempest-ImageDependencyTests-1232340745 tempest-ImageDependencyTests-1232340745-project-member] Image format matched and virtual size computed: 1024
Aug 24 11:48:24.402809 np0000007967 devstack@g-api.service[99827]: DEBUG glance_store.backend [None req-6ac09d69-5ed2-4b6a-a935-508cd889c9c7 tempest-ImageDependencyTests-1232340745 tempest-ImageDependencyTests-1232340745-project-member] Attempting to import store swift {{(pid=99827) _load_store /opt/stack/data/venv/lib/python3.12/site-packages/glance_store/backend.py:215}}
Aug 24 11:48:24.404445 np0000007967 devstack@g-api.service[99827]: DEBUG glance_store.capabilities [None req-6ac09d69-5ed2-4b6a-a935-508cd889c9c7 tempest-ImageDependencyTests-1232340745 tempest-ImageDependencyTests-1232340745-project-member] Store glance_store._drivers.swift.store.SingleTenantStore doesn't support updating dynamic storage capabilities. Please overwrite 'update_capabilities' method of the store to implement updating logics if needed. {{(pid=99827) update_capabilities /opt/stack/data/venv/lib/python3.12/site-packages/glance_store/capabilities.py:91}}
Aug 24 11:48:24.405007 np0000007967 devstack@g-api.service[99827]: DEBUG glance_store.driver [None req-6ac09d69-5ed2-4b6a-a935-508cd889c9c7 tempest-ImageDependencyTests-1232340745 tempest-ImageDependencyTests-1232340745-project-member] Late loading location class glance_store._drivers.swift.store.StoreLocation {{(pid=99827) get_store_location_class /opt/stack/data/venv/lib/python3.12/site-packages/glance_store/driver.py:134}}
Aug 24 11:48:24.405007 np0000007967 devstack@g-api.service[99827]: DEBUG glance_store.location [None req-6ac09d69-5ed2-4b6a-a935-508cd889c9c7 tempest-ImageDependencyTests-1232340745 tempest-ImageDependencyTests-1232340745-project-member] Registering scheme swift+https with {'store': , 'location_class': , 'store_entry': 'swift'} {{(pid=99827) register_scheme_map /opt/stack/data/venv/lib/python3.12/site-packages/glance_store/location.py:146}}
Aug 24 11:48:24.405007 np0000007967 devstack@g-api.service[99827]: DEBUG glance_store.location [None req-6ac09d69-5ed2-4b6a-a935-508cd889c9c7 tempest-ImageDependencyTests-1232340745 tempest-ImageDependencyTests-1232340745-project-member] Registering scheme swift+https with {'store': , 'location_class': , 'store_entry': 'swift'} {{(pid=99827) register_scheme_map /opt/stack/data/venv/lib/python3.12/site-packages/glance_store/location.py:146}}
Aug 24 11:48:24.405447 np0000007967 devstack@g-api.service[99827]: DEBUG glance_store.location [None req-6ac09d69-5ed2-4b6a-a935-508cd889c9c7 tempest-ImageDependencyTests-1232340745 tempest-ImageDependencyTests-1232340745-project-member] Registering scheme swift with {'store': , 'location_class': , 'store_entry': 'swift'} {{(pid=99827) register_scheme_map /opt/stack/data/venv/lib/python3.12/site-packages/glance_store/location.py:146}}
Aug 24 11:48:24.405447 np0000007967 devstack@g-api.service[99827]: DEBUG glance_store.location [None req-6ac09d69-5ed2-4b6a-a935-508cd889c9c7 tempest-ImageDependencyTests-1232340745 tempest-ImageDependencyTests-1232340745-project-member] Registering scheme swift+https with {'store': , 'location_class': , 'store_entry': 'swift'} {{(pid=99827) register_scheme_map /opt/stack/data/venv/lib/python3.12/site-packages/glance_store/location.py:146}}
Aug 24 11:48:24.405447 np0000007967 devstack@g-api.service[99827]: DEBUG glance_store.location [None req-6ac09d69-5ed2-4b6a-a935-508cd889c9c7 tempest-ImageDependencyTests-1232340745 tempest-ImageDependencyTests-1232340745-project-member] Registering scheme swift with {'store': , 'location_class': , 'store_entry': 'swift'} {{(pid=99827) register_scheme_map /opt/stack/data/venv/lib/python3.12/site-packages/glance_store/location.py:146}}
Aug 24 11:48:24.405447 np0000007967 devstack@g-api.service[99827]: DEBUG glance_store.location [None req-6ac09d69-5ed2-4b6a-a935-508cd889c9c7 tempest-ImageDependencyTests-1232340745 tempest-ImageDependencyTests-1232340745-project-member] Registering scheme swift+http with {'store': , 'location_class': , 'store_entry': 'swift'} {{(pid=99827) register_scheme_map /opt/stack/data/venv/lib/python3.12/site-packages/glance_store/location.py:146}}
