Aug 24 11:43:36.462063 np0000007967 devstack@g-api.service[99830]: DEBUG glance_store.backend [-] Attempting to import store http {{(pid=99830) _load_store /opt/stack/data/venv/lib/python3.12/site-packages/glance_store/backend.py:215}}
Aug 24 11:43:36.462284 np0000007967 devstack@g-api.service[99830]: DEBUG glance_store.capabilities [-] Store glance_store._drivers.http.Store doesn't support updating dynamic storage capabilities. Please overwrite 'update_capabilities' method of the store to implement updating logics if needed. {{(pid=99830) update_capabilities /opt/stack/data/venv/lib/python3.12/site-packages/glance_store/capabilities.py:91}}
Aug 24 11:43:36.462357 np0000007967 devstack@g-api.service[99830]: DEBUG glance_store.backend [-] Registering store http with schemes ('http', 'https') {{(pid=99830) create_stores /opt/stack/data/venv/lib/python3.12/site-packages/glance_store/backend.py:261}}
Aug 24 11:43:36.462415 np0000007967 devstack@g-api.service[99830]: DEBUG glance_store.driver [-] Late loading location class glance_store._drivers.http.StoreLocation {{(pid=99830) get_store_location_class /opt/stack/data/venv/lib/python3.12/site-packages/glance_store/driver.py:134}}
Aug 24 11:43:36.462476 np0000007967 devstack@g-api.service[99830]: DEBUG glance_store.location [-] Registering scheme http with {'store': , 'location_class': , 'store_entry': 'http'} {{(pid=99830) register_scheme_map /opt/stack/data/venv/lib/python3.12/site-packages/glance_store/location.py:146}}
Aug 24 11:43:36.462525 np0000007967 devstack@g-api.service[99830]: DEBUG glance_store.location [-] Registering scheme https with {'store': , 'location_class': , 'store_entry': 'http'} {{(pid=99830) register_scheme_map /opt/stack/data/venv/lib/python3.12/site-packages/glance_store/location.py:146}}
Aug 24 11:43:36.462577 np0000007967 devstack@g-api.service[99830]: DEBUG glance_store.backend [-] Attempting to import store file {{(pid=99830) _load_store /opt/stack/data/venv/lib/python3.12/site-packages/glance_store/backend.py:215}}
Aug 24 11:43:36.463153 np0000007967 devstack@g-api.service[99830]: DEBUG glance_store.capabilities [-] Store glance_store._drivers.filesystem.Store doesn't support updating dynamic storage capabilities. Please overwrite 'update_capabilities' method of the store to implement updating logics if needed. {{(pid=99830) update_capabilities /opt/stack/data/venv/lib/python3.12/site-packages/glance_store/capabilities.py:91}}
Aug 24 11:43:36.463217 np0000007967 devstack@g-api.service[99830]: DEBUG glance_store.backend [-] Registering store file with schemes ('file', 'filesystem') {{(pid=99830) create_stores /opt/stack/data/venv/lib/python3.12/site-packages/glance_store/backend.py:261}}
Aug 24 11:43:36.463277 np0000007967 devstack@g-api.service[99830]: DEBUG glance_store.driver [-] Late loading location class glance_store._drivers.filesystem.StoreLocation {{(pid=99830) get_store_location_class /opt/stack/data/venv/lib/python3.12/site-packages/glance_store/driver.py:134}}
Aug 24 11:43:36.463345 np0000007967 devstack@g-api.service[99830]: DEBUG glance_store.location [-] Registering scheme file with {'store': , 'location_class': , 'store_entry': 'file'} {{(pid=99830) register_scheme_map /opt/stack/data/venv/lib/python3.12/site-packages/glance_store/location.py:146}}
Aug 24 11:43:36.463401 np0000007967 devstack@g-api.service[99830]: DEBUG glance_store.location [-] Registering scheme filesystem with {'store': , 'location_class': , 'store_entry': 'file'} {{(pid=99830) register_scheme_map /opt/stack/data/venv/lib/python3.12/site-packages/glance_store/location.py:146}}
Aug 24 11:43:36.463507 np0000007967 devstack@g-api.service[99830]: DEBUG glance_store.backend [-] Attempting to import store swift {{(pid=99830) _load_store /opt/stack/data/venv/lib/python3.12/site-packages/glance_store/backend.py:215}}
Aug 24 11:43:36.464583 np0000007967 devstack@g-api.service[99830]: DEBUG glance_store.capabilities [-] Store glance_store._drivers.swift.store.SingleTenantStore doesn't support updating dynamic storage capabilities. Please overwrite 'update_capabilities' method of the store to implement updating logics if needed. {{(pid=99830) update_capabilities /opt/stack/data/venv/lib/python3.12/site-packages/glance_store/capabilities.py:91}}
Aug 24 11:43:36.464666 np0000007967 devstack@g-api.service[99830]: DEBUG glance_store.driver [-] Late loading location class glance_store._drivers.swift.store.StoreLocation {{(pid=99830) get_store_location_class /opt/stack/data/venv/lib/python3.12/site-packages/glance_store/driver.py:134}}
Aug 24 11:43:36.464746 np0000007967 devstack@g-api.service[99830]: DEBUG glance_store.location [-] Registering scheme swift+https with {'store': , 'location_class': , 'store_entry': 'swift'} {{(pid=99830) register_scheme_map /opt/stack/data/venv/lib/python3.12/site-packages/glance_store/location.py:146}}
Aug 24 11:43:36.464801 np0000007967 devstack@g-api.service[99830]: DEBUG glance_store.location [-] Registering scheme swift+https with {'store': , 'location_class': , 'store_entry': 'swift'} {{(pid=99830) register_scheme_map /opt/stack/data/venv/lib/python3.12/site-packages/glance_store/location.py:146}}
Aug 24 11:43:36.464853 np0000007967 devstack@g-api.service[99830]: DEBUG glance_store.location [-] Registering scheme swift with {'store': , 'location_class': , 'store_entry': 'swift'} {{(pid=99830) register_scheme_map /opt/stack/data/venv/lib/python3.12/site-packages/glance_store/location.py:146}}
Aug 24 11:43:36.464918 np0000007967 devstack@g-api.service[99830]: DEBUG glance_store.location [-] Registering scheme swift+https with {'store': , 'location_class': , 'store_entry': 'swift'} {{(pid=99830) register_scheme_map /opt/stack/data/venv/lib/python3.12/site-packages/glance_store/location.py:146}}
Aug 24 11:43:36.464982 np0000007967 devstack@g-api.service[99830]: DEBUG glance_store.location [-] Registering scheme swift with {'store': , 'location_class': , 'store_entry': 'swift'} {{(pid=99830) register_scheme_map /opt/stack/data/venv/lib/python3.12/site-packages/glance_store/location.py:146}}
Aug 24 11:43:36.465045 np0000007967 devstack@g-api.service[99830]: DEBUG glance_store.location [-] Registering scheme swift+http with {'store': , 'location_class': , 'store_entry': 'swift'} {{(pid=99830) register_scheme_map /opt/stack/data/venv/lib/python3.12/site-packages/glance_store/location.py:146}}
Aug 24 11:43:36.465113 np0000007967 devstack@g-api.service[99830]: DEBUG glance_store.location [-] Registering scheme swift+https with {'store': , 'location_class': , 'store_entry': 'swift'} {{(pid=99830) register_scheme_map /opt/stack/data/venv/lib/python3.12/site-packages/glance_store/location.py:146}}
Aug 24 11:43:36.465164 np0000007967 devstack@g-api.service[99830]: DEBUG glance_store.location [-] Registering scheme swift with {'store': , 'location_class': , 'store_entry': 'swift'} {{(pid=99830) register_scheme_map /opt/stack/data/venv/lib/python3.12/site-packages/glance_store/location.py:146}}
Aug 24 11:43:36.465217 np0000007967 devstack@g-api.service[99830]: DEBUG glance_store.location [-] Registering scheme swift+http with {'store': , 'location_class': , 'store_entry': 'swift'} {{(pid=99830) register_scheme_map /opt/stack/data/venv/lib/python3.12/site-packages/glance_store/location.py:146}}
Aug 24 11:43:36.465287 np0000007967 devstack@g-api.service[99830]: DEBUG glance_store.location [-] Registering scheme swift+config with {'store': , 'location_class': , 'store_entry': 'swift'} {{(pid=99830) register_scheme_map /opt/stack/data/venv/lib/python3.12/site-packages/glance_store/location.py:146}}
Aug 24 11:43:36.465527 np0000007967 devstack@g-api.service[99830]: DEBUG glance.sqlite_migration [-] SQLite caching database not located, skipping migration {{(pid=99830) get_db_path /opt/stack/glance/glance/sqlite_migration.py:68}}
Aug 24 11:43:36.465714 np0000007967 devstack@g-api.service[99830]: WARNING glance.common.wsgi_app [-] Import methods are enabled but staging directory /tmp/staging/ does not exist; Imports will fail!
Aug 24 11:43:36.598724 np0000007967 devstack@g-api.service[99827]: DEBUG glance.common.config [None req-a90de99d-1dff-49c2-9ed7-c49d22d3424f None None] Loading glance-api-keystone+cachemanagement from /etc/glance/glance-api-paste.ini {{(pid=99827) load_paste_app /opt/stack/glance/glance/common/config.py:772}}
Aug 24 11:43:36.599139 np0000007967 devstack@g-api.service[99829]: DEBUG glance.common.config [None req-7e555cd6-e04f-43c2-87d1-d2aba734badc None None] Loading glance-api-keystone+cachemanagement from /etc/glance/glance-api-paste.ini {{(pid=99829) load_paste_app /opt/stack/glance/glance/common/config.py:772}}
Aug 24 11:43:36.610487 np0000007967 devstack@g-api.service[99830]: DEBUG glance.common.config [None req-e0bf54a6-5721-4b30-a22f-2233adcecbed None None] Loading glance-api-keystone+cachemanagement from /etc/glance/glance-api-paste.ini {{(pid=99830) load_paste_app /opt/stack/glance/glance/common/config.py:772}}
Aug 24 11:43:37.207742 np0000007967 devstack@g-api.service[99827]: INFO glance.image_cache [None req-a90de99d-1dff-49c2-9ed7-c49d22d3424f None None] Image cache loaded driver 'centralized_db'.
Aug 24 11:43:37.208332 np0000007967 devstack@g-api.service[99829]: INFO glance.image_cache [None req-7e555cd6-e04f-43c2-87d1-d2aba734badc None None] Image cache loaded driver 'centralized_db'.
Aug 24 11:43:37.208610 np0000007967 devstack@g-api.service[99830]: INFO glance.image_cache [None req-e0bf54a6-5721-4b30-a22f-2233adcecbed None None] Image cache loaded driver 'centralized_db'.
Aug 24 11:43:37.254470 np0000007967 devstack@g-api.service[99829]: INFO dbcounter [None req-7e555cd6-e04f-43c2-87d1-d2aba734badc None None] Registered counter for database glance
Aug 24 11:43:37.256754 np0000007967 devstack@g-api.service[99827]: INFO dbcounter [None req-a90de99d-1dff-49c2-9ed7-c49d22d3424f None None] Registered counter for database glance
Aug 24 11:43:37.258846 np0000007967 devstack@g-api.service[99830]: INFO dbcounter [None req-e0bf54a6-5721-4b30-a22f-2233adcecbed None None] Registered counter for database glance
Aug 24 11:43:37.297872 np0000007967 devstack@g-api.service[99827]: DEBUG oslo_db.sqlalchemy.engines [None req-a90de99d-1dff-49c2-9ed7-c49d22d3424f None None] MySQL server mode set to STRICT_TRANS_TABLES,STRICT_ALL_TABLES,NO_ZERO_IN_DATE,NO_ZERO_DATE,ERROR_FOR_DIVISION_BY_ZERO,TRADITIONAL,NO_ENGINE_SUBSTITUTION {{(pid=99827) _check_effective_sql_mode /opt/stack/data/venv/lib/python3.12/site-packages/oslo_db/sqlalchemy/engines.py:325}}
Aug 24 11:43:37.301494 np0000007967 devstack@g-api.service[99829]: DEBUG oslo_db.sqlalchemy.engines [None req-7e555cd6-e04f-43c2-87d1-d2aba734badc None None] MySQL server mode set to STRICT_TRANS_TABLES,STRICT_ALL_TABLES,NO_ZERO_IN_DATE,NO_ZERO_DATE,ERROR_FOR_DIVISION_BY_ZERO,TRADITIONAL,NO_ENGINE_SUBSTITUTION {{(pid=99829) _check_effective_sql_mode /opt/stack/data/venv/lib/python3.12/site-packages/oslo_db/sqlalchemy/engines.py:325}}
Aug 24 11:43:37.304106 np0000007967 devstack@g-api.service[99830]: DEBUG oslo_db.sqlalchemy.engines [None req-e0bf54a6-5721-4b30-a22f-2233adcecbed None None] MySQL server mode set to STRICT_TRANS_TABLES,STRICT_ALL_TABLES,NO_ZERO_IN_DATE,NO_ZERO_DATE,ERROR_FOR_DIVISION_BY_ZERO,TRADITIONAL,NO_ENGINE_SUBSTITUTION {{(pid=99830) _check_effective_sql_mode /opt/stack/data/venv/lib/python3.12/site-packages/oslo_db/sqlalchemy/engines.py:325}}
Aug 24 11:43:37.324963 np0000007967 devstack@g-api.service[99829]: DEBUG dbcounter [-] [99829] Writer thread running {{(pid=99829) stat_writer /opt/stack/data/venv/lib/python3.12/site-packages/dbcounter.py:102}}
Aug 24 11:43:37.326877 np0000007967 devstack@g-api.service[99830]: DEBUG dbcounter [-] [99830] Writer thread running {{(pid=99830) stat_writer /opt/stack/data/venv/lib/python3.12/site-packages/dbcounter.py:102}}
Aug 24 11:43:37.330230 np0000007967 devstack@g-api.service[99827]: DEBUG dbcounter [-] [99827] Writer thread running {{(pid=99827) stat_writer /opt/stack/data/venv/lib/python3.12/site-packages/dbcounter.py:102}}
Aug 24 11:43:37.331162 np0000007967 devstack@g-api.service[99830]: DEBUG glance.image_cache.drivers.centralized_db [None req-e0bf54a6-5721-4b30-a22f-2233adcecbed None None] Node reference is already recorded, ignoring it {{(pid=99830) configure /opt/stack/glance/glance/image_cache/drivers/centralized_db.py:71}}
Aug 24 11:43:37.332862 np0000007967 devstack@g-api.service[99827]: DEBUG glance.image_cache.drivers.centralized_db [None req-a90de99d-1dff-49c2-9ed7-c49d22d3424f None None] Node reference is already recorded, ignoring it {{(pid=99827) configure /opt/stack/glance/glance/image_cache/drivers/centralized_db.py:71}}
Aug 24 11:43:37.336992 np0000007967 devstack@g-api.service[99829]: INFO glance.image_cache [None req-7e555cd6-e04f-43c2-87d1-d2aba734badc None None] Image cache loaded driver 'centralized_db'.
Aug 24 11:43:37.337080 np0000007967 devstack@g-api.service[99830]: INFO glance.image_cache [None req-e0bf54a6-5721-4b30-a22f-2233adcecbed None None] Image cache loaded driver 'centralized_db'.
Aug 24 11:43:37.337950 np0000007967 devstack@g-api.service[99827]: INFO glance.image_cache [None req-a90de99d-1dff-49c2-9ed7-c49d22d3424f None None] Image cache loaded driver 'centralized_db'.
Aug 24 11:43:37.346520 np0000007967 devstack@g-api.service[99829]: DEBUG glance.image_cache.drivers.centralized_db [None req-7e555cd6-e04f-43c2-87d1-d2aba734badc None None] Node reference is already recorded, ignoring it {{(pid=99829) configure /opt/stack/glance/glance/image_cache/drivers/centralized_db.py:71}}
Aug 24 11:43:37.347249 np0000007967 devstack@g-api.service[99830]: DEBUG glance.image_cache.drivers.centralized_db [None req-e0bf54a6-5721-4b30-a22f-2233adcecbed None None] Node reference is already recorded, ignoring it {{(pid=99830) configure /opt/stack/glance/glance/image_cache/drivers/centralized_db.py:71}}
Aug 24 11:43:37.348002 np0000007967 devstack@g-api.service[99827]: DEBUG glance.image_cache.drivers.centralized_db [None req-a90de99d-1dff-49c2-9ed7-c49d22d3424f None None] Node reference is already recorded, ignoring it {{(pid=99827) configure /opt/stack/glance/glance/image_cache/drivers/centralized_db.py:71}}
Aug 24 11:43:37.352988 np0000007967 devstack@g-api.service[99829]: DEBUG glance.api.v2.cached_images [None req-7e555cd6-e04f-43c2-87d1-d2aba734badc None None] Started cache worker thread {{(pid=99829) __init__ /opt/stack/glance/glance/api/v2/cached_images.py:71}}
Aug 24 11:43:37.353759 np0000007967 devstack@g-api.service[99829]: INFO glance.image_cache [None req-7e555cd6-e04f-43c2-87d1-d2aba734badc None None] Image cache loaded driver 'centralized_db'.
Aug 24 11:43:37.353811 np0000007967 devstack@g-api.service[99827]: DEBUG glance.api.v2.cached_images [None req-a90de99d-1dff-49c2-9ed7-c49d22d3424f None None] Started cache worker thread {{(pid=99827) __init__ /opt/stack/glance/glance/api/v2/cached_images.py:71}}
Aug 24 11:43:37.353990 np0000007967 devstack@g-api.service[99830]: DEBUG glance.api.v2.cached_images [None req-e0bf54a6-5721-4b30-a22f-2233adcecbed None None] Started cache worker thread {{(pid=99830) __init__ /opt/stack/glance/glance/api/v2/cached_images.py:71}}
Aug 24 11:43:37.354548 np0000007967 devstack@g-api.service[99827]: INFO glance.image_cache [None req-a90de99d-1dff-49c2-9ed7-c49d22d3424f None None] Image cache loaded driver 'centralized_db'.
Aug 24 11:43:37.354793 np0000007967 devstack@g-api.service[99830]: INFO glance.image_cache [None req-e0bf54a6-5721-4b30-a22f-2233adcecbed None None] Image cache loaded driver 'centralized_db'.
Aug 24 11:43:37.448059 np0000007967 devstack@g-api.service[99829]: DEBUG glance.image_cache.drivers.centralized_db [None req-7e555cd6-e04f-43c2-87d1-d2aba734badc None None] Node reference is already recorded, ignoring it {{(pid=99829) configure /opt/stack/glance/glance/image_cache/drivers/centralized_db.py:71}}
Aug 24 11:43:37.452865 np0000007967 devstack@g-api.service[99829]: INFO glance.api.middleware.cache_manage [None req-7e555cd6-e04f-43c2-87d1-d2aba734badc None None] Initialized image cache management middleware
Aug 24 11:43:37.453019 np0000007967 devstack@g-api.service[99829]: INFO glance.image_cache [None req-7e555cd6-e04f-43c2-87d1-d2aba734badc None None] Image cache loaded driver 'centralized_db'.
Aug 24 11:43:37.453694 np0000007967 devstack@g-api.service[99827]: DEBUG glance.image_cache.drivers.centralized_db [None req-a90de99d-1dff-49c2-9ed7-c49d22d3424f None None] Node reference is already recorded, ignoring it {{(pid=99827) configure /opt/stack/glance/glance/image_cache/drivers/centralized_db.py:71}}
Aug 24 11:43:37.455885 np0000007967 devstack@g-api.service[99830]: DEBUG glance.image_cache.drivers.centralized_db [None req-e0bf54a6-5721-4b30-a22f-2233adcecbed None None] Node reference is already recorded, ignoring it {{(pid=99830) configure /opt/stack/glance/glance/image_cache/drivers/centralized_db.py:71}}
Aug 24 11:43:37.458474 np0000007967 devstack@g-api.service[99827]: INFO glance.api.middleware.cache_manage [None req-a90de99d-1dff-49c2-9ed7-c49d22d3424f None None] Initialized image cache management middleware
Aug 24 11:43:37.458567 np0000007967 devstack@g-api.service[99827]: INFO glance.image_cache [None req-a90de99d-1dff-49c2-9ed7-c49d22d3424f None None] Image cache loaded driver 'centralized_db'.
Aug 24 11:43:37.460347 np0000007967 devstack@g-api.service[99829]: DEBUG glance.image_cache.drivers.centralized_db [None req-7e555cd6-e04f-43c2-87d1-d2aba734badc None None] Node reference is already recorded, ignoring it {{(pid=99829) configure /opt/stack/glance/glance/image_cache/drivers/centralized_db.py:71}}
Aug 24 11:43:37.461166 np0000007967 devstack@g-api.service[99830]: INFO glance.api.middleware.cache_manage [None req-e0bf54a6-5721-4b30-a22f-2233adcecbed None None] Initialized image cache management middleware
Aug 24 11:43:37.461343 np0000007967 devstack@g-api.service[99830]: INFO glance.image_cache [None req-e0bf54a6-5721-4b30-a22f-2233adcecbed None None] Image cache loaded driver 'centralized_db'.
Aug 24 11:43:37.463692 np0000007967 devstack@g-api.service[99829]: INFO glance.api.middleware.cache [None req-7e555cd6-e04f-43c2-87d1-d2aba734badc None None] Initialized image cache middleware
Aug 24 11:43:37.465096 np0000007967 devstack@g-api.service[99827]: DEBUG glance.image_cache.drivers.centralized_db [None req-a90de99d-1dff-49c2-9ed7-c49d22d3424f None None] Node reference is already recorded, ignoring it {{(pid=99827) configure /opt/stack/glance/glance/image_cache/drivers/centralized_db.py:71}}
Aug 24 11:43:37.468629 np0000007967 devstack@g-api.service[99830]: DEBUG glance.image_cache.drivers.centralized_db [None req-e0bf54a6-5721-4b30-a22f-2233adcecbed None None] Node reference is already recorded, ignoring it {{(pid=99830) configure /opt/stack/glance/glance/image_cache/drivers/centralized_db.py:71}}
Aug 24 11:43:37.469212 np0000007967 devstack@g-api.service[99827]: INFO glance.api.middleware.cache [None req-a90de99d-1dff-49c2-9ed7-c49d22d3424f None None] Initialized image cache middleware
Aug 24 11:43:37.473716 np0000007967 devstack@g-api.service[99829]: DEBUG glance.common.config [None req-7e555cd6-e04f-43c2-87d1-d2aba734badc None None] ******************************************************************************** {{(pid=99829) log_opt_values /opt/stack/data/venv/lib/python3.12/site-packages/oslo_config/cfg.py:3533}}
Aug 24 11:43:37.473797 np0000007967 devstack@g-api.service[99829]: DEBUG glance.common.config [None req-7e555cd6-e04f-43c2-87d1-d2aba734badc None None] Configuration options gathered from: {{(pid=99829) log_opt_values /opt/stack/data/venv/lib/python3.12/site-packages/oslo_config/cfg.py:3534}}
Aug 24 11:43:37.474004 np0000007967 devstack@g-api.service[99830]: INFO glance.api.middleware.cache [None req-e0bf54a6-5721-4b30-a22f-2233adcecbed None None] Initialized image cache middleware
Aug 24 11:43:37.474061 np0000007967 devstack@g-api.service[99829]: DEBUG glance.common.config [None req-7e555cd6-e04f-43c2-87d1-d2aba734badc None None] command line args: [] {{(pid=99829) log_opt_values /opt/stack/data/venv/lib/python3.12/site-packages/oslo_config/cfg.py:3535}}
Aug 24 11:43:37.474167 np0000007967 devstack@g-api.service[99829]: DEBUG glance.common.config [None req-7e555cd6-e04f-43c2-87d1-d2aba734badc None None] config files: ['/etc/glance/glance-image-import.conf', '/etc/glance/glance-api.conf'] {{(pid=99829) log_opt_values /opt/stack/data/venv/lib/python3.12/site-packages/oslo_config/cfg.py:3536}}
Aug 24 11:43:37.474232 np0000007967 devstack@g-api.service[99829]: DEBUG glance.common.config [None req-7e555cd6-e04f-43c2-87d1-d2aba734badc None None] ================================================================================ {{(pid=99829) log_opt_values /opt/stack/data/venv/lib/python3.12/site-packages/oslo_config/cfg.py:3541}}
Aug 24 11:43:37.474389 np0000007967 devstack@g-api.service[99829]: DEBUG glance.common.config [None req-7e555cd6-e04f-43c2-87d1-d2aba734badc None None] allow_anonymous_access = False {{(pid=99829) log_opt_values /opt/stack/data/venv/lib/python3.12/site-packages/oslo_config/cfg.py:3549}}
Aug 24 11:43:37.474485 np0000007967 devstack@g-api.service[99829]: DEBUG glance.common.config [None req-7e555cd6-e04f-43c2-87d1-d2aba734badc None None] api_limit_max = 1000 {{(pid=99829) log_opt_values /opt/stack/data/venv/lib/python3.12/site-packages/oslo_config/cfg.py:3549}}
Aug 24 11:43:37.474586 np0000007967 devstack@g-api.service[99829]: DEBUG glance.common.config [None req-7e555cd6-e04f-43c2-87d1-d2aba734badc None None] config_dir = [] {{(pid=99829) log_opt_values /opt/stack/data/venv/lib/python3.12/site-packages/oslo_config/cfg.py:3549}}
Aug 24 11:43:37.474663 np0000007967 devstack@g-api.service[99829]: DEBUG glance.common.config [None req-7e555cd6-e04f-43c2-87d1-d2aba734badc None None] config_file = ['/etc/glance/glance-image-import.conf', '/etc/glance/glance-api.conf'] {{(pid=99829) log_opt_values /opt/stack/data/venv/lib/python3.12/site-packages/oslo_config/cfg.py:3549}}
Aug 24 11:43:37.474755 np0000007967 devstack@g-api.service[99829]: DEBUG glance.common.config [None req-7e555cd6-e04f-43c2-87d1-d2aba734badc None None] config_source = [] {{(pid=99829) log_opt_values /opt/stack/data/venv/lib/python3.12/site-packages/oslo_config/cfg.py:3549}}
Aug 24 11:43:37.474877 np0000007967 devstack@g-api.service[99829]: DEBUG glance.common.config [None req-7e555cd6-e04f-43c2-87d1-d2aba734badc None None] control_exchange = glance {{(pid=99829) log_opt_values /opt/stack/data/venv/lib/python3.12/site-packages/oslo_config/cfg.py:3549}}
Aug 24 11:43:37.474975 np0000007967 devstack@g-api.service[99829]: DEBUG glance.common.config [None req-7e555cd6-e04f-43c2-87d1-d2aba734badc None None] debug = True {{(pid=99829) log_opt_values /opt/stack/data/venv/lib/python3.12/site-packages/oslo_config/cfg.py:3549}}
Aug 24 11:43:37.475173 np0000007967 devstack@g-api.service[99829]: DEBUG glance.common.config [None req-7e555cd6-e04f-43c2-87d1-d2aba734badc None None] default_log_levels = ['amqp=WARN', 'boto=WARN', 'sqlalchemy=WARN', 'suds=INFO', 'oslo.messaging=INFO', 'oslo_messaging=INFO', 'iso8601=WARN', 'requests.packages.urllib3.connectionpool=WARN', 'urllib3.connectionpool=WARN', 'websocket=WARN', 'requests.packages.urllib3.util.retry=WARN', 'urllib3.util.retry=WARN', 'keystonemiddleware=WARN', 'routes.middleware=WARN', 'stevedore=WARN', 'taskflow=WARN', 'keystoneauth=WARN', 'oslo.cache=INFO', 'oslo_policy=INFO', 'dogpile.core.dogpile=INFO'] {{(pid=99829) log_opt_values /opt/stack/data/venv/lib/python3.12/site-packages/oslo_config/cfg.py:3549}}
Aug 24 11:43:37.475313 np0000007967 devstack@g-api.service[99829]: DEBUG glance.common.config [None req-7e555cd6-e04f-43c2-87d1-d2aba734badc None None] default_publisher_id = image.localhost {{(pid=99829) log_opt_values /opt/stack/data/venv/lib/python3.12/site-packages/oslo_config/cfg.py:3549}}
Aug 24 11:43:37.475406 np0000007967 devstack@g-api.service[99829]: DEBUG glance.common.config [None req-7e555cd6-e04f-43c2-87d1-d2aba734badc None None] delayed_delete = False {{(pid=99829) log_opt_values /opt/stack/data/venv/lib/python3.12/site-packages/oslo_config/cfg.py:3549}}
Aug 24 11:43:37.475499 np0000007967 devstack@g-api.service[99829]: DEBUG glance.common.config [None req-7e555cd6-e04f-43c2-87d1-d2aba734badc None None] digest_algorithm = sha256 {{(pid=99829) log_opt_values /opt/stack/data/venv/lib/python3.12/site-packages/oslo_config/cfg.py:3549}}
Aug 24 11:43:37.475588 np0000007967 devstack@g-api.service[99829]: DEBUG glance.common.config [None req-7e555cd6-e04f-43c2-87d1-d2aba734badc None None] disabled_notifications = [] {{(pid=99829) log_opt_values /opt/stack/data/venv/lib/python3.12/site-packages/oslo_config/cfg.py:3549}}
Aug 24 11:43:37.475689 np0000007967 devstack@g-api.service[99829]: DEBUG glance.common.config [None req-7e555cd6-e04f-43c2-87d1-d2aba734badc None None] do_secure_hash = True {{(pid=99829) log_opt_values /opt/stack/data/venv/lib/python3.12/site-packages/oslo_config/cfg.py:3549}}
Aug 24 11:43:37.475779 np0000007967 devstack@g-api.service[99829]: DEBUG glance.common.config [None req-7e555cd6-e04f-43c2-87d1-d2aba734badc None None] enabled_backends = None {{(pid=99829) log_opt_values /opt/stack/data/venv/lib/python3.12/site-packages/oslo_config/cfg.py:3549}}
Aug 24 11:43:37.475884 np0000007967 devstack@g-api.service[99829]: DEBUG glance.common.config [None req-7e555cd6-e04f-43c2-87d1-d2aba734badc None None] enabled_import_methods = ['glance-direct', 'web-download', 'copy-image'] {{(pid=99829) log_opt_values /opt/stack/data/venv/lib/python3.12/site-packages/oslo_config/cfg.py:3549}}
Aug 24 11:43:37.475971 np0000007967 devstack@g-api.service[99829]: DEBUG glance.common.config [None req-7e555cd6-e04f-43c2-87d1-d2aba734badc None None] fatal_deprecations = False {{(pid=99829) log_opt_values /opt/stack/data/venv/lib/python3.12/site-packages/oslo_config/cfg.py:3549}}
Aug 24 11:43:37.476065 np0000007967 devstack@g-api.service[99829]: DEBUG glance.common.config [None req-7e555cd6-e04f-43c2-87d1-d2aba734badc None None] hashing_algorithm = sha512 {{(pid=99829) log_opt_values /opt/stack/data/venv/lib/python3.12/site-packages/oslo_config/cfg.py:3549}}
Aug 24 11:43:37.476147 np0000007967 devstack@g-api.service[99829]: DEBUG glance.common.config [None req-7e555cd6-e04f-43c2-87d1-d2aba734badc None None] http_retries = 3 {{(pid=99829) log_opt_values /opt/stack/data/venv/lib/python3.12/site-packages/oslo_config/cfg.py:3549}}
Aug 24 11:43:37.476275 np0000007967 devstack@g-api.service[99829]: DEBUG glance.common.config [None req-7e555cd6-e04f-43c2-87d1-d2aba734badc None None] image_cache_dir = /opt/stack/data/glance/cache/ {{(pid=99829) log_opt_values /opt/stack/data/venv/lib/python3.12/site-packages/oslo_config/cfg.py:3549}}
Aug 24 11:43:37.476391 np0000007967 devstack@g-api.service[99829]: DEBUG glance.common.config [None req-7e555cd6-e04f-43c2-87d1-d2aba734badc None None] image_cache_driver = centralized_db {{(pid=99829) log_opt_values /opt/stack/data/venv/lib/python3.12/site-packages/oslo_config/cfg.py:3549}}
Aug 24 11:43:37.476481 np0000007967 devstack@g-api.service[99829]: DEBUG glance.common.config [None req-7e555cd6-e04f-43c2-87d1-d2aba734badc None None] image_cache_max_size = 10737418240 {{(pid=99829) log_opt_values /opt/stack/data/venv/lib/python3.12/site-packages/oslo_config/cfg.py:3549}}
Aug 24 11:43:37.476574 np0000007967 devstack@g-api.service[99829]: DEBUG glance.common.config [None req-7e555cd6-e04f-43c2-87d1-d2aba734badc None None] image_cache_sqlite_db = cache.db {{(pid=99829) log_opt_values /opt/stack/data/venv/lib/python3.12/site-packages/oslo_config/cfg.py:3549}}
Aug 24 11:43:37.476669 np0000007967 devstack@g-api.service[99829]: DEBUG glance.common.config [None req-7e555cd6-e04f-43c2-87d1-d2aba734badc None None] image_cache_stall_time = 86400 {{(pid=99829) log_opt_values /opt/stack/data/venv/lib/python3.12/site-packages/oslo_config/cfg.py:3549}}
Aug 24 11:43:37.476753 np0000007967 devstack@g-api.service[99829]: DEBUG glance.common.config [None req-7e555cd6-e04f-43c2-87d1-d2aba734badc None None] image_location_quota = 10 {{(pid=99829) log_opt_values /opt/stack/data/venv/lib/python3.12/site-packages/oslo_config/cfg.py:3549}}
Aug 24 11:43:37.476839 np0000007967 devstack@g-api.service[99829]: DEBUG glance.common.config [None req-7e555cd6-e04f-43c2-87d1-d2aba734badc None None] image_member_quota = 128 {{(pid=99829) log_opt_values /opt/stack/data/venv/lib/python3.12/site-packages/oslo_config/cfg.py:3549}}
Aug 24 11:43:37.476924 np0000007967 devstack@g-api.service[99829]: DEBUG glance.common.config [None req-7e555cd6-e04f-43c2-87d1-d2aba734badc None None] image_property_quota = 128 {{(pid=99829) log_opt_values /opt/stack/data/venv/lib/python3.12/site-packages/oslo_config/cfg.py:3549}}
Aug 24 11:43:37.477010 np0000007967 devstack@g-api.service[99829]: DEBUG glance.common.config [None req-7e555cd6-e04f-43c2-87d1-d2aba734badc None None] image_size_cap = 1099511627776 {{(pid=99829) log_opt_values /opt/stack/data/venv/lib/python3.12/site-packages/oslo_config/cfg.py:3549}}
Aug 24 11:43:37.477096 np0000007967 devstack@g-api.service[99829]: DEBUG glance.common.config [None req-7e555cd6-e04f-43c2-87d1-d2aba734badc None None] image_tag_quota = 128 {{(pid=99829) log_opt_values /opt/stack/data/venv/lib/python3.12/site-packages/oslo_config/cfg.py:3549}}
Aug 24 11:43:37.477188 np0000007967 devstack@g-api.service[99829]: DEBUG glance.common.config [None req-7e555cd6-e04f-43c2-87d1-d2aba734badc None None] instance_format = [instance: %(uuid)s] {{(pid=99829) log_opt_values /opt/stack/data/venv/lib/python3.12/site-packages/oslo_config/cfg.py:3549}}
Aug 24 11:43:37.477300 np0000007967 devstack@g-api.service[99829]: DEBUG glance.common.config [None req-7e555cd6-e04f-43c2-87d1-d2aba734badc None None] instance_uuid_format = [instance: %(uuid)s] {{(pid=99829) log_opt_values /opt/stack/data/venv/lib/python3.12/site-packages/oslo_config/cfg.py:3549}}
Aug 24 11:43:37.477388 np0000007967 devstack@g-api.service[99829]: DEBUG glance.common.config [None req-7e555cd6-e04f-43c2-87d1-d2aba734badc None None] limit_param_default = 25 {{(pid=99829) log_opt_values /opt/stack/data/venv/lib/python3.12/site-packages/oslo_config/cfg.py:3549}}
Aug 24 11:43:37.477481 np0000007967 devstack@g-api.service[99829]: DEBUG glance.common.config [None req-7e555cd6-e04f-43c2-87d1-d2aba734badc None None] log_color = False {{(pid=99829) log_opt_values /opt/stack/data/venv/lib/python3.12/site-packages/oslo_config/cfg.py:3549}}
Aug 24 11:43:37.477571 np0000007967 devstack@g-api.service[99829]: DEBUG glance.common.config [None req-7e555cd6-e04f-43c2-87d1-d2aba734badc None None] log_config_append = None {{(pid=99829) log_opt_values /opt/stack/data/venv/lib/python3.12/site-packages/oslo_config/cfg.py:3549}}
Aug 24 11:43:37.477674 np0000007967 devstack@g-api.service[99829]: DEBUG glance.common.config [None req-7e555cd6-e04f-43c2-87d1-d2aba734badc None None] log_date_format = %Y-%m-%d %H:%M:%S {{(pid=99829) log_opt_values /opt/stack/data/venv/lib/python3.12/site-packages/oslo_config/cfg.py:3549}}
Aug 24 11:43:37.477761 np0000007967 devstack@g-api.service[99829]: DEBUG glance.common.config [None req-7e555cd6-e04f-43c2-87d1-d2aba734badc None None] log_dir = None {{(pid=99829) log_opt_values /opt/stack/data/venv/lib/python3.12/site-packages/oslo_config/cfg.py:3549}}
Aug 24 11:43:37.477846 np0000007967 devstack@g-api.service[99829]: DEBUG glance.common.config [None req-7e555cd6-e04f-43c2-87d1-d2aba734badc None None] log_file = None {{(pid=99829) log_opt_values /opt/stack/data/venv/lib/python3.12/site-packages/oslo_config/cfg.py:3549}}
Aug 24 11:43:37.477932 np0000007967 devstack@g-api.service[99829]: DEBUG glance.common.config [None req-7e555cd6-e04f-43c2-87d1-d2aba734badc None None] log_rotate_interval = 1 {{(pid=99829) log_opt_values /opt/stack/data/venv/lib/python3.12/site-packages/oslo_config/cfg.py:3549}}
Aug 24 11:43:37.478023 np0000007967 devstack@g-api.service[99829]: DEBUG glance.common.config [None req-7e555cd6-e04f-43c2-87d1-d2aba734badc None None] log_rotate_interval_type = days {{(pid=99829) log_opt_values /opt/stack/data/venv/lib/python3.12/site-packages/oslo_config/cfg.py:3549}}
Aug 24 11:43:37.478114 np0000007967 devstack@g-api.service[99829]: DEBUG glance.common.config [None req-7e555cd6-e04f-43c2-87d1-d2aba734badc None None] log_rotation_type = none {{(pid=99829) log_opt_values /opt/stack/data/venv/lib/python3.12/site-packages/oslo_config/cfg.py:3549}}
Aug 24 11:43:37.478177 np0000007967 devstack@g-api.service[99829]: DEBUG glance.common.config [None req-7e555cd6-e04f-43c2-87d1-d2aba734badc None None] logging_context_format_string = %(color)s%(levelname)s %(name)s [%(global_request_id)s %(request_id)s %(project_name)s %(user_name)s%(color)s] %(instance)s%(color)s%(message)s {{(pid=99829) log_opt_values /opt/stack/data/venv/lib/python3.12/site-packages/oslo_config/cfg.py:3549}}
Aug 24 11:43:37.478242 np0000007967 devstack@g-api.service[99829]: DEBUG glance.common.config [None req-7e555cd6-e04f-43c2-87d1-d2aba734badc None None] logging_debug_format_suffix = {{(pid=%(process)d) %(funcName)s %(pathname)s:%(lineno)d}} {{(pid=99829) log_opt_values /opt/stack/data/venv/lib/python3.12/site-packages/oslo_config/cfg.py:3549}}
Aug 24 11:43:37.478355 np0000007967 devstack@g-api.service[99829]: DEBUG glance.common.config [None req-7e555cd6-e04f-43c2-87d1-d2aba734badc None None] logging_default_format_string = %(color)s%(levelname)s %(name)s [-%(color)s] %(instance)s%(color)s%(message)s {{(pid=99829) log_opt_values /opt/stack/data/venv/lib/python3.12/site-packages/oslo_config/cfg.py:3549}}
Aug 24 11:43:37.478448 np0000007967 devstack@g-api.service[99829]: DEBUG glance.common.config [None req-7e555cd6-e04f-43c2-87d1-d2aba734badc None None] logging_exception_prefix = ERROR %(name)s %(instance)s {{(pid=99829) log_opt_values /opt/stack/data/venv/lib/python3.12/site-packages/oslo_config/cfg.py:3549}}
Aug 24 11:43:37.478512 np0000007967 devstack@g-api.service[99829]: DEBUG glance.common.config [None req-7e555cd6-e04f-43c2-87d1-d2aba734badc None None] logging_user_identity_format = %(user)s %(project)s %(domain)s %(system_scope)s %(user_domain)s %(project_domain)s {{(pid=99829) log_opt_values /opt/stack/data/venv/lib/python3.12/site-packages/oslo_config/cfg.py:3549}}
Aug 24 11:43:37.478601 np0000007967 devstack@g-api.service[99829]: DEBUG glance.common.config [None req-7e555cd6-e04f-43c2-87d1-d2aba734badc None None] max_logfile_count = 30 {{(pid=99829) log_opt_values /opt/stack/data/venv/lib/python3.12/site-packages/oslo_config/cfg.py:3549}}
Aug 24 11:43:37.478706 np0000007967 devstack@g-api.service[99829]: DEBUG glance.common.config [None req-7e555cd6-e04f-43c2-87d1-d2aba734badc None None] max_logfile_size_mb = 200 {{(pid=99829) log_opt_values /opt/stack/data/venv/lib/python3.12/site-packages/oslo_config/cfg.py:3549}}
Aug 24 11:43:37.478790 np0000007967 devstack@g-api.service[99829]: DEBUG glance.common.config [None req-7e555cd6-e04f-43c2-87d1-d2aba734badc None None] max_request_id_length = 64 {{(pid=99829) log_opt_values /opt/stack/data/venv/lib/python3.12/site-packages/oslo_config/cfg.py:3549}}
Aug 24 11:43:37.478878 np0000007967 devstack@g-api.service[99829]: DEBUG glance.common.config [None req-7e555cd6-e04f-43c2-87d1-d2aba734badc None None] metadata_encryption_key = **** {{(pid=99829) log_opt_values /opt/stack/data/venv/lib/python3.12/site-packages/oslo_config/cfg.py:3549}}
Aug 24 11:43:37.478967 np0000007967 devstack@g-api.service[99829]: DEBUG glance.common.config [None req-7e555cd6-e04f-43c2-87d1-d2aba734badc None None] node_staging_uri = file:///tmp/staging/ {{(pid=99829) log_opt_values /opt/stack/data/venv/lib/python3.12/site-packages/oslo_config/cfg.py:3549}}
Aug 24 11:43:37.479048 np0000007967 devstack@g-api.service[99829]: DEBUG glance.common.config [None req-7e555cd6-e04f-43c2-87d1-d2aba734badc None None] property_protection_file = None {{(pid=99829) log_opt_values /opt/stack/data/venv/lib/python3.12/site-packages/oslo_config/cfg.py:3549}}
Aug 24 11:43:37.479140 np0000007967 devstack@g-api.service[99829]: DEBUG glance.common.config [None req-7e555cd6-e04f-43c2-87d1-d2aba734badc None None] property_protection_rule_format = roles {{(pid=99829) log_opt_values /opt/stack/data/venv/lib/python3.12/site-packages/oslo_config/cfg.py:3549}}
Aug 24 11:43:37.479230 np0000007967 devstack@g-api.service[99829]: DEBUG glance.common.config [None req-7e555cd6-e04f-43c2-87d1-d2aba734badc None None] public_endpoint = https://10.4.3.223/image {{(pid=99829) log_opt_values /opt/stack/data/venv/lib/python3.12/site-packages/oslo_config/cfg.py:3549}}
Aug 24 11:43:37.479333 np0000007967 devstack@g-api.service[99829]: DEBUG glance.common.config [None req-7e555cd6-e04f-43c2-87d1-d2aba734badc None None] publish_errors = False {{(pid=99829) log_opt_values /opt/stack/data/venv/lib/python3.12/site-packages/oslo_config/cfg.py:3549}}
Aug 24 11:43:37.479463 np0000007967 devstack@g-api.service[99829]: DEBUG glance.common.config [None req-7e555cd6-e04f-43c2-87d1-d2aba734badc None None] pydev_worker_debug_host = None {{(pid=99829) log_opt_values /opt/stack/data/venv/lib/python3.12/site-packages/oslo_config/cfg.py:3549}}
Aug 24 11:43:37.479505 np0000007967 devstack@g-api.service[99829]: DEBUG glance.common.config [None req-7e555cd6-e04f-43c2-87d1-d2aba734badc None None] pydev_worker_debug_port = 5678 {{(pid=99829) log_opt_values /opt/stack/data/venv/lib/python3.12/site-packages/oslo_config/cfg.py:3549}}
Aug 24 11:43:37.479588 np0000007967 devstack@g-api.service[99829]: DEBUG glance.common.config [None req-7e555cd6-e04f-43c2-87d1-d2aba734badc None None] rate_limit_burst = 0 {{(pid=99829) log_opt_values /opt/stack/data/venv/lib/python3.12/site-packages/oslo_config/cfg.py:3549}}
Aug 24 11:43:37.479692 np0000007967 devstack@g-api.service[99829]: DEBUG glance.common.config [None req-7e555cd6-e04f-43c2-87d1-d2aba734badc None None] rate_limit_except_level = CRITICAL {{(pid=99829) log_opt_values /opt/stack/data/venv/lib/python3.12/site-packages/oslo_config/cfg.py:3549}}
Aug 24 11:43:37.479776 np0000007967 devstack@g-api.service[99829]: DEBUG glance.common.config [None req-7e555cd6-e04f-43c2-87d1-d2aba734badc None None] rate_limit_interval = 0 {{(pid=99829) log_opt_values /opt/stack/data/venv/lib/python3.12/site-packages/oslo_config/cfg.py:3549}}
Aug 24 11:43:37.479859 np0000007967 devstack@g-api.service[99829]: DEBUG glance.common.config [None req-7e555cd6-e04f-43c2-87d1-d2aba734badc None None] scrub_pool_size = 1 {{(pid=99829) log_opt_values /opt/stack/data/venv/lib/python3.12/site-packages/oslo_config/cfg.py:3549}}
Aug 24 11:43:37.479942 np0000007967 devstack@g-api.service[99829]: DEBUG glance.common.config [None req-7e555cd6-e04f-43c2-87d1-d2aba734badc None None] scrub_time = 0 {{(pid=99829) log_opt_values /opt/stack/data/venv/lib/python3.12/site-packages/oslo_config/cfg.py:3549}}
Aug 24 11:43:37.480023 np0000007967 devstack@g-api.service[99829]: DEBUG glance.common.config [None req-7e555cd6-e04f-43c2-87d1-d2aba734badc None None] shell_completion = None {{(pid=99829) log_opt_values /opt/stack/data/venv/lib/python3.12/site-packages/oslo_config/cfg.py:3549}}
Aug 24 11:43:37.480115 np0000007967 devstack@g-api.service[99829]: DEBUG glance.common.config [None req-7e555cd6-e04f-43c2-87d1-d2aba734badc None None] show_image_direct_url = False {{(pid=99829) log_opt_values /opt/stack/data/venv/lib/python3.12/site-packages/oslo_config/cfg.py:3549}}
Aug 24 11:43:37.480327 np0000007967 devstack@g-api.service[99829]: WARNING oslo_config.cfg [None req-7e555cd6-e04f-43c2-87d1-d2aba734badc None None] Deprecated: Option "show_multiple_locations" from group "DEFAULT" is deprecated for removal (Use of this option, deprecated since Newton, is a security risk and will be removed once we figure out a way to satisfy those use cases that currently require it. An earlier announcement that the same functionality can be achieved with greater granularity by using policies is incorrect. You cannot work around this option via policy configuration at the present time, though that is the direction we believe the fix will take. Please keep an eye on the Glance release notes to stay up to date on progress in addressing this issue.). Its value may be silently ignored in the future.
Aug 24 11:43:37.480429 np0000007967 devstack@g-api.service[99829]: DEBUG glance.common.config [None req-7e555cd6-e04f-43c2-87d1-d2aba734badc None None] show_multiple_locations = False {{(pid=99829) log_opt_values /opt/stack/data/venv/lib/python3.12/site-packages/oslo_config/cfg.py:3549}}
Aug 24 11:43:37.480534 np0000007967 devstack@g-api.service[99829]: DEBUG glance.common.config [None req-7e555cd6-e04f-43c2-87d1-d2aba734badc None None] syslog_log_facility = LOG_USER {{(pid=99829) log_opt_values /opt/stack/data/venv/lib/python3.12/site-packages/oslo_config/cfg.py:3549}}
Aug 24 11:43:37.480656 np0000007967 devstack@g-api.service[99829]: DEBUG glance.common.config [None req-7e555cd6-e04f-43c2-87d1-d2aba734badc None None] transport_url = **** {{(pid=99829) log_opt_values /opt/stack/data/venv/lib/python3.12/site-packages/oslo_config/cfg.py:3549}}
Aug 24 11:43:37.480745 np0000007967 devstack@g-api.service[99829]: DEBUG glance.common.config [None req-7e555cd6-e04f-43c2-87d1-d2aba734badc None None] use_journal = False {{(pid=99829) log_opt_values /opt/stack/data/venv/lib/python3.12/site-packages/oslo_config/cfg.py:3549}}
Aug 24 11:43:37.480858 np0000007967 devstack@g-api.service[99829]: DEBUG glance.common.config [None req-7e555cd6-e04f-43c2-87d1-d2aba734badc None None] use_json = False {{(pid=99829) log_opt_values /opt/stack/data/venv/lib/python3.12/site-packages/oslo_config/cfg.py:3549}}
Aug 24 11:43:37.481004 np0000007967 devstack@g-api.service[99829]: DEBUG glance.common.config [None req-7e555cd6-e04f-43c2-87d1-d2aba734badc None None] use_keystone_limits = True {{(pid=99829) log_opt_values /opt/stack/data/venv/lib/python3.12/site-packages/oslo_config/cfg.py:3549}}
Aug 24 11:43:37.481100 np0000007967 devstack@g-api.service[99829]: DEBUG glance.common.config [None req-7e555cd6-e04f-43c2-87d1-d2aba734badc None None] use_stderr = False {{(pid=99829) log_opt_values /opt/stack/data/venv/lib/python3.12/site-packages/oslo_config/cfg.py:3549}}
Aug 24 11:43:37.481194 np0000007967 devstack@g-api.service[99829]: DEBUG glance.common.config [None req-7e555cd6-e04f-43c2-87d1-d2aba734badc None None] use_syslog = False {{(pid=99829) log_opt_values /opt/stack/data/venv/lib/python3.12/site-packages/oslo_config/cfg.py:3549}}
Aug 24 11:43:37.481318 np0000007967 devstack@g-api.service[99829]: DEBUG glance.common.config [None req-7e555cd6-e04f-43c2-87d1-d2aba734badc None None] user_storage_quota = 0 {{(pid=99829) log_opt_values /opt/stack/data/venv/lib/python3.12/site-packages/oslo_config/cfg.py:3549}}
Aug 24 11:43:37.481412 np0000007967 devstack@g-api.service[99829]: DEBUG glance.common.config [None req-7e555cd6-e04f-43c2-87d1-d2aba734badc None None] worker_self_reference_url = http://127.0.0.1:60999 {{(pid=99829) log_opt_values /opt/stack/data/venv/lib/python3.12/site-packages/oslo_config/cfg.py:3549}}
Aug 24 11:43:37.481512 np0000007967 devstack@g-api.service[99829]: DEBUG glance.common.config [None req-7e555cd6-e04f-43c2-87d1-d2aba734badc None None] oslo_concurrency.disable_process_locking = False {{(pid=99829) log_opt_values /opt/stack/data/venv/lib/python3.12/site-packages/oslo_config/cfg.py:3560}}
Aug 24 11:43:37.481609 np0000007967 devstack@g-api.service[99829]: DEBUG glance.common.config [None req-7e555cd6-e04f-43c2-87d1-d2aba734badc None None] oslo_concurrency.lock_path = /opt/stack/data/glance/locks {{(pid=99829) log_opt_values /opt/stack/data/venv/lib/python3.12/site-packages/oslo_config/cfg.py:3560}}
Aug 24 11:43:37.481715 np0000007967 devstack@g-api.service[99829]: DEBUG glance.common.config [None req-7e555cd6-e04f-43c2-87d1-d2aba734badc None None] oslo_middleware.enable_proxy_headers_parsing = False {{(pid=99829) log_opt_values /opt/stack/data/venv/lib/python3.12/site-packages/oslo_config/cfg.py:3560}}
Aug 24 11:43:37.481808 np0000007967 devstack@g-api.service[99829]: DEBUG glance.common.config [None req-7e555cd6-e04f-43c2-87d1-d2aba734badc None None] oslo_middleware.http_basic_auth_user_file = /etc/htpasswd {{(pid=99829) log_opt_values /opt/stack/data/venv/lib/python3.12/site-packages/oslo_config/cfg.py:3560}}
Aug 24 11:43:37.481899 np0000007967 devstack@g-api.service[99829]: DEBUG glance.common.config [None req-7e555cd6-e04f-43c2-87d1-d2aba734badc None None] paste_deploy.config_file = None {{(pid=99829) log_opt_values /opt/stack/data/venv/lib/python3.12/site-packages/oslo_config/cfg.py:3560}}
Aug 24 11:43:37.481991 np0000007967 devstack@g-api.service[99829]: DEBUG glance.common.config [None req-7e555cd6-e04f-43c2-87d1-d2aba734badc None None] paste_deploy.flavor = keystone+cachemanagement {{(pid=99829) log_opt_values /opt/stack/data/venv/lib/python3.12/site-packages/oslo_config/cfg.py:3560}}
Aug 24 11:43:37.482116 np0000007967 devstack@g-api.service[99829]: DEBUG glance.common.config [None req-7e555cd6-e04f-43c2-87d1-d2aba734badc None None] image_format.container_formats = ['ami', 'ari', 'aki', 'bare', 'ovf', 'ova', 'docker', 'compressed'] {{(pid=99829) log_opt_values /opt/stack/data/venv/lib/python3.12/site-packages/oslo_config/cfg.py:3560}}
Aug 24 11:43:37.482243 np0000007967 devstack@g-api.service[99829]: DEBUG glance.common.config [None req-7e555cd6-e04f-43c2-87d1-d2aba734badc None None] image_format.disk_formats = ['ami', 'ari', 'aki', 'vhd', 'vhdx', 'vmdk', 'raw', 'qcow2', 'vdi', 'iso', 'ploop'] {{(pid=99829) log_opt_values /opt/stack/data/venv/lib/python3.12/site-packages/oslo_config/cfg.py:3560}}
Aug 24 11:43:37.482385 np0000007967 devstack@g-api.service[99829]: DEBUG glance.common.config [None req-7e555cd6-e04f-43c2-87d1-d2aba734badc None None] image_format.gpt_safety_checks_nonfatal = [] {{(pid=99829) log_opt_values /opt/stack/data/venv/lib/python3.12/site-packages/oslo_config/cfg.py:3560}}
Aug 24 11:43:37.482507 np0000007967 devstack@g-api.service[99829]: DEBUG glance.common.config [None req-7e555cd6-e04f-43c2-87d1-d2aba734badc None None] image_format.require_image_format_match = True {{(pid=99829) log_opt_values /opt/stack/data/venv/lib/python3.12/site-packages/oslo_config/cfg.py:3560}}
Aug 24 11:43:37.482609 np0000007967 devstack@g-api.service[99829]: DEBUG glance.common.config [None req-7e555cd6-e04f-43c2-87d1-d2aba734badc None None] image_format.vmdk_allowed_types = ['streamOptimized', 'monolithicSparse'] {{(pid=99829) log_opt_values /opt/stack/data/venv/lib/python3.12/site-packages/oslo_config/cfg.py:3560}}
Aug 24 11:43:37.482720 np0000007967 devstack@g-api.service[99829]: DEBUG glance.common.config [None req-7e555cd6-e04f-43c2-87d1-d2aba734badc None None] task.task_executor = taskflow {{(pid=99829) log_opt_values /opt/stack/data/venv/lib/python3.12/site-packages/oslo_config/cfg.py:3560}}
Aug 24 11:43:37.482811 np0000007967 devstack@g-api.service[99829]: DEBUG glance.common.config [None req-7e555cd6-e04f-43c2-87d1-d2aba734badc None None] task.task_time_to_live = 48 {{(pid=99829) log_opt_values /opt/stack/data/venv/lib/python3.12/site-packages/oslo_config/cfg.py:3560}}
Aug 24 11:43:37.482924 np0000007967 devstack@g-api.service[99829]: DEBUG glance.common.config [None req-7e555cd6-e04f-43c2-87d1-d2aba734badc None None] task.work_dir = None {{(pid=99829) log_opt_values /opt/stack/data/venv/lib/python3.12/site-packages/oslo_config/cfg.py:3560}}
Aug 24 11:43:37.483024 np0000007967 devstack@g-api.service[99829]: DEBUG glance.common.config [None req-7e555cd6-e04f-43c2-87d1-d2aba734badc None None] wsgi.python_interpreter = /opt/stack/data/venv/bin/python3 {{(pid=99829) log_opt_values /opt/stack/data/venv/lib/python3.12/site-packages/oslo_config/cfg.py:3560}}
Aug 24 11:43:37.483114 np0000007967 devstack@g-api.service[99829]: DEBUG glance.common.config [None req-7e555cd6-e04f-43c2-87d1-d2aba734badc None None] wsgi.task_pool_threads = 16 {{(pid=99829) log_opt_values /opt/stack/data/venv/lib/python3.12/site-packages/oslo_config/cfg.py:3560}}
Aug 24 11:43:37.483210 np0000007967 devstack@g-api.service[99829]: DEBUG glance.common.config [None req-7e555cd6-e04f-43c2-87d1-d2aba734badc None None] import_filtering_opts.allowed_hosts = [] {{(pid=99829) log_opt_values /opt/stack/data/venv/lib/python3.12/site-packages/oslo_config/cfg.py:3560}}
Aug 24 11:43:37.483329 np0000007967 devstack@g-api.service[99829]: DEBUG glance.common.config [None req-7e555cd6-e04f-43c2-87d1-d2aba734badc None None] import_filtering_opts.allowed_ports = [80, 443] {{(pid=99829) log_opt_values /opt/stack/data/venv/lib/python3.12/site-packages/oslo_config/cfg.py:3560}}
Aug 24 11:43:37.483479 np0000007967 devstack@g-api.service[99829]: DEBUG glance.common.config [None req-7e555cd6-e04f-43c2-87d1-d2aba734badc None None] import_filtering_opts.allowed_schemes = ['http', 'https'] {{(pid=99829) log_opt_values /opt/stack/data/venv/lib/python3.12/site-packages/oslo_config/cfg.py:3560}}
Aug 24 11:43:37.483612 np0000007967 devstack@g-api.service[99829]: DEBUG glance.common.config [None req-7e555cd6-e04f-43c2-87d1-d2aba734badc None None] import_filtering_opts.disallowed_hosts = [] {{(pid=99829) log_opt_values /opt/stack/data/venv/lib/python3.12/site-packages/oslo_config/cfg.py:3560}}
Aug 24 11:43:37.483772 np0000007967 devstack@g-api.service[99829]: DEBUG glance.common.config [None req-7e555cd6-e04f-43c2-87d1-d2aba734badc None None] import_filtering_opts.disallowed_ports = [] {{(pid=99829) log_opt_values /opt/stack/data/venv/lib/python3.12/site-packages/oslo_config/cfg.py:3560}}
Aug 24 11:43:37.483892 np0000007967 devstack@g-api.service[99829]: DEBUG glance.common.config [None req-7e555cd6-e04f-43c2-87d1-d2aba734badc None None] import_filtering_opts.disallowed_schemes = [] {{(pid=99829) log_opt_values /opt/stack/data/venv/lib/python3.12/site-packages/oslo_config/cfg.py:3560}}
