Aug 24 11:48:47.055080 np0000007967 devstack@g-api.service[99829]: [pid: 99829|app: 0|req: 45/191] 127.0.0.1 () {40 vars in 838 bytes} [Mon Aug 24 11:48:47 2026] GET /v2/images/d2cbad8e-6950-4fce-82b0-b1bcccb36e45 => generated 139 bytes in 8 msecs (HTTP/1.1 404) 4 headers in 164 bytes (1 switches on core 0)
Aug 24 11:48:47.122172 np0000007967 devstack@g-api.service[99830]: [pid: 99830|app: 0|req: 71/192] 127.0.0.1 () {46 vars in 1055 bytes} [Mon Aug 24 11:48:46 2026] POST /v2/images => generated 650 bytes in 550 msecs (HTTP/1.1 201) 6 headers in 315 bytes (1 switches on core 0)
Aug 24 11:48:47.133511 np0000007967 devstack@g-api.service[99827]: DEBUG glance.api.middleware.version_negotiation [None req-b0fe35d5-2cfa-4162-b3b7-0dc24c2036e9 tempest-ImageDependencyTests-1232340745 tempest-ImageDependencyTests-1232340745-project-member] Determining version of request: GET /v2/schemas/image Accept: */* {{(pid=99827) process_request /opt/stack/glance/glance/api/middleware/version_negotiation.py:44}}
Aug 24 11:48:47.134457 np0000007967 devstack@g-api.service[99827]: DEBUG glance.api.middleware.version_negotiation [None req-b0fe35d5-2cfa-4162-b3b7-0dc24c2036e9 tempest-ImageDependencyTests-1232340745 tempest-ImageDependencyTests-1232340745-project-member] Using url versioning {{(pid=99827) process_request /opt/stack/glance/glance/api/middleware/version_negotiation.py:57}}
Aug 24 11:48:47.134727 np0000007967 devstack@g-api.service[99827]: DEBUG glance.api.middleware.version_negotiation [None req-b0fe35d5-2cfa-4162-b3b7-0dc24c2036e9 tempest-ImageDependencyTests-1232340745 tempest-ImageDependencyTests-1232340745-project-member] Matched version: v2 {{(pid=99827) process_request /opt/stack/glance/glance/api/middleware/version_negotiation.py:69}}
Aug 24 11:48:47.134918 np0000007967 devstack@g-api.service[99827]: DEBUG glance.api.middleware.version_negotiation [None req-b0fe35d5-2cfa-4162-b3b7-0dc24c2036e9 tempest-ImageDependencyTests-1232340745 tempest-ImageDependencyTests-1232340745-project-member] new path /v2/schemas/image {{(pid=99827) process_request /opt/stack/glance/glance/api/middleware/version_negotiation.py:70}}
Aug 24 11:48:47.141204 np0000007967 devstack@g-api.service[99827]: [pid: 99827|app: 0|req: 77/193] 127.0.0.1 () {44 vars in 1055 bytes} [Mon Aug 24 11:48:47 2026] GET /v2/schemas/image => generated 6083 bytes in 8 msecs (HTTP/1.1 200) 4 headers in 158 bytes (1 switches on core 0)
Aug 24 11:48:47.156502 np0000007967 devstack@g-api.service[99829]: DEBUG glance.api.middleware.version_negotiation [None req-34247d0b-3839-4f44-8407-6ad8a4da1c48 tempest-ImageDependencyTests-1232340745 tempest-ImageDependencyTests-1232340745-project-member] Determining version of request: GET /v2/images/7698e20c-548b-4795-978c-88bf9ef56d5c Accept: application/json {{(pid=99829) process_request /opt/stack/glance/glance/api/middleware/version_negotiation.py:44}}
Aug 24 11:48:47.158064 np0000007967 devstack@g-api.service[99829]: DEBUG glance.api.middleware.version_negotiation [None req-34247d0b-3839-4f44-8407-6ad8a4da1c48 tempest-ImageDependencyTests-1232340745 tempest-ImageDependencyTests-1232340745-project-member] Using url versioning {{(pid=99829) process_request /opt/stack/glance/glance/api/middleware/version_negotiation.py:57}}
Aug 24 11:48:47.158494 np0000007967 devstack@g-api.service[99829]: DEBUG glance.api.middleware.version_negotiation [None req-34247d0b-3839-4f44-8407-6ad8a4da1c48 tempest-ImageDependencyTests-1232340745 tempest-ImageDependencyTests-1232340745-project-member] Matched version: v2 {{(pid=99829) process_request /opt/stack/glance/glance/api/middleware/version_negotiation.py:69}}
Aug 24 11:48:47.158811 np0000007967 devstack@g-api.service[99829]: DEBUG glance.api.middleware.version_negotiation [None req-34247d0b-3839-4f44-8407-6ad8a4da1c48 tempest-ImageDependencyTests-1232340745 tempest-ImageDependencyTests-1232340745-project-member] new path /v2/images/7698e20c-548b-4795-978c-88bf9ef56d5c {{(pid=99829) process_request /opt/stack/glance/glance/api/middleware/version_negotiation.py:70}}
Aug 24 11:48:47.171580 np0000007967 devstack@g-api.service[99829]: [pid: 99829|app: 0|req: 46/194] 127.0.0.1 () {40 vars in 838 bytes} [Mon Aug 24 11:48:47 2026] GET /v2/images/7698e20c-548b-4795-978c-88bf9ef56d5c => generated 650 bytes in 15 msecs (HTTP/1.1 200) 4 headers in 157 bytes (1 switches on core 0)
Aug 24 11:48:47.443381 np0000007967 devstack@g-api.service[99830]: DEBUG glance.api.middleware.version_negotiation [None req-9a8e8320-1e17-40b0-a5f0-dc15e3ee5cfd tempest-VolumesActionsTest-819884182 tempest-VolumesActionsTest-819884182-project-member] Determining version of request: PUT /v2/images/7698e20c-548b-4795-978c-88bf9ef56d5c/file Accept: */* {{(pid=99830) process_request /opt/stack/glance/glance/api/middleware/version_negotiation.py:44}}
Aug 24 11:48:47.446380 np0000007967 devstack@g-api.service[99830]: DEBUG glance.api.middleware.version_negotiation [None req-9a8e8320-1e17-40b0-a5f0-dc15e3ee5cfd tempest-VolumesActionsTest-819884182 tempest-VolumesActionsTest-819884182-project-member] Using url versioning {{(pid=99830) process_request /opt/stack/glance/glance/api/middleware/version_negotiation.py:57}}
Aug 24 11:48:47.446380 np0000007967 devstack@g-api.service[99830]: DEBUG glance.api.middleware.version_negotiation [None req-9a8e8320-1e17-40b0-a5f0-dc15e3ee5cfd tempest-VolumesActionsTest-819884182 tempest-VolumesActionsTest-819884182-project-member] Matched version: v2 {{(pid=99830) process_request /opt/stack/glance/glance/api/middleware/version_negotiation.py:69}}
Aug 24 11:48:47.446380 np0000007967 devstack@g-api.service[99830]: DEBUG glance.api.middleware.version_negotiation [None req-9a8e8320-1e17-40b0-a5f0-dc15e3ee5cfd tempest-VolumesActionsTest-819884182 tempest-VolumesActionsTest-819884182-project-member] new path /v2/images/7698e20c-548b-4795-978c-88bf9ef56d5c/file {{(pid=99830) process_request /opt/stack/glance/glance/api/middleware/version_negotiation.py:70}}
Aug 24 11:48:48.053421 np0000007967 devstack@g-api.service[99830]: INFO glance.api.v2.image_data [None req-9a8e8320-1e17-40b0-a5f0-dc15e3ee5cfd tempest-VolumesActionsTest-819884182 tempest-VolumesActionsTest-819884182-project-member] Unable to create trust: no such option collect_timing in group [keystone_authtoken] Use the existing user token.
Aug 24 11:48:48.179692 np0000007967 devstack@g-api.service[99827]: DEBUG glance.api.middleware.version_negotiation [None req-9a8e8320-1e17-40b0-a5f0-dc15e3ee5cfd tempest-VolumesActionsTest-819884182 tempest-VolumesActionsTest-819884182-project-member] Determining version of request: GET /v2/images/7698e20c-548b-4795-978c-88bf9ef56d5c Accept: application/json {{(pid=99827) process_request /opt/stack/glance/glance/api/middleware/version_negotiation.py:44}}
Aug 24 11:48:48.180134 np0000007967 devstack@g-api.service[99827]: DEBUG glance.api.middleware.version_negotiation [None req-9a8e8320-1e17-40b0-a5f0-dc15e3ee5cfd tempest-VolumesActionsTest-819884182 tempest-VolumesActionsTest-819884182-project-member] Using url versioning {{(pid=99827) process_request /opt/stack/glance/glance/api/middleware/version_negotiation.py:57}}
Aug 24 11:48:48.180134 np0000007967 devstack@g-api.service[99827]: DEBUG glance.api.middleware.version_negotiation [None req-9a8e8320-1e17-40b0-a5f0-dc15e3ee5cfd tempest-VolumesActionsTest-819884182 tempest-VolumesActionsTest-819884182-project-member] Matched version: v2 {{(pid=99827) process_request /opt/stack/glance/glance/api/middleware/version_negotiation.py:69}}
Aug 24 11:48:48.180344 np0000007967 devstack@g-api.service[99827]: DEBUG glance.api.middleware.version_negotiation [None req-9a8e8320-1e17-40b0-a5f0-dc15e3ee5cfd tempest-VolumesActionsTest-819884182 tempest-VolumesActionsTest-819884182-project-member] new path /v2/images/7698e20c-548b-4795-978c-88bf9ef56d5c {{(pid=99827) process_request /opt/stack/glance/glance/api/middleware/version_negotiation.py:70}}
Aug 24 11:48:48.191739 np0000007967 devstack@g-api.service[99827]: [pid: 99827|app: 0|req: 78/195] 127.0.0.1 () {40 vars in 838 bytes} [Mon Aug 24 11:48:48 2026] GET /v2/images/7698e20c-548b-4795-978c-88bf9ef56d5c => generated 650 bytes in 12 msecs (HTTP/1.1 200) 4 headers in 157 bytes (1 switches on core 0)
Aug 24 11:48:48.579053 np0000007967 devstack@g-api.service[99830]: DEBUG glance.location [None req-9a8e8320-1e17-40b0-a5f0-dc15e3ee5cfd tempest-VolumesActionsTest-819884182 tempest-VolumesActionsTest-819884182-project-member] Enabling in-flight format inspection for raw {{(pid=99830) set_data /opt/stack/glance/glance/location.py:596}}
Aug 24 11:48:48.579777 np0000007967 devstack@g-api.service[99830]: DEBUG glance_store.backend [None req-9a8e8320-1e17-40b0-a5f0-dc15e3ee5cfd tempest-VolumesActionsTest-819884182 tempest-VolumesActionsTest-819884182-project-member] Attempting to import store swift {{(pid=99830) _load_store /opt/stack/data/venv/lib/python3.12/site-packages/glance_store/backend.py:215}}
Aug 24 11:48:48.581761 np0000007967 devstack@g-api.service[99830]: DEBUG glance_store.capabilities [None req-9a8e8320-1e17-40b0-a5f0-dc15e3ee5cfd tempest-VolumesActionsTest-819884182 tempest-VolumesActionsTest-819884182-project-member] Store glance_store._drivers.swift.store.SingleTenantStore doesn't support updating dynamic storage capabilities. Please overwrite 'update_capabilities' method of the store to implement updating logics if needed. {{(pid=99830) update_capabilities /opt/stack/data/venv/lib/python3.12/site-packages/glance_store/capabilities.py:91}}
Aug 24 11:48:48.581976 np0000007967 devstack@g-api.service[99830]: DEBUG glance_store.driver [None req-9a8e8320-1e17-40b0-a5f0-dc15e3ee5cfd tempest-VolumesActionsTest-819884182 tempest-VolumesActionsTest-819884182-project-member] Late loading location class glance_store._drivers.swift.store.StoreLocation {{(pid=99830) get_store_location_class /opt/stack/data/venv/lib/python3.12/site-packages/glance_store/driver.py:134}}
Aug 24 11:48:48.582227 np0000007967 devstack@g-api.service[99830]: DEBUG glance_store.location [None req-9a8e8320-1e17-40b0-a5f0-dc15e3ee5cfd tempest-VolumesActionsTest-819884182 tempest-VolumesActionsTest-819884182-project-member] Registering scheme swift+https with {'store': , 'location_class': , 'store_entry': 'swift'} {{(pid=99830) register_scheme_map /opt/stack/data/venv/lib/python3.12/site-packages/glance_store/location.py:146}}
Aug 24 11:48:48.582400 np0000007967 devstack@g-api.service[99830]: DEBUG glance_store.location [None req-9a8e8320-1e17-40b0-a5f0-dc15e3ee5cfd tempest-VolumesActionsTest-819884182 tempest-VolumesActionsTest-819884182-project-member] Registering scheme swift+https with {'store': , 'location_class': , 'store_entry': 'swift'} {{(pid=99830) register_scheme_map /opt/stack/data/venv/lib/python3.12/site-packages/glance_store/location.py:146}}
Aug 24 11:48:48.582575 np0000007967 devstack@g-api.service[99830]: DEBUG glance_store.location [None req-9a8e8320-1e17-40b0-a5f0-dc15e3ee5cfd tempest-VolumesActionsTest-819884182 tempest-VolumesActionsTest-819884182-project-member] Registering scheme swift with {'store': , 'location_class': , 'store_entry': 'swift'} {{(pid=99830) register_scheme_map /opt/stack/data/venv/lib/python3.12/site-packages/glance_store/location.py:146}}
Aug 24 11:48:48.582642 np0000007967 devstack@g-api.service[99830]: DEBUG glance_store.location [None req-9a8e8320-1e17-40b0-a5f0-dc15e3ee5cfd tempest-VolumesActionsTest-819884182 tempest-VolumesActionsTest-819884182-project-member] Registering scheme swift+https with {'store': , 'location_class': , 'store_entry': 'swift'} {{(pid=99830) register_scheme_map /opt/stack/data/venv/lib/python3.12/site-packages/glance_store/location.py:146}}
Aug 24 11:48:48.582851 np0000007967 devstack@g-api.service[99830]: DEBUG glance_store.location [None req-9a8e8320-1e17-40b0-a5f0-dc15e3ee5cfd tempest-VolumesActionsTest-819884182 tempest-VolumesActionsTest-819884182-project-member] Registering scheme swift with {'store': , 'location_class': , 'store_entry': 'swift'} {{(pid=99830) register_scheme_map /opt/stack/data/venv/lib/python3.12/site-packages/glance_store/location.py:146}}
Aug 24 11:48:48.582851 np0000007967 devstack@g-api.service[99830]: DEBUG glance_store.location [None req-9a8e8320-1e17-40b0-a5f0-dc15e3ee5cfd tempest-VolumesActionsTest-819884182 tempest-VolumesActionsTest-819884182-project-member] Registering scheme swift+http with {'store': , 'location_class': , 'store_entry': 'swift'} {{(pid=99830) register_scheme_map /opt/stack/data/venv/lib/python3.12/site-packages/glance_store/location.py:146}}
Aug 24 11:48:48.583176 np0000007967 devstack@g-api.service[99830]: DEBUG glance_store.location [None req-9a8e8320-1e17-40b0-a5f0-dc15e3ee5cfd tempest-VolumesActionsTest-819884182 tempest-VolumesActionsTest-819884182-project-member] Registering scheme swift+https with {'store': , 'location_class': , 'store_entry': 'swift'} {{(pid=99830) register_scheme_map /opt/stack/data/venv/lib/python3.12/site-packages/glance_store/location.py:146}}
Aug 24 11:48:48.583176 np0000007967 devstack@g-api.service[99830]: DEBUG glance_store.location [None req-9a8e8320-1e17-40b0-a5f0-dc15e3ee5cfd tempest-VolumesActionsTest-819884182 tempest-VolumesActionsTest-819884182-project-member] Registering scheme swift with {'store': , 'location_class': , 'store_entry': 'swift'} {{(pid=99830) register_scheme_map /opt/stack/data/venv/lib/python3.12/site-packages/glance_store/location.py:146}}
Aug 24 11:48:48.583364 np0000007967 devstack@g-api.service[99830]: DEBUG glance_store.location [None req-9a8e8320-1e17-40b0-a5f0-dc15e3ee5cfd tempest-VolumesActionsTest-819884182 tempest-VolumesActionsTest-819884182-project-member] Registering scheme swift+http with {'store': , 'location_class': , 'store_entry': 'swift'} {{(pid=99830) register_scheme_map /opt/stack/data/venv/lib/python3.12/site-packages/glance_store/location.py:146}}
Aug 24 11:48:48.583364 np0000007967 devstack@g-api.service[99830]: DEBUG glance_store.location [None req-9a8e8320-1e17-40b0-a5f0-dc15e3ee5cfd tempest-VolumesActionsTest-819884182 tempest-VolumesActionsTest-819884182-project-member] Registering scheme swift+config with {'store': , 'location_class': , 'store_entry': 'swift'} {{(pid=99830) register_scheme_map /opt/stack/data/venv/lib/python3.12/site-packages/glance_store/location.py:146}}
Aug 24 11:48:48.924419 np0000007967 devstack@g-api.service[99830]: DEBUG swiftclient [None req-9a8e8320-1e17-40b0-a5f0-dc15e3ee5cfd tempest-VolumesActionsTest-819884182 tempest-VolumesActionsTest-819884182-project-member] REQ: curl -i https://10.4.3.223:8080/v1/AUTH_8926a4c48c074853a7d77d6d55d6248b/glance -I -H "X-Auth-Token: gAAAAABqjC-gX5sc..." {{(pid=99830) http_log /opt/stack/data/venv/lib/python3.12/site-packages/swiftclient/client.py:160}}
Aug 24 11:48:48.924588 np0000007967 devstack@g-api.service[99830]: DEBUG swiftclient [None req-9a8e8320-1e17-40b0-a5f0-dc15e3ee5cfd tempest-VolumesActionsTest-819884182 tempest-VolumesActionsTest-819884182-project-member] RESP STATUS: 204 No Content {{(pid=99830) http_log /opt/stack/data/venv/lib/python3.12/site-packages/swiftclient/client.py:161}}
Aug 24 11:48:48.924825 np0000007967 devstack@g-api.service[99830]: DEBUG swiftclient [None req-9a8e8320-1e17-40b0-a5f0-dc15e3ee5cfd tempest-VolumesActionsTest-819884182 tempest-VolumesActionsTest-819884182-project-member] RESP HEADERS: {'Date': 'Mon, 24 Aug 2026 11:48:48 GMT', 'Server': 'Apache/2.4.58 (Ubuntu)', 'Content-Type': 'text/plain; charset=utf-8', 'X-Container-Object-Count': '3', 'X-Container-Bytes-Used': '64356352', 'X-Timestamp': '1787571824.35878', 'Last-Modified': 'Mon, 24 Aug 2026 11:43:45 GMT', 'Accept-Ranges': 'bytes', 'X-Storage-Policy': 'Policy-0', 'X-Container-Sharding': 'False', 'Vary': 'Accept', 'X-Trans-Id': 'tx6a8c0b4c9eb64f8aa6d72-006a8c2fa0', 'X-Openstack-Request-Id': 'tx6a8c0b4c9eb64f8aa6d72-006a8c2fa0', 'Connection': 'close'} {{(pid=99830) http_log /opt/stack/data/venv/lib/python3.12/site-packages/swiftclient/client.py:162}}
Aug 24 11:48:48.924996 np0000007967 devstack@g-api.service[99830]: DEBUG glance_store._drivers.swift.store [None req-9a8e8320-1e17-40b0-a5f0-dc15e3ee5cfd tempest-VolumesActionsTest-819884182 tempest-VolumesActionsTest-819884182-project-member] Adding image object '7698e20c-548b-4795-978c-88bf9ef56d5c' to Swift {{(pid=99830) add /opt/stack/data/venv/lib/python3.12/site-packages/glance_store/_drivers/swift/store.py:970}}
Aug 24 11:48:48.925131 np0000007967 devstack@g-api.service[99830]: DEBUG glance_store._drivers.swift.store [None req-9a8e8320-1e17-40b0-a5f0-dc15e3ee5cfd tempest-VolumesActionsTest-819884182 tempest-VolumesActionsTest-819884182-project-member] Cannot determine image size because it is either not provided in the request or chunked-transfer encoding is used. Adding image as a segmented object to Swift. {{(pid=99830) add /opt/stack/data/venv/lib/python3.12/site-packages/glance_store/_drivers/swift/store.py:994}}
Aug 24 11:48:48.932001 np0000007967 devstack@g-api.service[99830]: DEBUG oslo_utils.imageutils.format_inspector [None req-9a8e8320-1e17-40b0-a5f0-dc15e3ee5cfd tempest-VolumesActionsTest-819884182 tempest-VolumesActionsTest-819884182-project-member] Format inspector for vmdk does not match, excluding from consideration (Signature KDMV not found: b'\x00\x00\x00\x00') {{(pid=99830) _process_chunk /opt/stack/data/venv/lib/python3.12/site-packages/oslo_utils/imageutils/format_inspector.py:1758}}
Aug 24 11:48:48.935051 np0000007967 devstack@g-api.service[99830]: DEBUG oslo_utils.imageutils.format_inspector [None req-9a8e8320-1e17-40b0-a5f0-dc15e3ee5cfd tempest-VolumesActionsTest-819884182 tempest-VolumesActionsTest-819884182-project-member] Format inspector for vhdx does not match, excluding from consideration (Region signature not found at 30000) {{(pid=99830) _process_chunk /opt/stack/data/venv/lib/python3.12/site-packages/oslo_utils/imageutils/format_inspector.py:1758}}
Aug 24 11:48:49.204990 np0000007967 devstack@g-api.service[99829]: DEBUG glance.api.middleware.version_negotiation [None req-a83a4255-344d-4981-b6cf-019bc5410508 tempest-VolumesActionsTest-819884182 tempest-VolumesActionsTest-819884182-project-member] Determining version of request: GET /v2/images/7698e20c-548b-4795-978c-88bf9ef56d5c Accept: application/json {{(pid=99829) process_request /opt/stack/glance/glance/api/middleware/version_negotiation.py:44}}
Aug 24 11:48:49.204990 np0000007967 devstack@g-api.service[99829]: DEBUG glance.api.middleware.version_negotiation [None req-a83a4255-344d-4981-b6cf-019bc5410508 tempest-VolumesActionsTest-819884182 tempest-VolumesActionsTest-819884182-project-member] Using url versioning {{(pid=99829) process_request /opt/stack/glance/glance/api/middleware/version_negotiation.py:57}}
Aug 24 11:48:49.204990 np0000007967 devstack@g-api.service[99829]: DEBUG glance.api.middleware.version_negotiation [None req-a83a4255-344d-4981-b6cf-019bc5410508 tempest-VolumesActionsTest-819884182 tempest-VolumesActionsTest-819884182-project-member] Matched version: v2 {{(pid=99829) process_request /opt/stack/glance/glance/api/middleware/version_negotiation.py:69}}
Aug 24 11:48:49.205813 np0000007967 devstack@g-api.service[99829]: DEBUG glance.api.middleware.version_negotiation [None req-a83a4255-344d-4981-b6cf-019bc5410508 tempest-VolumesActionsTest-819884182 tempest-VolumesActionsTest-819884182-project-member] new path /v2/images/7698e20c-548b-4795-978c-88bf9ef56d5c {{(pid=99829) process_request /opt/stack/glance/glance/api/middleware/version_negotiation.py:70}}
Aug 24 11:48:49.226163 np0000007967 devstack@g-api.service[99829]: [pid: 99829|app: 0|req: 47/196] 127.0.0.1 () {40 vars in 838 bytes} [Mon Aug 24 11:48:49 2026] GET /v2/images/7698e20c-548b-4795-978c-88bf9ef56d5c => generated 650 bytes in 22 msecs (HTTP/1.1 200) 4 headers in 157 bytes (1 switches on core 0)
Aug 24 11:48:50.240072 np0000007967 devstack@g-api.service[99827]: DEBUG glance.api.middleware.version_negotiation [None req-77b07414-c770-4264-8971-61d55c31ab09 tempest-VolumesActionsTest-819884182 tempest-VolumesActionsTest-819884182-project-member] Determining version of request: GET /v2/images/7698e20c-548b-4795-978c-88bf9ef56d5c Accept: application/json {{(pid=99827) process_request /opt/stack/glance/glance/api/middleware/version_negotiation.py:44}}
Aug 24 11:48:50.240672 np0000007967 devstack@g-api.service[99827]: DEBUG glance.api.middleware.version_negotiation [None req-77b07414-c770-4264-8971-61d55c31ab09 tempest-VolumesActionsTest-819884182 tempest-VolumesActionsTest-819884182-project-member] Using url versioning {{(pid=99827) process_request /opt/stack/glance/glance/api/middleware/version_negotiation.py:57}}
Aug 24 11:48:50.240672 np0000007967 devstack@g-api.service[99827]: DEBUG glance.api.middleware.version_negotiation [None req-77b07414-c770-4264-8971-61d55c31ab09 tempest-VolumesActionsTest-819884182 tempest-VolumesActionsTest-819884182-project-member] Matched version: v2 {{(pid=99827) process_request /opt/stack/glance/glance/api/middleware/version_negotiation.py:69}}
Aug 24 11:48:50.240672 np0000007967 devstack@g-api.service[99827]: DEBUG glance.api.middleware.version_negotiation [None req-77b07414-c770-4264-8971-61d55c31ab09 tempest-VolumesActionsTest-819884182 tempest-VolumesActionsTest-819884182-project-member] new path /v2/images/7698e20c-548b-4795-978c-88bf9ef56d5c {{(pid=99827) process_request /opt/stack/glance/glance/api/middleware/version_negotiation.py:70}}
Aug 24 11:48:50.259493 np0000007967 devstack@g-api.service[99827]: [pid: 99827|app: 0|req: 79/197] 127.0.0.1 () {40 vars in 838 bytes} [Mon Aug 24 11:48:50 2026] GET /v2/images/7698e20c-548b-4795-978c-88bf9ef56d5c => generated 650 bytes in 19 msecs (HTTP/1.1 200) 4 headers in 157 bytes (1 switches on core 0)
Aug 24 11:48:51.159210 np0000007967 devstack@g-api.service[99830]: DEBUG swiftclient [None req-9a8e8320-1e17-40b0-a5f0-dc15e3ee5cfd tempest-VolumesActionsTest-819884182 tempest-VolumesActionsTest-819884182-project-member] REQ: curl -i https://10.4.3.223:8080/v1/AUTH_8926a4c48c074853a7d77d6d55d6248b/glance/7698e20c-548b-4795-978c-88bf9ef56d5c-00001 -X PUT -H "X-Auth-Token: gAAAAABqjC-gX5sc..." {{(pid=99830) http_log /opt/stack/data/venv/lib/python3.12/site-packages/swiftclient/client.py:160}}
Aug 24 11:48:51.159210 np0000007967 devstack@g-api.service[99830]: DEBUG swiftclient [None req-9a8e8320-1e17-40b0-a5f0-dc15e3ee5cfd tempest-VolumesActionsTest-819884182 tempest-VolumesActionsTest-819884182-project-member] RESP STATUS: 201 Created {{(pid=99830) http_log /opt/stack/data/venv/lib/python3.12/site-packages/swiftclient/client.py:161}}
Aug 24 11:48:51.159210 np0000007967 devstack@g-api.service[99830]: DEBUG swiftclient [None req-9a8e8320-1e17-40b0-a5f0-dc15e3ee5cfd tempest-VolumesActionsTest-819884182 tempest-VolumesActionsTest-819884182-project-member] RESP HEADERS: {'Date': 'Mon, 24 Aug 2026 11:48:51 GMT', 'Server': 'Apache/2.4.58 (Ubuntu)', 'Content-Type': 'text/html; charset=UTF-8', 'Content-Length': '0', 'Etag': 'eda9a9889837ac4bc81d6387d92c1bec', 'Last-Modified': 'Mon, 24 Aug 2026 11:48:49 GMT', 'X-Trans-Id': 'tx52ca3816b06a45a2a6ec1-006a8c2fa0', 'X-Openstack-Request-Id': 'tx52ca3816b06a45a2a6ec1-006a8c2fa0', 'Connection': 'close'} {{(pid=99830) http_log /opt/stack/data/venv/lib/python3.12/site-packages/swiftclient/client.py:162}}
Aug 24 11:48:51.159210 np0000007967 devstack@g-api.service[99830]: DEBUG glance_store._drivers.swift.store [None req-9a8e8320-1e17-40b0-a5f0-dc15e3ee5cfd tempest-VolumesActionsTest-819884182 tempest-VolumesActionsTest-819884182-project-member] Wrote chunk 7698e20c-548b-4795-978c-88bf9ef56d5c-00001 (1/?) of length 204800000 to Swift returning MD5 of content: eda9a9889837ac4bc81d6387d92c1bec {{(pid=99830) add /opt/stack/data/venv/lib/python3.12/site-packages/glance_store/_drivers/swift/store.py:1059}}
Aug 24 11:48:51.269244 np0000007967 devstack@g-api.service[99829]: DEBUG glance.api.middleware.version_negotiation [None req-16eda060-98aa-4cda-9395-56ffb033f1b6 tempest-VolumesActionsTest-819884182 tempest-VolumesActionsTest-819884182-project-member] Determining version of request: GET /v2/images/7698e20c-548b-4795-978c-88bf9ef56d5c Accept: application/json {{(pid=99829) process_request /opt/stack/glance/glance/api/middleware/version_negotiation.py:44}}
Aug 24 11:48:51.269244 np0000007967 devstack@g-api.service[99829]: DEBUG glance.api.middleware.version_negotiation [None req-16eda060-98aa-4cda-9395-56ffb033f1b6 tempest-VolumesActionsTest-819884182 tempest-VolumesActionsTest-819884182-project-member] Using url versioning {{(pid=99829) process_request /opt/stack/glance/glance/api/middleware/version_negotiation.py:57}}
Aug 24 11:48:51.269837 np0000007967 devstack@g-api.service[99829]: DEBUG glance.api.middleware.version_negotiation [None req-16eda060-98aa-4cda-9395-56ffb033f1b6 tempest-VolumesActionsTest-819884182 tempest-VolumesActionsTest-819884182-project-member] Matched version: v2 {{(pid=99829) process_request /opt/stack/glance/glance/api/middleware/version_negotiation.py:69}}
Aug 24 11:48:51.269837 np0000007967 devstack@g-api.service[99829]: DEBUG glance.api.middleware.version_negotiation [None req-16eda060-98aa-4cda-9395-56ffb033f1b6 tempest-VolumesActionsTest-819884182 tempest-VolumesActionsTest-819884182-project-member] new path /v2/images/7698e20c-548b-4795-978c-88bf9ef56d5c {{(pid=99829) process_request /opt/stack/glance/glance/api/middleware/version_negotiation.py:70}}
Aug 24 11:48:51.289235 np0000007967 devstack@g-api.service[99829]: [pid: 99829|app: 0|req: 48/198] 127.0.0.1 () {40 vars in 838 bytes} [Mon Aug 24 11:48:51 2026] GET /v2/images/7698e20c-548b-4795-978c-88bf9ef56d5c => generated 650 bytes in 21 msecs (HTTP/1.1 200) 4 headers in 157 bytes (1 switches on core 0)
Aug 24 11:48:52.307183 np0000007967 devstack@g-api.service[99827]: DEBUG glance.api.middleware.version_negotiation [None req-5c0801cb-10c2-421b-be1f-d7ae2ec823d4 tempest-VolumesActionsTest-819884182 tempest-VolumesActionsTest-819884182-project-member] Determining version of request: GET /v2/images/7698e20c-548b-4795-978c-88bf9ef56d5c Accept: application/json {{(pid=99827) process_request /opt/stack/glance/glance/api/middleware/version_negotiation.py:44}}
Aug 24 11:48:52.307732 np0000007967 devstack@g-api.service[99827]: DEBUG glance.api.middleware.version_negotiation [None req-5c0801cb-10c2-421b-be1f-d7ae2ec823d4 tempest-VolumesActionsTest-819884182 tempest-VolumesActionsTest-819884182-project-member] Using url versioning {{(pid=99827) process_request /opt/stack/glance/glance/api/middleware/version_negotiation.py:57}}
Aug 24 11:48:52.307732 np0000007967 devstack@g-api.service[99827]: DEBUG glance.api.middleware.version_negotiation [None req-5c0801cb-10c2-421b-be1f-d7ae2ec823d4 tempest-VolumesActionsTest-819884182 tempest-VolumesActionsTest-819884182-project-member] Matched version: v2 {{(pid=99827) process_request /opt/stack/glance/glance/api/middleware/version_negotiation.py:69}}
Aug 24 11:48:52.307829 np0000007967 devstack@g-api.service[99827]: DEBUG glance.api.middleware.version_negotiation [None req-5c0801cb-10c2-421b-be1f-d7ae2ec823d4 tempest-VolumesActionsTest-819884182 tempest-VolumesActionsTest-819884182-project-member] new path /v2/images/7698e20c-548b-4795-978c-88bf9ef56d5c {{(pid=99827) process_request /opt/stack/glance/glance/api/middleware/version_negotiation.py:70}}
Aug 24 11:48:52.320342 np0000007967 devstack@g-api.service[99827]: [pid: 99827|app: 0|req: 80/199] 127.0.0.1 () {40 vars in 838 bytes} [Mon Aug 24 11:48:52 2026] GET /v2/images/7698e20c-548b-4795-978c-88bf9ef56d5c => generated 650 bytes in 13 msecs (HTTP/1.1 200) 4 headers in 157 bytes (1 switches on core 0)
Aug 24 11:48:53.309554 np0000007967 devstack@g-api.service[99830]: DEBUG swiftclient [None req-9a8e8320-1e17-40b0-a5f0-dc15e3ee5cfd tempest-VolumesActionsTest-819884182 tempest-VolumesActionsTest-819884182-project-member] REQ: curl -i https://10.4.3.223:8080/v1/AUTH_8926a4c48c074853a7d77d6d55d6248b/glance/7698e20c-548b-4795-978c-88bf9ef56d5c-00002 -X PUT -H "X-Auth-Token: gAAAAABqjC-gX5sc..." {{(pid=99830) http_log /opt/stack/data/venv/lib/python3.12/site-packages/swiftclient/client.py:160}}
Aug 24 11:48:53.309889 np0000007967 devstack@g-api.service[99830]: DEBUG swiftclient [None req-9a8e8320-1e17-40b0-a5f0-dc15e3ee5cfd tempest-VolumesActionsTest-819884182 tempest-VolumesActionsTest-819884182-project-member] RESP STATUS: 201 Created {{(pid=99830) http_log /opt/stack/data/venv/lib/python3.12/site-packages/swiftclient/client.py:161}}
Aug 24 11:48:53.309966 np0000007967 devstack@g-api.service[99830]: DEBUG swiftclient [None req-9a8e8320-1e17-40b0-a5f0-dc15e3ee5cfd tempest-VolumesActionsTest-819884182 tempest-VolumesActionsTest-819884182-project-member] RESP HEADERS: {'Date': 'Mon, 24 Aug 2026 11:48:53 GMT', 'Server': 'Apache/2.4.58 (Ubuntu)', 'Content-Type': 'text/html; charset=UTF-8', 'Content-Length': '0', 'Etag': 'eda9a9889837ac4bc81d6387d92c1bec', 'Last-Modified': 'Mon, 24 Aug 2026 11:48:52 GMT', 'X-Trans-Id': 'tx092460f936c6454ebdfd9-006a8c2fa3', 'X-Openstack-Request-Id': 'tx092460f936c6454ebdfd9-006a8c2fa3', 'Connection': 'close'} {{(pid=99830) http_log /opt/stack/data/venv/lib/python3.12/site-packages/swiftclient/client.py:162}}
Aug 24 11:48:53.310046 np0000007967 devstack@g-api.service[99830]: DEBUG glance_store._drivers.swift.store [None req-9a8e8320-1e17-40b0-a5f0-dc15e3ee5cfd tempest-VolumesActionsTest-819884182 tempest-VolumesActionsTest-819884182-project-member] Wrote chunk 7698e20c-548b-4795-978c-88bf9ef56d5c-00002 (2/?) of length 204800000 to Swift returning MD5 of content: eda9a9889837ac4bc81d6387d92c1bec {{(pid=99830) add /opt/stack/data/venv/lib/python3.12/site-packages/glance_store/_drivers/swift/store.py:1059}}
Aug 24 11:48:53.331559 np0000007967 devstack@g-api.service[99829]: DEBUG glance.api.middleware.version_negotiation [None req-386292e3-f542-4f29-aa26-260635e92e8d tempest-VolumesActionsTest-819884182 tempest-VolumesActionsTest-819884182-project-member] Determining version of request: GET /v2/images/7698e20c-548b-4795-978c-88bf9ef56d5c Accept: application/json {{(pid=99829) process_request /opt/stack/glance/glance/api/middleware/version_negotiation.py:44}}
Aug 24 11:48:53.331559 np0000007967 devstack@g-api.service[99829]: DEBUG glance.api.middleware.version_negotiation [None req-386292e3-f542-4f29-aa26-260635e92e8d tempest-VolumesActionsTest-819884182 tempest-VolumesActionsTest-819884182-project-member] Using url versioning {{(pid=99829) process_request /opt/stack/glance/glance/api/middleware/version_negotiation.py:57}}
Aug 24 11:48:53.332028 np0000007967 devstack@g-api.service[99829]: DEBUG glance.api.middleware.version_negotiation [None req-386292e3-f542-4f29-aa26-260635e92e8d tempest-VolumesActionsTest-819884182 tempest-VolumesActionsTest-819884182-project-member] Matched version: v2 {{(pid=99829) process_request /opt/stack/glance/glance/api/middleware/version_negotiation.py:69}}
Aug 24 11:48:53.332028 np0000007967 devstack@g-api.service[99829]: DEBUG glance.api.middleware.version_negotiation [None req-386292e3-f542-4f29-aa26-260635e92e8d tempest-VolumesActionsTest-819884182 tempest-VolumesActionsTest-819884182-project-member] new path /v2/images/7698e20c-548b-4795-978c-88bf9ef56d5c {{(pid=99829) process_request /opt/stack/glance/glance/api/middleware/version_negotiation.py:70}}
Aug 24 11:48:53.345612 np0000007967 devstack@g-api.service[99829]: [pid: 99829|app: 0|req: 49/200] 127.0.0.1 () {40 vars in 838 bytes} [Mon Aug 24 11:48:53 2026] GET /v2/images/7698e20c-548b-4795-978c-88bf9ef56d5c => generated 650 bytes in 14 msecs (HTTP/1.1 200) 4 headers in 157 bytes (1 switches on core 0)
Aug 24 11:48:54.357781 np0000007967 devstack@g-api.service[99827]: DEBUG glance.api.middleware.version_negotiation [None req-ab3801c1-9b22-47c4-8603-3b5c5ef7faff tempest-VolumesActionsTest-819884182 tempest-VolumesActionsTest-819884182-project-member] Determining version of request: GET /v2/images/7698e20c-548b-4795-978c-88bf9ef56d5c Accept: application/json {{(pid=99827) process_request /opt/stack/glance/glance/api/middleware/version_negotiation.py:44}}
Aug 24 11:48:54.357781 np0000007967 devstack@g-api.service[99827]: DEBUG glance.api.middleware.version_negotiation [None req-ab3801c1-9b22-47c4-8603-3b5c5ef7faff tempest-VolumesActionsTest-819884182 tempest-VolumesActionsTest-819884182-project-member] Using url versioning {{(pid=99827) process_request /opt/stack/glance/glance/api/middleware/version_negotiation.py:57}}
Aug 24 11:48:54.357781 np0000007967 devstack@g-api.service[99827]: DEBUG glance.api.middleware.version_negotiation [None req-ab3801c1-9b22-47c4-8603-3b5c5ef7faff tempest-VolumesActionsTest-819884182 tempest-VolumesActionsTest-819884182-project-member] Matched version: v2 {{(pid=99827) process_request /opt/stack/glance/glance/api/middleware/version_negotiation.py:69}}
Aug 24 11:48:54.357781 np0000007967 devstack@g-api.service[99827]: DEBUG glance.api.middleware.version_negotiation [None req-ab3801c1-9b22-47c4-8603-3b5c5ef7faff tempest-VolumesActionsTest-819884182 tempest-VolumesActionsTest-819884182-project-member] new path /v2/images/7698e20c-548b-4795-978c-88bf9ef56d5c {{(pid=99827) process_request /opt/stack/glance/glance/api/middleware/version_negotiation.py:70}}
Aug 24 11:48:54.367100 np0000007967 devstack@g-api.service[99827]: [pid: 99827|app: 0|req: 81/201] 127.0.0.1 () {40 vars in 838 bytes} [Mon Aug 24 11:48:54 2026] GET /v2/images/7698e20c-548b-4795-978c-88bf9ef56d5c => generated 650 bytes in 10 msecs (HTTP/1.1 200) 4 headers in 157 bytes (1 switches on core 0)
Aug 24 11:48:55.378207 np0000007967 devstack@g-api.service[99829]: DEBUG glance.api.middleware.version_negotiation [None req-31898713-9ac8-4d68-92e0-0a22015b6abf tempest-VolumesActionsTest-819884182 tempest-VolumesActionsTest-819884182-project-member] Determining version of request: GET /v2/images/7698e20c-548b-4795-978c-88bf9ef56d5c Accept: application/json {{(pid=99829) process_request /opt/stack/glance/glance/api/middleware/version_negotiation.py:44}}
Aug 24 11:48:55.378741 np0000007967 devstack@g-api.service[99829]: DEBUG glance.api.middleware.version_negotiation [None req-31898713-9ac8-4d68-92e0-0a22015b6abf tempest-VolumesActionsTest-819884182 tempest-VolumesActionsTest-819884182-project-member] Using url versioning {{(pid=99829) process_request /opt/stack/glance/glance/api/middleware/version_negotiation.py:57}}
Aug 24 11:48:55.378741 np0000007967 devstack@g-api.service[99829]: DEBUG glance.api.middleware.version_negotiation [None req-31898713-9ac8-4d68-92e0-0a22015b6abf tempest-VolumesActionsTest-819884182 tempest-VolumesActionsTest-819884182-project-member] Matched version: v2 {{(pid=99829) process_request /opt/stack/glance/glance/api/middleware/version_negotiation.py:69}}
Aug 24 11:48:55.380158 np0000007967 devstack@g-api.service[99829]: DEBUG glance.api.middleware.version_negotiation [None req-31898713-9ac8-4d68-92e0-0a22015b6abf tempest-VolumesActionsTest-819884182 tempest-VolumesActionsTest-819884182-project-member] new path /v2/images/7698e20c-548b-4795-978c-88bf9ef56d5c {{(pid=99829) process_request /opt/stack/glance/glance/api/middleware/version_negotiation.py:70}}
Aug 24 11:48:55.399408 np0000007967 devstack@g-api.service[99829]: [pid: 99829|app: 0|req: 50/202] 127.0.0.1 () {40 vars in 838 bytes} [Mon Aug 24 11:48:55 2026] GET /v2/images/7698e20c-548b-4795-978c-88bf9ef56d5c => generated 650 bytes in 21 msecs (HTTP/1.1 200) 4 headers in 157 bytes (1 switches on core 0)
Aug 24 11:48:55.817747 np0000007967 devstack@g-api.service[99830]: DEBUG swiftclient [None req-9a8e8320-1e17-40b0-a5f0-dc15e3ee5cfd tempest-VolumesActionsTest-819884182 tempest-VolumesActionsTest-819884182-project-member] REQ: curl -i https://10.4.3.223:8080/v1/AUTH_8926a4c48c074853a7d77d6d55d6248b/glance/7698e20c-548b-4795-978c-88bf9ef56d5c-00003 -X PUT -H "X-Auth-Token: gAAAAABqjC-gX5sc..." {{(pid=99830) http_log /opt/stack/data/venv/lib/python3.12/site-packages/swiftclient/client.py:160}}
Aug 24 11:48:55.818199 np0000007967 devstack@g-api.service[99830]: DEBUG swiftclient [None req-9a8e8320-1e17-40b0-a5f0-dc15e3ee5cfd tempest-VolumesActionsTest-819884182 tempest-VolumesActionsTest-819884182-project-member] RESP STATUS: 201 Created {{(pid=99830) http_log /opt/stack/data/venv/lib/python3.12/site-packages/swiftclient/client.py:161}}
Aug 24 11:48:55.818199 np0000007967 devstack@g-api.service[99830]: DEBUG swiftclient [None req-9a8e8320-1e17-40b0-a5f0-dc15e3ee5cfd tempest-VolumesActionsTest-819884182 tempest-VolumesActionsTest-819884182-project-member] RESP HEADERS: {'Date': 'Mon, 24 Aug 2026 11:48:55 GMT', 'Server': 'Apache/2.4.58 (Ubuntu)', 'Content-Type': 'text/html; charset=UTF-8', 'Content-Length': '0', 'Etag': 'eda9a9889837ac4bc81d6387d92c1bec', 'Last-Modified': 'Mon, 24 Aug 2026 11:48:54 GMT', 'X-Trans-Id': 'txfa7c2886a3a8469cad4d1-006a8c2fa5', 'X-Openstack-Request-Id': 'txfa7c2886a3a8469cad4d1-006a8c2fa5', 'Connection': 'close'} {{(pid=99830) http_log /opt/stack/data/venv/lib/python3.12/site-packages/swiftclient/client.py:162}}
Aug 24 11:48:55.818199 np0000007967 devstack@g-api.service[99830]: DEBUG glance_store._drivers.swift.store [None req-9a8e8320-1e17-40b0-a5f0-dc15e3ee5cfd tempest-VolumesActionsTest-819884182 tempest-VolumesActionsTest-819884182-project-member] Wrote chunk 7698e20c-548b-4795-978c-88bf9ef56d5c-00003 (3/?) of length 204800000 to Swift returning MD5 of content: eda9a9889837ac4bc81d6387d92c1bec {{(pid=99830) add /opt/stack/data/venv/lib/python3.12/site-packages/glance_store/_drivers/swift/store.py:1059}}
Aug 24 11:48:56.413000 np0000007967 devstack@g-api.service[99827]: DEBUG glance.api.middleware.version_negotiation [None req-b407c314-c960-4ec9-9d92-659269a122bd tempest-VolumesActionsTest-819884182 tempest-VolumesActionsTest-819884182-project-member] Determining version of request: GET /v2/images/7698e20c-548b-4795-978c-88bf9ef56d5c Accept: application/json {{(pid=99827) process_request /opt/stack/glance/glance/api/middleware/version_negotiation.py:44}}
Aug 24 11:48:56.413581 np0000007967 devstack@g-api.service[99827]: DEBUG glance.api.middleware.version_negotiation [None req-b407c314-c960-4ec9-9d92-659269a122bd tempest-VolumesActionsTest-819884182 tempest-VolumesActionsTest-819884182-project-member] Using url versioning {{(pid=99827) process_request /opt/stack/glance/glance/api/middleware/version_negotiation.py:57}}
Aug 24 11:48:56.413581 np0000007967 devstack@g-api.service[99827]: DEBUG glance.api.middleware.version_negotiation [None req-b407c314-c960-4ec9-9d92-659269a122bd tempest-VolumesActionsTest-819884182 tempest-VolumesActionsTest-819884182-project-member] Matched version: v2 {{(pid=99827) process_request /opt/stack/glance/glance/api/middleware/version_negotiation.py:69}}
Aug 24 11:48:56.413581 np0000007967 devstack@g-api.service[99827]: DEBUG glance.api.middleware.version_negotiation [None req-b407c314-c960-4ec9-9d92-659269a122bd tempest-VolumesActionsTest-819884182 tempest-VolumesActionsTest-819884182-project-member] new path /v2/images/7698e20c-548b-4795-978c-88bf9ef56d5c {{(pid=99827) process_request /opt/stack/glance/glance/api/middleware/version_negotiation.py:70}}
Aug 24 11:48:56.422931 np0000007967 devstack@g-api.service[99827]: [pid: 99827|app: 0|req: 82/203] 127.0.0.1 () {40 vars in 838 bytes} [Mon Aug 24 11:48:56 2026] GET /v2/images/7698e20c-548b-4795-978c-88bf9ef56d5c => generated 650 bytes in 10 msecs (HTTP/1.1 200) 4 headers in 157 bytes (1 switches on core 0)
Aug 24 11:48:57.437718 np0000007967 devstack@g-api.service[99829]: DEBUG glance.api.middleware.version_negotiation [None req-07d93c70-bd4c-4f1f-b681-c39b47560d12 tempest-VolumesActionsTest-819884182 tempest-VolumesActionsTest-819884182-project-member] Determining version of request: GET /v2/images/7698e20c-548b-4795-978c-88bf9ef56d5c Accept: application/json {{(pid=99829) process_request /opt/stack/glance/glance/api/middleware/version_negotiation.py:44}}
Aug 24 11:48:57.438624 np0000007967 devstack@g-api.service[99829]: DEBUG glance.api.middleware.version_negotiation [None req-07d93c70-bd4c-4f1f-b681-c39b47560d12 tempest-VolumesActionsTest-819884182 tempest-VolumesActionsTest-819884182-project-member] Using url versioning {{(pid=99829) process_request /opt/stack/glance/glance/api/middleware/version_negotiation.py:57}}
Aug 24 11:48:57.438624 np0000007967 devstack@g-api.service[99829]: DEBUG glance.api.middleware.version_negotiation [None req-07d93c70-bd4c-4f1f-b681-c39b47560d12 tempest-VolumesActionsTest-819884182 tempest-VolumesActionsTest-819884182-project-member] Matched version: v2 {{(pid=99829) process_request /opt/stack/glance/glance/api/middleware/version_negotiation.py:69}}
Aug 24 11:48:57.438624 np0000007967 devstack@g-api.service[99829]: DEBUG glance.api.middleware.version_negotiation [None req-07d93c70-bd4c-4f1f-b681-c39b47560d12 tempest-VolumesActionsTest-819884182 tempest-VolumesActionsTest-819884182-project-member] new path /v2/images/7698e20c-548b-4795-978c-88bf9ef56d5c {{(pid=99829) process_request /opt/stack/glance/glance/api/middleware/version_negotiation.py:70}}
Aug 24 11:48:57.457839 np0000007967 devstack@g-api.service[99829]: [pid: 99829|app: 0|req: 51/204] 127.0.0.1 () {40 vars in 838 bytes} [Mon Aug 24 11:48:57 2026] GET /v2/images/7698e20c-548b-4795-978c-88bf9ef56d5c => generated 650 bytes in 21 msecs (HTTP/1.1 200) 4 headers in 157 bytes (1 switches on core 0)
Aug 24 11:48:58.082338 np0000007967 devstack@g-api.service[99830]: DEBUG swiftclient [None req-9a8e8320-1e17-40b0-a5f0-dc15e3ee5cfd tempest-VolumesActionsTest-819884182 tempest-VolumesActionsTest-819884182-project-member] REQ: curl -i https://10.4.3.223:8080/v1/AUTH_8926a4c48c074853a7d77d6d55d6248b/glance/7698e20c-548b-4795-978c-88bf9ef56d5c-00004 -X PUT -H "X-Auth-Token: gAAAAABqjC-gX5sc..." {{(pid=99830) http_log /opt/stack/data/venv/lib/python3.12/site-packages/swiftclient/client.py:160}}
Aug 24 11:48:58.082762 np0000007967 devstack@g-api.service[99830]: DEBUG swiftclient [None req-9a8e8320-1e17-40b0-a5f0-dc15e3ee5cfd tempest-VolumesActionsTest-819884182 tempest-VolumesActionsTest-819884182-project-member] RESP STATUS: 201 Created {{(pid=99830) http_log /opt/stack/data/venv/lib/python3.12/site-packages/swiftclient/client.py:161}}
Aug 24 11:48:58.082762 np0000007967 devstack@g-api.service[99830]: DEBUG swiftclient [None req-9a8e8320-1e17-40b0-a5f0-dc15e3ee5cfd tempest-VolumesActionsTest-819884182 tempest-VolumesActionsTest-819884182-project-member] RESP HEADERS: {'Date': 'Mon, 24 Aug 2026 11:48:58 GMT', 'Server': 'Apache/2.4.58 (Ubuntu)', 'Content-Type': 'text/html; charset=UTF-8', 'Content-Length': '0', 'Etag': 'eda9a9889837ac4bc81d6387d92c1bec', 'Last-Modified': 'Mon, 24 Aug 2026 11:48:56 GMT', 'X-Trans-Id': 'txb80a7268adb54d6c9487f-006a8c2fa7', 'X-Openstack-Request-Id': 'txb80a7268adb54d6c9487f-006a8c2fa7', 'Connection': 'close'} {{(pid=99830) http_log /opt/stack/data/venv/lib/python3.12/site-packages/swiftclient/client.py:162}}
Aug 24 11:48:58.082762 np0000007967 devstack@g-api.service[99830]: DEBUG glance_store._drivers.swift.store [None req-9a8e8320-1e17-40b0-a5f0-dc15e3ee5cfd tempest-VolumesActionsTest-819884182 tempest-VolumesActionsTest-819884182-project-member] Wrote chunk 7698e20c-548b-4795-978c-88bf9ef56d5c-00004 (4/?) of length 204800000 to Swift returning MD5 of content: eda9a9889837ac4bc81d6387d92c1bec {{(pid=99830) add /opt/stack/data/venv/lib/python3.12/site-packages/glance_store/_drivers/swift/store.py:1059}}
Aug 24 11:48:58.469699 np0000007967 devstack@g-api.service[99827]: DEBUG glance.api.middleware.version_negotiation [None req-ab924d0b-791c-4d9b-925f-92702da1be6e tempest-VolumesActionsTest-819884182 tempest-VolumesActionsTest-819884182-project-member] Determining version of request: GET /v2/images/7698e20c-548b-4795-978c-88bf9ef56d5c Accept: application/json {{(pid=99827) process_request /opt/stack/glance/glance/api/middleware/version_negotiation.py:44}}
Aug 24 11:48:58.469699 np0000007967 devstack@g-api.service[99827]: DEBUG glance.api.middleware.version_negotiation [None req-ab924d0b-791c-4d9b-925f-92702da1be6e tempest-VolumesActionsTest-819884182 tempest-VolumesActionsTest-819884182-project-member] Using url versioning {{(pid=99827) process_request /opt/stack/glance/glance/api/middleware/version_negotiation.py:57}}
Aug 24 11:48:58.469699 np0000007967 devstack@g-api.service[99827]: DEBUG glance.api.middleware.version_negotiation [None req-ab924d0b-791c-4d9b-925f-92702da1be6e tempest-VolumesActionsTest-819884182 tempest-VolumesActionsTest-819884182-project-member] Matched version: v2 {{(pid=99827) process_request /opt/stack/glance/glance/api/middleware/version_negotiation.py:69}}
Aug 24 11:48:58.472790 np0000007967 devstack@g-api.service[99827]: DEBUG glance.api.middleware.version_negotiation [None req-ab924d0b-791c-4d9b-925f-92702da1be6e tempest-VolumesActionsTest-819884182 tempest-VolumesActionsTest-819884182-project-member] new path /v2/images/7698e20c-548b-4795-978c-88bf9ef56d5c {{(pid=99827) process_request /opt/stack/glance/glance/api/middleware/version_negotiation.py:70}}
Aug 24 11:48:58.500167 np0000007967 devstack@g-api.service[99827]: [pid: 99827|app: 0|req: 83/205] 127.0.0.1 () {40 vars in 838 bytes} [Mon Aug 24 11:48:58 2026] GET /v2/images/7698e20c-548b-4795-978c-88bf9ef56d5c => generated 650 bytes in 31 msecs (HTTP/1.1 200) 4 headers in 157 bytes (1 switches on core 0)
Aug 24 11:48:58.578332 np0000007967 devstack@g-api.service[99830]: DEBUG dbcounter [-] [99830] Writing DB stats glance:SELECT=105,glance:INSERT=17,glance:UPDATE=32,glance:DELETE=1 {{(pid=99830) stat_writer /opt/stack/data/venv/lib/python3.12/site-packages/dbcounter.py:115}}
Aug 24 11:48:59.514538 np0000007967 devstack@g-api.service[99829]: DEBUG glance.api.middleware.version_negotiation [None req-4bf8548b-53ca-4147-a2e3-3394b6c428d3 tempest-VolumesActionsTest-819884182 tempest-VolumesActionsTest-819884182-project-member] Determining version of request: GET /v2/images/7698e20c-548b-4795-978c-88bf9ef56d5c Accept: application/json {{(pid=99829) process_request /opt/stack/glance/glance/api/middleware/version_negotiation.py:44}}
Aug 24 11:48:59.514538 np0000007967 devstack@g-api.service[99829]: DEBUG glance.api.middleware.version_negotiation [None req-4bf8548b-53ca-4147-a2e3-3394b6c428d3 tempest-VolumesActionsTest-819884182 tempest-VolumesActionsTest-819884182-project-member] Using url versioning {{(pid=99829) process_request /opt/stack/glance/glance/api/middleware/version_negotiation.py:57}}
Aug 24 11:48:59.514538 np0000007967 devstack@g-api.service[99829]: DEBUG glance.api.middleware.version_negotiation [None req-4bf8548b-53ca-4147-a2e3-3394b6c428d3 tempest-VolumesActionsTest-819884182 tempest-VolumesActionsTest-819884182-project-member] Matched version: v2 {{(pid=99829) process_request /opt/stack/glance/glance/api/middleware/version_negotiation.py:69}}
Aug 24 11:48:59.514538 np0000007967 devstack@g-api.service[99829]: DEBUG glance.api.middleware.version_negotiation [None req-4bf8548b-53ca-4147-a2e3-3394b6c428d3 tempest-VolumesActionsTest-819884182 tempest-VolumesActionsTest-819884182-project-member] new path /v2/images/7698e20c-548b-4795-978c-88bf9ef56d5c {{(pid=99829) process_request /opt/stack/glance/glance/api/middleware/version_negotiation.py:70}}
Aug 24 11:48:59.534415 np0000007967 devstack@g-api.service[99829]: [pid: 99829|app: 0|req: 52/206] 127.0.0.1 () {40 vars in 838 bytes} [Mon Aug 24 11:48:59 2026] GET /v2/images/7698e20c-548b-4795-978c-88bf9ef56d5c => generated 650 bytes in 22 msecs (HTTP/1.1 200) 4 headers in 157 bytes (1 switches on core 0)
Aug 24 11:49:00.547061 np0000007967 devstack@g-api.service[99827]: DEBUG glance.api.middleware.version_negotiation [None req-0dfa570c-ae6d-4a21-bc2a-8dd695ab25a6 tempest-VolumesActionsTest-819884182 tempest-VolumesActionsTest-819884182-project-member] Determining version of request: GET /v2/images/7698e20c-548b-4795-978c-88bf9ef56d5c Accept: application/json {{(pid=99827) process_request /opt/stack/glance/glance/api/middleware/version_negotiation.py:44}}
Aug 24 11:49:00.547061 np0000007967 devstack@g-api.service[99827]: DEBUG glance.api.middleware.version_negotiation [None req-0dfa570c-ae6d-4a21-bc2a-8dd695ab25a6 tempest-VolumesActionsTest-819884182 tempest-VolumesActionsTest-819884182-project-member] Using url versioning {{(pid=99827) process_request /opt/stack/glance/glance/api/middleware/version_negotiation.py:57}}
Aug 24 11:49:00.547628 np0000007967 devstack@g-api.service[99827]: DEBUG glance.api.middleware.version_negotiation [None req-0dfa570c-ae6d-4a21-bc2a-8dd695ab25a6 tempest-VolumesActionsTest-819884182 tempest-VolumesActionsTest-819884182-project-member] Matched version: v2 {{(pid=99827) process_request /opt/stack/glance/glance/api/middleware/version_negotiation.py:69}}
Aug 24 11:49:00.547628 np0000007967 devstack@g-api.service[99827]: DEBUG glance.api.middleware.version_negotiation [None req-0dfa570c-ae6d-4a21-bc2a-8dd695ab25a6 tempest-VolumesActionsTest-819884182 tempest-VolumesActionsTest-819884182-project-member] new path /v2/images/7698e20c-548b-4795-978c-88bf9ef56d5c {{(pid=99827) process_request /opt/stack/glance/glance/api/middleware/version_negotiation.py:70}}
Aug 24 11:49:00.573285 np0000007967 devstack@g-api.service[99827]: [pid: 99827|app: 0|req: 84/207] 127.0.0.1 () {40 vars in 838 bytes} [Mon Aug 24 11:49:00 2026] GET /v2/images/7698e20c-548b-4795-978c-88bf9ef56d5c => generated 650 bytes in 27 msecs (HTTP/1.1 200) 4 headers in 157 bytes (1 switches on core 0)
Aug 24 11:49:00.676605 np0000007967 devstack@g-api.service[99830]: DEBUG swiftclient [None req-9a8e8320-1e17-40b0-a5f0-dc15e3ee5cfd tempest-VolumesActionsTest-819884182 tempest-VolumesActionsTest-819884182-project-member] REQ: curl -i https://10.4.3.223:8080/v1/AUTH_8926a4c48c074853a7d77d6d55d6248b/glance/7698e20c-548b-4795-978c-88bf9ef56d5c-00005 -X PUT -H "X-Auth-Token: gAAAAABqjC-gX5sc..." {{(pid=99830) http_log /opt/stack/data/venv/lib/python3.12/site-packages/swiftclient/client.py:160}}
