Jul 21 10:59:29.363378 np0000005537 devstack@g-api.service[99710]: DEBUG glance_store.location [None req-4e9ce466-34b1-45dc-8d87-597bba2d6da1 tempest-ServerBootFromVolumeStableRescueTest-711936086 tempest-ServerBootFromVolumeStableRescueTest-711936086-project-member] Registering scheme swift+https with {'store': , 'location_class': , 'store_entry': 'swift'} {{(pid=99710) register_scheme_map /opt/stack/data/venv/lib/python3.12/site-packages/glance_store/location.py:146}}
Jul 21 10:59:29.363512 np0000005537 devstack@g-api.service[99712]: DEBUG glance.api.middleware.version_negotiation [None req-d21d0f15-3d3d-4c7d-901c-35c146818d08 tempest-ServerBootFromVolumeStableRescueTest-711936086 tempest-ServerBootFromVolumeStableRescueTest-711936086-project-member] new path /v2/images/65fb854f-676a-4ea9-bfd4-a41650416125 {{(pid=99712) process_request /opt/stack/glance/glance/api/middleware/version_negotiation.py:70}}
Jul 21 10:59:29.363580 np0000005537 devstack@g-api.service[99710]: DEBUG glance_store.location [None req-4e9ce466-34b1-45dc-8d87-597bba2d6da1 tempest-ServerBootFromVolumeStableRescueTest-711936086 tempest-ServerBootFromVolumeStableRescueTest-711936086-project-member] Registering scheme swift with {'store': , 'location_class': , 'store_entry': 'swift'} {{(pid=99710) register_scheme_map /opt/stack/data/venv/lib/python3.12/site-packages/glance_store/location.py:146}}
Jul 21 10:59:29.363580 np0000005537 devstack@g-api.service[99710]: DEBUG glance_store.location [None req-4e9ce466-34b1-45dc-8d87-597bba2d6da1 tempest-ServerBootFromVolumeStableRescueTest-711936086 tempest-ServerBootFromVolumeStableRescueTest-711936086-project-member] Registering scheme swift+https with {'store': , 'location_class': , 'store_entry': 'swift'} {{(pid=99710) register_scheme_map /opt/stack/data/venv/lib/python3.12/site-packages/glance_store/location.py:146}}
Jul 21 10:59:29.363580 np0000005537 devstack@g-api.service[99710]: DEBUG glance_store.location [None req-4e9ce466-34b1-45dc-8d87-597bba2d6da1 tempest-ServerBootFromVolumeStableRescueTest-711936086 tempest-ServerBootFromVolumeStableRescueTest-711936086-project-member] Registering scheme swift with {'store': , 'location_class': , 'store_entry': 'swift'} {{(pid=99710) register_scheme_map /opt/stack/data/venv/lib/python3.12/site-packages/glance_store/location.py:146}}
Jul 21 10:59:29.363580 np0000005537 devstack@g-api.service[99710]: DEBUG glance_store.location [None req-4e9ce466-34b1-45dc-8d87-597bba2d6da1 tempest-ServerBootFromVolumeStableRescueTest-711936086 tempest-ServerBootFromVolumeStableRescueTest-711936086-project-member] Registering scheme swift+http with {'store': , 'location_class': , 'store_entry': 'swift'} {{(pid=99710) register_scheme_map /opt/stack/data/venv/lib/python3.12/site-packages/glance_store/location.py:146}}
Jul 21 10:59:29.363580 np0000005537 devstack@g-api.service[99710]: DEBUG glance_store.location [None req-4e9ce466-34b1-45dc-8d87-597bba2d6da1 tempest-ServerBootFromVolumeStableRescueTest-711936086 tempest-ServerBootFromVolumeStableRescueTest-711936086-project-member] Registering scheme swift+https with {'store': , 'location_class': , 'store_entry': 'swift'} {{(pid=99710) register_scheme_map /opt/stack/data/venv/lib/python3.12/site-packages/glance_store/location.py:146}}
Jul 21 10:59:29.363580 np0000005537 devstack@g-api.service[99710]: DEBUG glance_store.location [None req-4e9ce466-34b1-45dc-8d87-597bba2d6da1 tempest-ServerBootFromVolumeStableRescueTest-711936086 tempest-ServerBootFromVolumeStableRescueTest-711936086-project-member] Registering scheme swift with {'store': , 'location_class': , 'store_entry': 'swift'} {{(pid=99710) register_scheme_map /opt/stack/data/venv/lib/python3.12/site-packages/glance_store/location.py:146}}
Jul 21 10:59:29.363580 np0000005537 devstack@g-api.service[99710]: DEBUG glance_store.location [None req-4e9ce466-34b1-45dc-8d87-597bba2d6da1 tempest-ServerBootFromVolumeStableRescueTest-711936086 tempest-ServerBootFromVolumeStableRescueTest-711936086-project-member] Registering scheme swift+http with {'store': , 'location_class': , 'store_entry': 'swift'} {{(pid=99710) register_scheme_map /opt/stack/data/venv/lib/python3.12/site-packages/glance_store/location.py:146}}
Jul 21 10:59:29.363580 np0000005537 devstack@g-api.service[99710]: DEBUG glance_store.location [None req-4e9ce466-34b1-45dc-8d87-597bba2d6da1 tempest-ServerBootFromVolumeStableRescueTest-711936086 tempest-ServerBootFromVolumeStableRescueTest-711936086-project-member] Registering scheme swift+config with {'store': , 'location_class': , 'store_entry': 'swift'} {{(pid=99710) register_scheme_map /opt/stack/data/venv/lib/python3.12/site-packages/glance_store/location.py:146}}
Jul 21 10:59:29.377108 np0000005537 devstack@g-api.service[99712]: [pid: 99712|app: 0|req: 139/399] 127.0.0.1 () {44 vars in 1111 bytes} [Tue Jul 21 10:59:29 2026] GET /v2/images/65fb854f-676a-4ea9-bfd4-a41650416125 => generated 1044 bytes in 15 msecs (HTTP/1.1 200) 4 headers in 158 bytes (1 switches on core 0)
Jul 21 10:59:29.385816 np0000005537 devstack@g-api.service[99711]: DEBUG glance.api.middleware.version_negotiation [None req-feca8ef8-743c-4618-af08-7dad82ce2dfb tempest-TestVolumeBootPattern-72070091 tempest-TestVolumeBootPattern-72070091-project-member] Determining version of request: GET /v2/schemas/image Accept: */* {{(pid=99711) process_request /opt/stack/glance/glance/api/middleware/version_negotiation.py:44}}
Jul 21 10:59:29.385974 np0000005537 devstack@g-api.service[99711]: DEBUG glance.api.middleware.version_negotiation [None req-feca8ef8-743c-4618-af08-7dad82ce2dfb tempest-TestVolumeBootPattern-72070091 tempest-TestVolumeBootPattern-72070091-project-member] Using url versioning {{(pid=99711) process_request /opt/stack/glance/glance/api/middleware/version_negotiation.py:57}}
Jul 21 10:59:29.386143 np0000005537 devstack@g-api.service[99711]: DEBUG glance.api.middleware.version_negotiation [None req-feca8ef8-743c-4618-af08-7dad82ce2dfb tempest-TestVolumeBootPattern-72070091 tempest-TestVolumeBootPattern-72070091-project-member] Matched version: v2 {{(pid=99711) process_request /opt/stack/glance/glance/api/middleware/version_negotiation.py:69}}
Jul 21 10:59:29.386191 np0000005537 devstack@g-api.service[99711]: DEBUG glance.api.middleware.version_negotiation [None req-feca8ef8-743c-4618-af08-7dad82ce2dfb tempest-TestVolumeBootPattern-72070091 tempest-TestVolumeBootPattern-72070091-project-member] new path /v2/schemas/image {{(pid=99711) process_request /opt/stack/glance/glance/api/middleware/version_negotiation.py:70}}
Jul 21 10:59:29.392046 np0000005537 devstack@g-api.service[99711]: [pid: 99711|app: 0|req: 139/400] 127.0.0.1 () {44 vars in 1051 bytes} [Tue Jul 21 10:59:29 2026] GET /v2/schemas/image => generated 6083 bytes in 6 msecs (HTTP/1.1 200) 4 headers in 158 bytes (1 switches on core 0)
Jul 21 10:59:29.402050 np0000005537 devstack@g-api.service[99712]: DEBUG glance.api.middleware.version_negotiation [None req-e0acd404-c74b-40b5-a728-61335385c485 tempest-TestVolumeBootPattern-72070091 tempest-TestVolumeBootPattern-72070091-project-member] Determining version of request: GET /v2/schemas/image Accept: */* {{(pid=99712) process_request /opt/stack/glance/glance/api/middleware/version_negotiation.py:44}}
Jul 21 10:59:29.402050 np0000005537 devstack@g-api.service[99712]: DEBUG glance.api.middleware.version_negotiation [None req-e0acd404-c74b-40b5-a728-61335385c485 tempest-TestVolumeBootPattern-72070091 tempest-TestVolumeBootPattern-72070091-project-member] Using url versioning {{(pid=99712) process_request /opt/stack/glance/glance/api/middleware/version_negotiation.py:57}}
Jul 21 10:59:29.402050 np0000005537 devstack@g-api.service[99712]: DEBUG glance.api.middleware.version_negotiation [None req-e0acd404-c74b-40b5-a728-61335385c485 tempest-TestVolumeBootPattern-72070091 tempest-TestVolumeBootPattern-72070091-project-member] Matched version: v2 {{(pid=99712) process_request /opt/stack/glance/glance/api/middleware/version_negotiation.py:69}}
Jul 21 10:59:29.402050 np0000005537 devstack@g-api.service[99712]: DEBUG glance.api.middleware.version_negotiation [None req-e0acd404-c74b-40b5-a728-61335385c485 tempest-TestVolumeBootPattern-72070091 tempest-TestVolumeBootPattern-72070091-project-member] new path /v2/schemas/image {{(pid=99712) process_request /opt/stack/glance/glance/api/middleware/version_negotiation.py:70}}
Jul 21 10:59:29.406047 np0000005537 devstack@g-api.service[99712]: [pid: 99712|app: 0|req: 140/401] 127.0.0.1 () {44 vars in 1051 bytes} [Tue Jul 21 10:59:29 2026] GET /v2/schemas/image => generated 6083 bytes in 5 msecs (HTTP/1.1 200) 4 headers in 158 bytes (1 switches on core 0)
Jul 21 10:59:29.416921 np0000005537 devstack@g-api.service[99711]: DEBUG glance.api.middleware.version_negotiation [None req-e0acd404-c74b-40b5-a728-61335385c485 tempest-TestVolumeBootPattern-72070091 tempest-TestVolumeBootPattern-72070091-project-member] Determining version of request: GET /v2/images/65fb854f-676a-4ea9-bfd4-a41650416125 Accept: */* {{(pid=99711) process_request /opt/stack/glance/glance/api/middleware/version_negotiation.py:44}}
Jul 21 10:59:29.416921 np0000005537 devstack@g-api.service[99711]: DEBUG glance.api.middleware.version_negotiation [None req-e0acd404-c74b-40b5-a728-61335385c485 tempest-TestVolumeBootPattern-72070091 tempest-TestVolumeBootPattern-72070091-project-member] Using url versioning {{(pid=99711) process_request /opt/stack/glance/glance/api/middleware/version_negotiation.py:57}}
Jul 21 10:59:29.416921 np0000005537 devstack@g-api.service[99711]: DEBUG glance.api.middleware.version_negotiation [None req-e0acd404-c74b-40b5-a728-61335385c485 tempest-TestVolumeBootPattern-72070091 tempest-TestVolumeBootPattern-72070091-project-member] Matched version: v2 {{(pid=99711) process_request /opt/stack/glance/glance/api/middleware/version_negotiation.py:69}}
Jul 21 10:59:29.416921 np0000005537 devstack@g-api.service[99711]: DEBUG glance.api.middleware.version_negotiation [None req-e0acd404-c74b-40b5-a728-61335385c485 tempest-TestVolumeBootPattern-72070091 tempest-TestVolumeBootPattern-72070091-project-member] new path /v2/images/65fb854f-676a-4ea9-bfd4-a41650416125 {{(pid=99711) process_request /opt/stack/glance/glance/api/middleware/version_negotiation.py:70}}
Jul 21 10:59:29.436885 np0000005537 devstack@g-api.service[99711]: [pid: 99711|app: 0|req: 140/402] 127.0.0.1 () {44 vars in 1111 bytes} [Tue Jul 21 10:59:29 2026] GET /v2/images/65fb854f-676a-4ea9-bfd4-a41650416125 => generated 1044 bytes in 21 msecs (HTTP/1.1 200) 4 headers in 158 bytes (1 switches on core 0)
Jul 21 10:59:29.446181 np0000005537 devstack@g-api.service[99712]: DEBUG glance.api.middleware.version_negotiation [None req-e0acd404-c74b-40b5-a728-61335385c485 tempest-TestVolumeBootPattern-72070091 tempest-TestVolumeBootPattern-72070091-project-member] Determining version of request: GET /v2/schemas/image Accept: */* {{(pid=99712) process_request /opt/stack/glance/glance/api/middleware/version_negotiation.py:44}}
Jul 21 10:59:29.446181 np0000005537 devstack@g-api.service[99712]: DEBUG glance.api.middleware.version_negotiation [None req-e0acd404-c74b-40b5-a728-61335385c485 tempest-TestVolumeBootPattern-72070091 tempest-TestVolumeBootPattern-72070091-project-member] Using url versioning {{(pid=99712) process_request /opt/stack/glance/glance/api/middleware/version_negotiation.py:57}}
Jul 21 10:59:29.446181 np0000005537 devstack@g-api.service[99712]: DEBUG glance.api.middleware.version_negotiation [None req-e0acd404-c74b-40b5-a728-61335385c485 tempest-TestVolumeBootPattern-72070091 tempest-TestVolumeBootPattern-72070091-project-member] Matched version: v2 {{(pid=99712) process_request /opt/stack/glance/glance/api/middleware/version_negotiation.py:69}}
Jul 21 10:59:29.446181 np0000005537 devstack@g-api.service[99712]: DEBUG glance.api.middleware.version_negotiation [None req-e0acd404-c74b-40b5-a728-61335385c485 tempest-TestVolumeBootPattern-72070091 tempest-TestVolumeBootPattern-72070091-project-member] new path /v2/schemas/image {{(pid=99712) process_request /opt/stack/glance/glance/api/middleware/version_negotiation.py:70}}
Jul 21 10:59:29.448853 np0000005537 devstack@g-api.service[99712]: [pid: 99712|app: 0|req: 141/403] 127.0.0.1 () {44 vars in 1051 bytes} [Tue Jul 21 10:59:29 2026] GET /v2/schemas/image => generated 6083 bytes in 3 msecs (HTTP/1.1 200) 4 headers in 158 bytes (1 switches on core 0)
Jul 21 10:59:29.459317 np0000005537 devstack@g-api.service[99711]: DEBUG glance.api.middleware.version_negotiation [None req-e0acd404-c74b-40b5-a728-61335385c485 tempest-TestVolumeBootPattern-72070091 tempest-TestVolumeBootPattern-72070091-project-member] Determining version of request: GET /v2/schemas/image Accept: */* {{(pid=99711) process_request /opt/stack/glance/glance/api/middleware/version_negotiation.py:44}}
Jul 21 10:59:29.459535 np0000005537 devstack@g-api.service[99711]: DEBUG glance.api.middleware.version_negotiation [None req-e0acd404-c74b-40b5-a728-61335385c485 tempest-TestVolumeBootPattern-72070091 tempest-TestVolumeBootPattern-72070091-project-member] Using url versioning {{(pid=99711) process_request /opt/stack/glance/glance/api/middleware/version_negotiation.py:57}}
Jul 21 10:59:29.459723 np0000005537 devstack@g-api.service[99711]: DEBUG glance.api.middleware.version_negotiation [None req-e0acd404-c74b-40b5-a728-61335385c485 tempest-TestVolumeBootPattern-72070091 tempest-TestVolumeBootPattern-72070091-project-member] Matched version: v2 {{(pid=99711) process_request /opt/stack/glance/glance/api/middleware/version_negotiation.py:69}}
Jul 21 10:59:29.459916 np0000005537 devstack@g-api.service[99711]: DEBUG glance.api.middleware.version_negotiation [None req-e0acd404-c74b-40b5-a728-61335385c485 tempest-TestVolumeBootPattern-72070091 tempest-TestVolumeBootPattern-72070091-project-member] new path /v2/schemas/image {{(pid=99711) process_request /opt/stack/glance/glance/api/middleware/version_negotiation.py:70}}
Jul 21 10:59:29.462210 np0000005537 devstack@g-api.service[99711]: [pid: 99711|app: 0|req: 141/404] 127.0.0.1 () {44 vars in 1051 bytes} [Tue Jul 21 10:59:29 2026] GET /v2/schemas/image => generated 6083 bytes in 3 msecs (HTTP/1.1 200) 4 headers in 158 bytes (1 switches on core 0)
Jul 21 10:59:29.486926 np0000005537 devstack@g-api.service[99712]: DEBUG glance.api.middleware.version_negotiation [None req-e0acd404-c74b-40b5-a728-61335385c485 tempest-TestVolumeBootPattern-72070091 tempest-TestVolumeBootPattern-72070091-project-member] Determining version of request: GET /v2/images/65fb854f-676a-4ea9-bfd4-a41650416125 Accept: */* {{(pid=99712) process_request /opt/stack/glance/glance/api/middleware/version_negotiation.py:44}}
Jul 21 10:59:29.487133 np0000005537 devstack@g-api.service[99712]: DEBUG glance.api.middleware.version_negotiation [None req-e0acd404-c74b-40b5-a728-61335385c485 tempest-TestVolumeBootPattern-72070091 tempest-TestVolumeBootPattern-72070091-project-member] Using url versioning {{(pid=99712) process_request /opt/stack/glance/glance/api/middleware/version_negotiation.py:57}}
Jul 21 10:59:29.487348 np0000005537 devstack@g-api.service[99712]: DEBUG glance.api.middleware.version_negotiation [None req-e0acd404-c74b-40b5-a728-61335385c485 tempest-TestVolumeBootPattern-72070091 tempest-TestVolumeBootPattern-72070091-project-member] Matched version: v2 {{(pid=99712) process_request /opt/stack/glance/glance/api/middleware/version_negotiation.py:69}}
Jul 21 10:59:29.488644 np0000005537 devstack@g-api.service[99712]: DEBUG glance.api.middleware.version_negotiation [None req-e0acd404-c74b-40b5-a728-61335385c485 tempest-TestVolumeBootPattern-72070091 tempest-TestVolumeBootPattern-72070091-project-member] new path /v2/images/65fb854f-676a-4ea9-bfd4-a41650416125 {{(pid=99712) process_request /opt/stack/glance/glance/api/middleware/version_negotiation.py:70}}
Jul 21 10:59:29.505877 np0000005537 devstack@g-api.service[99712]: [pid: 99712|app: 0|req: 142/405] 127.0.0.1 () {44 vars in 1111 bytes} [Tue Jul 21 10:59:29 2026] GET /v2/images/65fb854f-676a-4ea9-bfd4-a41650416125 => generated 1044 bytes in 19 msecs (HTTP/1.1 200) 4 headers in 158 bytes (1 switches on core 0)
Jul 21 10:59:29.513758 np0000005537 devstack@g-api.service[99711]: DEBUG glance.api.middleware.version_negotiation [None req-e0acd404-c74b-40b5-a728-61335385c485 tempest-TestVolumeBootPattern-72070091 tempest-TestVolumeBootPattern-72070091-project-member] Determining version of request: GET /v2/schemas/image Accept: */* {{(pid=99711) process_request /opt/stack/glance/glance/api/middleware/version_negotiation.py:44}}
Jul 21 10:59:29.513939 np0000005537 devstack@g-api.service[99711]: DEBUG glance.api.middleware.version_negotiation [None req-e0acd404-c74b-40b5-a728-61335385c485 tempest-TestVolumeBootPattern-72070091 tempest-TestVolumeBootPattern-72070091-project-member] Using url versioning {{(pid=99711) process_request /opt/stack/glance/glance/api/middleware/version_negotiation.py:57}}
Jul 21 10:59:29.513999 np0000005537 devstack@g-api.service[99711]: DEBUG glance.api.middleware.version_negotiation [None req-e0acd404-c74b-40b5-a728-61335385c485 tempest-TestVolumeBootPattern-72070091 tempest-TestVolumeBootPattern-72070091-project-member] Matched version: v2 {{(pid=99711) process_request /opt/stack/glance/glance/api/middleware/version_negotiation.py:69}}
Jul 21 10:59:29.514109 np0000005537 devstack@g-api.service[99711]: DEBUG glance.api.middleware.version_negotiation [None req-e0acd404-c74b-40b5-a728-61335385c485 tempest-TestVolumeBootPattern-72070091 tempest-TestVolumeBootPattern-72070091-project-member] new path /v2/schemas/image {{(pid=99711) process_request /opt/stack/glance/glance/api/middleware/version_negotiation.py:70}}
Jul 21 10:59:29.516274 np0000005537 devstack@g-api.service[99711]: [pid: 99711|app: 0|req: 142/406] 127.0.0.1 () {44 vars in 1051 bytes} [Tue Jul 21 10:59:29 2026] GET /v2/schemas/image => generated 6083 bytes in 2 msecs (HTTP/1.1 200) 4 headers in 158 bytes (1 switches on core 0)
Jul 21 10:59:29.594348 np0000005537 devstack@g-api.service[99710]: DEBUG swiftclient [None req-4e9ce466-34b1-45dc-8d87-597bba2d6da1 tempest-ServerBootFromVolumeStableRescueTest-711936086 tempest-ServerBootFromVolumeStableRescueTest-711936086-project-member] REQ: curl -i https://10.4.3.50:8080/v1/AUTH_5dc0e21b36c548e3ad615231ea31982c/glance -I -H "X-Auth-Token: gAAAAABqX1ERA5j1..." {{(pid=99710) http_log /opt/stack/data/venv/lib/python3.12/site-packages/swiftclient/client.py:160}}
Jul 21 10:59:29.594562 np0000005537 devstack@g-api.service[99710]: DEBUG swiftclient [None req-4e9ce466-34b1-45dc-8d87-597bba2d6da1 tempest-ServerBootFromVolumeStableRescueTest-711936086 tempest-ServerBootFromVolumeStableRescueTest-711936086-project-member] RESP STATUS: 204 No Content {{(pid=99710) http_log /opt/stack/data/venv/lib/python3.12/site-packages/swiftclient/client.py:161}}
Jul 21 10:59:29.594799 np0000005537 devstack@g-api.service[99710]: DEBUG swiftclient [None req-4e9ce466-34b1-45dc-8d87-597bba2d6da1 tempest-ServerBootFromVolumeStableRescueTest-711936086 tempest-ServerBootFromVolumeStableRescueTest-711936086-project-member] RESP HEADERS: {'Date': 'Tue, 21 Jul 2026 10:59:29 GMT', 'Server': 'Apache/2.4.58 (Ubuntu)', 'Content-Type': 'text/plain; charset=utf-8', 'X-Container-Object-Count': '3', 'X-Container-Bytes-Used': '64356352', 'X-Timestamp': '1784631051.93466', 'Last-Modified': 'Tue, 21 Jul 2026 10:50:52 GMT', 'Accept-Ranges': 'bytes', 'X-Storage-Policy': 'Policy-0', 'X-Container-Sharding': 'False', 'Vary': 'Accept', 'X-Trans-Id': 'txa342a31831664ae9b41ec-006a5f5111', 'X-Openstack-Request-Id': 'txa342a31831664ae9b41ec-006a5f5111', 'Connection': 'close'} {{(pid=99710) http_log /opt/stack/data/venv/lib/python3.12/site-packages/swiftclient/client.py:162}}
Jul 21 10:59:29.595009 np0000005537 devstack@g-api.service[99710]: DEBUG glance_store._drivers.swift.store [None req-4e9ce466-34b1-45dc-8d87-597bba2d6da1 tempest-ServerBootFromVolumeStableRescueTest-711936086 tempest-ServerBootFromVolumeStableRescueTest-711936086-project-member] Adding image object '72990b34-946f-4995-bfc9-c6c07c3bdd70' to Swift {{(pid=99710) add /opt/stack/data/venv/lib/python3.12/site-packages/glance_store/_drivers/swift/store.py:970}}
Jul 21 10:59:29.595119 np0000005537 devstack@g-api.service[99710]: DEBUG glance_store._drivers.swift.store [None req-4e9ce466-34b1-45dc-8d87-597bba2d6da1 tempest-ServerBootFromVolumeStableRescueTest-711936086 tempest-ServerBootFromVolumeStableRescueTest-711936086-project-member] Cannot determine image size because it is either not provided in the request or chunked-transfer encoding is used. Adding image as a segmented object to Swift. {{(pid=99710) add /opt/stack/data/venv/lib/python3.12/site-packages/glance_store/_drivers/swift/store.py:994}}
Jul 21 10:59:29.604930 np0000005537 devstack@g-api.service[99710]: DEBUG oslo_utils.imageutils.format_inspector [None req-4e9ce466-34b1-45dc-8d87-597bba2d6da1 tempest-ServerBootFromVolumeStableRescueTest-711936086 tempest-ServerBootFromVolumeStableRescueTest-711936086-project-member] Format inspector for vmdk does not match, excluding from consideration (Signature KDMV not found: b'QFI\xfb') {{(pid=99710) _process_chunk /opt/stack/data/venv/lib/python3.12/site-packages/oslo_utils/imageutils/format_inspector.py:1758}}
Jul 21 10:59:29.609795 np0000005537 devstack@g-api.service[99710]: DEBUG oslo_utils.imageutils.format_inspector [None req-4e9ce466-34b1-45dc-8d87-597bba2d6da1 tempest-ServerBootFromVolumeStableRescueTest-711936086 tempest-ServerBootFromVolumeStableRescueTest-711936086-project-member] Format inspector for vhdx does not match, excluding from consideration (Region signature not found at 30000) {{(pid=99710) _process_chunk /opt/stack/data/venv/lib/python3.12/site-packages/oslo_utils/imageutils/format_inspector.py:1758}}
Jul 21 10:59:29.752364 np0000005537 devstack@g-api.service[99712]: DEBUG glance.api.middleware.version_negotiation [None req-e0acd404-c74b-40b5-a728-61335385c485 tempest-TestVolumeBootPattern-72070091 tempest-TestVolumeBootPattern-72070091-project-member] Determining version of request: GET /v2/images/72990b34-946f-4995-bfc9-c6c07c3bdd70 Accept: application/json {{(pid=99712) process_request /opt/stack/glance/glance/api/middleware/version_negotiation.py:44}}
Jul 21 10:59:29.753957 np0000005537 devstack@g-api.service[99712]: DEBUG glance.api.middleware.version_negotiation [None req-e0acd404-c74b-40b5-a728-61335385c485 tempest-TestVolumeBootPattern-72070091 tempest-TestVolumeBootPattern-72070091-project-member] Using url versioning {{(pid=99712) process_request /opt/stack/glance/glance/api/middleware/version_negotiation.py:57}}
Jul 21 10:59:29.753957 np0000005537 devstack@g-api.service[99712]: DEBUG glance.api.middleware.version_negotiation [None req-e0acd404-c74b-40b5-a728-61335385c485 tempest-TestVolumeBootPattern-72070091 tempest-TestVolumeBootPattern-72070091-project-member] Matched version: v2 {{(pid=99712) process_request /opt/stack/glance/glance/api/middleware/version_negotiation.py:69}}
Jul 21 10:59:29.753957 np0000005537 devstack@g-api.service[99712]: DEBUG glance.api.middleware.version_negotiation [None req-e0acd404-c74b-40b5-a728-61335385c485 tempest-TestVolumeBootPattern-72070091 tempest-TestVolumeBootPattern-72070091-project-member] new path /v2/images/72990b34-946f-4995-bfc9-c6c07c3bdd70 {{(pid=99712) process_request /opt/stack/glance/glance/api/middleware/version_negotiation.py:70}}
Jul 21 10:59:29.770109 np0000005537 devstack@g-api.service[99712]: [pid: 99712|app: 0|req: 143/407] 127.0.0.1 () {40 vars in 834 bytes} [Tue Jul 21 10:59:29 2026] GET /v2/images/72990b34-946f-4995-bfc9-c6c07c3bdd70 => generated 1469 bytes in 18 msecs (HTTP/1.1 200) 4 headers in 158 bytes (1 switches on core 0)
Jul 21 10:59:29.862194 np0000005537 devstack@g-api.service[99710]: DEBUG swiftclient [None req-4e9ce466-34b1-45dc-8d87-597bba2d6da1 tempest-ServerBootFromVolumeStableRescueTest-711936086 tempest-ServerBootFromVolumeStableRescueTest-711936086-project-member] REQ: curl -i https://10.4.3.50:8080/v1/AUTH_5dc0e21b36c548e3ad615231ea31982c/glance/72990b34-946f-4995-bfc9-c6c07c3bdd70-00001 -X PUT -H "X-Auth-Token: gAAAAABqX1ERA5j1..." {{(pid=99710) http_log /opt/stack/data/venv/lib/python3.12/site-packages/swiftclient/client.py:160}}
Jul 21 10:59:29.862584 np0000005537 devstack@g-api.service[99710]: DEBUG swiftclient [None req-4e9ce466-34b1-45dc-8d87-597bba2d6da1 tempest-ServerBootFromVolumeStableRescueTest-711936086 tempest-ServerBootFromVolumeStableRescueTest-711936086-project-member] RESP STATUS: 201 Created {{(pid=99710) http_log /opt/stack/data/venv/lib/python3.12/site-packages/swiftclient/client.py:161}}
Jul 21 10:59:29.862584 np0000005537 devstack@g-api.service[99710]: DEBUG swiftclient [None req-4e9ce466-34b1-45dc-8d87-597bba2d6da1 tempest-ServerBootFromVolumeStableRescueTest-711936086 tempest-ServerBootFromVolumeStableRescueTest-711936086-project-member] RESP HEADERS: {'Date': 'Tue, 21 Jul 2026 10:59:29 GMT', 'Server': 'Apache/2.4.58 (Ubuntu)', 'Content-Type': 'text/html; charset=UTF-8', 'Content-Length': '0', 'Etag': '4fa343ee581d8d2e78533191fd1ac3e1', 'Last-Modified': 'Tue, 21 Jul 2026 10:59:30 GMT', 'X-Trans-Id': 'tx6fa7d1b0bb484286a6c91-006a5f5111', 'X-Openstack-Request-Id': 'tx6fa7d1b0bb484286a6c91-006a5f5111', 'Connection': 'close'} {{(pid=99710) http_log /opt/stack/data/venv/lib/python3.12/site-packages/swiftclient/client.py:162}}
Jul 21 10:59:29.862584 np0000005537 devstack@g-api.service[99710]: DEBUG glance_store._drivers.swift.store [None req-4e9ce466-34b1-45dc-8d87-597bba2d6da1 tempest-ServerBootFromVolumeStableRescueTest-711936086 tempest-ServerBootFromVolumeStableRescueTest-711936086-project-member] Wrote chunk 72990b34-946f-4995-bfc9-c6c07c3bdd70-00001 (1/?) of length 23527424 to Swift returning MD5 of content: 4fa343ee581d8d2e78533191fd1ac3e1 {{(pid=99710) add /opt/stack/data/venv/lib/python3.12/site-packages/glance_store/_drivers/swift/store.py:1059}}
Jul 21 10:59:29.862954 np0000005537 devstack@g-api.service[99710]: DEBUG glance_store._drivers.swift.store [None req-4e9ce466-34b1-45dc-8d87-597bba2d6da1 tempest-ServerBootFromVolumeStableRescueTest-711936086 tempest-ServerBootFromVolumeStableRescueTest-711936086-project-member] Not writing zero-length chunk. {{(pid=99710) add /opt/stack/data/venv/lib/python3.12/site-packages/glance_store/_drivers/swift/store.py:1028}}
Jul 21 10:59:29.886870 np0000005537 devstack@g-api.service[99710]: DEBUG swiftclient [None req-4e9ce466-34b1-45dc-8d87-597bba2d6da1 tempest-ServerBootFromVolumeStableRescueTest-711936086 tempest-ServerBootFromVolumeStableRescueTest-711936086-project-member] REQ: curl -i https://10.4.3.50:8080/v1/AUTH_5dc0e21b36c548e3ad615231ea31982c/glance/72990b34-946f-4995-bfc9-c6c07c3bdd70 -X PUT -H "X-Object-Manifest: glance/72990b34-946f-4995-bfc9-c6c07c3bdd70-" -H "X-Auth-Token: gAAAAABqX1ERA5j1..." -H "Content-Length: 0" {{(pid=99710) http_log /opt/stack/data/venv/lib/python3.12/site-packages/swiftclient/client.py:160}}
Jul 21 10:59:29.887000 np0000005537 devstack@g-api.service[99710]: DEBUG swiftclient [None req-4e9ce466-34b1-45dc-8d87-597bba2d6da1 tempest-ServerBootFromVolumeStableRescueTest-711936086 tempest-ServerBootFromVolumeStableRescueTest-711936086-project-member] RESP STATUS: 201 Created {{(pid=99710) http_log /opt/stack/data/venv/lib/python3.12/site-packages/swiftclient/client.py:161}}
Jul 21 10:59:29.887162 np0000005537 devstack@g-api.service[99710]: DEBUG swiftclient [None req-4e9ce466-34b1-45dc-8d87-597bba2d6da1 tempest-ServerBootFromVolumeStableRescueTest-711936086 tempest-ServerBootFromVolumeStableRescueTest-711936086-project-member] RESP HEADERS: {'Date': 'Tue, 21 Jul 2026 10:59:29 GMT', 'Server': 'Apache/2.4.58 (Ubuntu)', 'Content-Type': 'text/html; charset=UTF-8', 'Content-Length': '0', 'Etag': 'd41d8cd98f00b204e9800998ecf8427e', 'Last-Modified': 'Tue, 21 Jul 2026 10:59:30 GMT', 'X-Trans-Id': 'tx42bd228aa4194683af59e-006a5f5111', 'X-Openstack-Request-Id': 'tx42bd228aa4194683af59e-006a5f5111', 'Connection': 'close'} {{(pid=99710) http_log /opt/stack/data/venv/lib/python3.12/site-packages/swiftclient/client.py:162}}
Jul 21 10:59:29.887590 np0000005537 devstack@g-api.service[99710]: INFO glance.location [None req-4e9ce466-34b1-45dc-8d87-597bba2d6da1 tempest-ServerBootFromVolumeStableRescueTest-711936086 tempest-ServerBootFromVolumeStableRescueTest-711936086-project-member] Image format matched and virtual size computed: 1073741824
Jul 21 10:59:29.916903 np0000005537 devstack@g-api.service[99710]: DEBUG glance_store.backend [None req-4e9ce466-34b1-45dc-8d87-597bba2d6da1 tempest-ServerBootFromVolumeStableRescueTest-711936086 tempest-ServerBootFromVolumeStableRescueTest-711936086-project-member] Attempting to import store swift {{(pid=99710) _load_store /opt/stack/data/venv/lib/python3.12/site-packages/glance_store/backend.py:215}}
Jul 21 10:59:29.918127 np0000005537 devstack@g-api.service[99710]: DEBUG glance_store.capabilities [None req-4e9ce466-34b1-45dc-8d87-597bba2d6da1 tempest-ServerBootFromVolumeStableRescueTest-711936086 tempest-ServerBootFromVolumeStableRescueTest-711936086-project-member] Store glance_store._drivers.swift.store.SingleTenantStore doesn't support updating dynamic storage capabilities. Please overwrite 'update_capabilities' method of the store to implement updating logics if needed. {{(pid=99710) update_capabilities /opt/stack/data/venv/lib/python3.12/site-packages/glance_store/capabilities.py:91}}
Jul 21 10:59:29.918264 np0000005537 devstack@g-api.service[99710]: DEBUG glance_store.driver [None req-4e9ce466-34b1-45dc-8d87-597bba2d6da1 tempest-ServerBootFromVolumeStableRescueTest-711936086 tempest-ServerBootFromVolumeStableRescueTest-711936086-project-member] Late loading location class glance_store._drivers.swift.store.StoreLocation {{(pid=99710) get_store_location_class /opt/stack/data/venv/lib/python3.12/site-packages/glance_store/driver.py:134}}
Jul 21 10:59:29.918402 np0000005537 devstack@g-api.service[99710]: DEBUG glance_store.location [None req-4e9ce466-34b1-45dc-8d87-597bba2d6da1 tempest-ServerBootFromVolumeStableRescueTest-711936086 tempest-ServerBootFromVolumeStableRescueTest-711936086-project-member] Registering scheme swift+https with {'store': , 'location_class': , 'store_entry': 'swift'} {{(pid=99710) register_scheme_map /opt/stack/data/venv/lib/python3.12/site-packages/glance_store/location.py:146}}
Jul 21 10:59:29.918523 np0000005537 devstack@g-api.service[99710]: DEBUG glance_store.location [None req-4e9ce466-34b1-45dc-8d87-597bba2d6da1 tempest-ServerBootFromVolumeStableRescueTest-711936086 tempest-ServerBootFromVolumeStableRescueTest-711936086-project-member] Registering scheme swift+https with {'store': , 'location_class': , 'store_entry': 'swift'} {{(pid=99710) register_scheme_map /opt/stack/data/venv/lib/python3.12/site-packages/glance_store/location.py:146}}
Jul 21 10:59:29.918647 np0000005537 devstack@g-api.service[99710]: DEBUG glance_store.location [None req-4e9ce466-34b1-45dc-8d87-597bba2d6da1 tempest-ServerBootFromVolumeStableRescueTest-711936086 tempest-ServerBootFromVolumeStableRescueTest-711936086-project-member] Registering scheme swift with {'store': , 'location_class': , 'store_entry': 'swift'} {{(pid=99710) register_scheme_map /opt/stack/data/venv/lib/python3.12/site-packages/glance_store/location.py:146}}
Jul 21 10:59:29.918768 np0000005537 devstack@g-api.service[99710]: DEBUG glance_store.location [None req-4e9ce466-34b1-45dc-8d87-597bba2d6da1 tempest-ServerBootFromVolumeStableRescueTest-711936086 tempest-ServerBootFromVolumeStableRescueTest-711936086-project-member] Registering scheme swift+https with {'store': , 'location_class': , 'store_entry': 'swift'} {{(pid=99710) register_scheme_map /opt/stack/data/venv/lib/python3.12/site-packages/glance_store/location.py:146}}
Jul 21 10:59:29.918890 np0000005537 devstack@g-api.service[99710]: DEBUG glance_store.location [None req-4e9ce466-34b1-45dc-8d87-597bba2d6da1 tempest-ServerBootFromVolumeStableRescueTest-711936086 tempest-ServerBootFromVolumeStableRescueTest-711936086-project-member] Registering scheme swift with {'store': , 'location_class': , 'store_entry': 'swift'} {{(pid=99710) register_scheme_map /opt/stack/data/venv/lib/python3.12/site-packages/glance_store/location.py:146}}
Jul 21 10:59:29.918998 np0000005537 devstack@g-api.service[99710]: DEBUG glance_store.location [None req-4e9ce466-34b1-45dc-8d87-597bba2d6da1 tempest-ServerBootFromVolumeStableRescueTest-711936086 tempest-ServerBootFromVolumeStableRescueTest-711936086-project-member] Registering scheme swift+http with {'store': , 'location_class': , 'store_entry': 'swift'} {{(pid=99710) register_scheme_map /opt/stack/data/venv/lib/python3.12/site-packages/glance_store/location.py:146}}
Jul 21 10:59:29.919113 np0000005537 devstack@g-api.service[99710]: DEBUG glance_store.location [None req-4e9ce466-34b1-45dc-8d87-597bba2d6da1 tempest-ServerBootFromVolumeStableRescueTest-711936086 tempest-ServerBootFromVolumeStableRescueTest-711936086-project-member] Registering scheme swift+https with {'store': , 'location_class': , 'store_entry': 'swift'} {{(pid=99710) register_scheme_map /opt/stack/data/venv/lib/python3.12/site-packages/glance_store/location.py:146}}
Jul 21 10:59:29.919223 np0000005537 devstack@g-api.service[99710]: DEBUG glance_store.location [None req-4e9ce466-34b1-45dc-8d87-597bba2d6da1 tempest-ServerBootFromVolumeStableRescueTest-711936086 tempest-ServerBootFromVolumeStableRescueTest-711936086-project-member] Registering scheme swift with {'store': , 'location_class': , 'store_entry': 'swift'} {{(pid=99710) register_scheme_map /opt/stack/data/venv/lib/python3.12/site-packages/glance_store/location.py:146}}
Jul 21 10:59:29.919462 np0000005537 devstack@g-api.service[99710]: DEBUG glance_store.location [None req-4e9ce466-34b1-45dc-8d87-597bba2d6da1 tempest-ServerBootFromVolumeStableRescueTest-711936086 tempest-ServerBootFromVolumeStableRescueTest-711936086-project-member] Registering scheme swift+http with {'store': , 'location_class': , 'store_entry': 'swift'} {{(pid=99710) register_scheme_map /opt/stack/data/venv/lib/python3.12/site-packages/glance_store/location.py:146}}
Jul 21 10:59:29.919573 np0000005537 devstack@g-api.service[99710]: DEBUG glance_store.location [None req-4e9ce466-34b1-45dc-8d87-597bba2d6da1 tempest-ServerBootFromVolumeStableRescueTest-711936086 tempest-ServerBootFromVolumeStableRescueTest-711936086-project-member] Registering scheme swift+config with {'store': , 'location_class': , 'store_entry': 'swift'} {{(pid=99710) register_scheme_map /opt/stack/data/venv/lib/python3.12/site-packages/glance_store/location.py:146}}
Jul 21 10:59:29.919698 np0000005537 devstack@g-api.service[99710]: DEBUG glance_store.backend [None req-4e9ce466-34b1-45dc-8d87-597bba2d6da1 tempest-ServerBootFromVolumeStableRescueTest-711936086 tempest-ServerBootFromVolumeStableRescueTest-711936086-project-member] Skipping store.set_acls... not implemented. {{(pid=99710) set_acls /opt/stack/data/venv/lib/python3.12/site-packages/glance_store/backend.py:507}}
Jul 21 10:59:29.921444 np0000005537 devstack@g-api.service[99710]: [pid: 99710|app: 0|req: 123/408] 127.0.0.1 () {46 vars in 1154 bytes} [Tue Jul 21 10:59:28 2026] PUT /v2/images/72990b34-946f-4995-bfc9-c6c07c3bdd70/file => generated 0 bytes in 1692 msecs (HTTP/1.1 204) 4 headers in 171 bytes (1 switches on core 0)
Jul 21 10:59:29.954389 np0000005537 devstack@g-api.service[99711]: DEBUG glance.api.middleware.version_negotiation [None req-e0acd404-c74b-40b5-a728-61335385c485 tempest-TestVolumeBootPattern-72070091 tempest-TestVolumeBootPattern-72070091-project-member] Determining version of request: GET /versions Accept: */* {{(pid=99711) process_request /opt/stack/glance/glance/api/middleware/version_negotiation.py:44}}
Jul 21 10:59:29.955354 np0000005537 devstack@g-api.service[99711]: [pid: 99711|app: 0|req: 143/409] 127.0.0.1 () {44 vars in 1035 bytes} [Tue Jul 21 10:59:29 2026] GET /versions => generated 1501 bytes in 1 msecs (HTTP/1.1 200) 3 headers in 92 bytes (1 switches on core 0)
Jul 21 10:59:29.960028 np0000005537 devstack@g-api.service[99712]: DEBUG glance.api.middleware.version_negotiation [None req-c20c608b-69f2-461b-b54f-a5cce811fc69 tempest-ServerBootFromVolumeStableRescueTest-711936086 tempest-ServerBootFromVolumeStableRescueTest-711936086-project-member] Determining version of request: GET /v2/images/72990b34-946f-4995-bfc9-c6c07c3bdd70 Accept: */* {{(pid=99712) process_request /opt/stack/glance/glance/api/middleware/version_negotiation.py:44}}
Jul 21 10:59:29.960028 np0000005537 devstack@g-api.service[99712]: DEBUG glance.api.middleware.version_negotiation [None req-c20c608b-69f2-461b-b54f-a5cce811fc69 tempest-ServerBootFromVolumeStableRescueTest-711936086 tempest-ServerBootFromVolumeStableRescueTest-711936086-project-member] Using url versioning {{(pid=99712) process_request /opt/stack/glance/glance/api/middleware/version_negotiation.py:57}}
Jul 21 10:59:29.960028 np0000005537 devstack@g-api.service[99712]: DEBUG glance.api.middleware.version_negotiation [None req-c20c608b-69f2-461b-b54f-a5cce811fc69 tempest-ServerBootFromVolumeStableRescueTest-711936086 tempest-ServerBootFromVolumeStableRescueTest-711936086-project-member] Matched version: v2 {{(pid=99712) process_request /opt/stack/glance/glance/api/middleware/version_negotiation.py:69}}
Jul 21 10:59:29.960028 np0000005537 devstack@g-api.service[99712]: DEBUG glance.api.middleware.version_negotiation [None req-c20c608b-69f2-461b-b54f-a5cce811fc69 tempest-ServerBootFromVolumeStableRescueTest-711936086 tempest-ServerBootFromVolumeStableRescueTest-711936086-project-member] new path /v2/images/72990b34-946f-4995-bfc9-c6c07c3bdd70 {{(pid=99712) process_request /opt/stack/glance/glance/api/middleware/version_negotiation.py:70}}
Jul 21 10:59:29.963147 np0000005537 devstack@g-api.service[99710]: DEBUG glance.api.middleware.version_negotiation [None req-4e9ce466-34b1-45dc-8d87-597bba2d6da1 tempest-ServerBootFromVolumeStableRescueTest-711936086 tempest-ServerBootFromVolumeStableRescueTest-711936086-project-member] Determining version of request: GET /v2/images/65fb854f-676a-4ea9-bfd4-a41650416125/locations Accept: */* {{(pid=99710) process_request /opt/stack/glance/glance/api/middleware/version_negotiation.py:44}}
Jul 21 10:59:29.963412 np0000005537 devstack@g-api.service[99710]: DEBUG glance.api.middleware.version_negotiation [None req-4e9ce466-34b1-45dc-8d87-597bba2d6da1 tempest-ServerBootFromVolumeStableRescueTest-711936086 tempest-ServerBootFromVolumeStableRescueTest-711936086-project-member] Using url versioning {{(pid=99710) process_request /opt/stack/glance/glance/api/middleware/version_negotiation.py:57}}
Jul 21 10:59:29.963555 np0000005537 devstack@g-api.service[99710]: DEBUG glance.api.middleware.version_negotiation [None req-4e9ce466-34b1-45dc-8d87-597bba2d6da1 tempest-ServerBootFromVolumeStableRescueTest-711936086 tempest-ServerBootFromVolumeStableRescueTest-711936086-project-member] Matched version: v2 {{(pid=99710) process_request /opt/stack/glance/glance/api/middleware/version_negotiation.py:69}}
Jul 21 10:59:29.963655 np0000005537 devstack@g-api.service[99710]: DEBUG glance.api.middleware.version_negotiation [None req-4e9ce466-34b1-45dc-8d87-597bba2d6da1 tempest-ServerBootFromVolumeStableRescueTest-711936086 tempest-ServerBootFromVolumeStableRescueTest-711936086-project-member] new path /v2/images/65fb854f-676a-4ea9-bfd4-a41650416125/locations {{(pid=99710) process_request /opt/stack/glance/glance/api/middleware/version_negotiation.py:70}}
Jul 21 10:59:29.973642 np0000005537 devstack@g-api.service[99712]: [pid: 99712|app: 0|req: 144/410] 127.0.0.1 () {44 vars in 1111 bytes} [Tue Jul 21 10:59:29 2026] GET /v2/images/72990b34-946f-4995-bfc9-c6c07c3bdd70 => generated 1639 bytes in 14 msecs (HTTP/1.1 200) 4 headers in 158 bytes (1 switches on core 0)
Jul 21 10:59:30.006254 np0000005537 devstack@g-api.service[99711]: DEBUG glance.api.middleware.version_negotiation [None req-e0acd404-c74b-40b5-a728-61335385c485 tempest-TestVolumeBootPattern-72070091 tempest-TestVolumeBootPattern-72070091-project-member] Determining version of request: GET /v2/schemas/image Accept: */* {{(pid=99711) process_request /opt/stack/glance/glance/api/middleware/version_negotiation.py:44}}
Jul 21 10:59:30.006494 np0000005537 devstack@g-api.service[99711]: DEBUG glance.api.middleware.version_negotiation [None req-e0acd404-c74b-40b5-a728-61335385c485 tempest-TestVolumeBootPattern-72070091 tempest-TestVolumeBootPattern-72070091-project-member] Using url versioning {{(pid=99711) process_request /opt/stack/glance/glance/api/middleware/version_negotiation.py:57}}
Jul 21 10:59:30.006617 np0000005537 devstack@g-api.service[99711]: DEBUG glance.api.middleware.version_negotiation [None req-e0acd404-c74b-40b5-a728-61335385c485 tempest-TestVolumeBootPattern-72070091 tempest-TestVolumeBootPattern-72070091-project-member] Matched version: v2 {{(pid=99711) process_request /opt/stack/glance/glance/api/middleware/version_negotiation.py:69}}
Jul 21 10:59:30.006759 np0000005537 devstack@g-api.service[99711]: DEBUG glance.api.middleware.version_negotiation [None req-e0acd404-c74b-40b5-a728-61335385c485 tempest-TestVolumeBootPattern-72070091 tempest-TestVolumeBootPattern-72070091-project-member] new path /v2/schemas/image {{(pid=99711) process_request /opt/stack/glance/glance/api/middleware/version_negotiation.py:70}}
Jul 21 10:59:30.009370 np0000005537 devstack@g-api.service[99711]: [pid: 99711|app: 0|req: 144/411] 127.0.0.1 () {44 vars in 1051 bytes} [Tue Jul 21 10:59:30 2026] GET /v2/schemas/image => generated 6083 bytes in 3 msecs (HTTP/1.1 200) 4 headers in 158 bytes (1 switches on core 0)
Jul 21 10:59:30.010523 np0000005537 devstack@g-api.service[99710]: [pid: 99710|app: 0|req: 124/412] 127.0.0.1 () {44 vars in 1131 bytes} [Tue Jul 21 10:59:29 2026] GET /v2/images/65fb854f-676a-4ea9-bfd4-a41650416125/locations => generated 92 bytes in 47 msecs (HTTP/1.1 200) 4 headers in 156 bytes (1 switches on core 0)
Jul 21 10:59:30.022845 np0000005537 devstack@g-api.service[99712]: DEBUG glance.api.middleware.version_negotiation [None req-4e9ce466-34b1-45dc-8d87-597bba2d6da1 tempest-ServerBootFromVolumeStableRescueTest-711936086 tempest-ServerBootFromVolumeStableRescueTest-711936086-project-member] Determining version of request: GET /v2/images/65fb854f-676a-4ea9-bfd4-a41650416125 Accept: */* {{(pid=99712) process_request /opt/stack/glance/glance/api/middleware/version_negotiation.py:44}}
Jul 21 10:59:30.022845 np0000005537 devstack@g-api.service[99712]: DEBUG glance.api.middleware.version_negotiation [None req-4e9ce466-34b1-45dc-8d87-597bba2d6da1 tempest-ServerBootFromVolumeStableRescueTest-711936086 tempest-ServerBootFromVolumeStableRescueTest-711936086-project-member] Using url versioning {{(pid=99712) process_request /opt/stack/glance/glance/api/middleware/version_negotiation.py:57}}
Jul 21 10:59:30.022845 np0000005537 devstack@g-api.service[99712]: DEBUG glance.api.middleware.version_negotiation [None req-4e9ce466-34b1-45dc-8d87-597bba2d6da1 tempest-ServerBootFromVolumeStableRescueTest-711936086 tempest-ServerBootFromVolumeStableRescueTest-711936086-project-member] Matched version: v2 {{(pid=99712) process_request /opt/stack/glance/glance/api/middleware/version_negotiation.py:69}}
Jul 21 10:59:30.022845 np0000005537 devstack@g-api.service[99712]: DEBUG glance.api.middleware.version_negotiation [None req-4e9ce466-34b1-45dc-8d87-597bba2d6da1 tempest-ServerBootFromVolumeStableRescueTest-711936086 tempest-ServerBootFromVolumeStableRescueTest-711936086-project-member] new path /v2/images/65fb854f-676a-4ea9-bfd4-a41650416125 {{(pid=99712) process_request /opt/stack/glance/glance/api/middleware/version_negotiation.py:70}}
Jul 21 10:59:30.041257 np0000005537 devstack@g-api.service[99712]: [pid: 99712|app: 0|req: 145/413] 127.0.0.1 () {44 vars in 1111 bytes} [Tue Jul 21 10:59:30 2026] GET /v2/images/65fb854f-676a-4ea9-bfd4-a41650416125 => generated 1044 bytes in 20 msecs (HTTP/1.1 200) 4 headers in 158 bytes (1 switches on core 0)
Jul 21 10:59:30.050569 np0000005537 devstack@g-api.service[99711]: DEBUG glance.api.middleware.version_negotiation [None req-4e9ce466-34b1-45dc-8d87-597bba2d6da1 tempest-ServerBootFromVolumeStableRescueTest-711936086 tempest-ServerBootFromVolumeStableRescueTest-711936086-project-member] Determining version of request: GET /v2/schemas/image Accept: */* {{(pid=99711) process_request /opt/stack/glance/glance/api/middleware/version_negotiation.py:44}}
Jul 21 10:59:30.050905 np0000005537 devstack@g-api.service[99711]: DEBUG glance.api.middleware.version_negotiation [None req-4e9ce466-34b1-45dc-8d87-597bba2d6da1 tempest-ServerBootFromVolumeStableRescueTest-711936086 tempest-ServerBootFromVolumeStableRescueTest-711936086-project-member] Using url versioning {{(pid=99711) process_request /opt/stack/glance/glance/api/middleware/version_negotiation.py:57}}
Jul 21 10:59:30.051090 np0000005537 devstack@g-api.service[99711]: DEBUG glance.api.middleware.version_negotiation [None req-4e9ce466-34b1-45dc-8d87-597bba2d6da1 tempest-ServerBootFromVolumeStableRescueTest-711936086 tempest-ServerBootFromVolumeStableRescueTest-711936086-project-member] Matched version: v2 {{(pid=99711) process_request /opt/stack/glance/glance/api/middleware/version_negotiation.py:69}}
Jul 21 10:59:30.051246 np0000005537 devstack@g-api.service[99711]: DEBUG glance.api.middleware.version_negotiation [None req-4e9ce466-34b1-45dc-8d87-597bba2d6da1 tempest-ServerBootFromVolumeStableRescueTest-711936086 tempest-ServerBootFromVolumeStableRescueTest-711936086-project-member] new path /v2/schemas/image {{(pid=99711) process_request /opt/stack/glance/glance/api/middleware/version_negotiation.py:70}}
Jul 21 10:59:30.054114 np0000005537 devstack@g-api.service[99711]: [pid: 99711|app: 0|req: 145/414] 127.0.0.1 () {44 vars in 1051 bytes} [Tue Jul 21 10:59:30 2026] GET /v2/schemas/image => generated 6083 bytes in 4 msecs (HTTP/1.1 200) 4 headers in 158 bytes (1 switches on core 0)
Jul 21 10:59:30.069265 np0000005537 devstack@g-api.service[99710]: DEBUG glance.api.middleware.version_negotiation [None req-e0acd404-c74b-40b5-a728-61335385c485 service glance] Determining version of request: GET /v2/schemas/image Accept: */* {{(pid=99710) process_request /opt/stack/glance/glance/api/middleware/version_negotiation.py:44}}
Jul 21 10:59:30.069501 np0000005537 devstack@g-api.service[99710]: DEBUG glance.api.middleware.version_negotiation [None req-e0acd404-c74b-40b5-a728-61335385c485 service glance] Using url versioning {{(pid=99710) process_request /opt/stack/glance/glance/api/middleware/version_negotiation.py:57}}
Jul 21 10:59:30.069706 np0000005537 devstack@g-api.service[99710]: DEBUG glance.api.middleware.version_negotiation [None req-e0acd404-c74b-40b5-a728-61335385c485 service glance] Matched version: v2 {{(pid=99710) process_request /opt/stack/glance/glance/api/middleware/version_negotiation.py:69}}
Jul 21 10:59:30.069868 np0000005537 devstack@g-api.service[99710]: DEBUG glance.api.middleware.version_negotiation [None req-e0acd404-c74b-40b5-a728-61335385c485 service glance] new path /v2/schemas/image {{(pid=99710) process_request /opt/stack/glance/glance/api/middleware/version_negotiation.py:70}}
Jul 21 10:59:30.073005 np0000005537 devstack@g-api.service[99710]: [pid: 99710|app: 0|req: 125/415] 127.0.0.1 () {44 vars in 1051 bytes} [Tue Jul 21 10:59:30 2026] GET /v2/schemas/image => generated 6083 bytes in 4 msecs (HTTP/1.1 200) 4 headers in 158 bytes (1 switches on core 0)
Jul 21 10:59:30.778510 np0000005537 devstack@g-api.service[99712]: DEBUG glance.api.middleware.version_negotiation [None req-e0acd404-c74b-40b5-a728-61335385c485 tempest-TestVolumeBootPattern-72070091 tempest-TestVolumeBootPattern-72070091-project-member] Determining version of request: GET /v2/images/72990b34-946f-4995-bfc9-c6c07c3bdd70 Accept: application/json {{(pid=99712) process_request /opt/stack/glance/glance/api/middleware/version_negotiation.py:44}}
Jul 21 10:59:30.778510 np0000005537 devstack@g-api.service[99712]: DEBUG glance.api.middleware.version_negotiation [None req-e0acd404-c74b-40b5-a728-61335385c485 tempest-TestVolumeBootPattern-72070091 tempest-TestVolumeBootPattern-72070091-project-member] Using url versioning {{(pid=99712) process_request /opt/stack/glance/glance/api/middleware/version_negotiation.py:57}}
Jul 21 10:59:30.778510 np0000005537 devstack@g-api.service[99712]: DEBUG glance.api.middleware.version_negotiation [None req-e0acd404-c74b-40b5-a728-61335385c485 tempest-TestVolumeBootPattern-72070091 tempest-TestVolumeBootPattern-72070091-project-member] Matched version: v2 {{(pid=99712) process_request /opt/stack/glance/glance/api/middleware/version_negotiation.py:69}}
Jul 21 10:59:30.778510 np0000005537 devstack@g-api.service[99712]: DEBUG glance.api.middleware.version_negotiation [None req-e0acd404-c74b-40b5-a728-61335385c485 tempest-TestVolumeBootPattern-72070091 tempest-TestVolumeBootPattern-72070091-project-member] new path /v2/images/72990b34-946f-4995-bfc9-c6c07c3bdd70 {{(pid=99712) process_request /opt/stack/glance/glance/api/middleware/version_negotiation.py:70}}
Jul 21 10:59:30.790106 np0000005537 devstack@g-api.service[99712]: [pid: 99712|app: 0|req: 146/416] 127.0.0.1 () {40 vars in 834 bytes} [Tue Jul 21 10:59:30 2026] GET /v2/images/72990b34-946f-4995-bfc9-c6c07c3bdd70 => generated 1639 bytes in 13 msecs (HTTP/1.1 200) 4 headers in 158 bytes (1 switches on core 0)
Jul 21 10:59:30.797747 np0000005537 devstack@g-api.service[99711]: DEBUG glance.api.middleware.version_negotiation [None req-e0acd404-c74b-40b5-a728-61335385c485 tempest-TestVolumeBootPattern-72070091 tempest-TestVolumeBootPattern-72070091-project-member] Determining version of request: GET /v2/images/72990b34-946f-4995-bfc9-c6c07c3bdd70 Accept: application/json {{(pid=99711) process_request /opt/stack/glance/glance/api/middleware/version_negotiation.py:44}}
