Jul 21 10:50:27.677058 np0000005537 devstack@neutron-api.service[87523]: DEBUG futurist.periodics [-] Submitting periodic callback 'neutron.plugins.ml2.drivers.ovn.mech_driver.ovsdb.maintenance.HashRingHealthCheckPeriodics.touch_hash_ring_node' {{(pid=87523) _process_scheduled /opt/stack/data/venv/lib/python3.12/site-packages/futurist/periodics.py:784}}
Jul 21 10:50:27.677692 np0000005537 devstack@neutron-api.service[87523]: DEBUG neutron.plugins.ml2.drivers.ovn.mech_driver.ovsdb.maintenance [-] Touching Hash Ring node "b11425d26528561292eb3f30006dcc5f" from periodic health check thread {{(pid=87523) touch_hash_ring_node /opt/stack/neutron/neutron/plugins/ml2/drivers/ovn/mech_driver/ovsdb/maintenance.py:1417}}
Jul 21 10:50:28.595506 np0000005537 devstack@neutron-api.service[87524]: DEBUG futurist.periodics [-] Submitting periodic callback 'neutron.plugins.ml2.drivers.ovn.mech_driver.ovsdb.maintenance.HashRingHealthCheckPeriodics.touch_hash_ring_node' {{(pid=87524) _process_scheduled /opt/stack/data/venv/lib/python3.12/site-packages/futurist/periodics.py:784}}
Jul 21 10:50:28.595938 np0000005537 devstack@neutron-api.service[87524]: DEBUG neutron.plugins.ml2.drivers.ovn.mech_driver.ovsdb.maintenance [-] Touching Hash Ring node "fe05f555f24c53bbb02d729a1648968c" from periodic health check thread {{(pid=87524) touch_hash_ring_node /opt/stack/neutron/neutron/plugins/ml2/drivers/ovn/mech_driver/ovsdb/maintenance.py:1417}}
Jul 21 10:50:28.675806 np0000005537 devstack@neutron-api.service[87525]: DEBUG futurist.periodics [-] Submitting periodic callback 'neutron.plugins.ml2.drivers.ovn.mech_driver.ovsdb.maintenance.HashRingHealthCheckPeriodics.touch_hash_ring_node' {{(pid=87525) _process_scheduled /opt/stack/data/venv/lib/python3.12/site-packages/futurist/periodics.py:784}}
Jul 21 10:50:28.676136 np0000005537 devstack@neutron-api.service[87525]: DEBUG neutron.plugins.ml2.drivers.ovn.mech_driver.ovsdb.maintenance [-] Touching Hash Ring node "cadd8d36c3ad5068ad28e4dde796fa8a" from periodic health check thread {{(pid=87525) touch_hash_ring_node /opt/stack/neutron/neutron/plugins/ml2/drivers/ovn/mech_driver/ovsdb/maintenance.py:1417}}
Jul 21 10:50:37.683815 np0000005537 devstack@neutron-api.service[87523]: DEBUG dbcounter [-] [87523] Writing DB stats neutron:SELECT=2554,neutron:INSERT=728,neutron:DELETE=11,neutron:UPDATE=106 {{(pid=87523) stat_writer /opt/stack/data/venv/lib/python3.12/site-packages/dbcounter.py:115}}
Jul 21 10:50:38.601903 np0000005537 devstack@neutron-api.service[87524]: DEBUG dbcounter [-] [87524] Writing DB stats neutron:SELECT=377,neutron:INSERT=19,neutron:DELETE=6,neutron:UPDATE=11 {{(pid=87524) stat_writer /opt/stack/data/venv/lib/python3.12/site-packages/dbcounter.py:115}}
Jul 21 10:50:38.682862 np0000005537 devstack@neutron-api.service[87525]: DEBUG dbcounter [-] [87525] Writing DB stats neutron:SELECT=2709,neutron:INSERT=57,neutron:DELETE=11,neutron:UPDATE=70 {{(pid=87525) stat_writer /opt/stack/data/venv/lib/python3.12/site-packages/dbcounter.py:115}}
Jul 21 10:50:42.677808 np0000005537 devstack@neutron-api.service[87523]: DEBUG futurist.periodics [-] Submitting periodic callback 'neutron.plugins.ml2.drivers.ovn.mech_driver.ovsdb.maintenance.HashRingHealthCheckPeriodics.touch_hash_ring_node' {{(pid=87523) _process_scheduled /opt/stack/data/venv/lib/python3.12/site-packages/futurist/periodics.py:784}}
Jul 21 10:50:42.678325 np0000005537 devstack@neutron-api.service[87523]: DEBUG neutron.plugins.ml2.drivers.ovn.mech_driver.ovsdb.maintenance [-] Touching Hash Ring node "b11425d26528561292eb3f30006dcc5f" from periodic health check thread {{(pid=87523) touch_hash_ring_node /opt/stack/neutron/neutron/plugins/ml2/drivers/ovn/mech_driver/ovsdb/maintenance.py:1417}}
Jul 21 10:50:43.596337 np0000005537 devstack@neutron-api.service[87524]: DEBUG futurist.periodics [-] Submitting periodic callback 'neutron.plugins.ml2.drivers.ovn.mech_driver.ovsdb.maintenance.HashRingHealthCheckPeriodics.touch_hash_ring_node' {{(pid=87524) _process_scheduled /opt/stack/data/venv/lib/python3.12/site-packages/futurist/periodics.py:784}}
Jul 21 10:50:43.596610 np0000005537 devstack@neutron-api.service[87524]: DEBUG neutron.plugins.ml2.drivers.ovn.mech_driver.ovsdb.maintenance [-] Touching Hash Ring node "fe05f555f24c53bbb02d729a1648968c" from periodic health check thread {{(pid=87524) touch_hash_ring_node /opt/stack/neutron/neutron/plugins/ml2/drivers/ovn/mech_driver/ovsdb/maintenance.py:1417}}
Jul 21 10:50:43.676431 np0000005537 devstack@neutron-api.service[87525]: DEBUG futurist.periodics [-] Submitting periodic callback 'neutron.plugins.ml2.drivers.ovn.mech_driver.ovsdb.maintenance.HashRingHealthCheckPeriodics.touch_hash_ring_node' {{(pid=87525) _process_scheduled /opt/stack/data/venv/lib/python3.12/site-packages/futurist/periodics.py:784}}
Jul 21 10:50:43.676941 np0000005537 devstack@neutron-api.service[87525]: DEBUG neutron.plugins.ml2.drivers.ovn.mech_driver.ovsdb.maintenance [-] Touching Hash Ring node "cadd8d36c3ad5068ad28e4dde796fa8a" from periodic health check thread {{(pid=87525) touch_hash_ring_node /opt/stack/neutron/neutron/plugins/ml2/drivers/ovn/mech_driver/ovsdb/maintenance.py:1417}}
Jul 21 10:50:52.685337 np0000005537 devstack@neutron-api.service[87523]: DEBUG dbcounter [-] [87523] Writing DB stats neutron:UPDATE=1,neutron:SELECT=1 {{(pid=87523) stat_writer /opt/stack/data/venv/lib/python3.12/site-packages/dbcounter.py:115}}
Jul 21 10:50:53.602875 np0000005537 devstack@neutron-api.service[87524]: DEBUG dbcounter [-] [87524] Writing DB stats neutron:UPDATE=1,neutron:SELECT=1 {{(pid=87524) stat_writer /opt/stack/data/venv/lib/python3.12/site-packages/dbcounter.py:115}}
Jul 21 10:50:53.682334 np0000005537 devstack@neutron-api.service[87525]: DEBUG dbcounter [-] [87525] Writing DB stats neutron:UPDATE=1,neutron:SELECT=1 {{(pid=87525) stat_writer /opt/stack/data/venv/lib/python3.12/site-packages/dbcounter.py:115}}
Jul 21 10:50:57.678218 np0000005537 devstack@neutron-api.service[87523]: DEBUG futurist.periodics [-] Submitting periodic callback 'neutron.plugins.ml2.drivers.ovn.mech_driver.ovsdb.maintenance.HashRingHealthCheckPeriodics.touch_hash_ring_node' {{(pid=87523) _process_scheduled /opt/stack/data/venv/lib/python3.12/site-packages/futurist/periodics.py:784}}
Jul 21 10:50:57.678663 np0000005537 devstack@neutron-api.service[87523]: DEBUG neutron.plugins.ml2.drivers.ovn.mech_driver.ovsdb.maintenance [-] Touching Hash Ring node "b11425d26528561292eb3f30006dcc5f" from periodic health check thread {{(pid=87523) touch_hash_ring_node /opt/stack/neutron/neutron/plugins/ml2/drivers/ovn/mech_driver/ovsdb/maintenance.py:1417}}
Jul 21 10:50:58.596529 np0000005537 devstack@neutron-api.service[87524]: DEBUG futurist.periodics [-] Submitting periodic callback 'neutron.plugins.ml2.drivers.ovn.mech_driver.ovsdb.maintenance.HashRingHealthCheckPeriodics.touch_hash_ring_node' {{(pid=87524) _process_scheduled /opt/stack/data/venv/lib/python3.12/site-packages/futurist/periodics.py:784}}
Jul 21 10:50:58.597419 np0000005537 devstack@neutron-api.service[87524]: DEBUG neutron.plugins.ml2.drivers.ovn.mech_driver.ovsdb.maintenance [-] Touching Hash Ring node "fe05f555f24c53bbb02d729a1648968c" from periodic health check thread {{(pid=87524) touch_hash_ring_node /opt/stack/neutron/neutron/plugins/ml2/drivers/ovn/mech_driver/ovsdb/maintenance.py:1417}}
Jul 21 10:50:58.676938 np0000005537 devstack@neutron-api.service[87525]: DEBUG futurist.periodics [-] Submitting periodic callback 'neutron.plugins.ml2.drivers.ovn.mech_driver.ovsdb.maintenance.HashRingHealthCheckPeriodics.touch_hash_ring_node' {{(pid=87525) _process_scheduled /opt/stack/data/venv/lib/python3.12/site-packages/futurist/periodics.py:784}}
Jul 21 10:50:58.677463 np0000005537 devstack@neutron-api.service[87525]: DEBUG neutron.plugins.ml2.drivers.ovn.mech_driver.ovsdb.maintenance [-] Touching Hash Ring node "cadd8d36c3ad5068ad28e4dde796fa8a" from periodic health check thread {{(pid=87525) touch_hash_ring_node /opt/stack/neutron/neutron/plugins/ml2/drivers/ovn/mech_driver/ovsdb/maintenance.py:1417}}
Jul 21 10:51:07.684938 np0000005537 devstack@neutron-api.service[87523]: DEBUG dbcounter [-] [87523] Writing DB stats neutron:UPDATE=1,neutron:SELECT=1 {{(pid=87523) stat_writer /opt/stack/data/venv/lib/python3.12/site-packages/dbcounter.py:115}}
Jul 21 10:51:08.604722 np0000005537 devstack@neutron-api.service[87524]: DEBUG dbcounter [-] [87524] Writing DB stats neutron:UPDATE=1,neutron:SELECT=1 {{(pid=87524) stat_writer /opt/stack/data/venv/lib/python3.12/site-packages/dbcounter.py:115}}
Jul 21 10:51:08.683962 np0000005537 devstack@neutron-api.service[87525]: DEBUG dbcounter [-] [87525] Writing DB stats neutron:UPDATE=1,neutron:SELECT=1 {{(pid=87525) stat_writer /opt/stack/data/venv/lib/python3.12/site-packages/dbcounter.py:115}}
Jul 21 10:51:12.679615 np0000005537 devstack@neutron-api.service[87523]: DEBUG futurist.periodics [-] Submitting periodic callback 'neutron.plugins.ml2.drivers.ovn.mech_driver.ovsdb.maintenance.HashRingHealthCheckPeriodics.touch_hash_ring_node' {{(pid=87523) _process_scheduled /opt/stack/data/venv/lib/python3.12/site-packages/futurist/periodics.py:784}}
Jul 21 10:51:12.679989 np0000005537 devstack@neutron-api.service[87523]: DEBUG neutron.plugins.ml2.drivers.ovn.mech_driver.ovsdb.maintenance [-] Touching Hash Ring node "b11425d26528561292eb3f30006dcc5f" from periodic health check thread {{(pid=87523) touch_hash_ring_node /opt/stack/neutron/neutron/plugins/ml2/drivers/ovn/mech_driver/ovsdb/maintenance.py:1417}}
Jul 21 10:51:13.597620 np0000005537 devstack@neutron-api.service[87524]: DEBUG futurist.periodics [-] Submitting periodic callback 'neutron.plugins.ml2.drivers.ovn.mech_driver.ovsdb.maintenance.HashRingHealthCheckPeriodics.touch_hash_ring_node' {{(pid=87524) _process_scheduled /opt/stack/data/venv/lib/python3.12/site-packages/futurist/periodics.py:784}}
Jul 21 10:51:13.598357 np0000005537 devstack@neutron-api.service[87524]: DEBUG neutron.plugins.ml2.drivers.ovn.mech_driver.ovsdb.maintenance [-] Touching Hash Ring node "fe05f555f24c53bbb02d729a1648968c" from periodic health check thread {{(pid=87524) touch_hash_ring_node /opt/stack/neutron/neutron/plugins/ml2/drivers/ovn/mech_driver/ovsdb/maintenance.py:1417}}
Jul 21 10:51:13.677539 np0000005537 devstack@neutron-api.service[87525]: DEBUG futurist.periodics [-] Submitting periodic callback 'neutron.plugins.ml2.drivers.ovn.mech_driver.ovsdb.maintenance.HashRingHealthCheckPeriodics.touch_hash_ring_node' {{(pid=87525) _process_scheduled /opt/stack/data/venv/lib/python3.12/site-packages/futurist/periodics.py:784}}
Jul 21 10:51:13.677932 np0000005537 devstack@neutron-api.service[87525]: DEBUG neutron.plugins.ml2.drivers.ovn.mech_driver.ovsdb.maintenance [-] Touching Hash Ring node "cadd8d36c3ad5068ad28e4dde796fa8a" from periodic health check thread {{(pid=87525) touch_hash_ring_node /opt/stack/neutron/neutron/plugins/ml2/drivers/ovn/mech_driver/ovsdb/maintenance.py:1417}}
Jul 21 10:51:16.478363 np0000005537 devstack@neutron-api.service[87525]: DEBUG neutron.api.wsgi [None req-39b3087e-debf-45f8-8c44-b1b75ac5b27a admin admin] Missing Content-Type {{(pid=87525) get_content_type /opt/stack/neutron/neutron/api/wsgi.py:80}}
Jul 21 10:51:16.478894 np0000005537 devstack@neutron-api.service[87525]: DEBUG neutron.api.wsgi [None req-39b3087e-debf-45f8-8c44-b1b75ac5b27a admin admin] https://10.4.3.50/networking/v2.0/extensions returned with HTTP 200 {{(pid=87525) __call__ /opt/stack/neutron/neutron/api/wsgi.py:540}}
Jul 21 10:51:16.478961 np0000005537 devstack@neutron-api.service[87525]: [pid: 87525|app: 0|req: 11/34] 10.4.3.50 () {64 vars in 1285 bytes} [Tue Jul 21 10:51:16 2026] GET /networking/v2.0/extensions => generated 16171 bytes in 3 msecs (HTTP/1.1 200) 4 headers in 159 bytes (1 switches on core 0)
Jul 21 10:51:16.734649 np0000005537 devstack@neutron-api.service[87523]: INFO neutron.pecan_wsgi.hooks.translation [None req-e5768e89-60a4-4751-869c-c3d2232c47b1 admin admin] GET failed (client error): The resource could not be found.
Jul 21 10:51:16.735760 np0000005537 devstack@neutron-api.service[87523]: [pid: 87523|app: 0|req: 13/35] 10.4.3.50 () {64 vars in 1287 bytes} [Tue Jul 21 10:51:16 2026] GET /networking/v2.0/networks/public => generated 108 bytes in 8 msecs (HTTP/1.1 404) 4 headers in 164 bytes (1 switches on core 0)
Jul 21 10:51:16.777109 np0000005537 devstack@neutron-api.service[87524]: DEBUG neutron.pecan_wsgi.hooks.policy_enforcement [None req-52139b6d-adb0-4927-9c68-53477d5b865f admin admin] Attributes excluded by policy engine: ['standard_attr_id'] {{(pid=87524) _exclude_attributes_by_policy /opt/stack/neutron/neutron/pecan_wsgi/hooks/policy_enforcement.py:259}}
Jul 21 10:51:16.778263 np0000005537 devstack@neutron-api.service[87524]: [pid: 87524|app: 0|req: 12/36] 10.4.3.50 () {64 vars in 1302 bytes} [Tue Jul 21 10:51:16 2026] GET /networking/v2.0/networks?name=public => generated 759 bytes in 37 msecs (HTTP/1.1 200) 4 headers in 157 bytes (1 switches on core 0)
Jul 21 10:51:16.963977 np0000005537 devstack@neutron-api.service[87525]: DEBUG neutron.api.v2.base [None req-8d975c67-bf01-4be4-8da3-f7a7f6f0cbc2 admin admin] Request body: {'network': {'shared': True, 'name': 'shared', 'admin_state_up': True}} {{(pid=87525) prepare_request_body /opt/stack/neutron/neutron/api/v2/base.py:727}}
Jul 21 10:51:16.976672 np0000005537 devstack@neutron-api.service[87525]: DEBUG neutron.pecan_wsgi.hooks.quota_enforcement [None req-8d975c67-bf01-4be4-8da3-f7a7f6f0cbc2 admin admin] Made reservation on behalf of e084e65355f94141a6ff7d208aadb38b for: {'network': 1} {{(pid=87525) before /opt/stack/neutron/neutron/pecan_wsgi/hooks/quota_enforcement.py:66}}
Jul 21 10:51:16.979084 np0000005537 devstack@neutron-api.service[87525]: DEBUG neutron_lib.callbacks.manager [None req-8d975c67-bf01-4be4-8da3-f7a7f6f0cbc2 admin admin] Publish callbacks ['neutron.plugins.ml2.plugin.SecurityGroupDbMixin._ensure_default_security_group_handler-9367'] for network (None), before_create {{(pid=87525) _notify_loop /opt/stack/data/venv/lib/python3.12/site-packages/neutron_lib/callbacks/manager.py:184}}
Jul 21 10:51:17.004590 np0000005537 devstack@neutron-api.service[87525]: WARNING neutron.services.revisions.revision_plugin [None req-8d975c67-bf01-4be4-8da3-f7a7f6f0cbc2 admin admin] Could not find related network for resource to bump revision.
Jul 21 10:51:17.029448 np0000005537 devstack@neutron-api.service[87525]: DEBUG neutron.plugins.ml2.drivers.helpers [None req-8d975c67-bf01-4be4-8da3-f7a7f6f0cbc2 admin admin] geneve segment allocate from pool success with {'geneve_vni': 42069} {{(pid=87525) allocate_partially_specified_segment /opt/stack/neutron/neutron/plugins/ml2/drivers/helpers.py:142}}
Jul 21 10:51:17.036162 np0000005537 devstack@neutron-api.service[87525]: DEBUG neutron_lib.callbacks.manager [None req-8d975c67-bf01-4be4-8da3-f7a7f6f0cbc2 admin admin] Publish callbacks ['neutron.plugins.ml2.plugin.Ml2Plugin._handle_segment_change-282003'] for segment (7bfe1f0e-7006-4944-ac39-8813b7f43dbf), precommit_create {{(pid=87525) _notify_loop /opt/stack/data/venv/lib/python3.12/site-packages/neutron_lib/callbacks/manager.py:184}}
Jul 21 10:51:17.036364 np0000005537 devstack@neutron-api.service[87525]: INFO neutron.db.segments_db [None req-8d975c67-bf01-4be4-8da3-f7a7f6f0cbc2 admin admin] Added segment 7bfe1f0e-7006-4944-ac39-8813b7f43dbf of type geneve for network a3c4988c-4654-444b-bf9e-56fa071672ee
Jul 21 10:51:17.048065 np0000005537 devstack@neutron-api.service[87525]: DEBUG neutron_lib.callbacks.manager [None req-8d975c67-bf01-4be4-8da3-f7a7f6f0cbc2 admin admin] Publish callbacks ['neutron.services.auto_allocate.db._ensure_external_network_default_value_callback-8673501843740'] for network (a3c4988c-4654-444b-bf9e-56fa071672ee), precommit_create {{(pid=87525) _notify_loop /opt/stack/data/venv/lib/python3.12/site-packages/neutron_lib/callbacks/manager.py:184}}
Jul 21 10:51:17.057752 np0000005537 devstack@neutron-api.service[87525]: DEBUG neutron.plugins.ml2.drivers.ovn.mech_driver.mech_driver [None req-8d975c67-bf01-4be4-8da3-f7a7f6f0cbc2 admin admin] Validating network segment with type geneve, segmentation ID 42069, physical network None {{(pid=87525) _validate_network_segments /opt/stack/neutron/neutron/plugins/ml2/drivers/ovn/mech_driver/mech_driver.py:646}}
Jul 21 10:51:17.057895 np0000005537 devstack@neutron-api.service[87525]: DEBUG neutron.db.ovn_revision_numbers_db [None req-8d975c67-bf01-4be4-8da3-f7a7f6f0cbc2 admin admin] create_initial_revision uuid=a3c4988c-4654-444b-bf9e-56fa071672ee, type=networks, rev=-1 {{(pid=87525) create_initial_revision /opt/stack/neutron/neutron/db/ovn_revision_numbers_db.py:98}}
Jul 21 10:51:17.064401 np0000005537 devstack@neutron-api.service[87525]: DEBUG neutron_lib.callbacks.manager [None req-8d975c67-bf01-4be4-8da3-f7a7f6f0cbc2 admin admin] Publish callbacks ['neutron.plugins.ml2.ovo_rpc._ObjectChangeHandler.handle_event-1072820'] for network (a3c4988c-4654-444b-bf9e-56fa071672ee), after_create {{(pid=87525) _notify_loop /opt/stack/data/venv/lib/python3.12/site-packages/neutron_lib/callbacks/manager.py:184}}
Jul 21 10:51:17.077070 np0000005537 devstack@neutron-api.service[87525]: DEBUG neutron.api.rpc.handlers.resources_rpc [None req-8d975c67-bf01-4be4-8da3-f7a7f6f0cbc2 admin admin] Pushing event updated for resources: {'Network': ['ID=a3c4988c-4654-444b-bf9e-56fa071672ee,revision_number=1']} {{(pid=87525) push /opt/stack/neutron/neutron/api/rpc/handlers/resources_rpc.py:237}}
Jul 21 10:51:17.080887 np0000005537 devstack@neutron-api.service[87525]: DEBUG ovsdbapp.backend.ovs_idl.transaction [None req-a67cc281-cd9f-4919-a006-d7ac6902c317 None None] Running txn n=1 command(idx=0): CheckLivenessCommand(_result=None) {{(pid=87525) do_commit /opt/stack/data/venv/lib/python3.12/site-packages/ovsdbapp/backend/ovs_idl/transaction.py:89}}
Jul 21 10:51:17.087064 np0000005537 devstack@neutron-api.service[87524]: DEBUG ovsdbapp.backend.ovs_idl.event [-] Matched UPDATE: ChassisAgentWriteEvent(events=('create', 'update'), table='Chassis_Private', conditions=None, old_conditions=None), priority=20 to row=Chassis_Private(uuid=c5cfa8c3-59bd-4293-b1a5-653104756c75, chassis=9d1d03f6-4d33-4244-bc12-09c4b940e786, external_ids={'neutron:ovn-bridge': 'br-int', 'neutron:ovn-neutron-agent-id': 'b4c61fae-0b6e-5e30-910f-f500d0afe908', 'neutron:ovn-neutron-agent-sb-cfg': '1'}, name='0fd984b4-5d14-4779-870b-69288ffc889a', nb_cfg=2, nb_cfg_timestamp=1784631077084) old=Chassis_Private(uuid=c5cfa8c3-59bd-4293-b1a5-653104756c75, nb_cfg=1, nb_cfg_timestamp=1784631004622) {{(pid=87524) matches /opt/stack/data/venv/lib/python3.12/site-packages/ovsdbapp/backend/ovs_idl/event.py:55}}
Jul 21 10:51:17.087653 np0000005537 devstack@neutron-api.service[87525]: DEBUG ovsdbapp.backend.ovs_idl.event [None req-3b3373a6-4c7a-4baa-b3bf-ce8317e6317c None None] Matched UPDATE: ChassisAgentWriteEvent(events=('create', 'update'), table='Chassis_Private', conditions=None, old_conditions=None), priority=20 to row=Chassis_Private(uuid=c5cfa8c3-59bd-4293-b1a5-653104756c75, chassis=9d1d03f6-4d33-4244-bc12-09c4b940e786, external_ids={'neutron:ovn-bridge': 'br-int', 'neutron:ovn-neutron-agent-id': 'b4c61fae-0b6e-5e30-910f-f500d0afe908', 'neutron:ovn-neutron-agent-sb-cfg': '1'}, name='0fd984b4-5d14-4779-870b-69288ffc889a', nb_cfg=2, nb_cfg_timestamp=1784631077084) old=Chassis_Private(uuid=c5cfa8c3-59bd-4293-b1a5-653104756c75, nb_cfg=1, nb_cfg_timestamp=1784631004622) {{(pid=87525) matches /opt/stack/data/venv/lib/python3.12/site-packages/ovsdbapp/backend/ovs_idl/event.py:55}}
Jul 21 10:51:17.088754 np0000005537 devstack@neutron-api.service[87523]: DEBUG ovsdbapp.backend.ovs_idl.event [None req-0ed6d37b-cde1-47c3-b5e3-1267cde32f1e None None] Matched UPDATE: ChassisAgentWriteEvent(events=('create', 'update'), table='Chassis_Private', conditions=None, old_conditions=None), priority=20 to row=Chassis_Private(uuid=c5cfa8c3-59bd-4293-b1a5-653104756c75, chassis=9d1d03f6-4d33-4244-bc12-09c4b940e786, external_ids={'neutron:ovn-bridge': 'br-int', 'neutron:ovn-neutron-agent-id': 'b4c61fae-0b6e-5e30-910f-f500d0afe908', 'neutron:ovn-neutron-agent-sb-cfg': '1'}, name='0fd984b4-5d14-4779-870b-69288ffc889a', nb_cfg=2, nb_cfg_timestamp=1784631077084) old=Chassis_Private(uuid=c5cfa8c3-59bd-4293-b1a5-653104756c75, nb_cfg=1, nb_cfg_timestamp=1784631004622) {{(pid=87523) matches /opt/stack/data/venv/lib/python3.12/site-packages/ovsdbapp/backend/ovs_idl/event.py:55}}
Jul 21 10:51:17.093866 np0000005537 devstack@neutron-api.service[87524]: DEBUG neutron.common.ovn.hash_ring_manager [-] Hash Ring loaded. 3 active nodes. 0 offline nodes {{(pid=87524) _load_hash_ring /opt/stack/neutron/neutron/common/ovn/hash_ring_manager.py:110}}
Jul 21 10:51:17.094052 np0000005537 devstack@neutron-api.service[87524]: DEBUG neutron.plugins.ml2.drivers.ovn.mech_driver.ovsdb.ovsdb_monitor [-] Hash Ring: Node fe05f555f24c53bbb02d729a1648968c (host: np0000005537) handling event "update" for row c5cfa8c3-59bd-4293-b1a5-653104756c75 (table: Chassis_Private) {{(pid=87524) notify /opt/stack/neutron/neutron/plugins/ml2/drivers/ovn/mech_driver/ovsdb/ovsdb_monitor.py:1013}}
Jul 21 10:51:17.094560 np0000005537 devstack@neutron-api.service[87523]: DEBUG neutron.common.ovn.hash_ring_manager [None req-40c22531-0aa1-4645-82d5-143cdd652482 None None] Hash Ring loaded. 3 active nodes. 0 offline nodes {{(pid=87523) _load_hash_ring /opt/stack/neutron/neutron/common/ovn/hash_ring_manager.py:110}}
Jul 21 10:51:17.094952 np0000005537 devstack@neutron-api.service[87524]: DEBUG neutron.common.ovn.hash_ring_manager [None req-c449476a-8f0a-4f12-8911-90fdb5a38069 None None] Hash Ring loaded. 3 active nodes. 0 offline nodes {{(pid=87524) _load_hash_ring /opt/stack/neutron/neutron/common/ovn/hash_ring_manager.py:110}}
Jul 21 10:51:17.094952 np0000005537 devstack@neutron-api.service[87524]: DEBUG neutron.plugins.ml2.drivers.ovn.mech_driver.ovsdb.ovsdb_monitor [None req-c449476a-8f0a-4f12-8911-90fdb5a38069 None None] Hash Ring: Node fe05f555f24c53bbb02d729a1648968c (host: np0000005537) handling event "update" for row 02c8a0fc-ce20-4e01-a7d8-9d2cb4d3d557 (table: NB_Global) {{(pid=87524) notify /opt/stack/neutron/neutron/plugins/ml2/drivers/ovn/mech_driver/ovsdb/ovsdb_monitor.py:1013}}
Jul 21 10:51:17.095861 np0000005537 devstack@neutron-api.service[87524]: DEBUG neutron.plugins.ml2.drivers.ovn.mech_driver.ovsdb.ovsdb_monitor [None req-c449476a-8f0a-4f12-8911-90fdb5a38069 None None] Hash Ring: Node fe05f555f24c53bbb02d729a1648968c (host: np0000005537) handling event "update" for row 02c8a0fc-ce20-4e01-a7d8-9d2cb4d3d557 (table: NB_Global) {{(pid=87524) notify /opt/stack/neutron/neutron/plugins/ml2/drivers/ovn/mech_driver/ovsdb/ovsdb_monitor.py:1013}}
Jul 21 10:51:17.096611 np0000005537 devstack@neutron-api.service[87524]: DEBUG neutron.plugins.ml2.drivers.ovn.mech_driver.ovsdb.ovsdb_monitor [None req-c449476a-8f0a-4f12-8911-90fdb5a38069 None None] Hash Ring: Node fe05f555f24c53bbb02d729a1648968c (host: np0000005537) handling event "update" for row 02c8a0fc-ce20-4e01-a7d8-9d2cb4d3d557 (table: NB_Global) {{(pid=87524) notify /opt/stack/neutron/neutron/plugins/ml2/drivers/ovn/mech_driver/ovsdb/ovsdb_monitor.py:1013}}
Jul 21 10:51:17.096714 np0000005537 devstack@neutron-api.service[87525]: DEBUG neutron.common.ovn.hash_ring_manager [None req-3b3373a6-4c7a-4baa-b3bf-ce8317e6317c None None] Hash Ring loaded. 3 active nodes. 0 offline nodes {{(pid=87525) _load_hash_ring /opt/stack/neutron/neutron/common/ovn/hash_ring_manager.py:110}}
Jul 21 10:51:17.097040 np0000005537 devstack@neutron-api.service[87524]: DEBUG neutron.plugins.ml2.drivers.ovn.mech_driver.ovsdb.ovsdb_monitor [None req-c449476a-8f0a-4f12-8911-90fdb5a38069 None None] Hash Ring: Node fe05f555f24c53bbb02d729a1648968c (host: np0000005537) handling event "update" for row 02c8a0fc-ce20-4e01-a7d8-9d2cb4d3d557 (table: NB_Global) {{(pid=87524) notify /opt/stack/neutron/neutron/plugins/ml2/drivers/ovn/mech_driver/ovsdb/ovsdb_monitor.py:1013}}
Jul 21 10:51:17.098031 np0000005537 devstack@neutron-api.service[87525]: DEBUG neutron.common.ovn.hash_ring_manager [None req-a67cc281-cd9f-4919-a006-d7ac6902c317 None None] Hash Ring loaded. 3 active nodes. 0 offline nodes {{(pid=87525) _load_hash_ring /opt/stack/neutron/neutron/common/ovn/hash_ring_manager.py:110}}
Jul 21 10:51:17.098925 np0000005537 devstack@neutron-api.service[87523]: DEBUG neutron.common.ovn.hash_ring_manager [None req-0ed6d37b-cde1-47c3-b5e3-1267cde32f1e None None] Hash Ring loaded. 3 active nodes. 0 offline nodes {{(pid=87523) _load_hash_ring /opt/stack/neutron/neutron/common/ovn/hash_ring_manager.py:110}}
Jul 21 10:51:17.107151 np0000005537 devstack@neutron-api.service[87525]: DEBUG ovsdbapp.backend.ovs_idl.transaction [None req-a67cc281-cd9f-4919-a006-d7ac6902c317 None None] Running txn n=1 command(idx=0): AddNetworkCommand(_result=None, network_uuid=a3c4988c-4654-444b-bf9e-56fa071672ee, may_exist=True, columns={'external_ids': {'neutron:network_name': 'shared', 'neutron:mtu': '1372', 'neutron:revision_number': '1', 'neutron:availability_zone_hints': '', 'neutron:provnet-network-type': 'geneve'}, 'other_config': {'mcast_snoop': 'false', 'mcast_flood_unregistered': 'false', 'vlan-passthru': 'false'}}) {{(pid=87525) do_commit /opt/stack/data/venv/lib/python3.12/site-packages/ovsdbapp/backend/ovs_idl/transaction.py:89}}
Jul 21 10:51:17.111509 np0000005537 devstack@neutron-api.service[87523]: DEBUG neutron.plugins.ml2.drivers.ovn.mech_driver.ovsdb.ovsdb_monitor [None req-40c22531-0aa1-4645-82d5-143cdd652482 None None] Hash Ring: Node b11425d26528561292eb3f30006dcc5f (host: np0000005537) handling event "create" for row a3c4988c-4654-444b-bf9e-56fa071672ee (table: Logical_Switch) {{(pid=87523) notify /opt/stack/neutron/neutron/plugins/ml2/drivers/ovn/mech_driver/ovsdb/ovsdb_monitor.py:1013}}
Jul 21 10:51:17.113786 np0000005537 devstack@neutron-api.service[87523]: DEBUG neutron.plugins.ml2.drivers.ovn.mech_driver.ovsdb.ovsdb_monitor [None req-0ed6d37b-cde1-47c3-b5e3-1267cde32f1e None None] Hash Ring: Node b11425d26528561292eb3f30006dcc5f (host: np0000005537) handling event "create" for row f1da1450-aa2c-457b-bb24-fdf4be9b3c6c (table: Datapath_Binding) {{(pid=87523) notify /opt/stack/neutron/neutron/plugins/ml2/drivers/ovn/mech_driver/ovsdb/ovsdb_monitor.py:1013}}
Jul 21 10:51:17.125008 np0000005537 devstack@neutron-api.service[87525]: INFO neutron.db.ovn_revision_numbers_db [None req-8d975c67-bf01-4be4-8da3-f7a7f6f0cbc2 admin admin] Successfully bumped revision number for resource a3c4988c-4654-444b-bf9e-56fa071672ee (type: networks) to 1
Jul 21 10:51:17.135095 np0000005537 devstack@neutron-api.service[87525]: DEBUG neutron_lib.callbacks.manager [None req-8d975c67-bf01-4be4-8da3-f7a7f6f0cbc2 admin admin] Publish callbacks ['neutron.plugins.ml2.plugin.SecurityGroupDbMixin._ensure_default_security_group_handler-9367'] for port (None), before_create {{(pid=87525) _notify_loop /opt/stack/data/venv/lib/python3.12/site-packages/neutron_lib/callbacks/manager.py:184}}
Jul 21 10:51:17.199214 np0000005537 devstack@neutron-api.service[87525]: DEBUG neutron_lib.callbacks.manager [None req-8d975c67-bf01-4be4-8da3-f7a7f6f0cbc2 admin admin] Publish callbacks ['neutron.plugins.ml2.drivers.ovn.mech_driver.mech_driver.OVNMechanismDriver._validate_allowed_address_pairs-968350'] for allowed_address_pair (6cdf3ce4-8bd7-4061-9361-ba8505df38a4), before_create {{(pid=87525) _notify_loop /opt/stack/data/venv/lib/python3.12/site-packages/neutron_lib/callbacks/manager.py:184}}
Jul 21 10:51:17.199938 np0000005537 devstack@neutron-api.service[87525]: DEBUG neutron_lib.callbacks.manager [None req-8d975c67-bf01-4be4-8da3-f7a7f6f0cbc2 admin admin] Publish callbacks [] for port (6cdf3ce4-8bd7-4061-9361-ba8505df38a4), precommit_create {{(pid=87525) _notify_loop /opt/stack/data/venv/lib/python3.12/site-packages/neutron_lib/callbacks/manager.py:184}}
Jul 21 10:51:17.200138 np0000005537 devstack@neutron-api.service[87525]: DEBUG neutron.plugins.ml2.drivers.ovn.mech_driver.mech_driver [None req-8d975c67-bf01-4be4-8da3-f7a7f6f0cbc2 admin admin] No provisioning block for port 6cdf3ce4-8bd7-4061-9361-ba8505df38a4 since it does not have a host {{(pid=87525) _is_port_provisioning_required /opt/stack/neutron/neutron/plugins/ml2/drivers/ovn/mech_driver/mech_driver.py:899}}
Jul 21 10:51:17.200286 np0000005537 devstack@neutron-api.service[87525]: DEBUG neutron.db.ovn_revision_numbers_db [None req-8d975c67-bf01-4be4-8da3-f7a7f6f0cbc2 admin admin] create_initial_revision uuid=6cdf3ce4-8bd7-4061-9361-ba8505df38a4, type=ports, rev=-1 {{(pid=87525) create_initial_revision /opt/stack/neutron/neutron/db/ovn_revision_numbers_db.py:98}}
Jul 21 10:51:17.228019 np0000005537 devstack@neutron-api.service[87525]: DEBUG neutron_lib.callbacks.manager [None req-8d975c67-bf01-4be4-8da3-f7a7f6f0cbc2 admin admin] Publish callbacks ['neutron.plugins.ml2.ovo_rpc._ObjectChangeHandler.handle_event-272181'] for port (6cdf3ce4-8bd7-4061-9361-ba8505df38a4), after_create {{(pid=87525) _notify_loop /opt/stack/data/venv/lib/python3.12/site-packages/neutron_lib/callbacks/manager.py:184}}
Jul 21 10:51:17.259436 np0000005537 devstack@neutron-api.service[87525]: DEBUG neutron.api.rpc.handlers.resources_rpc [None req-8d975c67-bf01-4be4-8da3-f7a7f6f0cbc2 admin admin] Pushing event updated for resources: {'Port': ['ID=6cdf3ce4-8bd7-4061-9361-ba8505df38a4,revision_number=1']} {{(pid=87525) push /opt/stack/neutron/neutron/api/rpc/handlers/resources_rpc.py:237}}
Jul 21 10:51:17.265046 np0000005537 devstack@neutron-api.service[87525]: DEBUG neutron.plugins.ml2.drivers.ovn.mech_driver.ovsdb.commands [None req-8d975c67-bf01-4be4-8da3-f7a7f6f0cbc2 admin admin] Converting tag [] to a tag_request {{(pid=87525) _tag_column_to_tag_request /opt/stack/neutron/neutron/plugins/ml2/drivers/ovn/mech_driver/ovsdb/commands.py:205}}
Jul 21 10:51:17.265544 np0000005537 devstack@neutron-api.service[87525]: DEBUG ovsdbapp.backend.ovs_idl.transaction [None req-a67cc281-cd9f-4919-a006-d7ac6902c317 None None] Running txn n=1 command(idx=0): AddLSwitchPortCommand(_result=None, lport=6cdf3ce4-8bd7-4061-9361-ba8505df38a4, lswitch=neutron-a3c4988c-4654-444b-bf9e-56fa071672ee, may_exist=True, network_uuid=a3c4988c-4654-444b-bf9e-56fa071672ee, columns={'addresses': ['fa:16:3e:f5:f0:21'], 'external_ids': {'neutron:port_name': '', 'neutron:device_id': 'ovnmeta-a3c4988c-4654-444b-bf9e-56fa071672ee', 'neutron:project_id': 'e084e65355f94141a6ff7d208aadb38b', 'neutron:cidrs': '', 'neutron:device_owner': 'network:distributed', 'neutron:subnet_pool_addr_scope4': '', 'neutron:subnet_pool_addr_scope6': '', 'neutron:network_name': 'neutron-a3c4988c-4654-444b-bf9e-56fa071672ee', 'neutron:security_group_ids': '', 'neutron:revision_number': '1', 'neutron:vnic_type': 'normal', 'neutron:port_capabilities': '', 'neutron:mtu': '1372'}, 'parent_name': [], 'enabled': True, 'options': {}, 'type': 'localport', 'port_security': [], 'dhcpv4_options': [], 'dhcpv6_options': [], 'tag_request': []}) {{(pid=87525) do_commit /opt/stack/data/venv/lib/python3.12/site-packages/ovsdbapp/backend/ovs_idl/transaction.py:89}}
Jul 21 10:51:17.265912 np0000005537 devstack@neutron-api.service[87525]: DEBUG ovsdbapp.backend.ovs_idl.transaction [None req-a67cc281-cd9f-4919-a006-d7ac6902c317 None None] Running txn n=1 command(idx=1): QoSDelCommand(_result=None, switch=neutron-a3c4988c-4654-444b-bf9e-56fa071672ee, conditions=[('direction', '=', 'to-lport'), ('priority', '=', 2002), ('match', '=', 'outport == "6cdf3ce4-8bd7-4061-9361-ba8505df38a4"')], if_exists=True) {{(pid=87525) do_commit /opt/stack/data/venv/lib/python3.12/site-packages/ovsdbapp/backend/ovs_idl/transaction.py:89}}
Jul 21 10:51:17.266064 np0000005537 devstack@neutron-api.service[87525]: DEBUG ovsdbapp.backend.ovs_idl.transaction [None req-a67cc281-cd9f-4919-a006-d7ac6902c317 None None] Running txn n=1 command(idx=2): QoSDelCommand(_result=None, switch=neutron-a3c4988c-4654-444b-bf9e-56fa071672ee, conditions=[('direction', '=', 'from-lport'), ('priority', '=', 2002), ('match', '=', 'inport == "6cdf3ce4-8bd7-4061-9361-ba8505df38a4"')], if_exists=True) {{(pid=87525) do_commit /opt/stack/data/venv/lib/python3.12/site-packages/ovsdbapp/backend/ovs_idl/transaction.py:89}}
Jul 21 10:51:17.281720 np0000005537 devstack@neutron-api.service[87525]: DEBUG neutron.plugins.ml2.drivers.ovn.mech_driver.ovsdb.ovsdb_monitor [None req-a67cc281-cd9f-4919-a006-d7ac6902c317 None None] Hash Ring: Node cadd8d36c3ad5068ad28e4dde796fa8a (host: np0000005537) handling event "create" for row 37b6392e-ba84-4ef2-afa5-339abae5d495 (table: Logical_Switch_Port) {{(pid=87525) notify /opt/stack/neutron/neutron/plugins/ml2/drivers/ovn/mech_driver/ovsdb/ovsdb_monitor.py:1013}}
Jul 21 10:51:17.282681 np0000005537 devstack@neutron-api.service[87523]: DEBUG neutron.plugins.ml2.drivers.ovn.mech_driver.ovsdb.ovsdb_monitor [None req-40c22531-0aa1-4645-82d5-143cdd652482 None None] Hash Ring: Node b11425d26528561292eb3f30006dcc5f (host: np0000005537) handling event "update" for row a3c4988c-4654-444b-bf9e-56fa071672ee (table: Logical_Switch) {{(pid=87523) notify /opt/stack/neutron/neutron/plugins/ml2/drivers/ovn/mech_driver/ovsdb/ovsdb_monitor.py:1013}}
Jul 21 10:51:17.282795 np0000005537 devstack@neutron-api.service[87525]: DEBUG ovsdbapp.backend.ovs_idl.event [None req-a67cc281-cd9f-4919-a006-d7ac6902c317 None None] Matched CREATE: LogicalSwitchPortCreateEvent(events=('create',), table='Logical_Switch_Port', conditions=[], old_conditions=None), priority=20 to row=Logical_Switch_Port(uuid=37b6392e-ba84-4ef2-afa5-339abae5d495, addresses=['fa:16:3e:f5:f0:21'], dhcpv4_options=[], dhcpv6_options=[], dynamic_addresses=[], enabled=True, external_ids={'neutron:cidrs': '', 'neutron:device_id': 'ovnmeta-a3c4988c-4654-444b-bf9e-56fa071672ee', 'neutron:device_owner': 'network:distributed', 'neutron:mtu': '1372', 'neutron:network_name': 'neutron-a3c4988c-4654-444b-bf9e-56fa071672ee', 'neutron:port_capabilities': '', 'neutron:port_name': '', 'neutron:project_id': 'e084e65355f94141a6ff7d208aadb38b', 'neutron:revision_number': '1', 'neutron:security_group_ids': '', 'neutron:subnet_pool_addr_scope4': '', 'neutron:subnet_pool_addr_scope6': '', 'neutron:vnic_type': 'normal'}, ha_chassis_group=[], mirror_rules=[], name='6cdf3ce4-8bd7-4061-9361-ba8505df38a4', options={}, parent_name=[], port_security=[], tag=[], tag_request=[], type='localport', up=[]) old= {{(pid=87525) matches /opt/stack/data/venv/lib/python3.12/site-packages/ovsdbapp/backend/ovs_idl/event.py:55}}
Jul 21 10:51:17.284899 np0000005537 devstack@neutron-api.service[87524]: DEBUG neutron.plugins.ml2.drivers.ovn.mech_driver.ovsdb.ovsdb_monitor [-] Hash Ring: Node fe05f555f24c53bbb02d729a1648968c (host: np0000005537) handling event "create" for row e4b1fa9b-e967-4637-accc-5847c3857c4c (table: Port_Binding) {{(pid=87524) notify /opt/stack/neutron/neutron/plugins/ml2/drivers/ovn/mech_driver/ovsdb/ovsdb_monitor.py:1013}}
Jul 21 10:51:17.285641 np0000005537 devstack@neutron-api.service[87525]: INFO neutron.plugins.ml2.drivers.ovn.mech_driver.mech_driver [None req-5a91dcf3-a4b5-4955-b761-40e04b11d45d None None] OVN reports status down for port: 6cdf3ce4-8bd7-4061-9361-ba8505df38a4
Jul 21 10:51:17.286555 np0000005537 devstack@neutron-api.service[87525]: DEBUG neutron.plugins.ml2.drivers.ovn.mech_driver.ovsdb.ovsdb_monitor [None req-a67cc281-cd9f-4919-a006-d7ac6902c317 None None] Hash Ring: Node cadd8d36c3ad5068ad28e4dde796fa8a (host: np0000005537) handling event "update" for row 37b6392e-ba84-4ef2-afa5-339abae5d495 (table: Logical_Switch_Port) {{(pid=87525) notify /opt/stack/neutron/neutron/plugins/ml2/drivers/ovn/mech_driver/ovsdb/ovsdb_monitor.py:1013}}
Jul 21 10:51:17.328977 np0000005537 devstack@neutron-api.service[87525]: DEBUG neutron.db.provisioning_blocks [None req-5a91dcf3-a4b5-4955-b761-40e04b11d45d None None] Transition to ACTIVE for port object 6cdf3ce4-8bd7-4061-9361-ba8505df38a4 will not be triggered until provisioned by entity L2. {{(pid=87525) add_provisioning_component /opt/stack/neutron/neutron/db/provisioning_blocks.py:74}}
Jul 21 10:51:17.329889 np0000005537 devstack@neutron-api.service[87525]: INFO neutron.db.ovn_revision_numbers_db [None req-8d975c67-bf01-4be4-8da3-f7a7f6f0cbc2 admin admin] Successfully bumped revision number for resource 6cdf3ce4-8bd7-4061-9361-ba8505df38a4 (type: ports) to 1
Jul 21 10:51:17.348286 np0000005537 devstack@neutron-api.service[87525]: DEBUG neutron.pecan_wsgi.hooks.policy_enforcement [None req-8d975c67-bf01-4be4-8da3-f7a7f6f0cbc2 admin admin] Attributes excluded by policy engine: ['standard_attr_id'] {{(pid=87525) _exclude_attributes_by_policy /opt/stack/neutron/neutron/pecan_wsgi/hooks/policy_enforcement.py:259}}
Jul 21 10:51:17.348570 np0000005537 devstack@neutron-api.service[87525]: DEBUG neutron_lib.callbacks.manager [None req-8d975c67-bf01-4be4-8da3-f7a7f6f0cbc2 admin admin] Publish callbacks [] for network (None), before_response {{(pid=87525) _notify_loop /opt/stack/data/venv/lib/python3.12/site-packages/neutron_lib/callbacks/manager.py:184}}
Jul 21 10:51:17.355825 np0000005537 devstack@neutron-api.service[87525]: DEBUG neutron.plugins.ml2.plugin [None req-5a91dcf3-a4b5-4955-b761-40e04b11d45d None None] Current status of the port 6cdf3ce4-8bd7-4061-9361-ba8505df38a4 is: DOWN; New status is: DOWN {{(pid=87525) _update_individual_port_db_status /opt/stack/neutron/neutron/plugins/ml2/plugin.py:2473}}
Jul 21 10:51:17.357281 np0000005537 devstack@neutron-api.service[87525]: DEBUG ovsdbapp.backend.ovs_idl.transaction [None req-a67cc281-cd9f-4919-a006-d7ac6902c317 None None] Running txn n=1 command(idx=0): DbRemoveCommand(_result=None, table=Logical_Switch_Port, record=6cdf3ce4-8bd7-4061-9361-ba8505df38a4, column=external_ids, values=('neutron:host_id',), keyvalues={}, if_exists=True) {{(pid=87525) do_commit /opt/stack/data/venv/lib/python3.12/site-packages/ovsdbapp/backend/ovs_idl/transaction.py:89}}
Jul 21 10:51:17.361774 np0000005537 devstack@neutron-api.service[87525]: [pid: 87525|app: 0|req: 12/37] 10.4.3.50 () {68 vars in 1319 bytes} [Tue Jul 21 10:51:16 2026] POST /networking/v2.0/networks => generated 679 bytes in 400 msecs (HTTP/1.1 201) 4 headers in 162 bytes (1 switches on core 0)
Jul 21 10:51:17.549040 np0000005537 devstack@neutron-api.service[87523]: INFO neutron.pecan_wsgi.hooks.translation [None req-24da9588-15ad-475a-a15d-2a42121de550 admin admin] GET failed (client error): The resource could not be found.
Jul 21 10:51:17.549621 np0000005537 devstack@neutron-api.service[87523]: [pid: 87523|app: 0|req: 14/38] 10.4.3.50 () {64 vars in 1287 bytes} [Tue Jul 21 10:51:17 2026] GET /networking/v2.0/networks/shared => generated 108 bytes in 8 msecs (HTTP/1.1 404) 4 headers in 164 bytes (1 switches on core 0)
Jul 21 10:51:17.578407 np0000005537 devstack@neutron-api.service[87524]: DEBUG neutron.pecan_wsgi.hooks.policy_enforcement [None req-5f5b5c07-79e1-4510-8b92-93fdb6585dc5 admin admin] Attributes excluded by policy engine: ['standard_attr_id'] {{(pid=87524) _exclude_attributes_by_policy /opt/stack/neutron/neutron/pecan_wsgi/hooks/policy_enforcement.py:259}}
Jul 21 10:51:17.579551 np0000005537 devstack@neutron-api.service[87524]: [pid: 87524|app: 0|req: 13/39] 10.4.3.50 () {64 vars in 1302 bytes} [Tue Jul 21 10:51:17 2026] GET /networking/v2.0/networks?name=shared => generated 663 bytes in 23 msecs (HTTP/1.1 200) 4 headers in 157 bytes (1 switches on core 0)
Jul 21 10:51:17.591439 np0000005537 devstack@neutron-api.service[87525]: DEBUG neutron.api.v2.base [None req-dcf2efa2-ae2e-4f91-99e7-13f15a183586 admin admin] Request body: {'subnet': {'network_id': 'a3c4988c-4654-444b-bf9e-56fa071672ee', 'description': 'shared-subnet', 'cidr': '192.168.233.0/24', 'ip_version': 4, 'name': 'shared-subnet'}} {{(pid=87525) prepare_request_body /opt/stack/neutron/neutron/api/v2/base.py:727}}
Jul 21 10:51:17.604411 np0000005537 devstack@neutron-api.service[87525]: DEBUG neutron.pecan_wsgi.hooks.quota_enforcement [None req-dcf2efa2-ae2e-4f91-99e7-13f15a183586 admin admin] Made reservation on behalf of e084e65355f94141a6ff7d208aadb38b for: {'subnet': 1} {{(pid=87525) before /opt/stack/neutron/neutron/pecan_wsgi/hooks/quota_enforcement.py:66}}
Jul 21 10:51:17.607261 np0000005537 devstack@neutron-api.service[87525]: DEBUG neutron_lib.callbacks.manager [None req-dcf2efa2-ae2e-4f91-99e7-13f15a183586 admin admin] Publish callbacks [] for subnet (None), before_create {{(pid=87525) _notify_loop /opt/stack/data/venv/lib/python3.12/site-packages/neutron_lib/callbacks/manager.py:184}}
Jul 21 10:51:17.661644 np0000005537 devstack@neutron-api.service[87525]: DEBUG neutron.db.ovn_revision_numbers_db [None req-dcf2efa2-ae2e-4f91-99e7-13f15a183586 admin admin] create_initial_revision uuid=ac6dbf69-9635-4e8a-9be6-0e4073dde6d3, type=subnets, rev=-1 {{(pid=87525) create_initial_revision /opt/stack/neutron/neutron/db/ovn_revision_numbers_db.py:98}}
Jul 21 10:51:17.667113 np0000005537 devstack@neutron-api.service[87525]: DEBUG neutron_lib.callbacks.manager [None req-dcf2efa2-ae2e-4f91-99e7-13f15a183586 admin admin] Publish callbacks ['neutron.plugins.ml2.ovo_rpc._ObjectChangeHandler.handle_event-1072817'] for subnet (ac6dbf69-9635-4e8a-9be6-0e4073dde6d3), after_create {{(pid=87525) _notify_loop /opt/stack/data/venv/lib/python3.12/site-packages/neutron_lib/callbacks/manager.py:184}}
Jul 21 10:51:17.678645 np0000005537 devstack@neutron-api.service[87525]: DEBUG neutron.api.rpc.handlers.resources_rpc [None req-dcf2efa2-ae2e-4f91-99e7-13f15a183586 admin admin] Pushing event updated for resources: {'Subnet': ['ID=ac6dbf69-9635-4e8a-9be6-0e4073dde6d3,revision_number=0']} {{(pid=87525) push /opt/stack/neutron/neutron/api/rpc/handlers/resources_rpc.py:237}}
Jul 21 10:51:17.725011 np0000005537 devstack@neutron-api.service[87525]: DEBUG neutron_lib.callbacks.manager [None req-dcf2efa2-ae2e-4f91-99e7-13f15a183586 admin admin] Publish callbacks ['neutron.plugins.ml2.plugin.SecurityGroupDbMixin._ensure_default_security_group_handler-9367', 'neutron.services.ovn_l3.plugin.OVNL3RouterPlugin._port_update-8673501851308', 'neutron.db.l3_db.L3_NAT_dbonly_mixin._prevent_internal_ip_change_for_fip-8673503681186'] for port (6cdf3ce4-8bd7-4061-9361-ba8505df38a4), before_update {{(pid=87525) _notify_loop /opt/stack/data/venv/lib/python3.12/site-packages/neutron_lib/callbacks/manager.py:184}}
Jul 21 10:51:17.806299 np0000005537 devstack@neutron-api.service[87525]: DEBUG neutron.db.db_base_plugin_common [None req-dcf2efa2-ae2e-4f91-99e7-13f15a183586 admin admin] Allocated IP 192.168.233.2 (a3c4988c-4654-444b-bf9e-56fa071672ee/ac6dbf69-9635-4e8a-9be6-0e4073dde6d3/6cdf3ce4-8bd7-4061-9361-ba8505df38a4) {{(pid=87525) _store_ip_allocation /opt/stack/neutron/neutron/db/db_base_plugin_common.py:131}}
Jul 21 10:51:17.866049 np0000005537 devstack@neutron-api.service[87525]: DEBUG neutron_lib.callbacks.manager [None req-dcf2efa2-ae2e-4f91-99e7-13f15a183586 admin admin] Publish callbacks [] for port (6cdf3ce4-8bd7-4061-9361-ba8505df38a4), precommit_update {{(pid=87525) _notify_loop /opt/stack/data/venv/lib/python3.12/site-packages/neutron_lib/callbacks/manager.py:184}}
Jul 21 10:51:17.866311 np0000005537 devstack@neutron-api.service[87525]: DEBUG neutron.plugins.ml2.drivers.ovn.mech_driver.mech_driver [None req-dcf2efa2-ae2e-4f91-99e7-13f15a183586 admin admin] No provisioning block for port 6cdf3ce4-8bd7-4061-9361-ba8505df38a4 since it does not have a host {{(pid=87525) _is_port_provisioning_required /opt/stack/neutron/neutron/plugins/ml2/drivers/ovn/mech_driver/mech_driver.py:899}}
Jul 21 10:51:17.875583 np0000005537 devstack@neutron-api.service[87525]: DEBUG neutron_lib.callbacks.manager [None req-dcf2efa2-ae2e-4f91-99e7-13f15a183586 admin admin] Publish callbacks ['neutron.plugins.ml2.ovo_rpc._ObjectChangeHandler.handle_event-272181', 'neutron.services.ovn_l3.plugin.OVNL3RouterPlugin._port_update-8673501851308'] for port (6cdf3ce4-8bd7-4061-9361-ba8505df38a4), after_update {{(pid=87525) _notify_loop /opt/stack/data/venv/lib/python3.12/site-packages/neutron_lib/callbacks/manager.py:184}}
Jul 21 10:51:17.905776 np0000005537 devstack@neutron-api.service[87525]: DEBUG neutron.api.rpc.handlers.resources_rpc [None req-dcf2efa2-ae2e-4f91-99e7-13f15a183586 admin admin] Pushing event updated for resources: {'Port': ['ID=6cdf3ce4-8bd7-4061-9361-ba8505df38a4,revision_number=2']} {{(pid=87525) push /opt/stack/neutron/neutron/api/rpc/handlers/resources_rpc.py:237}}
Jul 21 10:51:17.987695 np0000005537 devstack@neutron-api.service[87525]: DEBUG neutron.plugins.ml2.drivers.ovn.mech_driver.ovsdb.commands [None req-dcf2efa2-ae2e-4f91-99e7-13f15a183586 admin admin] Converting tag [] to a tag_request {{(pid=87525) _tag_column_to_tag_request /opt/stack/neutron/neutron/plugins/ml2/drivers/ovn/mech_driver/ovsdb/commands.py:205}}
Jul 21 10:51:17.988582 np0000005537 devstack@neutron-api.service[87525]: DEBUG ovsdbapp.backend.ovs_idl.transaction [None req-a67cc281-cd9f-4919-a006-d7ac6902c317 None None] Running txn n=1 command(idx=0): CheckRevisionNumberCommand(_result=None, name=6cdf3ce4-8bd7-4061-9361-ba8505df38a4, resource={'id': '6cdf3ce4-8bd7-4061-9361-ba8505df38a4', 'name': '', 'network_id': 'a3c4988c-4654-444b-bf9e-56fa071672ee', 'project_id': 'e084e65355f94141a6ff7d208aadb38b', 'mac_address': 'fa:16:3e:f5:f0:21', 'admin_state_up': True, 'status': 'DOWN', 'device_id': 'ovnmeta-a3c4988c-4654-444b-bf9e-56fa071672ee', 'device_owner': 'network:distributed', 'standard_attr_id': 28, 'fixed_ips': [{'subnet_id': 'ac6dbf69-9635-4e8a-9be6-0e4073dde6d3', 'ip_address': '192.168.233.2'}], 'allowed_address_pairs': [], 'extra_dhcp_opts': [], 'security_groups': [], 'description': '', 'binding:vnic_type': 'normal', 'binding:profile': {}, 'binding:host_id': '', 'binding:vif_type': 'unbound', 'binding:vif_details': {}, 'port_security_enabled': False, 'tags': [], 'created_at': '2026-07-21T10:51:17Z', 'updated_at': '2026-07-21T10:51:17Z', 'revision_number': 2, 'tenant_id': 'e084e65355f94141a6ff7d208aadb38b', 'network': {'id': 'a3c4988c-4654-444b-bf9e-56fa071672ee', 'name': 'shared', 'tenant_id': 'e084e65355f94141a6ff7d208aadb38b', 'project_id': 'e084e65355f94141a6ff7d208aadb38b', 'admin_state_up': True, 'mtu': 1372, 'status': 'ACTIVE', 'subnets': ['ac6dbf69-9635-4e8a-9be6-0e4073dde6d3'], 'standard_attr_id': 26, 'shared': True, 'availability_zone_hints': [], 'availability_zones': [], 'ipv4_address_scope': None, 'ipv6_address_scope': None, 'router:external': False, 'qinq': False, 'vlan_transparent': False, 'description': '', 'port_security_enabled': True, 'tags': [], 'created_at': '2026-07-21T10:51:17Z', 'updated_at': '2026-07-21T10:51:17Z', 'revision_number': 2, 'provider:network_type': 'geneve', 'provider:physical_network': None, 'provider:segmentation_id': 42069}}, resource_type=ports, if_exists=True) {{(pid=87525) do_commit /opt/stack/data/venv/lib/python3.12/site-packages/ovsdbapp/backend/ovs_idl/transaction.py:89}}
Jul 21 10:51:17.989064 np0000005537 devstack@neutron-api.service[87525]: DEBUG ovsdbapp.backend.ovs_idl.transaction [None req-a67cc281-cd9f-4919-a006-d7ac6902c317 None None] Running txn n=1 command(idx=1): AddDHCPOptionsCommand(_result=None, columns={'cidr': '192.168.233.0/24', 'options': {'server_id': '192.168.233.1', 'lease_time': '43200', 'mtu': '1372', 'router': '192.168.233.1', 'server_mac': 'fa:16:3e:ea:be:ca', 'dns_server': '{127.0.0.53}', 'classless_static_route': '{169.254.169.254/32,192.168.233.2, 0.0.0.0/0,192.168.233.1}'}, 'external_ids': {'subnet_id': 'ac6dbf69-9635-4e8a-9be6-0e4073dde6d3', 'neutron:network_id': 'a3c4988c-4654-444b-bf9e-56fa071672ee', 'neutron:revision_number': '0'}}, may_exist=True, subnet_id=ac6dbf69-9635-4e8a-9be6-0e4073dde6d3, port_id=None, new_insert=False) {{(pid=87525) do_commit /opt/stack/data/venv/lib/python3.12/site-packages/ovsdbapp/backend/ovs_idl/transaction.py:89}}
Jul 21 10:51:17.989512 np0000005537 devstack@neutron-api.service[87525]: DEBUG ovsdbapp.backend.ovs_idl.transaction [None req-a67cc281-cd9f-4919-a006-d7ac6902c317 None None] Running txn n=1 command(idx=2): SetLSwitchPortCommand(_result=None, lport=6cdf3ce4-8bd7-4061-9361-ba8505df38a4, external_ids_update=None, columns={'external_ids': {'neutron:port_name': '', 'neutron:device_id': 'ovnmeta-a3c4988c-4654-444b-bf9e-56fa071672ee', 'neutron:project_id': 'e084e65355f94141a6ff7d208aadb38b', 'neutron:cidrs': '192.168.233.2/24', 'neutron:device_owner': 'network:distributed', 'neutron:subnet_pool_addr_scope4': '', 'neutron:subnet_pool_addr_scope6': '', 'neutron:network_name': 'neutron-a3c4988c-4654-444b-bf9e-56fa071672ee', 'neutron:security_group_ids': '', 'neutron:revision_number': '2', 'neutron:vnic_type': 'normal', 'neutron:port_capabilities': '', 'neutron:mtu': '1372'}, 'parent_name': [], 'options': {}, 'enabled': True, 'port_security': [], 'dhcpv4_options': [], 'dhcpv6_options': [], 'type': 'localport', 'addresses': ['fa:16:3e:f5:f0:21 192.168.233.2'], 'ha_chassis_group': [], 'tag_request': []}, if_exists=False) {{(pid=87525) do_commit /opt/stack/data/venv/lib/python3.12/site-packages/ovsdbapp/backend/ovs_idl/transaction.py:89}}
Jul 21 10:51:17.990280 np0000005537 devstack@neutron-api.service[87525]: DEBUG ovsdbapp.backend.ovs_idl.transaction [None req-a67cc281-cd9f-4919-a006-d7ac6902c317 None None] Running txn n=1 command(idx=3): PgDelPortCommand(_result=None, port_group=neutron_pg_drop, lsp=['6cdf3ce4-8bd7-4061-9361-ba8505df38a4'], if_exists=False) {{(pid=87525) do_commit /opt/stack/data/venv/lib/python3.12/site-packages/ovsdbapp/backend/ovs_idl/transaction.py:89}}
