Jun 12 03:25:49.906451 np0000002708 devstack@c-api.service[96148]: [pid: 96148|app: 0|req: 226/457] 10.4.3.149 () {66 vars in 1351 bytes} [Fri Jun 12 03:25:49 2026] DELETE /volume/v3/volumes/83ac7fa2-0620-4aee-ac15-d2c2464d6928 => generated 0 bytes in 38 msecs (HTTP/1.1 202) 6 headers in 233 bytes (1 switches on core 0)
Jun 12 03:25:49.914870 np0000002708 devstack@c-api.service[96147]: DEBUG cinder.api.middleware.request_id [None req-90646fc9-75a2-4665-ba8c-0f30c9164359 None None] RequestId filter calling following filter/app {{(pid=96147) _context_setter /opt/stack/cinder/cinder/api/middleware/request_id.py:62}}
Jun 12 03:25:49.917028 np0000002708 devstack@c-api.service[96147]: INFO cinder.api.openstack.wsgi [None req-90646fc9-75a2-4665-ba8c-0f30c9164359 tempest-VolumesListAdminTestJSON-1888744387 tempest-VolumesListAdminTestJSON-1888744387-project-member] GET https://10.4.3.149/volume/v3/volumes/83ac7fa2-0620-4aee-ac15-d2c2464d6928
Jun 12 03:25:49.917286 np0000002708 devstack@c-api.service[96147]: DEBUG cinder.api.openstack.wsgi [None req-90646fc9-75a2-4665-ba8c-0f30c9164359 tempest-VolumesListAdminTestJSON-1888744387 tempest-VolumesListAdminTestJSON-1888744387-project-member] Empty body provided in request {{(pid=96147) get_body /opt/stack/cinder/cinder/api/openstack/wsgi.py:725}}
Jun 12 03:25:49.917547 np0000002708 devstack@c-api.service[96147]: DEBUG cinder.api.openstack.wsgi [None req-90646fc9-75a2-4665-ba8c-0f30c9164359 tempest-VolumesListAdminTestJSON-1888744387 tempest-VolumesListAdminTestJSON-1888744387-project-member] Calling method 'show' {{(pid=96147) _process_stack /opt/stack/cinder/cinder/api/openstack/wsgi.py:878}}
Jun 12 03:25:49.931212 np0000002708 devstack@c-api.service[96147]: /opt/stack/data/venv/lib/python3.12/site-packages/oslo_context/context.py:102: DeprecationWarning: Policy enforcement is depending on the value of is_admin. This key is deprecated. Please update your policy file to use the standard policy values.
Jun 12 03:25:49.931212 np0000002708 devstack@c-api.service[96147]: warnings.warn(
Jun 12 03:25:49.939530 np0000002708 devstack@c-api.service[96147]: INFO cinder.volume.api [None req-90646fc9-75a2-4665-ba8c-0f30c9164359 tempest-VolumesListAdminTestJSON-1888744387 tempest-VolumesListAdminTestJSON-1888744387-project-member] Volume info retrieved successfully.
Jun 12 03:25:49.945347 np0000002708 devstack@c-api.service[96147]: INFO cinder.api.openstack.wsgi [None req-90646fc9-75a2-4665-ba8c-0f30c9164359 tempest-VolumesListAdminTestJSON-1888744387 tempest-VolumesListAdminTestJSON-1888744387-project-member] https://10.4.3.149/volume/v3/volumes/83ac7fa2-0620-4aee-ac15-d2c2464d6928 returned with HTTP 200
Jun 12 03:25:49.945853 np0000002708 devstack@c-api.service[96147]: [pid: 96147|app: 0|req: 232/458] 10.4.3.149 () {66 vars in 1348 bytes} [Fri Jun 12 03:25:49 2026] GET /volume/v3/volumes/83ac7fa2-0620-4aee-ac15-d2c2464d6928 => generated 847 bytes in 32 msecs (HTTP/1.1 200) 7 headers in 285 bytes (1 switches on core 0)
Jun 12 03:25:50.064635 np0000002708 devstack@c-api.service[96148]: DEBUG cinder.api.middleware.request_id [None req-10e7c050-1bf2-4d63-b864-e9b6f323ba3d None None] RequestId filter calling following filter/app {{(pid=96148) _context_setter /opt/stack/cinder/cinder/api/middleware/request_id.py:62}}
Jun 12 03:25:50.068450 np0000002708 devstack@c-api.service[96148]: INFO cinder.api.openstack.wsgi [None req-10e7c050-1bf2-4d63-b864-e9b6f323ba3d tempest-VolumesBackupsTest-266642592 tempest-VolumesBackupsTest-266642592-project-member] GET https://10.4.3.149/volume/v3/backups/c983a25d-506f-4f49-95b6-19d497cbfb4e
Jun 12 03:25:50.068450 np0000002708 devstack@c-api.service[96148]: DEBUG cinder.api.openstack.wsgi [None req-10e7c050-1bf2-4d63-b864-e9b6f323ba3d tempest-VolumesBackupsTest-266642592 tempest-VolumesBackupsTest-266642592-project-member] Empty body provided in request {{(pid=96148) get_body /opt/stack/cinder/cinder/api/openstack/wsgi.py:725}}
Jun 12 03:25:50.068450 np0000002708 devstack@c-api.service[96148]: DEBUG cinder.api.openstack.wsgi [None req-10e7c050-1bf2-4d63-b864-e9b6f323ba3d tempest-VolumesBackupsTest-266642592 tempest-VolumesBackupsTest-266642592-project-member] Calling method 'show' {{(pid=96148) _process_stack /opt/stack/cinder/cinder/api/openstack/wsgi.py:878}}
Jun 12 03:25:50.068450 np0000002708 devstack@c-api.service[96148]: DEBUG cinder.api.v3.backups [None req-10e7c050-1bf2-4d63-b864-e9b6f323ba3d tempest-VolumesBackupsTest-266642592 tempest-VolumesBackupsTest-266642592-project-member] Show backup with id c983a25d-506f-4f49-95b6-19d497cbfb4e. {{(pid=96148) show /opt/stack/cinder/cinder/api/v3/backups.py:75}}
Jun 12 03:25:50.072455 np0000002708 devstack@c-api.service[96148]: /opt/stack/data/venv/lib/python3.12/site-packages/oslo_context/context.py:102: DeprecationWarning: Policy enforcement is depending on the value of is_admin. This key is deprecated. Please update your policy file to use the standard policy values.
Jun 12 03:25:50.072455 np0000002708 devstack@c-api.service[96148]: warnings.warn(
Jun 12 03:25:50.073424 np0000002708 devstack@c-api.service[96148]: INFO cinder.api.openstack.wsgi [None req-10e7c050-1bf2-4d63-b864-e9b6f323ba3d tempest-VolumesBackupsTest-266642592 tempest-VolumesBackupsTest-266642592-project-member] https://10.4.3.149/volume/v3/backups/c983a25d-506f-4f49-95b6-19d497cbfb4e returned with HTTP 200
Jun 12 03:25:50.073934 np0000002708 devstack@c-api.service[96148]: [pid: 96148|app: 0|req: 227/459] 10.4.3.149 () {66 vars in 1348 bytes} [Fri Jun 12 03:25:50 2026] GET /volume/v3/backups/c983a25d-506f-4f49-95b6-19d497cbfb4e => generated 750 bytes in 10 msecs (HTTP/1.1 200) 7 headers in 285 bytes (1 switches on core 0)
Jun 12 03:25:50.383264 np0000002708 devstack@c-api.service[96147]: DEBUG cinder.api.middleware.request_id [None req-c60a78ab-dd85-45cc-8ca1-9a96f52f0a76 None None] RequestId filter calling following filter/app {{(pid=96147) _context_setter /opt/stack/cinder/cinder/api/middleware/request_id.py:62}}
Jun 12 03:25:50.385516 np0000002708 devstack@c-api.service[96147]: INFO cinder.api.openstack.wsgi [None req-c60a78ab-dd85-45cc-8ca1-9a96f52f0a76 tempest-AttachSCSIVolumeTestJSON-309649995 tempest-AttachSCSIVolumeTestJSON-309649995-project-member] GET https://10.4.3.149/volume/v3/volumes/816e0a65-349b-4911-8973-a856061aeb7b
Jun 12 03:25:50.385865 np0000002708 devstack@c-api.service[96147]: DEBUG cinder.api.openstack.wsgi [None req-c60a78ab-dd85-45cc-8ca1-9a96f52f0a76 tempest-AttachSCSIVolumeTestJSON-309649995 tempest-AttachSCSIVolumeTestJSON-309649995-project-member] Empty body provided in request {{(pid=96147) get_body /opt/stack/cinder/cinder/api/openstack/wsgi.py:725}}
Jun 12 03:25:50.386154 np0000002708 devstack@c-api.service[96147]: DEBUG cinder.api.openstack.wsgi [None req-c60a78ab-dd85-45cc-8ca1-9a96f52f0a76 tempest-AttachSCSIVolumeTestJSON-309649995 tempest-AttachSCSIVolumeTestJSON-309649995-project-member] Calling method 'show' {{(pid=96147) _process_stack /opt/stack/cinder/cinder/api/openstack/wsgi.py:878}}
Jun 12 03:25:50.394887 np0000002708 devstack@c-api.service[96147]: /opt/stack/data/venv/lib/python3.12/site-packages/oslo_context/context.py:102: DeprecationWarning: Policy enforcement is depending on the value of is_admin. This key is deprecated. Please update your policy file to use the standard policy values.
Jun 12 03:25:50.394887 np0000002708 devstack@c-api.service[96147]: warnings.warn(
Jun 12 03:25:50.399312 np0000002708 devstack@c-api.service[96147]: INFO cinder.volume.api [None req-c60a78ab-dd85-45cc-8ca1-9a96f52f0a76 tempest-AttachSCSIVolumeTestJSON-309649995 tempest-AttachSCSIVolumeTestJSON-309649995-project-member] Volume info retrieved successfully.
Jun 12 03:25:50.403952 np0000002708 devstack@c-api.service[96147]: INFO cinder.api.openstack.wsgi [None req-c60a78ab-dd85-45cc-8ca1-9a96f52f0a76 tempest-AttachSCSIVolumeTestJSON-309649995 tempest-AttachSCSIVolumeTestJSON-309649995-project-member] https://10.4.3.149/volume/v3/volumes/816e0a65-349b-4911-8973-a856061aeb7b returned with HTTP 200
Jun 12 03:25:50.404364 np0000002708 devstack@c-api.service[96147]: [pid: 96147|app: 0|req: 233/460] 10.4.3.149 () {66 vars in 1348 bytes} [Fri Jun 12 03:25:50 2026] GET /volume/v3/volumes/816e0a65-349b-4911-8973-a856061aeb7b => generated 848 bytes in 21 msecs (HTTP/1.1 200) 7 headers in 285 bytes (1 switches on core 0)
Jun 12 03:25:50.468344 np0000002708 devstack@c-api.service[96148]: DEBUG cinder.api.middleware.request_id [req-67604c4e-c8be-4d14-acd6-e82013c44f8f req-d956ffb3-af92-4c2e-8125-6af15fdd95c2 None None] RequestId filter calling following filter/app {{(pid=96148) _context_setter /opt/stack/cinder/cinder/api/middleware/request_id.py:62}}
Jun 12 03:25:50.473753 np0000002708 devstack@c-api.service[96148]: INFO cinder.api.openstack.wsgi [req-67604c4e-c8be-4d14-acd6-e82013c44f8f req-d956ffb3-af92-4c2e-8125-6af15fdd95c2 tempest-AttachSCSIVolumeTestJSON-309649995 tempest-AttachSCSIVolumeTestJSON-309649995-project-member] GET https://10.4.3.149/volume/v3/volumes/816e0a65-349b-4911-8973-a856061aeb7b
Jun 12 03:25:50.473753 np0000002708 devstack@c-api.service[96148]: DEBUG cinder.api.openstack.wsgi [req-67604c4e-c8be-4d14-acd6-e82013c44f8f req-d956ffb3-af92-4c2e-8125-6af15fdd95c2 tempest-AttachSCSIVolumeTestJSON-309649995 tempest-AttachSCSIVolumeTestJSON-309649995-project-member] Empty body provided in request {{(pid=96148) get_body /opt/stack/cinder/cinder/api/openstack/wsgi.py:725}}
Jun 12 03:25:50.473753 np0000002708 devstack@c-api.service[96148]: DEBUG cinder.api.openstack.wsgi [req-67604c4e-c8be-4d14-acd6-e82013c44f8f req-d956ffb3-af92-4c2e-8125-6af15fdd95c2 tempest-AttachSCSIVolumeTestJSON-309649995 tempest-AttachSCSIVolumeTestJSON-309649995-project-member] Calling method 'show' {{(pid=96148) _process_stack /opt/stack/cinder/cinder/api/openstack/wsgi.py:878}}
Jun 12 03:25:50.480895 np0000002708 devstack@c-api.service[96148]: /opt/stack/data/venv/lib/python3.12/site-packages/oslo_context/context.py:102: DeprecationWarning: Policy enforcement is depending on the value of is_admin. This key is deprecated. Please update your policy file to use the standard policy values.
Jun 12 03:25:50.480895 np0000002708 devstack@c-api.service[96148]: warnings.warn(
Jun 12 03:25:50.484813 np0000002708 devstack@c-api.service[96148]: INFO cinder.volume.api [req-67604c4e-c8be-4d14-acd6-e82013c44f8f req-d956ffb3-af92-4c2e-8125-6af15fdd95c2 tempest-AttachSCSIVolumeTestJSON-309649995 tempest-AttachSCSIVolumeTestJSON-309649995-project-member] Volume info retrieved successfully.
Jun 12 03:25:50.489450 np0000002708 devstack@c-api.service[96148]: INFO cinder.api.openstack.wsgi [req-67604c4e-c8be-4d14-acd6-e82013c44f8f req-d956ffb3-af92-4c2e-8125-6af15fdd95c2 tempest-AttachSCSIVolumeTestJSON-309649995 tempest-AttachSCSIVolumeTestJSON-309649995-project-member] https://10.4.3.149/volume/v3/volumes/816e0a65-349b-4911-8973-a856061aeb7b returned with HTTP 200
Jun 12 03:25:50.490119 np0000002708 devstack@c-api.service[96148]: [pid: 96148|app: 0|req: 228/461] 10.4.3.149 () {68 vars in 1598 bytes} [Fri Jun 12 03:25:50 2026] GET /volume/v3/volumes/816e0a65-349b-4911-8973-a856061aeb7b => generated 848 bytes in 22 msecs (HTTP/1.1 200) 7 headers in 285 bytes (1 switches on core 0)
Jun 12 03:25:50.897449 np0000002708 devstack@c-api.service[96147]: DEBUG cinder.api.middleware.request_id [None req-e62bd29c-de25-466c-9a76-ee3bc2ddfb14 None None] RequestId filter calling following filter/app {{(pid=96147) _context_setter /opt/stack/cinder/cinder/api/middleware/request_id.py:62}}
Jun 12 03:25:50.899897 np0000002708 devstack@c-api.service[96147]: INFO cinder.api.openstack.wsgi [None req-e62bd29c-de25-466c-9a76-ee3bc2ddfb14 tempest-TaggedBootDevicesTest-344716620 tempest-TaggedBootDevicesTest-344716620-project-member] GET https://10.4.3.149/volume/v3/volumes/5b96c61e-548e-4893-9483-6d2d999f86f2
Jun 12 03:25:50.900501 np0000002708 devstack@c-api.service[96147]: DEBUG cinder.api.openstack.wsgi [None req-e62bd29c-de25-466c-9a76-ee3bc2ddfb14 tempest-TaggedBootDevicesTest-344716620 tempest-TaggedBootDevicesTest-344716620-project-member] Empty body provided in request {{(pid=96147) get_body /opt/stack/cinder/cinder/api/openstack/wsgi.py:725}}
Jun 12 03:25:50.901138 np0000002708 devstack@c-api.service[96147]: DEBUG cinder.api.openstack.wsgi [None req-e62bd29c-de25-466c-9a76-ee3bc2ddfb14 tempest-TaggedBootDevicesTest-344716620 tempest-TaggedBootDevicesTest-344716620-project-member] Calling method 'show' {{(pid=96147) _process_stack /opt/stack/cinder/cinder/api/openstack/wsgi.py:878}}
Jun 12 03:25:50.910540 np0000002708 devstack@c-api.service[96147]: /opt/stack/data/venv/lib/python3.12/site-packages/oslo_context/context.py:102: DeprecationWarning: Policy enforcement is depending on the value of is_admin. This key is deprecated. Please update your policy file to use the standard policy values.
Jun 12 03:25:50.910540 np0000002708 devstack@c-api.service[96147]: warnings.warn(
Jun 12 03:25:50.916503 np0000002708 devstack@c-api.service[96147]: INFO cinder.volume.api [None req-e62bd29c-de25-466c-9a76-ee3bc2ddfb14 tempest-TaggedBootDevicesTest-344716620 tempest-TaggedBootDevicesTest-344716620-project-member] Volume info retrieved successfully.
Jun 12 03:25:50.922334 np0000002708 devstack@c-api.service[96147]: INFO cinder.api.openstack.wsgi [None req-e62bd29c-de25-466c-9a76-ee3bc2ddfb14 tempest-TaggedBootDevicesTest-344716620 tempest-TaggedBootDevicesTest-344716620-project-member] https://10.4.3.149/volume/v3/volumes/5b96c61e-548e-4893-9483-6d2d999f86f2 returned with HTTP 200
Jun 12 03:25:50.923285 np0000002708 devstack@c-api.service[96147]: [pid: 96147|app: 0|req: 234/462] 10.4.3.149 () {66 vars in 1348 bytes} [Fri Jun 12 03:25:50 2026] GET /volume/v3/volumes/5b96c61e-548e-4893-9483-6d2d999f86f2 => generated 843 bytes in 26 msecs (HTTP/1.1 200) 7 headers in 285 bytes (1 switches on core 0)
Jun 12 03:25:50.937780 np0000002708 devstack@c-api.service[96148]: DEBUG cinder.api.middleware.request_id [None req-e0e7b2d4-f62a-4934-ab20-1bae047c87b0 None None] RequestId filter calling following filter/app {{(pid=96148) _context_setter /opt/stack/cinder/cinder/api/middleware/request_id.py:62}}
Jun 12 03:25:50.940464 np0000002708 devstack@c-api.service[96148]: INFO cinder.api.openstack.wsgi [None req-e0e7b2d4-f62a-4934-ab20-1bae047c87b0 tempest-TaggedBootDevicesTest-344716620 tempest-TaggedBootDevicesTest-344716620-project-member] POST https://10.4.3.149/volume/v3/volumes
Jun 12 03:25:50.941085 np0000002708 devstack@c-api.service[96148]: DEBUG cinder.api.openstack.wsgi [None req-e0e7b2d4-f62a-4934-ab20-1bae047c87b0 tempest-TaggedBootDevicesTest-344716620 tempest-TaggedBootDevicesTest-344716620-project-member] Action: 'create', calling method: create, body: {"volume": {"size": 1, "display_name": "tempest-TaggedBootDevicesTest-volume-1016927446"}} {{(pid=96148) _process_stack /opt/stack/cinder/cinder/api/openstack/wsgi.py:876}}
Jun 12 03:25:50.943561 np0000002708 devstack@c-api.service[96148]: DEBUG cinder.api.v3.volumes [None req-e0e7b2d4-f62a-4934-ab20-1bae047c87b0 tempest-TaggedBootDevicesTest-344716620 tempest-TaggedBootDevicesTest-344716620-project-member] Create volume request body: {'volume': {'size': 1, 'display_name': 'tempest-TaggedBootDevicesTest-volume-1016927446'}} {{(pid=96148) create /opt/stack/cinder/cinder/api/v3/volumes.py:368}}
Jun 12 03:25:50.944005 np0000002708 devstack@c-api.service[96148]: INFO cinder.api.v3.volumes [None req-e0e7b2d4-f62a-4934-ab20-1bae047c87b0 tempest-TaggedBootDevicesTest-344716620 tempest-TaggedBootDevicesTest-344716620-project-member] Create volume of 1 GB
Jun 12 03:25:50.950577 np0000002708 devstack@c-api.service[96148]: INFO cinder.volume.api [None req-e0e7b2d4-f62a-4934-ab20-1bae047c87b0 tempest-TaggedBootDevicesTest-344716620 tempest-TaggedBootDevicesTest-344716620-project-member] Availability Zones retrieved successfully.
Jun 12 03:25:50.957816 np0000002708 devstack@c-api.service[96148]: DEBUG cinder.volume.api [None req-e0e7b2d4-f62a-4934-ab20-1bae047c87b0 tempest-TaggedBootDevicesTest-344716620 tempest-TaggedBootDevicesTest-344716620-project-member] Flow 'volume_create_api' (7e383e72-4a8f-49bd-88a7-278d2ae18ffe) transitioned into state 'RUNNING' from state 'PENDING' {{(pid=96148) _flow_receiver /opt/stack/data/venv/lib/python3.12/site-packages/taskflow/listeners/logging.py:160}}
Jun 12 03:25:50.959172 np0000002708 devstack@c-api.service[96147]: DEBUG cinder.api.middleware.request_id [None req-563a22e3-2dc4-4672-bfda-f8fa52c90fef None None] RequestId filter calling following filter/app {{(pid=96147) _context_setter /opt/stack/cinder/cinder/api/middleware/request_id.py:62}}
Jun 12 03:25:50.962211 np0000002708 devstack@c-api.service[96147]: INFO cinder.api.openstack.wsgi [None req-563a22e3-2dc4-4672-bfda-f8fa52c90fef tempest-VolumesListAdminTestJSON-1888744387 tempest-VolumesListAdminTestJSON-1888744387-project-member] GET https://10.4.3.149/volume/v3/volumes/83ac7fa2-0620-4aee-ac15-d2c2464d6928
Jun 12 03:25:50.963063 np0000002708 devstack@c-api.service[96148]: DEBUG cinder.volume.api [None req-e0e7b2d4-f62a-4934-ab20-1bae047c87b0 tempest-TaggedBootDevicesTest-344716620 tempest-TaggedBootDevicesTest-344716620-project-member] Task 'cinder.volume.flows.api.create_volume.ExtractVolumeRequestTask;volume:create' (630a8252-0bd0-41ee-90b6-2433f6762ef9) transitioned into state 'RUNNING' from state 'PENDING' {{(pid=96148) _task_receiver /opt/stack/data/venv/lib/python3.12/site-packages/taskflow/listeners/logging.py:242}}
Jun 12 03:25:50.964724 np0000002708 devstack@c-api.service[96148]: DEBUG cinder.volume.flows.api.create_volume [None req-e0e7b2d4-f62a-4934-ab20-1bae047c87b0 tempest-TaggedBootDevicesTest-344716620 tempest-TaggedBootDevicesTest-344716620-project-member] Validating volume size '1' using validate_int {{(pid=96148) _extract_size /opt/stack/cinder/cinder/volume/flows/api/create_volume.py:226}}
Jun 12 03:25:50.965293 np0000002708 devstack@c-api.service[96147]: DEBUG cinder.api.openstack.wsgi [None req-563a22e3-2dc4-4672-bfda-f8fa52c90fef tempest-VolumesListAdminTestJSON-1888744387 tempest-VolumesListAdminTestJSON-1888744387-project-member] Empty body provided in request {{(pid=96147) get_body /opt/stack/cinder/cinder/api/openstack/wsgi.py:725}}
Jun 12 03:25:50.965680 np0000002708 devstack@c-api.service[96147]: DEBUG cinder.api.openstack.wsgi [None req-563a22e3-2dc4-4672-bfda-f8fa52c90fef tempest-VolumesListAdminTestJSON-1888744387 tempest-VolumesListAdminTestJSON-1888744387-project-member] Calling method 'show' {{(pid=96147) _process_stack /opt/stack/cinder/cinder/api/openstack/wsgi.py:878}}
Jun 12 03:25:50.977402 np0000002708 devstack@c-api.service[96147]: INFO cinder.api.openstack.wsgi [None req-563a22e3-2dc4-4672-bfda-f8fa52c90fef tempest-VolumesListAdminTestJSON-1888744387 tempest-VolumesListAdminTestJSON-1888744387-project-member] https://10.4.3.149/volume/v3/volumes/83ac7fa2-0620-4aee-ac15-d2c2464d6928 returned with HTTP 404
Jun 12 03:25:50.978580 np0000002708 devstack@c-api.service[96147]: [pid: 96147|app: 0|req: 235/463] 10.4.3.149 () {66 vars in 1348 bytes} [Fri Jun 12 03:25:50 2026] GET /volume/v3/volumes/83ac7fa2-0620-4aee-ac15-d2c2464d6928 => generated 109 bytes in 20 msecs (HTTP/1.1 404) 7 headers in 292 bytes (1 switches on core 0)
Jun 12 03:25:50.985664 np0000002708 devstack@c-api.service[96147]: DEBUG cinder.api.middleware.request_id [None req-fceba8d0-e700-4e75-9c45-7635f7fb8da2 None None] RequestId filter calling following filter/app {{(pid=96147) _context_setter /opt/stack/cinder/cinder/api/middleware/request_id.py:62}}
Jun 12 03:25:50.989726 np0000002708 devstack@c-api.service[96147]: INFO cinder.api.openstack.wsgi [None req-fceba8d0-e700-4e75-9c45-7635f7fb8da2 tempest-VolumesListAdminTestJSON-1888744387 tempest-VolumesListAdminTestJSON-1888744387-project-member] GET https://10.4.3.149/volume/v3/volumes/d857c261-aa1f-4e5b-aee2-c17970570b1d
Jun 12 03:25:50.989726 np0000002708 devstack@c-api.service[96147]: DEBUG cinder.api.openstack.wsgi [None req-fceba8d0-e700-4e75-9c45-7635f7fb8da2 tempest-VolumesListAdminTestJSON-1888744387 tempest-VolumesListAdminTestJSON-1888744387-project-member] Empty body provided in request {{(pid=96147) get_body /opt/stack/cinder/cinder/api/openstack/wsgi.py:725}}
Jun 12 03:25:50.989726 np0000002708 devstack@c-api.service[96147]: DEBUG cinder.api.openstack.wsgi [None req-fceba8d0-e700-4e75-9c45-7635f7fb8da2 tempest-VolumesListAdminTestJSON-1888744387 tempest-VolumesListAdminTestJSON-1888744387-project-member] Calling method 'show' {{(pid=96147) _process_stack /opt/stack/cinder/cinder/api/openstack/wsgi.py:878}}
Jun 12 03:25:50.998347 np0000002708 devstack@c-api.service[96147]: /opt/stack/data/venv/lib/python3.12/site-packages/oslo_context/context.py:102: DeprecationWarning: Policy enforcement is depending on the value of is_admin. This key is deprecated. Please update your policy file to use the standard policy values.
Jun 12 03:25:50.998347 np0000002708 devstack@c-api.service[96147]: warnings.warn(
Jun 12 03:25:51.000245 np0000002708 devstack@c-api.service[96148]: DEBUG cinder.volume.api [None req-e0e7b2d4-f62a-4934-ab20-1bae047c87b0 tempest-TaggedBootDevicesTest-344716620 tempest-TaggedBootDevicesTest-344716620-project-member] Task 'cinder.volume.flows.api.create_volume.ExtractVolumeRequestTask;volume:create' (630a8252-0bd0-41ee-90b6-2433f6762ef9) transitioned into state 'SUCCESS' from state 'RUNNING' with result '{'size': 1, 'snapshot_id': None, 'source_volid': None, 'volume_type': VolumeType(created_at=2026-06-12T03:22:08Z,deleted=False,deleted_at=None,description=None,extra_specs={volume_backend_name='storpool'},id=bf4ed259-a97c-49d5-a74c-a5217fb544f6,is_public=True,name='storpool',projects=[],qos_specs=,qos_specs_id=None,updated_at=None), 'volume_type_id': 'bf4ed259-a97c-49d5-a74c-a5217fb544f6', 'encryption_key_id': None, 'qos_specs': None, 'consistencygroup_id': None, 'cgsnapshot_id': None, 'group_id': None, 'replication_status': 'disabled', 'refresh_az': False, 'backup_id': None, 'multiattach': False, 'availability_zones': ['nova']}' {{(pid=96148) _task_receiver /opt/stack/data/venv/lib/python3.12/site-packages/taskflow/listeners/logging.py:218}}
Jun 12 03:25:51.001885 np0000002708 devstack@c-api.service[96148]: DEBUG cinder.volume.api [None req-e0e7b2d4-f62a-4934-ab20-1bae047c87b0 tempest-TaggedBootDevicesTest-344716620 tempest-TaggedBootDevicesTest-344716620-project-member] Task 'cinder.volume.flows.api.create_volume.QuotaReserveTask;volume:create' (34937bef-495c-4e2f-920c-dbfc50c69aab) transitioned into state 'RUNNING' from state 'PENDING' {{(pid=96148) _task_receiver /opt/stack/data/venv/lib/python3.12/site-packages/taskflow/listeners/logging.py:242}}
Jun 12 03:25:51.004331 np0000002708 devstack@c-api.service[96147]: INFO cinder.volume.api [None req-fceba8d0-e700-4e75-9c45-7635f7fb8da2 tempest-VolumesListAdminTestJSON-1888744387 tempest-VolumesListAdminTestJSON-1888744387-project-member] Volume info retrieved successfully.
Jun 12 03:25:51.010223 np0000002708 devstack@c-api.service[96147]: INFO cinder.api.openstack.wsgi [None req-fceba8d0-e700-4e75-9c45-7635f7fb8da2 tempest-VolumesListAdminTestJSON-1888744387 tempest-VolumesListAdminTestJSON-1888744387-project-member] https://10.4.3.149/volume/v3/volumes/d857c261-aa1f-4e5b-aee2-c17970570b1d returned with HTTP 200
Jun 12 03:25:51.010968 np0000002708 devstack@c-api.service[96147]: [pid: 96147|app: 0|req: 236/464] 10.4.3.149 () {66 vars in 1348 bytes} [Fri Jun 12 03:25:50 2026] GET /volume/v3/volumes/d857c261-aa1f-4e5b-aee2-c17970570b1d => generated 847 bytes in 26 msecs (HTTP/1.1 200) 7 headers in 285 bytes (1 switches on core 0)
Jun 12 03:25:51.022708 np0000002708 devstack@c-api.service[96147]: DEBUG cinder.api.middleware.request_id [None req-cea759d4-b498-4944-a307-03ac293f3df2 None None] RequestId filter calling following filter/app {{(pid=96147) _context_setter /opt/stack/cinder/cinder/api/middleware/request_id.py:62}}
Jun 12 03:25:51.029135 np0000002708 devstack@c-api.service[96147]: INFO cinder.api.openstack.wsgi [None req-cea759d4-b498-4944-a307-03ac293f3df2 tempest-VolumesListAdminTestJSON-1888744387 tempest-VolumesListAdminTestJSON-1888744387-project-member] DELETE https://10.4.3.149/volume/v3/volumes/d857c261-aa1f-4e5b-aee2-c17970570b1d
Jun 12 03:25:51.029518 np0000002708 devstack@c-api.service[96147]: DEBUG cinder.api.openstack.wsgi [None req-cea759d4-b498-4944-a307-03ac293f3df2 tempest-VolumesListAdminTestJSON-1888744387 tempest-VolumesListAdminTestJSON-1888744387-project-member] Empty body provided in request {{(pid=96147) get_body /opt/stack/cinder/cinder/api/openstack/wsgi.py:725}}
Jun 12 03:25:51.029901 np0000002708 devstack@c-api.service[96147]: DEBUG cinder.api.openstack.wsgi [None req-cea759d4-b498-4944-a307-03ac293f3df2 tempest-VolumesListAdminTestJSON-1888744387 tempest-VolumesListAdminTestJSON-1888744387-project-member] Calling method 'delete' {{(pid=96147) _process_stack /opt/stack/cinder/cinder/api/openstack/wsgi.py:878}}
Jun 12 03:25:51.030239 np0000002708 devstack@c-api.service[96147]: INFO cinder.api.v3.volumes [None req-cea759d4-b498-4944-a307-03ac293f3df2 tempest-VolumesListAdminTestJSON-1888744387 tempest-VolumesListAdminTestJSON-1888744387-project-member] Delete volume with id: d857c261-aa1f-4e5b-aee2-c17970570b1d
Jun 12 03:25:51.038367 np0000002708 devstack@c-api.service[96147]: /opt/stack/data/venv/lib/python3.12/site-packages/oslo_context/context.py:102: DeprecationWarning: Policy enforcement is depending on the value of is_admin. This key is deprecated. Please update your policy file to use the standard policy values.
Jun 12 03:25:51.038367 np0000002708 devstack@c-api.service[96147]: warnings.warn(
Jun 12 03:25:51.039556 np0000002708 devstack@c-api.service[96147]: INFO cinder.volume.api [None req-cea759d4-b498-4944-a307-03ac293f3df2 tempest-VolumesListAdminTestJSON-1888744387 tempest-VolumesListAdminTestJSON-1888744387-project-member] Volume info retrieved successfully.
Jun 12 03:25:51.041332 np0000002708 devstack@c-api.service[96148]: DEBUG cinder.quota [None req-e0e7b2d4-f62a-4934-ab20-1bae047c87b0 tempest-TaggedBootDevicesTest-344716620 tempest-TaggedBootDevicesTest-344716620-project-member] Created reservations ['b915d6cf-355f-4108-b974-126873b718b3', 'cd49ddc4-a51a-48c7-86be-f256341fe695', 'c205c294-6305-48c8-9eae-8bbb763ced45', '62f8bca6-0f8a-4520-9530-6f9eccd886f1'] {{(pid=96148) reserve /opt/stack/cinder/cinder/quota.py:752}}
Jun 12 03:25:51.042076 np0000002708 devstack@c-api.service[96148]: DEBUG cinder.volume.api [None req-e0e7b2d4-f62a-4934-ab20-1bae047c87b0 tempest-TaggedBootDevicesTest-344716620 tempest-TaggedBootDevicesTest-344716620-project-member] Task 'cinder.volume.flows.api.create_volume.QuotaReserveTask;volume:create' (34937bef-495c-4e2f-920c-dbfc50c69aab) transitioned into state 'SUCCESS' from state 'RUNNING' with result '{'reservations': ['b915d6cf-355f-4108-b974-126873b718b3', 'cd49ddc4-a51a-48c7-86be-f256341fe695', 'c205c294-6305-48c8-9eae-8bbb763ced45', '62f8bca6-0f8a-4520-9530-6f9eccd886f1']}' {{(pid=96148) _task_receiver /opt/stack/data/venv/lib/python3.12/site-packages/taskflow/listeners/logging.py:218}}
Jun 12 03:25:51.043227 np0000002708 devstack@c-api.service[96148]: DEBUG cinder.volume.api [None req-e0e7b2d4-f62a-4934-ab20-1bae047c87b0 tempest-TaggedBootDevicesTest-344716620 tempest-TaggedBootDevicesTest-344716620-project-member] Task 'cinder.volume.flows.api.create_volume.EntryCreateTask;volume:create' (a97df583-09d7-4c69-af1d-7a0748d68d43) transitioned into state 'RUNNING' from state 'PENDING' {{(pid=96148) _task_receiver /opt/stack/data/venv/lib/python3.12/site-packages/taskflow/listeners/logging.py:242}}
Jun 12 03:25:51.062022 np0000002708 devstack@c-api.service[96147]: INFO cinder.volume.api [None req-cea759d4-b498-4944-a307-03ac293f3df2 tempest-VolumesListAdminTestJSON-1888744387 tempest-VolumesListAdminTestJSON-1888744387-project-member] Delete volume request issued successfully.
Jun 12 03:25:51.062022 np0000002708 devstack@c-api.service[96147]: INFO cinder.api.openstack.wsgi [None req-cea759d4-b498-4944-a307-03ac293f3df2 tempest-VolumesListAdminTestJSON-1888744387 tempest-VolumesListAdminTestJSON-1888744387-project-member] https://10.4.3.149/volume/v3/volumes/d857c261-aa1f-4e5b-aee2-c17970570b1d returned with HTTP 202
Jun 12 03:25:51.062022 np0000002708 devstack@c-api.service[96147]: [pid: 96147|app: 0|req: 237/465] 10.4.3.149 () {66 vars in 1351 bytes} [Fri Jun 12 03:25:51 2026] DELETE /volume/v3/volumes/d857c261-aa1f-4e5b-aee2-c17970570b1d => generated 0 bytes in 40 msecs (HTTP/1.1 202) 6 headers in 233 bytes (1 switches on core 0)
Jun 12 03:25:51.062328 np0000002708 devstack@c-api.service[96148]: DEBUG cinder.volume.api [None req-e0e7b2d4-f62a-4934-ab20-1bae047c87b0 tempest-TaggedBootDevicesTest-344716620 tempest-TaggedBootDevicesTest-344716620-project-member] Task 'cinder.volume.flows.api.create_volume.EntryCreateTask;volume:create' (a97df583-09d7-4c69-af1d-7a0748d68d43) transitioned into state 'SUCCESS' from state 'RUNNING' with result '{'volume_id': '953954c6-48e2-457f-a6c5-9a400f280af4', 'volume_properties': VolumeProperties(attach_status='detached',availability_zone='nova',cgsnapshot_id=None,consistencygroup_id=None,display_description=None,display_name='tempest-TaggedBootDevicesTest-volume-1016927446',encryption_key_id=None,group_id=None,group_type_id=,metadata={},multiattach=False,project_id='496b070fb9aa40e99fbac2352067f010',qos_specs=None,replication_status=,reservations=['b915d6cf-355f-4108-b974-126873b718b3','cd49ddc4-a51a-48c7-86be-f256341fe695','c205c294-6305-48c8-9eae-8bbb763ced45','62f8bca6-0f8a-4520-9530-6f9eccd886f1'],size=1,snapshot_id=None,source_replicaid=,source_volid=None,status='creating',user_id='4de2332830364e5cb3cdbf603a27cd49',volume_type_id=bf4ed259-a97c-49d5-a74c-a5217fb544f6), 'volume': Volume(_name_id=None,admin_metadata=,attach_status='detached',availability_zone='nova',bootable=False,cluster=,cluster_name=None,consistencygroup=,consistencygroup_id=None,created_at=2026-06-12T03:25:51Z,deleted=False,deleted_at=None,display_description=None,display_name='tempest-TaggedBootDevicesTest-volume-1016927446',ec2_id=None,encryption_key_id=None,glance_metadata=,group=,group_id=None,host=None,id=953954c6-48e2-457f-a6c5-9a400f280af4,launched_at=None,metadata={},migration_status=None,multiattach=False,previous_status=None,project_id='496b070fb9aa40e99fbac2352067f010',provider_auth=None,provider_geometry=None,provider_id=None,provider_location=None,replication_driver_data=None,replication_extended_status=None,replication_status=None,scheduled_at=None,service_uuid=None,shared_targets=True,size=1,snapshot_id=None,snapshots=,source_volid=None,status='creating',terminated_at=None,updated_at=None,use_quota=True,user_id='4de2332830364e5cb3cdbf603a27cd49',volume_attachment=VolumeAttachmentList,volume_type=VolumeType(bf4ed259-a97c-49d5-a74c-a5217fb544f6),volume_type_id=bf4ed259-a97c-49d5-a74c-a5217fb544f6)}' {{(pid=96148) _task_receiver /opt/stack/data/venv/lib/python3.12/site-packages/taskflow/listeners/logging.py:218}}
Jun 12 03:25:51.063042 np0000002708 devstack@c-api.service[96148]: DEBUG cinder.volume.api [None req-e0e7b2d4-f62a-4934-ab20-1bae047c87b0 tempest-TaggedBootDevicesTest-344716620 tempest-TaggedBootDevicesTest-344716620-project-member] Task 'cinder.volume.flows.api.create_volume.QuotaCommitTask;volume:create' (b942d222-93fc-4e9d-8667-98a4e7494d03) transitioned into state 'RUNNING' from state 'PENDING' {{(pid=96148) _task_receiver /opt/stack/data/venv/lib/python3.12/site-packages/taskflow/listeners/logging.py:242}}
Jun 12 03:25:51.069794 np0000002708 devstack@c-api.service[96147]: DEBUG cinder.api.middleware.request_id [None req-47ebc25e-316f-4a05-9617-28fcb847797a None None] RequestId filter calling following filter/app {{(pid=96147) _context_setter /opt/stack/cinder/cinder/api/middleware/request_id.py:62}}
Jun 12 03:25:51.072029 np0000002708 devstack@c-api.service[96147]: INFO cinder.api.openstack.wsgi [None req-47ebc25e-316f-4a05-9617-28fcb847797a tempest-VolumesListAdminTestJSON-1888744387 tempest-VolumesListAdminTestJSON-1888744387-project-member] GET https://10.4.3.149/volume/v3/volumes/d857c261-aa1f-4e5b-aee2-c17970570b1d
Jun 12 03:25:51.072466 np0000002708 devstack@c-api.service[96147]: DEBUG cinder.api.openstack.wsgi [None req-47ebc25e-316f-4a05-9617-28fcb847797a tempest-VolumesListAdminTestJSON-1888744387 tempest-VolumesListAdminTestJSON-1888744387-project-member] Empty body provided in request {{(pid=96147) get_body /opt/stack/cinder/cinder/api/openstack/wsgi.py:725}}
Jun 12 03:25:51.072802 np0000002708 devstack@c-api.service[96147]: DEBUG cinder.api.openstack.wsgi [None req-47ebc25e-316f-4a05-9617-28fcb847797a tempest-VolumesListAdminTestJSON-1888744387 tempest-VolumesListAdminTestJSON-1888744387-project-member] Calling method 'show' {{(pid=96147) _process_stack /opt/stack/cinder/cinder/api/openstack/wsgi.py:878}}
Jun 12 03:25:51.079908 np0000002708 devstack@c-api.service[96147]: /opt/stack/data/venv/lib/python3.12/site-packages/oslo_context/context.py:102: DeprecationWarning: Policy enforcement is depending on the value of is_admin. This key is deprecated. Please update your policy file to use the standard policy values.
Jun 12 03:25:51.079908 np0000002708 devstack@c-api.service[96147]: warnings.warn(
Jun 12 03:25:51.085489 np0000002708 devstack@c-api.service[96147]: INFO cinder.volume.api [None req-47ebc25e-316f-4a05-9617-28fcb847797a tempest-VolumesListAdminTestJSON-1888744387 tempest-VolumesListAdminTestJSON-1888744387-project-member] Volume info retrieved successfully.
Jun 12 03:25:51.090062 np0000002708 devstack@c-api.service[96147]: INFO cinder.api.openstack.wsgi [None req-47ebc25e-316f-4a05-9617-28fcb847797a tempest-VolumesListAdminTestJSON-1888744387 tempest-VolumesListAdminTestJSON-1888744387-project-member] https://10.4.3.149/volume/v3/volumes/d857c261-aa1f-4e5b-aee2-c17970570b1d returned with HTTP 200
Jun 12 03:25:51.090764 np0000002708 devstack@c-api.service[96147]: [pid: 96147|app: 0|req: 238/466] 10.4.3.149 () {66 vars in 1348 bytes} [Fri Jun 12 03:25:51 2026] GET /volume/v3/volumes/d857c261-aa1f-4e5b-aee2-c17970570b1d => generated 846 bytes in 23 msecs (HTTP/1.1 200) 7 headers in 285 bytes (1 switches on core 0)
Jun 12 03:25:51.091446 np0000002708 devstack@c-api.service[96148]: DEBUG cinder.volume.api [None req-e0e7b2d4-f62a-4934-ab20-1bae047c87b0 tempest-TaggedBootDevicesTest-344716620 tempest-TaggedBootDevicesTest-344716620-project-member] Task 'cinder.volume.flows.api.create_volume.QuotaCommitTask;volume:create' (b942d222-93fc-4e9d-8667-98a4e7494d03) transitioned into state 'SUCCESS' from state 'RUNNING' with result '{'volume_properties': VolumeProperties(attach_status='detached',availability_zone='nova',cgsnapshot_id=None,consistencygroup_id=None,display_description=None,display_name='tempest-TaggedBootDevicesTest-volume-1016927446',encryption_key_id=None,group_id=None,group_type_id=,metadata={},multiattach=False,project_id='496b070fb9aa40e99fbac2352067f010',qos_specs=None,replication_status=,reservations=['b915d6cf-355f-4108-b974-126873b718b3','cd49ddc4-a51a-48c7-86be-f256341fe695','c205c294-6305-48c8-9eae-8bbb763ced45','62f8bca6-0f8a-4520-9530-6f9eccd886f1'],size=1,snapshot_id=None,source_replicaid=,source_volid=None,status='creating',user_id='4de2332830364e5cb3cdbf603a27cd49',volume_type_id=bf4ed259-a97c-49d5-a74c-a5217fb544f6)}' {{(pid=96148) _task_receiver /opt/stack/data/venv/lib/python3.12/site-packages/taskflow/listeners/logging.py:218}}
Jun 12 03:25:51.091785 np0000002708 devstack@c-api.service[96147]: DEBUG cinder.api.middleware.request_id [None req-8401ffc9-1064-4567-ae3c-46deee5042fa None None] RequestId filter calling following filter/app {{(pid=96147) _context_setter /opt/stack/cinder/cinder/api/middleware/request_id.py:62}}
Jun 12 03:25:51.092550 np0000002708 devstack@c-api.service[96148]: DEBUG cinder.volume.api [None req-e0e7b2d4-f62a-4934-ab20-1bae047c87b0 tempest-TaggedBootDevicesTest-344716620 tempest-TaggedBootDevicesTest-344716620-project-member] Task 'cinder.volume.flows.api.create_volume.VolumeCastTask;volume:create' (486dc361-3af0-47fd-ac22-5a0305251671) transitioned into state 'RUNNING' from state 'PENDING' {{(pid=96148) _task_receiver /opt/stack/data/venv/lib/python3.12/site-packages/taskflow/listeners/logging.py:242}}
Jun 12 03:25:51.093994 np0000002708 devstack@c-api.service[96147]: INFO cinder.api.openstack.wsgi [None req-8401ffc9-1064-4567-ae3c-46deee5042fa tempest-VolumesBackupsTest-266642592 tempest-VolumesBackupsTest-266642592-project-member] GET https://10.4.3.149/volume/v3/backups/c983a25d-506f-4f49-95b6-19d497cbfb4e
Jun 12 03:25:51.094482 np0000002708 devstack@c-api.service[96147]: DEBUG cinder.api.openstack.wsgi [None req-8401ffc9-1064-4567-ae3c-46deee5042fa tempest-VolumesBackupsTest-266642592 tempest-VolumesBackupsTest-266642592-project-member] Empty body provided in request {{(pid=96147) get_body /opt/stack/cinder/cinder/api/openstack/wsgi.py:725}}
Jun 12 03:25:51.094865 np0000002708 devstack@c-api.service[96147]: DEBUG cinder.api.openstack.wsgi [None req-8401ffc9-1064-4567-ae3c-46deee5042fa tempest-VolumesBackupsTest-266642592 tempest-VolumesBackupsTest-266642592-project-member] Calling method 'show' {{(pid=96147) _process_stack /opt/stack/cinder/cinder/api/openstack/wsgi.py:878}}
Jun 12 03:25:51.095081 np0000002708 devstack@c-api.service[96147]: DEBUG cinder.api.v3.backups [None req-8401ffc9-1064-4567-ae3c-46deee5042fa tempest-VolumesBackupsTest-266642592 tempest-VolumesBackupsTest-266642592-project-member] Show backup with id c983a25d-506f-4f49-95b6-19d497cbfb4e. {{(pid=96147) show /opt/stack/cinder/cinder/api/v3/backups.py:75}}
Jun 12 03:25:51.099536 np0000002708 devstack@c-api.service[96147]: /opt/stack/data/venv/lib/python3.12/site-packages/oslo_context/context.py:102: DeprecationWarning: Policy enforcement is depending on the value of is_admin. This key is deprecated. Please update your policy file to use the standard policy values.
Jun 12 03:25:51.099536 np0000002708 devstack@c-api.service[96147]: warnings.warn(
Jun 12 03:25:51.100510 np0000002708 devstack@c-api.service[96147]: INFO cinder.api.openstack.wsgi [None req-8401ffc9-1064-4567-ae3c-46deee5042fa tempest-VolumesBackupsTest-266642592 tempest-VolumesBackupsTest-266642592-project-member] https://10.4.3.149/volume/v3/backups/c983a25d-506f-4f49-95b6-19d497cbfb4e returned with HTTP 200
Jun 12 03:25:51.101164 np0000002708 devstack@c-api.service[96147]: [pid: 96147|app: 0|req: 239/467] 10.4.3.149 () {66 vars in 1348 bytes} [Fri Jun 12 03:25:51 2026] GET /volume/v3/backups/c983a25d-506f-4f49-95b6-19d497cbfb4e => generated 750 bytes in 10 msecs (HTTP/1.1 200) 7 headers in 285 bytes (1 switches on core 0)
Jun 12 03:25:51.104928 np0000002708 devstack@c-api.service[96148]: DEBUG cinder.volume.api [None req-e0e7b2d4-f62a-4934-ab20-1bae047c87b0 tempest-TaggedBootDevicesTest-344716620 tempest-TaggedBootDevicesTest-344716620-project-member] Task 'cinder.volume.flows.api.create_volume.VolumeCastTask;volume:create' (486dc361-3af0-47fd-ac22-5a0305251671) transitioned into state 'SUCCESS' from state 'RUNNING' with result 'None' {{(pid=96148) _task_receiver /opt/stack/data/venv/lib/python3.12/site-packages/taskflow/listeners/logging.py:218}}
Jun 12 03:25:51.105915 np0000002708 devstack@c-api.service[96148]: DEBUG cinder.volume.api [None req-e0e7b2d4-f62a-4934-ab20-1bae047c87b0 tempest-TaggedBootDevicesTest-344716620 tempest-TaggedBootDevicesTest-344716620-project-member] Flow 'volume_create_api' (7e383e72-4a8f-49bd-88a7-278d2ae18ffe) transitioned into state 'SUCCESS' from state 'RUNNING' {{(pid=96148) _flow_receiver /opt/stack/data/venv/lib/python3.12/site-packages/taskflow/listeners/logging.py:160}}
Jun 12 03:25:51.106228 np0000002708 devstack@c-api.service[96148]: INFO cinder.volume.api [None req-e0e7b2d4-f62a-4934-ab20-1bae047c87b0 tempest-TaggedBootDevicesTest-344716620 tempest-TaggedBootDevicesTest-344716620-project-member] Create volume request issued successfully.
Jun 12 03:25:51.107067 np0000002708 devstack@c-api.service[96148]: INFO cinder.api.openstack.wsgi [None req-e0e7b2d4-f62a-4934-ab20-1bae047c87b0 tempest-TaggedBootDevicesTest-344716620 tempest-TaggedBootDevicesTest-344716620-project-member] https://10.4.3.149/volume/v3/volumes returned with HTTP 202
Jun 12 03:25:51.107489 np0000002708 devstack@c-api.service[96148]: [pid: 96148|app: 0|req: 229/468] 10.4.3.149 () {68 vars in 1258 bytes} [Fri Jun 12 03:25:50 2026] POST /volume/v3/volumes => generated 752 bytes in 170 msecs (HTTP/1.1 202) 7 headers in 291 bytes (1 switches on core 0)
Jun 12 03:25:51.124987 np0000002708 devstack@c-api.service[96147]: DEBUG cinder.api.middleware.request_id [None req-613cc525-ba60-4d35-b217-4965345cbbf2 None None] RequestId filter calling following filter/app {{(pid=96147) _context_setter /opt/stack/cinder/cinder/api/middleware/request_id.py:62}}
Jun 12 03:25:51.126526 np0000002708 devstack@c-api.service[96147]: INFO cinder.api.openstack.wsgi [None req-613cc525-ba60-4d35-b217-4965345cbbf2 tempest-TaggedBootDevicesTest-344716620 tempest-TaggedBootDevicesTest-344716620-project-member] GET https://10.4.3.149/volume/v3/volumes/953954c6-48e2-457f-a6c5-9a400f280af4
Jun 12 03:25:51.126949 np0000002708 devstack@c-api.service[96147]: DEBUG cinder.api.openstack.wsgi [None req-613cc525-ba60-4d35-b217-4965345cbbf2 tempest-TaggedBootDevicesTest-344716620 tempest-TaggedBootDevicesTest-344716620-project-member] Empty body provided in request {{(pid=96147) get_body /opt/stack/cinder/cinder/api/openstack/wsgi.py:725}}
Jun 12 03:25:51.127261 np0000002708 devstack@c-api.service[96147]: DEBUG cinder.api.openstack.wsgi [None req-613cc525-ba60-4d35-b217-4965345cbbf2 tempest-TaggedBootDevicesTest-344716620 tempest-TaggedBootDevicesTest-344716620-project-member] Calling method 'show' {{(pid=96147) _process_stack /opt/stack/cinder/cinder/api/openstack/wsgi.py:878}}
Jun 12 03:25:51.135629 np0000002708 devstack@c-api.service[96147]: /opt/stack/data/venv/lib/python3.12/site-packages/oslo_context/context.py:102: DeprecationWarning: Policy enforcement is depending on the value of is_admin. This key is deprecated. Please update your policy file to use the standard policy values.
Jun 12 03:25:51.135629 np0000002708 devstack@c-api.service[96147]: warnings.warn(
Jun 12 03:25:51.139386 np0000002708 devstack@c-api.service[96147]: INFO cinder.volume.api [None req-613cc525-ba60-4d35-b217-4965345cbbf2 tempest-TaggedBootDevicesTest-344716620 tempest-TaggedBootDevicesTest-344716620-project-member] Volume info retrieved successfully.
Jun 12 03:25:51.143952 np0000002708 devstack@c-api.service[96147]: INFO cinder.api.openstack.wsgi [None req-613cc525-ba60-4d35-b217-4965345cbbf2 tempest-TaggedBootDevicesTest-344716620 tempest-TaggedBootDevicesTest-344716620-project-member] https://10.4.3.149/volume/v3/volumes/953954c6-48e2-457f-a6c5-9a400f280af4 returned with HTTP 200
Jun 12 03:25:51.144439 np0000002708 devstack@c-api.service[96147]: [pid: 96147|app: 0|req: 240/469] 10.4.3.149 () {66 vars in 1348 bytes} [Fri Jun 12 03:25:51 2026] GET /volume/v3/volumes/953954c6-48e2-457f-a6c5-9a400f280af4 => generated 820 bytes in 20 msecs (HTTP/1.1 200) 7 headers in 285 bytes (1 switches on core 0)
Jun 12 03:25:52.105149 np0000002708 devstack@c-api.service[96148]: DEBUG cinder.api.middleware.request_id [None req-f10ea48a-78e0-4d2c-887b-c6ece97a43a6 None None] RequestId filter calling following filter/app {{(pid=96148) _context_setter /opt/stack/cinder/cinder/api/middleware/request_id.py:62}}
Jun 12 03:25:52.107629 np0000002708 devstack@c-api.service[96148]: INFO cinder.api.openstack.wsgi [None req-f10ea48a-78e0-4d2c-887b-c6ece97a43a6 tempest-VolumesListAdminTestJSON-1888744387 tempest-VolumesListAdminTestJSON-1888744387-project-member] GET https://10.4.3.149/volume/v3/volumes/d857c261-aa1f-4e5b-aee2-c17970570b1d
Jun 12 03:25:52.108083 np0000002708 devstack@c-api.service[96148]: DEBUG cinder.api.openstack.wsgi [None req-f10ea48a-78e0-4d2c-887b-c6ece97a43a6 tempest-VolumesListAdminTestJSON-1888744387 tempest-VolumesListAdminTestJSON-1888744387-project-member] Empty body provided in request {{(pid=96148) get_body /opt/stack/cinder/cinder/api/openstack/wsgi.py:725}}
Jun 12 03:25:52.108270 np0000002708 devstack@c-api.service[96148]: DEBUG cinder.api.openstack.wsgi [None req-f10ea48a-78e0-4d2c-887b-c6ece97a43a6 tempest-VolumesListAdminTestJSON-1888744387 tempest-VolumesListAdminTestJSON-1888744387-project-member] Calling method 'show' {{(pid=96148) _process_stack /opt/stack/cinder/cinder/api/openstack/wsgi.py:878}}
Jun 12 03:25:52.111997 np0000002708 devstack@c-api.service[96147]: DEBUG cinder.api.middleware.request_id [None req-6ffa5159-cfca-4432-a7b0-3192e356bcef None None] RequestId filter calling following filter/app {{(pid=96147) _context_setter /opt/stack/cinder/cinder/api/middleware/request_id.py:62}}
Jun 12 03:25:52.114135 np0000002708 devstack@c-api.service[96147]: INFO cinder.api.openstack.wsgi [None req-6ffa5159-cfca-4432-a7b0-3192e356bcef tempest-VolumesBackupsTest-266642592 tempest-VolumesBackupsTest-266642592-project-member] GET https://10.4.3.149/volume/v3/backups/c983a25d-506f-4f49-95b6-19d497cbfb4e
Jun 12 03:25:52.114415 np0000002708 devstack@c-api.service[96147]: DEBUG cinder.api.openstack.wsgi [None req-6ffa5159-cfca-4432-a7b0-3192e356bcef tempest-VolumesBackupsTest-266642592 tempest-VolumesBackupsTest-266642592-project-member] Empty body provided in request {{(pid=96147) get_body /opt/stack/cinder/cinder/api/openstack/wsgi.py:725}}
Jun 12 03:25:52.114694 np0000002708 devstack@c-api.service[96147]: DEBUG cinder.api.openstack.wsgi [None req-6ffa5159-cfca-4432-a7b0-3192e356bcef tempest-VolumesBackupsTest-266642592 tempest-VolumesBackupsTest-266642592-project-member] Calling method 'show' {{(pid=96147) _process_stack /opt/stack/cinder/cinder/api/openstack/wsgi.py:878}}
Jun 12 03:25:52.114861 np0000002708 devstack@c-api.service[96147]: DEBUG cinder.api.v3.backups [None req-6ffa5159-cfca-4432-a7b0-3192e356bcef tempest-VolumesBackupsTest-266642592 tempest-VolumesBackupsTest-266642592-project-member] Show backup with id c983a25d-506f-4f49-95b6-19d497cbfb4e. {{(pid=96147) show /opt/stack/cinder/cinder/api/v3/backups.py:75}}
Jun 12 03:25:52.114938 np0000002708 devstack@c-api.service[96148]: INFO cinder.api.openstack.wsgi [None req-f10ea48a-78e0-4d2c-887b-c6ece97a43a6 tempest-VolumesListAdminTestJSON-1888744387 tempest-VolumesListAdminTestJSON-1888744387-project-member] https://10.4.3.149/volume/v3/volumes/d857c261-aa1f-4e5b-aee2-c17970570b1d returned with HTTP 404
Jun 12 03:25:52.115377 np0000002708 devstack@c-api.service[96148]: [pid: 96148|app: 0|req: 230/470] 10.4.3.149 () {66 vars in 1348 bytes} [Fri Jun 12 03:25:52 2026] GET /volume/v3/volumes/d857c261-aa1f-4e5b-aee2-c17970570b1d => generated 109 bytes in 11 msecs (HTTP/1.1 404) 7 headers in 292 bytes (1 switches on core 0)
Jun 12 03:25:52.119284 np0000002708 devstack@c-api.service[96147]: /opt/stack/data/venv/lib/python3.12/site-packages/oslo_context/context.py:102: DeprecationWarning: Policy enforcement is depending on the value of is_admin. This key is deprecated. Please update your policy file to use the standard policy values.
Jun 12 03:25:52.119284 np0000002708 devstack@c-api.service[96147]: warnings.warn(
Jun 12 03:25:52.120272 np0000002708 devstack@c-api.service[96147]: INFO cinder.api.openstack.wsgi [None req-6ffa5159-cfca-4432-a7b0-3192e356bcef tempest-VolumesBackupsTest-266642592 tempest-VolumesBackupsTest-266642592-project-member] https://10.4.3.149/volume/v3/backups/c983a25d-506f-4f49-95b6-19d497cbfb4e returned with HTTP 200
Jun 12 03:25:52.121141 np0000002708 devstack@c-api.service[96147]: [pid: 96147|app: 0|req: 241/471] 10.4.3.149 () {66 vars in 1348 bytes} [Fri Jun 12 03:25:52 2026] GET /volume/v3/backups/c983a25d-506f-4f49-95b6-19d497cbfb4e => generated 750 bytes in 9 msecs (HTTP/1.1 200) 7 headers in 285 bytes (1 switches on core 0)
Jun 12 03:25:52.122601 np0000002708 devstack@c-api.service[96148]: DEBUG cinder.api.middleware.request_id [None req-abe6b4ec-4eb8-4ee9-a601-7c565348744a None None] RequestId filter calling following filter/app {{(pid=96148) _context_setter /opt/stack/cinder/cinder/api/middleware/request_id.py:62}}
Jun 12 03:25:52.124454 np0000002708 devstack@c-api.service[96148]: INFO cinder.api.openstack.wsgi [None req-abe6b4ec-4eb8-4ee9-a601-7c565348744a tempest-VolumesListAdminTestJSON-1888744387 tempest-VolumesListAdminTestJSON-1888744387-project-member] GET https://10.4.3.149/volume/v3/volumes/346c498c-f3c7-466c-80d8-edee3117f74e
Jun 12 03:25:52.124749 np0000002708 devstack@c-api.service[96148]: DEBUG cinder.api.openstack.wsgi [None req-abe6b4ec-4eb8-4ee9-a601-7c565348744a tempest-VolumesListAdminTestJSON-1888744387 tempest-VolumesListAdminTestJSON-1888744387-project-member] Empty body provided in request {{(pid=96148) get_body /opt/stack/cinder/cinder/api/openstack/wsgi.py:725}}
Jun 12 03:25:52.125035 np0000002708 devstack@c-api.service[96148]: DEBUG cinder.api.openstack.wsgi [None req-abe6b4ec-4eb8-4ee9-a601-7c565348744a tempest-VolumesListAdminTestJSON-1888744387 tempest-VolumesListAdminTestJSON-1888744387-project-member] Calling method 'show' {{(pid=96148) _process_stack /opt/stack/cinder/cinder/api/openstack/wsgi.py:878}}
Jun 12 03:25:52.132017 np0000002708 devstack@c-api.service[96148]: /opt/stack/data/venv/lib/python3.12/site-packages/oslo_context/context.py:102: DeprecationWarning: Policy enforcement is depending on the value of is_admin. This key is deprecated. Please update your policy file to use the standard policy values.
Jun 12 03:25:52.132017 np0000002708 devstack@c-api.service[96148]: warnings.warn(
Jun 12 03:25:52.136414 np0000002708 devstack@c-api.service[96148]: INFO cinder.volume.api [None req-abe6b4ec-4eb8-4ee9-a601-7c565348744a tempest-VolumesListAdminTestJSON-1888744387 tempest-VolumesListAdminTestJSON-1888744387-project-member] Volume info retrieved successfully.
