Jul 10 02:26:03.840020 np0000004940 devstack@neutron-api.service[90589]: DEBUG futurist.periodics [-] Submitting periodic callback 'neutron.plugins.ml2.drivers.ovn.mech_driver.ovsdb.maintenance.HashRingHealthCheckPeriodics.touch_hash_ring_node' {{(pid=90589) _process_scheduled /opt/stack/data/venv/lib/python3.12/site-packages/futurist/periodics.py:784}}
Jul 10 02:26:03.840421 np0000004940 devstack@neutron-api.service[90589]: DEBUG neutron.plugins.ml2.drivers.ovn.mech_driver.ovsdb.maintenance [-] Touching Hash Ring node "5f7e5f638889506bb81381c53b57faa8" from periodic health check thread {{(pid=90589) touch_hash_ring_node /opt/stack/neutron/neutron/plugins/ml2/drivers/ovn/mech_driver/ovsdb/maintenance.py:1418}}
Jul 10 02:26:03.854358 np0000004940 devstack@neutron-api.service[90587]: DEBUG futurist.periodics [-] Submitting periodic callback 'neutron.plugins.ml2.drivers.ovn.mech_driver.ovsdb.maintenance.HashRingHealthCheckPeriodics.touch_hash_ring_node' {{(pid=90587) _process_scheduled /opt/stack/data/venv/lib/python3.12/site-packages/futurist/periodics.py:784}}
Jul 10 02:26:03.854709 np0000004940 devstack@neutron-api.service[90587]: DEBUG neutron.plugins.ml2.drivers.ovn.mech_driver.ovsdb.maintenance [-] Touching Hash Ring node "922778fd09335be997ef798ee1a27bdb" from periodic health check thread {{(pid=90587) touch_hash_ring_node /opt/stack/neutron/neutron/plugins/ml2/drivers/ovn/mech_driver/ovsdb/maintenance.py:1418}}
Jul 10 02:26:03.873722 np0000004940 devstack@neutron-api.service[90590]: DEBUG futurist.periodics [-] Submitting periodic callback 'neutron.plugins.ml2.drivers.ovn.mech_driver.ovsdb.maintenance.HashRingHealthCheckPeriodics.touch_hash_ring_node' {{(pid=90590) _process_scheduled /opt/stack/data/venv/lib/python3.12/site-packages/futurist/periodics.py:784}}
Jul 10 02:26:03.874229 np0000004940 devstack@neutron-api.service[90590]: DEBUG neutron.plugins.ml2.drivers.ovn.mech_driver.ovsdb.maintenance [-] Touching Hash Ring node "62c577c3a3e05c62a00de8aafa165b14" from periodic health check thread {{(pid=90590) touch_hash_ring_node /opt/stack/neutron/neutron/plugins/ml2/drivers/ovn/mech_driver/ovsdb/maintenance.py:1418}}
Jul 10 02:26:06.946808 np0000004940 devstack@neutron-api.service[90590]: DEBUG neutron.api.wsgi [None req-c6a29d31-4c4c-4348-9d04-8946ce3657a2 tempest-verify_tempest_config-1547786822 tempest-verify_tempest_config-1547786822-project-member] https://10.4.3.123/networking/v2.0/extensions returned with HTTP 200 {{(pid=90590) __call__ /opt/stack/neutron/neutron/api/wsgi.py:540}}
Jul 10 02:26:06.947221 np0000004940 devstack@neutron-api.service[90590]: [pid: 90590|app: 0|req: 10/41] 10.4.3.123 () {66 vars in 1261 bytes} [Fri Jul 10 02:26:06 2026] GET /networking/v2.0/extensions => generated 16171 bytes in 3 msecs (HTTP/1.1 200) 4 headers in 159 bytes (1 switches on core 0)
Jul 10 02:26:07.511735 np0000004940 devstack@neutron-api.service[90588]: DEBUG neutron_lib.callbacks.manager [None req-8437ed62-1a6c-462f-91e8-b0d3f030d2d1 admin admin] Publish callbacks [] for security_group (None), before_create {{(pid=90588) _notify_loop /opt/stack/data/venv/lib/python3.12/site-packages/neutron_lib/callbacks/manager.py:184}}
Jul 10 02:26:07.603246 np0000004940 devstack@neutron-api.service[90588]: DEBUG neutron_lib.callbacks.manager [None req-8437ed62-1a6c-462f-91e8-b0d3f030d2d1 admin admin] Publish callbacks ['neutron.plugins.ml2.drivers.ovn.mech_driver.mech_driver.OVNMechanismDriver._create_security_group_precommit-344895'] for security_group (d1ad13c9-2b12-4e7d-a0ac-ee6366941603), precommit_create {{(pid=90588) _notify_loop /opt/stack/data/venv/lib/python3.12/site-packages/neutron_lib/callbacks/manager.py:184}}
Jul 10 02:26:07.603416 np0000004940 devstack@neutron-api.service[90588]: DEBUG neutron.db.ovn_revision_numbers_db [None req-8437ed62-1a6c-462f-91e8-b0d3f030d2d1 admin admin] create_initial_revision uuid=d1ad13c9-2b12-4e7d-a0ac-ee6366941603, type=security_groups, rev=-1 {{(pid=90588) create_initial_revision /opt/stack/neutron/neutron/db/ovn_revision_numbers_db.py:98}}
Jul 10 02:26:07.604658 np0000004940 devstack@neutron-api.service[90588]: DEBUG neutron.db.ovn_revision_numbers_db [None req-8437ed62-1a6c-462f-91e8-b0d3f030d2d1 admin admin] create_initial_revision uuid=0e2adfae-6d49-4666-ab18-64cd7feeef2c, type=security_group_rules, rev=-1 {{(pid=90588) create_initial_revision /opt/stack/neutron/neutron/db/ovn_revision_numbers_db.py:98}}
Jul 10 02:26:07.605741 np0000004940 devstack@neutron-api.service[90588]: DEBUG neutron.db.ovn_revision_numbers_db [None req-8437ed62-1a6c-462f-91e8-b0d3f030d2d1 admin admin] create_initial_revision uuid=82259ffe-b499-4ec8-8a8b-216dc5e887b4, type=security_group_rules, rev=-1 {{(pid=90588) create_initial_revision /opt/stack/neutron/neutron/db/ovn_revision_numbers_db.py:98}}
Jul 10 02:26:07.607031 np0000004940 devstack@neutron-api.service[90588]: DEBUG neutron.db.ovn_revision_numbers_db [None req-8437ed62-1a6c-462f-91e8-b0d3f030d2d1 admin admin] create_initial_revision uuid=b0a55fc1-b4c8-48e4-aaea-a6eca2926cf1, type=security_group_rules, rev=-1 {{(pid=90588) create_initial_revision /opt/stack/neutron/neutron/db/ovn_revision_numbers_db.py:98}}
Jul 10 02:26:07.607942 np0000004940 devstack@neutron-api.service[90588]: DEBUG neutron.db.ovn_revision_numbers_db [None req-8437ed62-1a6c-462f-91e8-b0d3f030d2d1 admin admin] create_initial_revision uuid=ba41ae42-f23e-433c-9feb-6ca76aa7fbf7, type=security_group_rules, rev=-1 {{(pid=90588) create_initial_revision /opt/stack/neutron/neutron/db/ovn_revision_numbers_db.py:98}}
Jul 10 02:26:07.611431 np0000004940 devstack@neutron-api.service[90588]: DEBUG neutron_lib.callbacks.manager [None req-8437ed62-1a6c-462f-91e8-b0d3f030d2d1 admin admin] Publish callbacks ['neutron.plugins.ml2.drivers.ovn.mech_driver.mech_driver.OVNMechanismDriver._create_security_group-344881', 'neutron.plugins.ml2.ovo_rpc._ObjectChangeHandler.handle_event-7376074'] for security_group (d1ad13c9-2b12-4e7d-a0ac-ee6366941603), after_create {{(pid=90588) _notify_loop /opt/stack/data/venv/lib/python3.12/site-packages/neutron_lib/callbacks/manager.py:184}}
Jul 10 02:26:07.611857 np0000004940 devstack@neutron-api.service[90588]: DEBUG ovsdbapp.backend.ovs_idl.transaction [None req-cb430dd4-9518-46eb-a310-553f5bc520b6 None None] Running txn n=1 command(idx=0): PgAddCommand(_result=None, name=pg_d1ad13c9_2b12_4e7d_a0ac_ee6366941603, may_exist=False, columns={'acls': [], 'external_ids': {'neutron:security_group_id': 'd1ad13c9-2b12-4e7d-a0ac-ee6366941603'}}) {{(pid=90588) do_commit /opt/stack/data/venv/lib/python3.12/site-packages/ovsdbapp/backend/ovs_idl/transaction.py:89}}
Jul 10 02:26:07.612708 np0000004940 devstack@neutron-api.service[90588]: DEBUG ovsdbapp.backend.ovs_idl.transaction [None req-cb430dd4-9518-46eb-a310-553f5bc520b6 None None] Running txn n=1 command(idx=1): PgAclAddCommand(_result=None, entity=pg_d1ad13c9_2b12_4e7d_a0ac_ee6366941603, direction=to-lport, priority=1002, match=outport == @pg_d1ad13c9_2b12_4e7d_a0ac_ee6366941603 && ip4 && ip4.src == $pg_d1ad13c9_2b12_4e7d_a0ac_ee6366941603_ip4, action=allow-related, log=False, may_exist=True, severity=[], name=[], meter=[], external_ids={'neutron:security_group_rule_id': '0e2adfae-6d49-4666-ab18-64cd7feeef2c'}) {{(pid=90588) do_commit /opt/stack/data/venv/lib/python3.12/site-packages/ovsdbapp/backend/ovs_idl/transaction.py:89}}
Jul 10 02:26:07.612708 np0000004940 devstack@neutron-api.service[90588]: DEBUG ovsdbapp.backend.ovs_idl.transaction [None req-cb430dd4-9518-46eb-a310-553f5bc520b6 None None] Running txn n=1 command(idx=2): PgAclAddCommand(_result=None, entity=pg_d1ad13c9_2b12_4e7d_a0ac_ee6366941603, direction=to-lport, priority=1002, match=outport == @pg_d1ad13c9_2b12_4e7d_a0ac_ee6366941603 && ip6 && ip6.src == $pg_d1ad13c9_2b12_4e7d_a0ac_ee6366941603_ip6, action=allow-related, log=False, may_exist=True, severity=[], name=[], meter=[], external_ids={'neutron:security_group_rule_id': '82259ffe-b499-4ec8-8a8b-216dc5e887b4'}) {{(pid=90588) do_commit /opt/stack/data/venv/lib/python3.12/site-packages/ovsdbapp/backend/ovs_idl/transaction.py:89}}
Jul 10 02:26:07.612708 np0000004940 devstack@neutron-api.service[90588]: DEBUG ovsdbapp.backend.ovs_idl.transaction [None req-cb430dd4-9518-46eb-a310-553f5bc520b6 None None] Running txn n=1 command(idx=3): PgAclAddCommand(_result=None, entity=pg_d1ad13c9_2b12_4e7d_a0ac_ee6366941603, direction=from-lport, priority=1002, match=inport == @pg_d1ad13c9_2b12_4e7d_a0ac_ee6366941603 && ip6, action=allow-related, log=False, may_exist=True, severity=[], name=[], meter=[], external_ids={'neutron:security_group_rule_id': 'b0a55fc1-b4c8-48e4-aaea-a6eca2926cf1'}) {{(pid=90588) do_commit /opt/stack/data/venv/lib/python3.12/site-packages/ovsdbapp/backend/ovs_idl/transaction.py:89}}
Jul 10 02:26:07.612905 np0000004940 devstack@neutron-api.service[90588]: DEBUG ovsdbapp.backend.ovs_idl.transaction [None req-cb430dd4-9518-46eb-a310-553f5bc520b6 None None] Running txn n=1 command(idx=4): PgAclAddCommand(_result=None, entity=pg_d1ad13c9_2b12_4e7d_a0ac_ee6366941603, direction=from-lport, priority=1002, match=inport == @pg_d1ad13c9_2b12_4e7d_a0ac_ee6366941603 && ip4, action=allow-related, log=False, may_exist=True, severity=[], name=[], meter=[], external_ids={'neutron:security_group_rule_id': 'ba41ae42-f23e-433c-9feb-6ca76aa7fbf7'}) {{(pid=90588) do_commit /opt/stack/data/venv/lib/python3.12/site-packages/ovsdbapp/backend/ovs_idl/transaction.py:89}}
Jul 10 02:26:07.618705 np0000004940 devstack@neutron-api.service[90588]: DEBUG neutron.plugins.ml2.drivers.ovn.mech_driver.ovsdb.ovsdb_monitor [None req-cb430dd4-9518-46eb-a310-553f5bc520b6 None None] Touching Hash Ring node "aab3d1e76d495666b8dd3836fb839cfc" from IDL notify handler {{(pid=90588) notify /opt/stack/neutron/neutron/plugins/ml2/drivers/ovn/mech_driver/ovsdb/ovsdb_monitor.py:1023}}
Jul 10 02:26:07.620112 np0000004940 devstack@neutron-api.service[90587]: DEBUG neutron.plugins.ml2.drivers.ovn.mech_driver.ovsdb.ovsdb_monitor [None req-21204b2c-8480-4a7a-8077-e88af3f367fd None None] Touching Hash Ring node "922778fd09335be997ef798ee1a27bdb" from IDL notify handler {{(pid=90587) notify /opt/stack/neutron/neutron/plugins/ml2/drivers/ovn/mech_driver/ovsdb/ovsdb_monitor.py:1023}}
Jul 10 02:26:07.621490 np0000004940 devstack@neutron-api.service[90590]: DEBUG neutron.plugins.ml2.drivers.ovn.mech_driver.ovsdb.ovsdb_monitor [None req-1f0d8201-c587-4fb2-961a-8d5c7e5cd6f4 None None] Touching Hash Ring node "62c577c3a3e05c62a00de8aafa165b14" from IDL notify handler {{(pid=90590) notify /opt/stack/neutron/neutron/plugins/ml2/drivers/ovn/mech_driver/ovsdb/ovsdb_monitor.py:1023}}
Jul 10 02:26:07.624176 np0000004940 devstack@neutron-api.service[90588]: DEBUG neutron.plugins.ml2.drivers.ovn.mech_driver.ovsdb.ovsdb_monitor [None req-cb430dd4-9518-46eb-a310-553f5bc520b6 None None] Hash Ring: Node aab3d1e76d495666b8dd3836fb839cfc (host: np0000004940) handling event "create" for row e093a028-5c7e-44a8-b7c3-eb78fe46e472 (table: ACL) {{(pid=90588) notify /opt/stack/neutron/neutron/plugins/ml2/drivers/ovn/mech_driver/ovsdb/ovsdb_monitor.py:1031}}
Jul 10 02:26:07.624569 np0000004940 devstack@neutron-api.service[90587]: DEBUG neutron.plugins.ml2.drivers.ovn.mech_driver.ovsdb.ovsdb_monitor [None req-21204b2c-8480-4a7a-8077-e88af3f367fd None None] Hash Ring: Node 922778fd09335be997ef798ee1a27bdb (host: np0000004940) handling event "create" for row 83c0c4da-6310-4678-bb50-d848518102b4 (table: ACL) {{(pid=90587) notify /opt/stack/neutron/neutron/plugins/ml2/drivers/ovn/mech_driver/ovsdb/ovsdb_monitor.py:1031}}
Jul 10 02:26:07.625125 np0000004940 devstack@neutron-api.service[90588]: DEBUG neutron.plugins.ml2.drivers.ovn.mech_driver.ovsdb.ovsdb_monitor [None req-cb430dd4-9518-46eb-a310-553f5bc520b6 None None] Touching Hash Ring node "aab3d1e76d495666b8dd3836fb839cfc" from IDL notify handler {{(pid=90588) notify /opt/stack/neutron/neutron/plugins/ml2/drivers/ovn/mech_driver/ovsdb/ovsdb_monitor.py:1023}}
Jul 10 02:26:07.626940 np0000004940 devstack@neutron-api.service[90590]: DEBUG neutron.plugins.ml2.drivers.ovn.mech_driver.ovsdb.ovsdb_monitor [None req-1f0d8201-c587-4fb2-961a-8d5c7e5cd6f4 None None] Hash Ring: Node 62c577c3a3e05c62a00de8aafa165b14 (host: np0000004940) handling event "create" for row 4ca77a2a-391b-4305-bc8d-a621a682870e (table: ACL) {{(pid=90590) notify /opt/stack/neutron/neutron/plugins/ml2/drivers/ovn/mech_driver/ovsdb/ovsdb_monitor.py:1031}}
Jul 10 02:26:07.627841 np0000004940 devstack@neutron-api.service[90590]: DEBUG neutron.plugins.ml2.drivers.ovn.mech_driver.ovsdb.ovsdb_monitor [None req-1f0d8201-c587-4fb2-961a-8d5c7e5cd6f4 None None] Touching Hash Ring node "62c577c3a3e05c62a00de8aafa165b14" from IDL notify handler {{(pid=90590) notify /opt/stack/neutron/neutron/plugins/ml2/drivers/ovn/mech_driver/ovsdb/ovsdb_monitor.py:1023}}
Jul 10 02:26:07.628869 np0000004940 devstack@neutron-api.service[90588]: DEBUG neutron.plugins.ml2.drivers.ovn.mech_driver.ovsdb.ovsdb_monitor [None req-cb430dd4-9518-46eb-a310-553f5bc520b6 None None] Hash Ring: Node aab3d1e76d495666b8dd3836fb839cfc (host: np0000004940) handling event "create" for row f4cb81d4-c6d7-405a-9a12-3317ede462cd (table: ACL) {{(pid=90588) notify /opt/stack/neutron/neutron/plugins/ml2/drivers/ovn/mech_driver/ovsdb/ovsdb_monitor.py:1031}}
Jul 10 02:26:07.630129 np0000004940 devstack@neutron-api.service[90590]: DEBUG neutron.plugins.ml2.drivers.ovn.mech_driver.ovsdb.ovsdb_monitor [None req-1f0d8201-c587-4fb2-961a-8d5c7e5cd6f4 None None] Hash Ring: Node 62c577c3a3e05c62a00de8aafa165b14 (host: np0000004940) handling event "create" for row 32e5b20e-d726-4c40-a0e2-589c26fd20ea (table: Port_Group) {{(pid=90590) notify /opt/stack/neutron/neutron/plugins/ml2/drivers/ovn/mech_driver/ovsdb/ovsdb_monitor.py:1031}}
Jul 10 02:26:07.651679 np0000004940 devstack@neutron-api.service[90588]: INFO neutron.db.ovn_revision_numbers_db [None req-8437ed62-1a6c-462f-91e8-b0d3f030d2d1 admin admin] Successfully bumped revision number for resource d1ad13c9-2b12-4e7d-a0ac-ee6366941603 (type: security_groups) to 1
Jul 10 02:26:07.668261 np0000004940 devstack@neutron-api.service[90588]: INFO neutron.db.ovn_revision_numbers_db [None req-8437ed62-1a6c-462f-91e8-b0d3f030d2d1 admin admin] Successfully bumped revision number for resource 0e2adfae-6d49-4666-ab18-64cd7feeef2c (type: security_group_rules) to 0
Jul 10 02:26:07.679256 np0000004940 devstack@neutron-api.service[90588]: INFO neutron.db.ovn_revision_numbers_db [None req-8437ed62-1a6c-462f-91e8-b0d3f030d2d1 admin admin] Successfully bumped revision number for resource 82259ffe-b499-4ec8-8a8b-216dc5e887b4 (type: security_group_rules) to 0
Jul 10 02:26:07.689606 np0000004940 devstack@neutron-api.service[90588]: INFO neutron.db.ovn_revision_numbers_db [None req-8437ed62-1a6c-462f-91e8-b0d3f030d2d1 admin admin] Successfully bumped revision number for resource b0a55fc1-b4c8-48e4-aaea-a6eca2926cf1 (type: security_group_rules) to 0
Jul 10 02:26:07.698451 np0000004940 devstack@neutron-api.service[90588]: INFO neutron.db.ovn_revision_numbers_db [None req-8437ed62-1a6c-462f-91e8-b0d3f030d2d1 admin admin] Successfully bumped revision number for resource ba41ae42-f23e-433c-9feb-6ca76aa7fbf7 (type: security_group_rules) to 0
Jul 10 02:26:07.717677 np0000004940 devstack@neutron-api.service[90588]: DEBUG neutron.api.rpc.handlers.resources_rpc [None req-8437ed62-1a6c-462f-91e8-b0d3f030d2d1 admin admin] Pushing event updated for resources: {'SecurityGroup': ['ID=d1ad13c9-2b12-4e7d-a0ac-ee6366941603,revision_number=1']} {{(pid=90588) push /opt/stack/neutron/neutron/api/rpc/handlers/resources_rpc.py:237}}
Jul 10 02:26:07.722385 np0000004940 devstack@neutron-api.service[90588]: DEBUG neutron.api.rpc.callbacks.version_manager [None req-8437ed62-1a6c-462f-91e8-b0d3f030d2d1 admin admin] Tracked resource versions report:
Jul 10 02:26:07.722385 np0000004940 devstack@neutron-api.service[90588]: pushed versions:
Jul 10 02:26:07.722385 np0000004940 devstack@neutron-api.service[90588]: { 'AddressGroup': {'1.2'},
Jul 10 02:26:07.722385 np0000004940 devstack@neutron-api.service[90588]: 'Agent': {'1.1'},
Jul 10 02:26:07.722385 np0000004940 devstack@neutron-api.service[90588]: 'ConntrackHelper': {'1.0'},
Jul 10 02:26:07.722385 np0000004940 devstack@neutron-api.service[90588]: 'LocalIPAssociation': {'1.0'},
Jul 10 02:26:07.722385 np0000004940 devstack@neutron-api.service[90588]: 'Log': {'1.0'},
Jul 10 02:26:07.722385 np0000004940 devstack@neutron-api.service[90588]: 'NDPProxy': {'1.0'},
Jul 10 02:26:07.722385 np0000004940 devstack@neutron-api.service[90588]: 'Network': {'1.3'},
Jul 10 02:26:07.722385 np0000004940 devstack@neutron-api.service[90588]: 'Port': {'1.11'},
Jul 10 02:26:07.722385 np0000004940 devstack@neutron-api.service[90588]: 'PortForwarding': {'1.3'},
Jul 10 02:26:07.722385 np0000004940 devstack@neutron-api.service[90588]: 'QosPolicy': {'1.10'},
Jul 10 02:26:07.722385 np0000004940 devstack@neutron-api.service[90588]: 'SecurityGroup': {'1.6'},
Jul 10 02:26:07.722385 np0000004940 devstack@neutron-api.service[90588]: 'SecurityGroupRule': {'1.3'},
Jul 10 02:26:07.722385 np0000004940 devstack@neutron-api.service[90588]: 'SubPort': {'1.0'},
Jul 10 02:26:07.722385 np0000004940 devstack@neutron-api.service[90588]: 'Subnet': {'1.2'},
Jul 10 02:26:07.722385 np0000004940 devstack@neutron-api.service[90588]: 'Trunk': {'1.1'}}
Jul 10 02:26:07.722385 np0000004940 devstack@neutron-api.service[90588]: consumer versions:
Jul 10 02:26:07.722385 np0000004940 devstack@neutron-api.service[90588]: { OVN Controller Gateway agent@np0000004940: {},
Jul 10 02:26:07.722385 np0000004940 devstack@neutron-api.service[90588]: OVN Neutron agent@np0000004940: {}}
Jul 10 02:26:07.722385 np0000004940 devstack@neutron-api.service[90588]: {{(pid=90588) report /opt/stack/neutron/neutron/api/rpc/callbacks/version_manager.py:183}}
Jul 10 02:26:07.742409 np0000004940 devstack@neutron-api.service[90588]: [pid: 90588|app: 0|req: 12/42] 10.4.3.123 () {66 vars in 1389 bytes} [Fri Jul 10 02:26:07 2026] GET /networking/v2.0/security-groups?project_id=7666be1683844f19b8af3f7e92616ba0&name=default => generated 2921 bytes in 420 msecs (HTTP/1.1 200) 4 headers in 158 bytes (1 switches on core 0)
Jul 10 02:26:07.793674 np0000004940 devstack@neutron-api.service[90589]: DEBUG neutron_lib.callbacks.manager [None req-d06b618e-1b47-4730-810f-7d1bbc4035d6 admin admin] Publish callbacks [] for security_group (d1ad13c9-2b12-4e7d-a0ac-ee6366941603), before_delete {{(pid=90589) _notify_loop /opt/stack/data/venv/lib/python3.12/site-packages/neutron_lib/callbacks/manager.py:184}}
Jul 10 02:26:07.807363 np0000004940 devstack@neutron-api.service[90589]: DEBUG neutron_lib.callbacks.manager [None req-d06b618e-1b47-4730-810f-7d1bbc4035d6 admin admin] Publish callbacks ['neutron.plugins.ml2.drivers.ovn.mech_driver.mech_driver.OVNMechanismDriver._delete_security_group_precommit-280647'] for security_group (d1ad13c9-2b12-4e7d-a0ac-ee6366941603), precommit_delete {{(pid=90589) _notify_loop /opt/stack/data/venv/lib/python3.12/site-packages/neutron_lib/callbacks/manager.py:184}}
Jul 10 02:26:07.828714 np0000004940 devstack@neutron-api.service[90589]: DEBUG neutron.db.ovn_revision_numbers_db [None req-d06b618e-1b47-4730-810f-7d1bbc4035d6 admin admin] delete_revision(0e2adfae-6d49-4666-ab18-64cd7feeef2c) {{(pid=90589) delete_revision /opt/stack/neutron/neutron/db/ovn_revision_numbers_db.py:112}}
Jul 10 02:26:07.831190 np0000004940 devstack@neutron-api.service[90589]: DEBUG neutron.db.ovn_revision_numbers_db [None req-d06b618e-1b47-4730-810f-7d1bbc4035d6 admin admin] delete_revision(82259ffe-b499-4ec8-8a8b-216dc5e887b4) {{(pid=90589) delete_revision /opt/stack/neutron/neutron/db/ovn_revision_numbers_db.py:112}}
Jul 10 02:26:07.832931 np0000004940 devstack@neutron-api.service[90589]: DEBUG ovsdbapp.backend.ovs_idl.transaction [None req-5f902de5-bd7e-4524-a26a-232d9a9c4613 None None] Running txn n=1 command(idx=0): PgAclDelCommand(_result=None, entity=pg_d1ad13c9_2b12_4e7d_a0ac_ee6366941603, if_exists=False, conditions=[('direction', '=', 'to-lport'), ('priority', '=', 1002), ('match', '=', 'outport == @pg_d1ad13c9_2b12_4e7d_a0ac_ee6366941603 && ip4 && ip4.src == $pg_d1ad13c9_2b12_4e7d_a0ac_ee6366941603_ip4')]) {{(pid=90589) do_commit /opt/stack/data/venv/lib/python3.12/site-packages/ovsdbapp/backend/ovs_idl/transaction.py:89}}
Jul 10 02:26:07.833230 np0000004940 devstack@neutron-api.service[90589]: DEBUG ovsdbapp.backend.ovs_idl.transaction [None req-5f902de5-bd7e-4524-a26a-232d9a9c4613 None None] Running txn n=1 command(idx=1): PgAclDelCommand(_result=None, entity=pg_d1ad13c9_2b12_4e7d_a0ac_ee6366941603, if_exists=False, conditions=[('direction', '=', 'to-lport'), ('priority', '=', 1002), ('match', '=', 'outport == @pg_d1ad13c9_2b12_4e7d_a0ac_ee6366941603 && ip6 && ip6.src == $pg_d1ad13c9_2b12_4e7d_a0ac_ee6366941603_ip6')]) {{(pid=90589) do_commit /opt/stack/data/venv/lib/python3.12/site-packages/ovsdbapp/backend/ovs_idl/transaction.py:89}}
Jul 10 02:26:07.837908 np0000004940 devstack@neutron-api.service[90588]: DEBUG neutron.plugins.ml2.drivers.ovn.mech_driver.ovsdb.ovsdb_monitor [None req-cb430dd4-9518-46eb-a310-553f5bc520b6 None None] Touching Hash Ring node "aab3d1e76d495666b8dd3836fb839cfc" from IDL notify handler {{(pid=90588) notify /opt/stack/neutron/neutron/plugins/ml2/drivers/ovn/mech_driver/ovsdb/ovsdb_monitor.py:1023}}
Jul 10 02:26:07.838429 np0000004940 devstack@neutron-api.service[90590]: DEBUG neutron.plugins.ml2.drivers.ovn.mech_driver.ovsdb.ovsdb_monitor [None req-1f0d8201-c587-4fb2-961a-8d5c7e5cd6f4 None None] Touching Hash Ring node "62c577c3a3e05c62a00de8aafa165b14" from IDL notify handler {{(pid=90590) notify /opt/stack/neutron/neutron/plugins/ml2/drivers/ovn/mech_driver/ovsdb/ovsdb_monitor.py:1023}}
Jul 10 02:26:07.840827 np0000004940 devstack@neutron-api.service[90588]: DEBUG neutron.plugins.ml2.drivers.ovn.mech_driver.ovsdb.ovsdb_monitor [None req-cb430dd4-9518-46eb-a310-553f5bc520b6 None None] Hash Ring: Node aab3d1e76d495666b8dd3836fb839cfc (host: np0000004940) handling event "delete" for row f4cb81d4-c6d7-405a-9a12-3317ede462cd (table: ACL) {{(pid=90588) notify /opt/stack/neutron/neutron/plugins/ml2/drivers/ovn/mech_driver/ovsdb/ovsdb_monitor.py:1031}}
Jul 10 02:26:07.841009 np0000004940 devstack@neutron-api.service[90590]: DEBUG neutron.plugins.ml2.drivers.ovn.mech_driver.ovsdb.ovsdb_monitor [None req-1f0d8201-c587-4fb2-961a-8d5c7e5cd6f4 None None] Hash Ring: Node 62c577c3a3e05c62a00de8aafa165b14 (host: np0000004940) handling event "delete" for row 4ca77a2a-391b-4305-bc8d-a621a682870e (table: ACL) {{(pid=90590) notify /opt/stack/neutron/neutron/plugins/ml2/drivers/ovn/mech_driver/ovsdb/ovsdb_monitor.py:1031}}
Jul 10 02:26:07.841698 np0000004940 devstack@neutron-api.service[90590]: DEBUG neutron.plugins.ml2.drivers.ovn.mech_driver.ovsdb.ovsdb_monitor [None req-1f0d8201-c587-4fb2-961a-8d5c7e5cd6f4 None None] Touching Hash Ring node "62c577c3a3e05c62a00de8aafa165b14" from IDL notify handler {{(pid=90590) notify /opt/stack/neutron/neutron/plugins/ml2/drivers/ovn/mech_driver/ovsdb/ovsdb_monitor.py:1023}}
Jul 10 02:26:07.844213 np0000004940 devstack@neutron-api.service[90590]: DEBUG neutron.plugins.ml2.drivers.ovn.mech_driver.ovsdb.ovsdb_monitor [None req-1f0d8201-c587-4fb2-961a-8d5c7e5cd6f4 None None] Hash Ring: Node 62c577c3a3e05c62a00de8aafa165b14 (host: np0000004940) handling event "update" for row 32e5b20e-d726-4c40-a0e2-589c26fd20ea (table: Port_Group) {{(pid=90590) notify /opt/stack/neutron/neutron/plugins/ml2/drivers/ovn/mech_driver/ovsdb/ovsdb_monitor.py:1031}}
Jul 10 02:26:07.859155 np0000004940 devstack@neutron-api.service[90589]: DEBUG neutron_lib.callbacks.manager [None req-d06b618e-1b47-4730-810f-7d1bbc4035d6 admin admin] Publish callbacks ['neutron.plugins.ml2.drivers.ovn.mech_driver.mech_driver.OVNMechanismDriver._delete_security_group-280665', 'neutron.plugins.ml2.ovo_rpc._ObjectChangeHandler.handle_event-7046000'] for security_group (d1ad13c9-2b12-4e7d-a0ac-ee6366941603), after_delete {{(pid=90589) _notify_loop /opt/stack/data/venv/lib/python3.12/site-packages/neutron_lib/callbacks/manager.py:184}}
Jul 10 02:26:07.859712 np0000004940 devstack@neutron-api.service[90589]: DEBUG ovsdbapp.backend.ovs_idl.transaction [None req-5f902de5-bd7e-4524-a26a-232d9a9c4613 None None] Running txn n=1 command(idx=0): PgDelCommand(_result=None, name=pg_d1ad13c9_2b12_4e7d_a0ac_ee6366941603, if_exists=True) {{(pid=90589) do_commit /opt/stack/data/venv/lib/python3.12/site-packages/ovsdbapp/backend/ovs_idl/transaction.py:89}}
Jul 10 02:26:07.862530 np0000004940 devstack@neutron-api.service[90588]: DEBUG neutron.plugins.ml2.drivers.ovn.mech_driver.ovsdb.ovsdb_monitor [None req-cb430dd4-9518-46eb-a310-553f5bc520b6 None None] Touching Hash Ring node "aab3d1e76d495666b8dd3836fb839cfc" from IDL notify handler {{(pid=90588) notify /opt/stack/neutron/neutron/plugins/ml2/drivers/ovn/mech_driver/ovsdb/ovsdb_monitor.py:1023}}
Jul 10 02:26:07.862778 np0000004940 devstack@neutron-api.service[90589]: DEBUG neutron.db.ovn_revision_numbers_db [None req-d06b618e-1b47-4730-810f-7d1bbc4035d6 admin admin] delete_revision(d1ad13c9-2b12-4e7d-a0ac-ee6366941603) {{(pid=90589) delete_revision /opt/stack/neutron/neutron/db/ovn_revision_numbers_db.py:112}}
Jul 10 02:26:07.863134 np0000004940 devstack@neutron-api.service[90587]: DEBUG neutron.plugins.ml2.drivers.ovn.mech_driver.ovsdb.ovsdb_monitor [None req-21204b2c-8480-4a7a-8077-e88af3f367fd None None] Touching Hash Ring node "922778fd09335be997ef798ee1a27bdb" from IDL notify handler {{(pid=90587) notify /opt/stack/neutron/neutron/plugins/ml2/drivers/ovn/mech_driver/ovsdb/ovsdb_monitor.py:1023}}
Jul 10 02:26:07.863635 np0000004940 devstack@neutron-api.service[90590]: DEBUG neutron.plugins.ml2.drivers.ovn.mech_driver.ovsdb.ovsdb_monitor [None req-1f0d8201-c587-4fb2-961a-8d5c7e5cd6f4 None None] Touching Hash Ring node "62c577c3a3e05c62a00de8aafa165b14" from IDL notify handler {{(pid=90590) notify /opt/stack/neutron/neutron/plugins/ml2/drivers/ovn/mech_driver/ovsdb/ovsdb_monitor.py:1023}}
Jul 10 02:26:07.865303 np0000004940 devstack@neutron-api.service[90588]: DEBUG neutron.plugins.ml2.drivers.ovn.mech_driver.ovsdb.ovsdb_monitor [None req-cb430dd4-9518-46eb-a310-553f5bc520b6 None None] Hash Ring: Node aab3d1e76d495666b8dd3836fb839cfc (host: np0000004940) handling event "delete" for row e093a028-5c7e-44a8-b7c3-eb78fe46e472 (table: ACL) {{(pid=90588) notify /opt/stack/neutron/neutron/plugins/ml2/drivers/ovn/mech_driver/ovsdb/ovsdb_monitor.py:1031}}
Jul 10 02:26:07.865993 np0000004940 devstack@neutron-api.service[90590]: DEBUG neutron.plugins.ml2.drivers.ovn.mech_driver.ovsdb.ovsdb_monitor [None req-1f0d8201-c587-4fb2-961a-8d5c7e5cd6f4 None None] Hash Ring: Node 62c577c3a3e05c62a00de8aafa165b14 (host: np0000004940) handling event "delete" for row 32e5b20e-d726-4c40-a0e2-589c26fd20ea (table: Port_Group) {{(pid=90590) notify /opt/stack/neutron/neutron/plugins/ml2/drivers/ovn/mech_driver/ovsdb/ovsdb_monitor.py:1031}}
Jul 10 02:26:07.866221 np0000004940 devstack@neutron-api.service[90587]: DEBUG neutron.plugins.ml2.drivers.ovn.mech_driver.ovsdb.ovsdb_monitor [None req-21204b2c-8480-4a7a-8077-e88af3f367fd None None] Hash Ring: Node 922778fd09335be997ef798ee1a27bdb (host: np0000004940) handling event "delete" for row 83c0c4da-6310-4678-bb50-d848518102b4 (table: ACL) {{(pid=90587) notify /opt/stack/neutron/neutron/plugins/ml2/drivers/ovn/mech_driver/ovsdb/ovsdb_monitor.py:1031}}
Jul 10 02:26:07.868719 np0000004940 devstack@neutron-api.service[90589]: DEBUG neutron.db.ovn_revision_numbers_db [None req-d06b618e-1b47-4730-810f-7d1bbc4035d6 admin admin] delete_revisions(['ba41ae42-f23e-433c-9feb-6ca76aa7fbf7', 'b0a55fc1-b4c8-48e4-aaea-a6eca2926cf1']) {{(pid=90589) delete_revisions /opt/stack/neutron/neutron/db/ovn_revision_numbers_db.py:127}}
Jul 10 02:26:07.875838 np0000004940 devstack@neutron-api.service[90589]: DEBUG neutron.api.rpc.handlers.resources_rpc [None req-d06b618e-1b47-4730-810f-7d1bbc4035d6 admin admin] Pushing event deleted for resources: {'SecurityGroup': ['ID=d1ad13c9-2b12-4e7d-a0ac-ee6366941603,revision_number=None']} {{(pid=90589) push /opt/stack/neutron/neutron/api/rpc/handlers/resources_rpc.py:237}}
Jul 10 02:26:07.882853 np0000004940 devstack@neutron-api.service[90589]: DEBUG neutron_lib.callbacks.manager [None req-d06b618e-1b47-4730-810f-7d1bbc4035d6 admin admin] Publish callbacks [] for security_group (None), before_response {{(pid=90589) _notify_loop /opt/stack/data/venv/lib/python3.12/site-packages/neutron_lib/callbacks/manager.py:184}}
Jul 10 02:26:07.883232 np0000004940 devstack@neutron-api.service[90589]: [pid: 90589|app: 0|req: 11/43] 10.4.3.123 () {66 vars in 1390 bytes} [Fri Jul 10 02:26:07 2026] DELETE /networking/v2.0/security-groups/d1ad13c9-2b12-4e7d-a0ac-ee6366941603 => generated 0 bytes in 135 msecs (HTTP/1.1 204) 2 headers in 112 bytes (1 switches on core 0)
Jul 10 02:26:17.812734 np0000004940 devstack@neutron-api.service[90588]: DEBUG futurist.periodics [-] Submitting periodic callback 'neutron.plugins.ml2.drivers.ovn.mech_driver.ovsdb.maintenance.HashRingHealthCheckPeriodics.touch_hash_ring_node' {{(pid=90588) _process_scheduled /opt/stack/data/venv/lib/python3.12/site-packages/futurist/periodics.py:784}}
Jul 10 02:26:17.813186 np0000004940 devstack@neutron-api.service[90588]: DEBUG neutron.plugins.ml2.drivers.ovn.mech_driver.ovsdb.maintenance [-] Touching Hash Ring node "aab3d1e76d495666b8dd3836fb839cfc" from periodic health check thread {{(pid=90588) touch_hash_ring_node /opt/stack/neutron/neutron/plugins/ml2/drivers/ovn/mech_driver/ovsdb/maintenance.py:1418}}
Jul 10 02:26:17.865169 np0000004940 devstack@neutron-api.service[90587]: DEBUG dbcounter [-] [90587] Writing DB stats neutron:UPDATE=3,neutron:SELECT=1 {{(pid=90587) stat_writer /opt/stack/data/venv/lib/python3.12/site-packages/dbcounter.py:115}}
Jul 10 02:26:17.865738 np0000004940 devstack@neutron-api.service[90590]: DEBUG dbcounter [-] [90590] Writing DB stats neutron:UPDATE=6,neutron:SELECT=1 {{(pid=90590) stat_writer /opt/stack/data/venv/lib/python3.12/site-packages/dbcounter.py:115}}
Jul 10 02:26:17.877462 np0000004940 devstack@neutron-api.service[90589]: DEBUG dbcounter [-] [90589] Writing DB stats neutron:UPDATE=1,neutron:SELECT=43,neutron:DELETE=8 {{(pid=90589) stat_writer /opt/stack/data/venv/lib/python3.12/site-packages/dbcounter.py:115}}
Jul 10 02:26:18.840762 np0000004940 devstack@neutron-api.service[90589]: DEBUG futurist.periodics [-] Submitting periodic callback 'neutron.plugins.ml2.drivers.ovn.mech_driver.ovsdb.maintenance.HashRingHealthCheckPeriodics.touch_hash_ring_node' {{(pid=90589) _process_scheduled /opt/stack/data/venv/lib/python3.12/site-packages/futurist/periodics.py:784}}
Jul 10 02:26:18.842292 np0000004940 devstack@neutron-api.service[90589]: DEBUG neutron.plugins.ml2.drivers.ovn.mech_driver.ovsdb.maintenance [-] Touching Hash Ring node "5f7e5f638889506bb81381c53b57faa8" from periodic health check thread {{(pid=90589) touch_hash_ring_node /opt/stack/neutron/neutron/plugins/ml2/drivers/ovn/mech_driver/ovsdb/maintenance.py:1418}}
Jul 10 02:26:18.854896 np0000004940 devstack@neutron-api.service[90587]: DEBUG futurist.periodics [-] Submitting periodic callback 'neutron.plugins.ml2.drivers.ovn.mech_driver.ovsdb.maintenance.HashRingHealthCheckPeriodics.touch_hash_ring_node' {{(pid=90587) _process_scheduled /opt/stack/data/venv/lib/python3.12/site-packages/futurist/periodics.py:784}}
Jul 10 02:26:18.855345 np0000004940 devstack@neutron-api.service[90587]: DEBUG neutron.plugins.ml2.drivers.ovn.mech_driver.ovsdb.maintenance [-] Touching Hash Ring node "922778fd09335be997ef798ee1a27bdb" from periodic health check thread {{(pid=90587) touch_hash_ring_node /opt/stack/neutron/neutron/plugins/ml2/drivers/ovn/mech_driver/ovsdb/maintenance.py:1418}}
Jul 10 02:26:18.874299 np0000004940 devstack@neutron-api.service[90590]: DEBUG futurist.periodics [-] Submitting periodic callback 'neutron.plugins.ml2.drivers.ovn.mech_driver.ovsdb.maintenance.HashRingHealthCheckPeriodics.touch_hash_ring_node' {{(pid=90590) _process_scheduled /opt/stack/data/venv/lib/python3.12/site-packages/futurist/periodics.py:784}}
Jul 10 02:26:18.874764 np0000004940 devstack@neutron-api.service[90590]: DEBUG neutron.plugins.ml2.drivers.ovn.mech_driver.ovsdb.maintenance [-] Touching Hash Ring node "62c577c3a3e05c62a00de8aafa165b14" from periodic health check thread {{(pid=90590) touch_hash_ring_node /opt/stack/neutron/neutron/plugins/ml2/drivers/ovn/mech_driver/ovsdb/maintenance.py:1418}}
Jul 10 02:26:27.819805 np0000004940 devstack@neutron-api.service[90588]: DEBUG dbcounter [-] [90588] Writing DB stats neutron:UPDATE=12,neutron:SELECT=60,neutron:INSERT=16 {{(pid=90588) stat_writer /opt/stack/data/venv/lib/python3.12/site-packages/dbcounter.py:115}}
Jul 10 02:26:28.848853 np0000004940 devstack@neutron-api.service[90589]: DEBUG dbcounter [-] [90589] Writing DB stats neutron:UPDATE=1,neutron:SELECT=1 {{(pid=90589) stat_writer /opt/stack/data/venv/lib/python3.12/site-packages/dbcounter.py:115}}
Jul 10 02:26:28.861317 np0000004940 devstack@neutron-api.service[90587]: DEBUG dbcounter [-] [90587] Writing DB stats neutron:UPDATE=1,neutron:SELECT=1 {{(pid=90587) stat_writer /opt/stack/data/venv/lib/python3.12/site-packages/dbcounter.py:115}}
Jul 10 02:26:28.880611 np0000004940 devstack@neutron-api.service[90590]: DEBUG dbcounter [-] [90590] Writing DB stats neutron:UPDATE=1,neutron:SELECT=1 {{(pid=90590) stat_writer /opt/stack/data/venv/lib/python3.12/site-packages/dbcounter.py:115}}
Jul 10 02:26:32.813197 np0000004940 devstack@neutron-api.service[90588]: DEBUG futurist.periodics [-] Submitting periodic callback 'neutron.plugins.ml2.drivers.ovn.mech_driver.ovsdb.maintenance.HashRingHealthCheckPeriodics.touch_hash_ring_node' {{(pid=90588) _process_scheduled /opt/stack/data/venv/lib/python3.12/site-packages/futurist/periodics.py:784}}
Jul 10 02:26:32.813569 np0000004940 devstack@neutron-api.service[90588]: DEBUG neutron.plugins.ml2.drivers.ovn.mech_driver.ovsdb.maintenance [-] Touching Hash Ring node "aab3d1e76d495666b8dd3836fb839cfc" from periodic health check thread {{(pid=90588) touch_hash_ring_node /opt/stack/neutron/neutron/plugins/ml2/drivers/ovn/mech_driver/ovsdb/maintenance.py:1418}}
Jul 10 02:26:33.841494 np0000004940 devstack@neutron-api.service[90589]: DEBUG futurist.periodics [-] Submitting periodic callback 'neutron.plugins.ml2.drivers.ovn.mech_driver.ovsdb.maintenance.HashRingHealthCheckPeriodics.touch_hash_ring_node' {{(pid=90589) _process_scheduled /opt/stack/data/venv/lib/python3.12/site-packages/futurist/periodics.py:784}}
Jul 10 02:26:33.841964 np0000004940 devstack@neutron-api.service[90589]: DEBUG neutron.plugins.ml2.drivers.ovn.mech_driver.ovsdb.maintenance [-] Touching Hash Ring node "5f7e5f638889506bb81381c53b57faa8" from periodic health check thread {{(pid=90589) touch_hash_ring_node /opt/stack/neutron/neutron/plugins/ml2/drivers/ovn/mech_driver/ovsdb/maintenance.py:1418}}
Jul 10 02:26:33.855438 np0000004940 devstack@neutron-api.service[90587]: DEBUG futurist.periodics [-] Submitting periodic callback 'neutron.plugins.ml2.drivers.ovn.mech_driver.ovsdb.maintenance.HashRingHealthCheckPeriodics.touch_hash_ring_node' {{(pid=90587) _process_scheduled /opt/stack/data/venv/lib/python3.12/site-packages/futurist/periodics.py:784}}
Jul 10 02:26:33.855951 np0000004940 devstack@neutron-api.service[90587]: DEBUG neutron.plugins.ml2.drivers.ovn.mech_driver.ovsdb.maintenance [-] Touching Hash Ring node "922778fd09335be997ef798ee1a27bdb" from periodic health check thread {{(pid=90587) touch_hash_ring_node /opt/stack/neutron/neutron/plugins/ml2/drivers/ovn/mech_driver/ovsdb/maintenance.py:1418}}
Jul 10 02:26:33.874834 np0000004940 devstack@neutron-api.service[90590]: DEBUG futurist.periodics [-] Submitting periodic callback 'neutron.plugins.ml2.drivers.ovn.mech_driver.ovsdb.maintenance.HashRingHealthCheckPeriodics.touch_hash_ring_node' {{(pid=90590) _process_scheduled /opt/stack/data/venv/lib/python3.12/site-packages/futurist/periodics.py:784}}
Jul 10 02:26:33.875339 np0000004940 devstack@neutron-api.service[90590]: DEBUG neutron.plugins.ml2.drivers.ovn.mech_driver.ovsdb.maintenance [-] Touching Hash Ring node "62c577c3a3e05c62a00de8aafa165b14" from periodic health check thread {{(pid=90590) touch_hash_ring_node /opt/stack/neutron/neutron/plugins/ml2/drivers/ovn/mech_driver/ovsdb/maintenance.py:1418}}
Jul 10 02:26:38.436720 np0000004940 devstack@neutron-api.service[90588]: DEBUG neutron.api.v2.base [None req-2a6fd678-7b44-4fc1-a10d-3e5e02128b83 admin admin] Request body: {'network': {'name': 'tempest-UpdateMultiattachVolumeNegativeTest-1857414334-network', 'project_id': '221e9a78169e4464a109a547cd4f4a66'}} {{(pid=90588) prepare_request_body /opt/stack/neutron/neutron/api/v2/base.py:727}}
Jul 10 02:26:38.451802 np0000004940 devstack@neutron-api.service[90588]: DEBUG neutron.pecan_wsgi.hooks.quota_enforcement [None req-2a6fd678-7b44-4fc1-a10d-3e5e02128b83 admin admin] Made reservation on behalf of 221e9a78169e4464a109a547cd4f4a66 for: {'network': 1} {{(pid=90588) before /opt/stack/neutron/neutron/pecan_wsgi/hooks/quota_enforcement.py:66}}
Jul 10 02:26:38.454864 np0000004940 devstack@neutron-api.service[90588]: DEBUG neutron_lib.callbacks.manager [None req-2a6fd678-7b44-4fc1-a10d-3e5e02128b83 admin admin] Publish callbacks ['neutron.plugins.ml2.plugin.SecurityGroupDbMixin._ensure_default_security_group_handler-263084'] for network (None), before_create {{(pid=90588) _notify_loop /opt/stack/data/venv/lib/python3.12/site-packages/neutron_lib/callbacks/manager.py:184}}
Jul 10 02:26:38.459506 np0000004940 devstack@neutron-api.service[90588]: DEBUG neutron_lib.callbacks.manager [None req-2a6fd678-7b44-4fc1-a10d-3e5e02128b83 admin admin] Publish callbacks [] for security_group (None), before_create {{(pid=90588) _notify_loop /opt/stack/data/venv/lib/python3.12/site-packages/neutron_lib/callbacks/manager.py:184}}
Jul 10 02:26:38.485639 np0000004940 devstack@neutron-api.service[90587]: DEBUG neutron.api.v2.base [None req-a45f20c9-c640-4685-ba3f-7257636bb38e admin admin] Request body: {'network': {'name': 'tempest-TaggedBootDevicesTest_v242-1004169175-network', 'project_id': '24e9b5f8ee9144c6848de370720e551f'}} {{(pid=90587) prepare_request_body /opt/stack/neutron/neutron/api/v2/base.py:727}}
Jul 10 02:26:38.499547 np0000004940 devstack@neutron-api.service[90587]: DEBUG neutron.pecan_wsgi.hooks.quota_enforcement [None req-a45f20c9-c640-4685-ba3f-7257636bb38e admin admin] Made reservation on behalf of 24e9b5f8ee9144c6848de370720e551f for: {'network': 1} {{(pid=90587) before /opt/stack/neutron/neutron/pecan_wsgi/hooks/quota_enforcement.py:66}}
Jul 10 02:26:38.502336 np0000004940 devstack@neutron-api.service[90587]: DEBUG neutron_lib.callbacks.manager [None req-a45f20c9-c640-4685-ba3f-7257636bb38e admin admin] Publish callbacks ['neutron.plugins.ml2.plugin.SecurityGroupDbMixin._ensure_default_security_group_handler-1354042'] for network (None), before_create {{(pid=90587) _notify_loop /opt/stack/data/venv/lib/python3.12/site-packages/neutron_lib/callbacks/manager.py:184}}
Jul 10 02:26:38.506566 np0000004940 devstack@neutron-api.service[90587]: DEBUG neutron_lib.callbacks.manager [None req-a45f20c9-c640-4685-ba3f-7257636bb38e admin admin] Publish callbacks [] for security_group (None), before_create {{(pid=90587) _notify_loop /opt/stack/data/venv/lib/python3.12/site-packages/neutron_lib/callbacks/manager.py:184}}
Jul 10 02:26:38.526854 np0000004940 devstack@neutron-api.service[90588]: DEBUG neutron_lib.callbacks.manager [None req-2a6fd678-7b44-4fc1-a10d-3e5e02128b83 admin admin] Publish callbacks ['neutron.plugins.ml2.drivers.ovn.mech_driver.mech_driver.OVNMechanismDriver._create_security_group_precommit-344895'] for security_group (976a68d2-07af-46b9-bbf0-787f6388645a), precommit_create {{(pid=90588) _notify_loop /opt/stack/data/venv/lib/python3.12/site-packages/neutron_lib/callbacks/manager.py:184}}
Jul 10 02:26:38.527005 np0000004940 devstack@neutron-api.service[90588]: DEBUG neutron.db.ovn_revision_numbers_db [None req-2a6fd678-7b44-4fc1-a10d-3e5e02128b83 admin admin] create_initial_revision uuid=976a68d2-07af-46b9-bbf0-787f6388645a, type=security_groups, rev=-1 {{(pid=90588) create_initial_revision /opt/stack/neutron/neutron/db/ovn_revision_numbers_db.py:98}}
Jul 10 02:26:38.528666 np0000004940 devstack@neutron-api.service[90588]: DEBUG neutron.db.ovn_revision_numbers_db [None req-2a6fd678-7b44-4fc1-a10d-3e5e02128b83 admin admin] create_initial_revision uuid=5ad505de-106c-49b2-9d6b-1458015c9ca5, type=security_group_rules, rev=-1 {{(pid=90588) create_initial_revision /opt/stack/neutron/neutron/db/ovn_revision_numbers_db.py:98}}
Jul 10 02:26:38.530088 np0000004940 devstack@neutron-api.service[90588]: DEBUG neutron.db.ovn_revision_numbers_db [None req-2a6fd678-7b44-4fc1-a10d-3e5e02128b83 admin admin] create_initial_revision uuid=5b381fde-5831-4e4e-9ed5-6cd8e6c131f4, type=security_group_rules, rev=-1 {{(pid=90588) create_initial_revision /opt/stack/neutron/neutron/db/ovn_revision_numbers_db.py:98}}
Jul 10 02:26:38.531767 np0000004940 devstack@neutron-api.service[90588]: DEBUG neutron.db.ovn_revision_numbers_db [None req-2a6fd678-7b44-4fc1-a10d-3e5e02128b83 admin admin] create_initial_revision uuid=5ff5fa28-bbab-45f2-97a5-f8b57eb794e8, type=security_group_rules, rev=-1 {{(pid=90588) create_initial_revision /opt/stack/neutron/neutron/db/ovn_revision_numbers_db.py:98}}
Jul 10 02:26:38.533358 np0000004940 devstack@neutron-api.service[90588]: DEBUG neutron.db.ovn_revision_numbers_db [None req-2a6fd678-7b44-4fc1-a10d-3e5e02128b83 admin admin] create_initial_revision uuid=9f7e26a2-dcdd-477a-aca4-14d0f6624362, type=security_group_rules, rev=-1 {{(pid=90588) create_initial_revision /opt/stack/neutron/neutron/db/ovn_revision_numbers_db.py:98}}
Jul 10 02:26:38.537846 np0000004940 devstack@neutron-api.service[90588]: DEBUG neutron_lib.callbacks.manager [None req-2a6fd678-7b44-4fc1-a10d-3e5e02128b83 admin admin] Publish callbacks ['neutron.plugins.ml2.drivers.ovn.mech_driver.mech_driver.OVNMechanismDriver._create_security_group-344881', 'neutron.plugins.ml2.ovo_rpc._ObjectChangeHandler.handle_event-7376074'] for security_group (976a68d2-07af-46b9-bbf0-787f6388645a), after_create {{(pid=90588) _notify_loop /opt/stack/data/venv/lib/python3.12/site-packages/neutron_lib/callbacks/manager.py:184}}
Jul 10 02:26:38.538561 np0000004940 devstack@neutron-api.service[90588]: DEBUG ovsdbapp.backend.ovs_idl.transaction [None req-cb430dd4-9518-46eb-a310-553f5bc520b6 None None] Running txn n=1 command(idx=0): PgAddCommand(_result=None, name=pg_976a68d2_07af_46b9_bbf0_787f6388645a, may_exist=False, columns={'acls': [], 'external_ids': {'neutron:security_group_id': '976a68d2-07af-46b9-bbf0-787f6388645a'}}) {{(pid=90588) do_commit /opt/stack/data/venv/lib/python3.12/site-packages/ovsdbapp/backend/ovs_idl/transaction.py:89}}
Jul 10 02:26:38.539027 np0000004940 devstack@neutron-api.service[90588]: DEBUG ovsdbapp.backend.ovs_idl.transaction [None req-cb430dd4-9518-46eb-a310-553f5bc520b6 None None] Running txn n=1 command(idx=1): PgAclAddCommand(_result=None, entity=pg_976a68d2_07af_46b9_bbf0_787f6388645a, direction=to-lport, priority=1002, match=outport == @pg_976a68d2_07af_46b9_bbf0_787f6388645a && ip4 && ip4.src == $pg_976a68d2_07af_46b9_bbf0_787f6388645a_ip4, action=allow-related, log=False, may_exist=True, severity=[], name=[], meter=[], external_ids={'neutron:security_group_rule_id': '5ad505de-106c-49b2-9d6b-1458015c9ca5'}) {{(pid=90588) do_commit /opt/stack/data/venv/lib/python3.12/site-packages/ovsdbapp/backend/ovs_idl/transaction.py:89}}
Jul 10 02:26:38.539427 np0000004940 devstack@neutron-api.service[90588]: DEBUG ovsdbapp.backend.ovs_idl.transaction [None req-cb430dd4-9518-46eb-a310-553f5bc520b6 None None] Running txn n=1 command(idx=2): PgAclAddCommand(_result=None, entity=pg_976a68d2_07af_46b9_bbf0_787f6388645a, direction=to-lport, priority=1002, match=outport == @pg_976a68d2_07af_46b9_bbf0_787f6388645a && ip6 && ip6.src == $pg_976a68d2_07af_46b9_bbf0_787f6388645a_ip6, action=allow-related, log=False, may_exist=True, severity=[], name=[], meter=[], external_ids={'neutron:security_group_rule_id': '5b381fde-5831-4e4e-9ed5-6cd8e6c131f4'}) {{(pid=90588) do_commit /opt/stack/data/venv/lib/python3.12/site-packages/ovsdbapp/backend/ovs_idl/transaction.py:89}}
Jul 10 02:26:38.539711 np0000004940 devstack@neutron-api.service[90588]: DEBUG ovsdbapp.backend.ovs_idl.transaction [None req-cb430dd4-9518-46eb-a310-553f5bc520b6 None None] Running txn n=1 command(idx=3): PgAclAddCommand(_result=None, entity=pg_976a68d2_07af_46b9_bbf0_787f6388645a, direction=from-lport, priority=1002, match=inport == @pg_976a68d2_07af_46b9_bbf0_787f6388645a && ip4, action=allow-related, log=False, may_exist=True, severity=[], name=[], meter=[], external_ids={'neutron:security_group_rule_id': '5ff5fa28-bbab-45f2-97a5-f8b57eb794e8'}) {{(pid=90588) do_commit /opt/stack/data/venv/lib/python3.12/site-packages/ovsdbapp/backend/ovs_idl/transaction.py:89}}
Jul 10 02:26:38.539998 np0000004940 devstack@neutron-api.service[90588]: DEBUG ovsdbapp.backend.ovs_idl.transaction [None req-cb430dd4-9518-46eb-a310-553f5bc520b6 None None] Running txn n=1 command(idx=4): PgAclAddCommand(_result=None, entity=pg_976a68d2_07af_46b9_bbf0_787f6388645a, direction=from-lport, priority=1002, match=inport == @pg_976a68d2_07af_46b9_bbf0_787f6388645a && ip6, action=allow-related, log=False, may_exist=True, severity=[], name=[], meter=[], external_ids={'neutron:security_group_rule_id': '9f7e26a2-dcdd-477a-aca4-14d0f6624362'}) {{(pid=90588) do_commit /opt/stack/data/venv/lib/python3.12/site-packages/ovsdbapp/backend/ovs_idl/transaction.py:89}}
Jul 10 02:26:38.545010 np0000004940 devstack@neutron-api.service[90588]: DEBUG neutron.plugins.ml2.drivers.ovn.mech_driver.ovsdb.ovsdb_monitor [None req-cb430dd4-9518-46eb-a310-553f5bc520b6 None None] Touching Hash Ring node "aab3d1e76d495666b8dd3836fb839cfc" from IDL notify handler {{(pid=90588) notify /opt/stack/neutron/neutron/plugins/ml2/drivers/ovn/mech_driver/ovsdb/ovsdb_monitor.py:1023}}
Jul 10 02:26:38.548328 np0000004940 devstack@neutron-api.service[90589]: DEBUG neutron.plugins.ml2.drivers.ovn.mech_driver.ovsdb.ovsdb_monitor [None req-5f902de5-bd7e-4524-a26a-232d9a9c4613 None None] Touching Hash Ring node "5f7e5f638889506bb81381c53b57faa8" from IDL notify handler {{(pid=90589) notify /opt/stack/neutron/neutron/plugins/ml2/drivers/ovn/mech_driver/ovsdb/ovsdb_monitor.py:1023}}
Jul 10 02:26:38.548830 np0000004940 devstack@neutron-api.service[90590]: DEBUG neutron.api.v2.base [None req-7c9b61b9-e100-4d87-a828-65c2d9aafe5e admin admin] Request body: {'network': {'name': 'tempest-VolumesAdminNegativeTest-1502915903-network', 'project_id': '67c7e58e533c49f6866cb1de717bc64e'}} {{(pid=90590) prepare_request_body /opt/stack/neutron/neutron/api/v2/base.py:727}}
Jul 10 02:26:38.551039 np0000004940 devstack@neutron-api.service[90589]: DEBUG neutron.api.v2.base [None req-03116bb8-ff7d-416a-9b86-6009e608988d admin admin] Request body: {'network': {'name': 'tempest-AttachSCSIVolumeTestJSON-90979079-network', 'project_id': 'c316ff62293a40b5b0de3a61e120bd60'}} {{(pid=90589) prepare_request_body /opt/stack/neutron/neutron/api/v2/base.py:727}}
Jul 10 02:26:38.551427 np0000004940 devstack@neutron-api.service[90588]: DEBUG neutron.plugins.ml2.drivers.ovn.mech_driver.ovsdb.ovsdb_monitor [None req-cb430dd4-9518-46eb-a310-553f5bc520b6 None None] Hash Ring: Node aab3d1e76d495666b8dd3836fb839cfc (host: np0000004940) handling event "create" for row c4c003ca-7ffc-4f5a-92a0-ff4490a384b7 (table: ACL) {{(pid=90588) notify /opt/stack/neutron/neutron/plugins/ml2/drivers/ovn/mech_driver/ovsdb/ovsdb_monitor.py:1031}}
Jul 10 02:26:38.552840 np0000004940 devstack@neutron-api.service[90590]: DEBUG neutron.plugins.ml2.drivers.ovn.mech_driver.ovsdb.ovsdb_monitor [None req-1f0d8201-c587-4fb2-961a-8d5c7e5cd6f4 None None] Touching Hash Ring node "62c577c3a3e05c62a00de8aafa165b14" from IDL notify handler {{(pid=90590) notify /opt/stack/neutron/neutron/plugins/ml2/drivers/ovn/mech_driver/ovsdb/ovsdb_monitor.py:1023}}
Jul 10 02:26:38.558413 np0000004940 devstack@neutron-api.service[90589]: DEBUG neutron.plugins.ml2.drivers.ovn.mech_driver.ovsdb.ovsdb_monitor [None req-5f902de5-bd7e-4524-a26a-232d9a9c4613 None None] Hash Ring: Node 5f7e5f638889506bb81381c53b57faa8 (host: np0000004940) handling event "create" for row 2d42b5bb-c9d6-4270-845f-0bcf78488c96 (table: Port_Group) {{(pid=90589) notify /opt/stack/neutron/neutron/plugins/ml2/drivers/ovn/mech_driver/ovsdb/ovsdb_monitor.py:1031}}
Jul 10 02:26:38.560707 np0000004940 devstack@neutron-api.service[90590]: DEBUG neutron.plugins.ml2.drivers.ovn.mech_driver.ovsdb.ovsdb_monitor [None req-1f0d8201-c587-4fb2-961a-8d5c7e5cd6f4 None None] Hash Ring: Node 62c577c3a3e05c62a00de8aafa165b14 (host: np0000004940) handling event "create" for row 2e88550c-092c-4ed5-8eba-8d5aeae93d63 (table: ACL) {{(pid=90590) notify /opt/stack/neutron/neutron/plugins/ml2/drivers/ovn/mech_driver/ovsdb/ovsdb_monitor.py:1031}}
Jul 10 02:26:38.563129 np0000004940 devstack@neutron-api.service[90590]: DEBUG neutron.plugins.ml2.drivers.ovn.mech_driver.ovsdb.ovsdb_monitor [None req-1f0d8201-c587-4fb2-961a-8d5c7e5cd6f4 None None] Touching Hash Ring node "62c577c3a3e05c62a00de8aafa165b14" from IDL notify handler {{(pid=90590) notify /opt/stack/neutron/neutron/plugins/ml2/drivers/ovn/mech_driver/ovsdb/ovsdb_monitor.py:1023}}
