Jul 10 02:35:14.856874 np0000004940 devstack@placement-api.service[92996]: [pid: 92996|app: 0|req: 309/1229] 10.4.3.123 () {68 vars in 1553 bytes} [Fri Jul 10 02:35:14 2026] GET /placement/resource_providers/7e036136-601b-4d56-81f1-32f110daa816/aggregates => generated 54 bytes in 12 msecs (HTTP/1.1 200) 8 headers in 295 bytes (1 switches on core 0)
Jul 10 02:35:14.895743 np0000004940 devstack@placement-api.service[92998]: DEBUG placement.requestlog [req-7051d818-8789-44f8-9c94-fa97ad15c69a req-264ebb47-684c-459f-ac77-f786d7a07198 None None] Starting request: 10.4.3.123 "GET /placement/resource_providers/7e036136-601b-4d56-81f1-32f110daa816/traits" {{(pid=92998) __call__ /opt/stack/placement/placement/requestlog.py:55}}
Jul 10 02:35:14.909952 np0000004940 devstack@placement-api.service[92998]: INFO placement.requestlog [req-7051d818-8789-44f8-9c94-fa97ad15c69a req-264ebb47-684c-459f-ac77-f786d7a07198 service nova] 10.4.3.123 "GET /placement/resource_providers/7e036136-601b-4d56-81f1-32f110daa816/traits" status: 200 len: 2027 microversion: 1.6
Jul 10 02:35:14.910145 np0000004940 devstack@placement-api.service[92998]: [pid: 92998|app: 0|req: 306/1230] 10.4.3.123 () {68 vars in 1540 bytes} [Fri Jul 10 02:35:14 2026] GET /placement/resource_providers/7e036136-601b-4d56-81f1-32f110daa816/traits => generated 2027 bytes in 14 msecs (HTTP/1.1 200) 6 headers in 225 bytes (1 switches on core 0)
Jul 10 02:35:14.957885 np0000004940 devstack@placement-api.service[92997]: DEBUG placement.requestlog [req-7051d818-8789-44f8-9c94-fa97ad15c69a req-ae6d3566-c6d5-4c39-9e09-e39e2fd8fda4 None None] Starting request: 10.4.3.123 "GET /placement/resource_providers/7e036136-601b-4d56-81f1-32f110daa816/allocations" {{(pid=92997) __call__ /opt/stack/placement/placement/requestlog.py:55}}
Jul 10 02:35:14.977059 np0000004940 devstack@placement-api.service[92997]: INFO placement.requestlog [req-7051d818-8789-44f8-9c94-fa97ad15c69a req-ae6d3566-c6d5-4c39-9e09-e39e2fd8fda4 service nova] 10.4.3.123 "GET /placement/resource_providers/7e036136-601b-4d56-81f1-32f110daa816/allocations" status: 200 len: 911 microversion: 1.0
Jul 10 02:35:14.977270 np0000004940 devstack@placement-api.service[92997]: [pid: 92997|app: 0|req: 309/1231] 10.4.3.123 () {66 vars in 1512 bytes} [Fri Jul 10 02:35:14 2026] GET /placement/resource_providers/7e036136-601b-4d56-81f1-32f110daa816/allocations => generated 911 bytes in 19 msecs (HTTP/1.1 200) 6 headers in 224 bytes (1 switches on core 0)
Jul 10 02:35:15.031837 np0000004940 devstack@placement-api.service[92999]: DEBUG placement.requestlog [req-7051d818-8789-44f8-9c94-fa97ad15c69a req-4fda1cbc-a6d0-48cc-bd2c-72806e906712 None None] Starting request: 10.4.3.123 "GET /placement/allocations/4283dfb8-3c83-450b-a56c-af1ba5057983" {{(pid=92999) __call__ /opt/stack/placement/placement/requestlog.py:55}}
Jul 10 02:35:15.044548 np0000004940 devstack@placement-api.service[92999]: INFO placement.requestlog [req-7051d818-8789-44f8-9c94-fa97ad15c69a req-4fda1cbc-a6d0-48cc-bd2c-72806e906712 service nova] 10.4.3.123 "GET /placement/allocations/4283dfb8-3c83-450b-a56c-af1ba5057983" status: 200 len: 258 microversion: 1.28
Jul 10 02:35:15.044816 np0000004940 devstack@placement-api.service[92999]: [pid: 92999|app: 0|req: 308/1232] 10.4.3.123 () {68 vars in 1499 bytes} [Fri Jul 10 02:35:15 2026] GET /placement/allocations/4283dfb8-3c83-450b-a56c-af1ba5057983 => generated 258 bytes in 13 msecs (HTTP/1.1 200) 8 headers in 296 bytes (1 switches on core 0)
Jul 10 02:35:15.089264 np0000004940 devstack@placement-api.service[92996]: DEBUG placement.requestlog [req-7051d818-8789-44f8-9c94-fa97ad15c69a req-13f83d3c-4c25-42e8-a490-c2e836123324 None None] Starting request: 10.4.3.123 "GET /placement/allocations/69811d6b-04c8-4714-8a12-0744fc73feab" {{(pid=92996) __call__ /opt/stack/placement/placement/requestlog.py:55}}
Jul 10 02:35:15.099109 np0000004940 devstack@placement-api.service[92996]: INFO placement.requestlog [req-7051d818-8789-44f8-9c94-fa97ad15c69a req-13f83d3c-4c25-42e8-a490-c2e836123324 service nova] 10.4.3.123 "GET /placement/allocations/69811d6b-04c8-4714-8a12-0744fc73feab" status: 200 len: 258 microversion: 1.28
Jul 10 02:35:15.099356 np0000004940 devstack@placement-api.service[92996]: [pid: 92996|app: 0|req: 310/1233] 10.4.3.123 () {68 vars in 1499 bytes} [Fri Jul 10 02:35:15 2026] GET /placement/allocations/69811d6b-04c8-4714-8a12-0744fc73feab => generated 258 bytes in 10 msecs (HTTP/1.1 200) 8 headers in 296 bytes (1 switches on core 0)
Jul 10 02:35:15.142490 np0000004940 devstack@placement-api.service[92998]: DEBUG placement.requestlog [req-7051d818-8789-44f8-9c94-fa97ad15c69a req-8bbe197c-af5c-4246-92a9-67cb330041f5 None None] Starting request: 10.4.3.123 "GET /placement/allocations/9a8e7573-86f6-4fff-84f4-fa2a5221b2d3" {{(pid=92998) __call__ /opt/stack/placement/placement/requestlog.py:55}}
Jul 10 02:35:15.154047 np0000004940 devstack@placement-api.service[92998]: INFO placement.requestlog [req-7051d818-8789-44f8-9c94-fa97ad15c69a req-8bbe197c-af5c-4246-92a9-67cb330041f5 service nova] 10.4.3.123 "GET /placement/allocations/9a8e7573-86f6-4fff-84f4-fa2a5221b2d3" status: 200 len: 258 microversion: 1.28
Jul 10 02:35:15.154437 np0000004940 devstack@placement-api.service[92998]: [pid: 92998|app: 0|req: 307/1234] 10.4.3.123 () {68 vars in 1499 bytes} [Fri Jul 10 02:35:15 2026] GET /placement/allocations/9a8e7573-86f6-4fff-84f4-fa2a5221b2d3 => generated 258 bytes in 12 msecs (HTTP/1.1 200) 8 headers in 296 bytes (1 switches on core 0)
Jul 10 02:35:15.205297 np0000004940 devstack@placement-api.service[92997]: DEBUG placement.requestlog [req-7051d818-8789-44f8-9c94-fa97ad15c69a req-e46d2cb8-c0d1-470c-98da-3ec86fd6e4db None None] Starting request: 10.4.3.123 "GET /placement/allocations/4be5b90a-143a-4a09-a9dc-99aef0178feb" {{(pid=92997) __call__ /opt/stack/placement/placement/requestlog.py:55}}
Jul 10 02:35:15.216500 np0000004940 devstack@placement-api.service[92997]: INFO placement.requestlog [req-7051d818-8789-44f8-9c94-fa97ad15c69a req-e46d2cb8-c0d1-470c-98da-3ec86fd6e4db service nova] 10.4.3.123 "GET /placement/allocations/4be5b90a-143a-4a09-a9dc-99aef0178feb" status: 200 len: 244 microversion: 1.28
Jul 10 02:35:15.216772 np0000004940 devstack@placement-api.service[92997]: [pid: 92997|app: 0|req: 310/1235] 10.4.3.123 () {68 vars in 1499 bytes} [Fri Jul 10 02:35:15 2026] GET /placement/allocations/4be5b90a-143a-4a09-a9dc-99aef0178feb => generated 244 bytes in 12 msecs (HTTP/1.1 200) 8 headers in 296 bytes (1 switches on core 0)
Jul 10 02:35:15.260953 np0000004940 devstack@placement-api.service[92999]: DEBUG placement.requestlog [req-7051d818-8789-44f8-9c94-fa97ad15c69a req-558f98a9-fc71-4423-915a-71af1bdf7651 None None] Starting request: 10.4.3.123 "GET /placement/allocations/c0699a63-f981-433e-a025-5f1b91a13712" {{(pid=92999) __call__ /opt/stack/placement/placement/requestlog.py:55}}
Jul 10 02:35:15.272142 np0000004940 devstack@placement-api.service[92999]: INFO placement.requestlog [req-7051d818-8789-44f8-9c94-fa97ad15c69a req-558f98a9-fc71-4423-915a-71af1bdf7651 service nova] 10.4.3.123 "GET /placement/allocations/c0699a63-f981-433e-a025-5f1b91a13712" status: 200 len: 244 microversion: 1.28
Jul 10 02:35:15.272472 np0000004940 devstack@placement-api.service[92999]: [pid: 92999|app: 0|req: 309/1236] 10.4.3.123 () {68 vars in 1499 bytes} [Fri Jul 10 02:35:15 2026] GET /placement/allocations/c0699a63-f981-433e-a025-5f1b91a13712 => generated 244 bytes in 12 msecs (HTTP/1.1 200) 8 headers in 296 bytes (1 switches on core 0)
Jul 10 02:35:15.326198 np0000004940 devstack@placement-api.service[92996]: DEBUG placement.requestlog [req-7051d818-8789-44f8-9c94-fa97ad15c69a req-e2800c50-90b6-474f-b10b-e1018a6944f5 None None] Starting request: 10.4.3.123 "GET /placement/allocations/6a58acb8-de80-4f65-ad12-70d027fbbce2" {{(pid=92996) __call__ /opt/stack/placement/placement/requestlog.py:55}}
Jul 10 02:35:15.336365 np0000004940 devstack@placement-api.service[92996]: INFO placement.requestlog [req-7051d818-8789-44f8-9c94-fa97ad15c69a req-e2800c50-90b6-474f-b10b-e1018a6944f5 service nova] 10.4.3.123 "GET /placement/allocations/6a58acb8-de80-4f65-ad12-70d027fbbce2" status: 200 len: 258 microversion: 1.28
Jul 10 02:35:15.336604 np0000004940 devstack@placement-api.service[92996]: [pid: 92996|app: 0|req: 311/1237] 10.4.3.123 () {68 vars in 1499 bytes} [Fri Jul 10 02:35:15 2026] GET /placement/allocations/6a58acb8-de80-4f65-ad12-70d027fbbce2 => generated 258 bytes in 11 msecs (HTTP/1.1 200) 8 headers in 296 bytes (2 switches on core 0)
Jul 10 02:35:15.390846 np0000004940 devstack@placement-api.service[92998]: DEBUG placement.requestlog [req-7051d818-8789-44f8-9c94-fa97ad15c69a req-7437caab-3ca4-4b5f-879b-cb39ad509c16 None None] Starting request: 10.4.3.123 "GET /placement/allocations/aa461333-ac50-44ed-a060-ba059cbd8bd8" {{(pid=92998) __call__ /opt/stack/placement/placement/requestlog.py:55}}
Jul 10 02:35:15.394484 np0000004940 devstack@placement-api.service[92997]: DEBUG placement.requestlog [req-981d76ab-561b-460a-8e02-3701c716c7aa req-75010bbc-c6d6-4d32-ae3c-ed09df91026d None None] Starting request: 10.4.3.123 "GET /placement/allocation_candidates?limit=1000&resources=DISK_GB%3A1%2CMEMORY_MB%3A192%2CVCPU%3A1&root_required=%21COMPUTE_STATUS_DISABLED" {{(pid=92997) __call__ /opt/stack/placement/placement/requestlog.py:55}}
Jul 10 02:35:15.402104 np0000004940 devstack@placement-api.service[92998]: INFO placement.requestlog [req-7051d818-8789-44f8-9c94-fa97ad15c69a req-7437caab-3ca4-4b5f-879b-cb39ad509c16 service nova] 10.4.3.123 "GET /placement/allocations/aa461333-ac50-44ed-a060-ba059cbd8bd8" status: 200 len: 258 microversion: 1.28
Jul 10 02:35:15.402308 np0000004940 devstack@placement-api.service[92998]: [pid: 92998|app: 0|req: 308/1238] 10.4.3.123 () {68 vars in 1499 bytes} [Fri Jul 10 02:35:15 2026] GET /placement/allocations/aa461333-ac50-44ed-a060-ba059cbd8bd8 => generated 258 bytes in 12 msecs (HTTP/1.1 200) 8 headers in 296 bytes (1 switches on core 0)
Jul 10 02:35:15.435848 np0000004940 devstack@placement-api.service[92997]: DEBUG placement.objects.research_context [req-981d76ab-561b-460a-8e02-3701c716c7aa req-75010bbc-c6d6-4d32-ae3c-ed09df91026d service nova] getting providers with 1 DISK_GB {{(pid=92997) __init__ /opt/stack/placement/placement/objects/research_context.py:137}}
Jul 10 02:35:15.442682 np0000004940 devstack@placement-api.service[92997]: DEBUG placement.objects.research_context [req-981d76ab-561b-460a-8e02-3701c716c7aa req-75010bbc-c6d6-4d32-ae3c-ed09df91026d service nova] getting providers with 192 MEMORY_MB {{(pid=92997) __init__ /opt/stack/placement/placement/objects/research_context.py:137}}
Jul 10 02:35:15.448544 np0000004940 devstack@placement-api.service[92999]: DEBUG placement.requestlog [req-7051d818-8789-44f8-9c94-fa97ad15c69a req-7e9d09d0-86c5-4455-a735-73928a3d0721 None None] Starting request: 10.4.3.123 "GET /placement/allocations/da981ada-e835-4e98-8bd2-b0f96915e62c" {{(pid=92999) __call__ /opt/stack/placement/placement/requestlog.py:55}}
Jul 10 02:35:15.449271 np0000004940 devstack@placement-api.service[92997]: DEBUG placement.objects.research_context [req-981d76ab-561b-460a-8e02-3701c716c7aa req-75010bbc-c6d6-4d32-ae3c-ed09df91026d service nova] getting providers with 1 VCPU {{(pid=92997) __init__ /opt/stack/placement/placement/objects/research_context.py:137}}
Jul 10 02:35:15.454249 np0000004940 devstack@placement-api.service[92997]: DEBUG placement.objects.research_context [req-981d76ab-561b-460a-8e02-3701c716c7aa req-75010bbc-c6d6-4d32-ae3c-ed09df91026d service nova] found 1 providers with available 1 DISK_GB {{(pid=92997) get_provider_ids_matching /opt/stack/placement/placement/objects/research_context.py:563}}
Jul 10 02:35:15.454399 np0000004940 devstack@placement-api.service[92997]: DEBUG placement.objects.research_context [req-981d76ab-561b-460a-8e02-3701c716c7aa req-75010bbc-c6d6-4d32-ae3c-ed09df91026d service nova] found 1 providers with available 192 MEMORY_MB {{(pid=92997) get_provider_ids_matching /opt/stack/placement/placement/objects/research_context.py:563}}
Jul 10 02:35:15.454603 np0000004940 devstack@placement-api.service[92997]: DEBUG placement.objects.research_context [req-981d76ab-561b-460a-8e02-3701c716c7aa req-75010bbc-c6d6-4d32-ae3c-ed09df91026d service nova] found 1 providers after filtering by previous result {{(pid=92997) get_provider_ids_matching /opt/stack/placement/placement/objects/research_context.py:594}}
Jul 10 02:35:15.454698 np0000004940 devstack@placement-api.service[92997]: DEBUG placement.objects.research_context [req-981d76ab-561b-460a-8e02-3701c716c7aa req-75010bbc-c6d6-4d32-ae3c-ed09df91026d service nova] found 1 providers with available 1 VCPU {{(pid=92997) get_provider_ids_matching /opt/stack/placement/placement/objects/research_context.py:563}}
Jul 10 02:35:15.454748 np0000004940 devstack@placement-api.service[92997]: DEBUG placement.objects.research_context [req-981d76ab-561b-460a-8e02-3701c716c7aa req-75010bbc-c6d6-4d32-ae3c-ed09df91026d service nova] found 1 providers after filtering by previous result {{(pid=92997) get_provider_ids_matching /opt/stack/placement/placement/objects/research_context.py:594}}
Jul 10 02:35:15.461823 np0000004940 devstack@placement-api.service[92999]: INFO placement.requestlog [req-7051d818-8789-44f8-9c94-fa97ad15c69a req-7e9d09d0-86c5-4455-a735-73928a3d0721 service nova] 10.4.3.123 "GET /placement/allocations/da981ada-e835-4e98-8bd2-b0f96915e62c" status: 200 len: 258 microversion: 1.28
Jul 10 02:35:15.461823 np0000004940 devstack@placement-api.service[92999]: [pid: 92999|app: 0|req: 310/1239] 10.4.3.123 () {68 vars in 1499 bytes} [Fri Jul 10 02:35:15 2026] GET /placement/allocations/da981ada-e835-4e98-8bd2-b0f96915e62c => generated 258 bytes in 13 msecs (HTTP/1.1 200) 8 headers in 296 bytes (1 switches on core 0)
Jul 10 02:35:15.470386 np0000004940 devstack@placement-api.service[92997]: DEBUG placement.objects.allocation_candidate [req-981d76ab-561b-460a-8e02-3701c716c7aa req-75010bbc-c6d6-4d32-ae3c-ed09df91026d service nova] RequestGroup(use_same_provider=False, resources={DISK_GB:1, MEMORY_MB:192, VCPU:1}, traits=(), aggregates=[]) (suffix '') returned 1 matches {{(pid=92997) _get_by_requests /opt/stack/placement/placement/objects/allocation_candidate.py:158}}
Jul 10 02:35:15.470386 np0000004940 devstack@placement-api.service[92997]: DEBUG placement.objects.allocation_candidate [req-981d76ab-561b-460a-8e02-3701c716c7aa req-75010bbc-c6d6-4d32-ae3c-ed09df91026d service nova] Merging candidates yields 1 allocation requests and 1 provider summaries {{(pid=92997) _merge_candidates /opt/stack/placement/placement/objects/allocation_candidate.py:908}}
Jul 10 02:35:15.472560 np0000004940 devstack@placement-api.service[92997]: INFO placement.requestlog [req-981d76ab-561b-460a-8e02-3701c716c7aa req-75010bbc-c6d6-4d32-ae3c-ed09df91026d service nova] 10.4.3.123 "GET /placement/allocation_candidates?limit=1000&resources=DISK_GB%3A1%2CMEMORY_MB%3A192%2CVCPU%3A1&root_required=%21COMPUTE_STATUS_DISABLED" status: 200 len: 2493 microversion: 1.36
Jul 10 02:35:15.472560 np0000004940 devstack@placement-api.service[92997]: [pid: 92997|app: 0|req: 311/1240] 10.4.3.123 () {68 vars in 1625 bytes} [Fri Jul 10 02:35:15 2026] GET /placement/allocation_candidates?limit=1000&resources=DISK_GB%3A1%2CMEMORY_MB%3A192%2CVCPU%3A1&root_required=%21COMPUTE_STATUS_DISABLED => generated 2493 bytes in 78 msecs (HTTP/1.1 200) 8 headers in 297 bytes (1 switches on core 0)
Jul 10 02:35:15.515253 np0000004940 devstack@placement-api.service[92996]: DEBUG placement.requestlog [req-7051d818-8789-44f8-9c94-fa97ad15c69a req-5019c3ee-54a1-42d7-8225-49aac0b95b50 None None] Starting request: 10.4.3.123 "GET /placement/allocations/4c18f439-376f-49c6-9ade-62888c62038f" {{(pid=92996) __call__ /opt/stack/placement/placement/requestlog.py:55}}
Jul 10 02:35:15.527929 np0000004940 devstack@placement-api.service[92996]: INFO placement.requestlog [req-7051d818-8789-44f8-9c94-fa97ad15c69a req-5019c3ee-54a1-42d7-8225-49aac0b95b50 service nova] 10.4.3.123 "GET /placement/allocations/4c18f439-376f-49c6-9ade-62888c62038f" status: 200 len: 244 microversion: 1.28
Jul 10 02:35:15.528835 np0000004940 devstack@placement-api.service[92996]: [pid: 92996|app: 0|req: 312/1241] 10.4.3.123 () {68 vars in 1499 bytes} [Fri Jul 10 02:35:15 2026] GET /placement/allocations/4c18f439-376f-49c6-9ade-62888c62038f => generated 244 bytes in 13 msecs (HTTP/1.1 200) 8 headers in 296 bytes (1 switches on core 0)
Jul 10 02:35:15.540627 np0000004940 devstack@placement-api.service[92998]: DEBUG placement.requestlog [req-981d76ab-561b-460a-8e02-3701c716c7aa req-00827b50-4ec6-46d1-96e8-8c6454a07b50 None None] Starting request: 10.4.3.123 "GET /placement/allocations/c60c1d07-237f-4bd2-a19b-39f1567d802c" {{(pid=92998) __call__ /opt/stack/placement/placement/requestlog.py:55}}
Jul 10 02:35:15.548364 np0000004940 devstack@placement-api.service[92998]: INFO placement.requestlog [req-981d76ab-561b-460a-8e02-3701c716c7aa req-00827b50-4ec6-46d1-96e8-8c6454a07b50 service nova] 10.4.3.123 "GET /placement/allocations/c60c1d07-237f-4bd2-a19b-39f1567d802c" status: 200 len: 19 microversion: 1.28
Jul 10 02:35:15.549034 np0000004940 devstack@placement-api.service[92998]: [pid: 92998|app: 0|req: 309/1242] 10.4.3.123 () {68 vars in 1501 bytes} [Fri Jul 10 02:35:15 2026] GET /placement/allocations/c60c1d07-237f-4bd2-a19b-39f1567d802c => generated 19 bytes in 8 msecs (HTTP/1.1 200) 8 headers in 295 bytes (1 switches on core 0)
Jul 10 02:35:15.591416 np0000004940 devstack@placement-api.service[92999]: DEBUG placement.requestlog [req-981d76ab-561b-460a-8e02-3701c716c7aa req-a7321fdf-cfbb-4ca4-be06-0c8d2d9ab3b1 None None] Starting request: 10.4.3.123 "PUT /placement/allocations/c60c1d07-237f-4bd2-a19b-39f1567d802c" {{(pid=92999) __call__ /opt/stack/placement/placement/requestlog.py:55}}
Jul 10 02:35:15.660307 np0000004940 devstack@placement-api.service[92999]: DEBUG placement.handlers.allocation [req-981d76ab-561b-460a-8e02-3701c716c7aa req-a7321fdf-cfbb-4ca4-be06-0c8d2d9ab3b1 service nova] Successfully wrote allocations [, , ] {{(pid=92999) _update_consumers_and_create_allocations /opt/stack/placement/placement/handlers/allocation.py:462}}
Jul 10 02:35:15.668461 np0000004940 devstack@placement-api.service[92999]: INFO placement.requestlog [req-981d76ab-561b-460a-8e02-3701c716c7aa req-a7321fdf-cfbb-4ca4-be06-0c8d2d9ab3b1 service nova] 10.4.3.123 "PUT /placement/allocations/c60c1d07-237f-4bd2-a19b-39f1567d802c" status: 204 len: 0 microversion: 1.36
Jul 10 02:35:15.668701 np0000004940 devstack@placement-api.service[92999]: [pid: 92999|app: 0|req: 311/1243] 10.4.3.123 () {72 vars in 1554 bytes} [Fri Jul 10 02:35:15 2026] PUT /placement/allocations/c60c1d07-237f-4bd2-a19b-39f1567d802c => generated 0 bytes in 77 msecs (HTTP/1.1 204) 5 headers in 199 bytes (1 switches on core 0)
Jul 10 02:35:16.475932 np0000004940 devstack@placement-api.service[92997]: DEBUG placement.requestlog [req-6f3d2077-5049-410a-965a-d56d81893fc1 req-ae1842d0-8606-45bb-8432-1a1522e63857 None None] Starting request: 10.4.3.123 "GET /placement/allocation_candidates?limit=1000&resources=MEMORY_MB%3A192%2CVCPU%3A1&root_required=%21COMPUTE_STATUS_DISABLED" {{(pid=92997) __call__ /opt/stack/placement/placement/requestlog.py:55}}
Jul 10 02:35:16.497448 np0000004940 devstack@placement-api.service[92997]: DEBUG placement.objects.research_context [req-6f3d2077-5049-410a-965a-d56d81893fc1 req-ae1842d0-8606-45bb-8432-1a1522e63857 service nova] getting providers with 192 MEMORY_MB {{(pid=92997) __init__ /opt/stack/placement/placement/objects/research_context.py:137}}
Jul 10 02:35:16.501336 np0000004940 devstack@placement-api.service[92997]: DEBUG placement.objects.research_context [req-6f3d2077-5049-410a-965a-d56d81893fc1 req-ae1842d0-8606-45bb-8432-1a1522e63857 service nova] getting providers with 1 VCPU {{(pid=92997) __init__ /opt/stack/placement/placement/objects/research_context.py:137}}
Jul 10 02:35:16.505244 np0000004940 devstack@placement-api.service[92997]: DEBUG placement.objects.research_context [req-6f3d2077-5049-410a-965a-d56d81893fc1 req-ae1842d0-8606-45bb-8432-1a1522e63857 service nova] found 1 providers with available 192 MEMORY_MB {{(pid=92997) get_provider_ids_matching /opt/stack/placement/placement/objects/research_context.py:563}}
Jul 10 02:35:16.505635 np0000004940 devstack@placement-api.service[92997]: DEBUG placement.objects.research_context [req-6f3d2077-5049-410a-965a-d56d81893fc1 req-ae1842d0-8606-45bb-8432-1a1522e63857 service nova] found 1 providers with available 1 VCPU {{(pid=92997) get_provider_ids_matching /opt/stack/placement/placement/objects/research_context.py:563}}
Jul 10 02:35:16.506020 np0000004940 devstack@placement-api.service[92997]: DEBUG placement.objects.research_context [req-6f3d2077-5049-410a-965a-d56d81893fc1 req-ae1842d0-8606-45bb-8432-1a1522e63857 service nova] found 1 providers after filtering by previous result {{(pid=92997) get_provider_ids_matching /opt/stack/placement/placement/objects/research_context.py:594}}
Jul 10 02:35:16.515497 np0000004940 devstack@placement-api.service[92997]: DEBUG placement.objects.allocation_candidate [req-6f3d2077-5049-410a-965a-d56d81893fc1 req-ae1842d0-8606-45bb-8432-1a1522e63857 service nova] RequestGroup(use_same_provider=False, resources={MEMORY_MB:192, VCPU:1}, traits=(), aggregates=[]) (suffix '') returned 1 matches {{(pid=92997) _get_by_requests /opt/stack/placement/placement/objects/allocation_candidate.py:158}}
Jul 10 02:35:16.515726 np0000004940 devstack@placement-api.service[92997]: DEBUG placement.objects.allocation_candidate [req-6f3d2077-5049-410a-965a-d56d81893fc1 req-ae1842d0-8606-45bb-8432-1a1522e63857 service nova] Merging candidates yields 1 allocation requests and 1 provider summaries {{(pid=92997) _merge_candidates /opt/stack/placement/placement/objects/allocation_candidate.py:908}}
Jul 10 02:35:16.516976 np0000004940 devstack@placement-api.service[92997]: INFO placement.requestlog [req-6f3d2077-5049-410a-965a-d56d81893fc1 req-ae1842d0-8606-45bb-8432-1a1522e63857 service nova] 10.4.3.123 "GET /placement/allocation_candidates?limit=1000&resources=MEMORY_MB%3A192%2CVCPU%3A1&root_required=%21COMPUTE_STATUS_DISABLED" status: 200 len: 2480 microversion: 1.36
Jul 10 02:35:16.517208 np0000004940 devstack@placement-api.service[92997]: [pid: 92997|app: 0|req: 312/1244] 10.4.3.123 () {68 vars in 1597 bytes} [Fri Jul 10 02:35:16 2026] GET /placement/allocation_candidates?limit=1000&resources=MEMORY_MB%3A192%2CVCPU%3A1&root_required=%21COMPUTE_STATUS_DISABLED => generated 2480 bytes in 41 msecs (HTTP/1.1 200) 8 headers in 297 bytes (1 switches on core 0)
Jul 10 02:35:16.608785 np0000004940 devstack@placement-api.service[92996]: DEBUG placement.requestlog [req-6f3d2077-5049-410a-965a-d56d81893fc1 req-c1b7adf4-e7ae-4013-b967-f09671bbac60 None None] Starting request: 10.4.3.123 "GET /placement/allocations/69fbcd2b-430c-46a1-b571-5336317a95c3" {{(pid=92996) __call__ /opt/stack/placement/placement/requestlog.py:55}}
Jul 10 02:35:16.616632 np0000004940 devstack@placement-api.service[92996]: INFO placement.requestlog [req-6f3d2077-5049-410a-965a-d56d81893fc1 req-c1b7adf4-e7ae-4013-b967-f09671bbac60 service nova] 10.4.3.123 "GET /placement/allocations/69fbcd2b-430c-46a1-b571-5336317a95c3" status: 200 len: 19 microversion: 1.28
Jul 10 02:35:16.616904 np0000004940 devstack@placement-api.service[92996]: [pid: 92996|app: 0|req: 313/1245] 10.4.3.123 () {68 vars in 1501 bytes} [Fri Jul 10 02:35:16 2026] GET /placement/allocations/69fbcd2b-430c-46a1-b571-5336317a95c3 => generated 19 bytes in 8 msecs (HTTP/1.1 200) 8 headers in 295 bytes (1 switches on core 0)
Jul 10 02:35:16.652673 np0000004940 devstack@placement-api.service[92998]: DEBUG placement.requestlog [req-6f3d2077-5049-410a-965a-d56d81893fc1 req-92df7568-3b55-4465-b503-d24d13aafa8d None None] Starting request: 10.4.3.123 "PUT /placement/allocations/69fbcd2b-430c-46a1-b571-5336317a95c3" {{(pid=92998) __call__ /opt/stack/placement/placement/requestlog.py:55}}
Jul 10 02:35:16.696262 np0000004940 devstack@placement-api.service[92998]: DEBUG placement.handlers.allocation [req-6f3d2077-5049-410a-965a-d56d81893fc1 req-92df7568-3b55-4465-b503-d24d13aafa8d service nova] Successfully wrote allocations [, ] {{(pid=92998) _update_consumers_and_create_allocations /opt/stack/placement/placement/handlers/allocation.py:462}}
Jul 10 02:35:16.699389 np0000004940 devstack@placement-api.service[92998]: INFO placement.requestlog [req-6f3d2077-5049-410a-965a-d56d81893fc1 req-92df7568-3b55-4465-b503-d24d13aafa8d service nova] 10.4.3.123 "PUT /placement/allocations/69fbcd2b-430c-46a1-b571-5336317a95c3" status: 204 len: 0 microversion: 1.36
Jul 10 02:35:16.699483 np0000004940 devstack@placement-api.service[92998]: [pid: 92998|app: 0|req: 310/1246] 10.4.3.123 () {72 vars in 1554 bytes} [Fri Jul 10 02:35:16 2026] PUT /placement/allocations/69fbcd2b-430c-46a1-b571-5336317a95c3 => generated 0 bytes in 47 msecs (HTTP/1.1 204) 5 headers in 199 bytes (1 switches on core 0)
Jul 10 02:35:17.053819 np0000004940 devstack@placement-api.service[92999]: DEBUG placement.requestlog [req-981d76ab-561b-460a-8e02-3701c716c7aa req-342dae43-e2bd-4410-b4fb-7a48fafef7d8 None None] Starting request: 10.4.3.123 "GET /placement/allocations/c60c1d07-237f-4bd2-a19b-39f1567d802c" {{(pid=92999) __call__ /opt/stack/placement/placement/requestlog.py:55}}
Jul 10 02:35:17.064498 np0000004940 devstack@placement-api.service[92999]: INFO placement.requestlog [req-981d76ab-561b-460a-8e02-3701c716c7aa req-342dae43-e2bd-4410-b4fb-7a48fafef7d8 service nova] 10.4.3.123 "GET /placement/allocations/c60c1d07-237f-4bd2-a19b-39f1567d802c" status: 200 len: 258 microversion: 1.28
Jul 10 02:35:17.065034 np0000004940 devstack@placement-api.service[92999]: [pid: 92999|app: 0|req: 312/1247] 10.4.3.123 () {68 vars in 1499 bytes} [Fri Jul 10 02:35:17 2026] GET /placement/allocations/c60c1d07-237f-4bd2-a19b-39f1567d802c => generated 258 bytes in 11 msecs (HTTP/1.1 200) 8 headers in 296 bytes (1 switches on core 0)
Jul 10 02:35:18.121516 np0000004940 devstack@placement-api.service[92997]: DEBUG placement.requestlog [req-6f3d2077-5049-410a-965a-d56d81893fc1 req-1237895b-192e-4c9e-a7c7-40e70a7e469a None None] Starting request: 10.4.3.123 "GET /placement/allocations/69fbcd2b-430c-46a1-b571-5336317a95c3" {{(pid=92997) __call__ /opt/stack/placement/placement/requestlog.py:55}}
Jul 10 02:35:18.139331 np0000004940 devstack@placement-api.service[92996]: DEBUG placement.requestlog [req-981d76ab-561b-460a-8e02-3701c716c7aa req-2b71628f-40ae-4f4f-be05-ea1677b1ce5e None None] Starting request: 10.4.3.123 "GET /placement/resource_providers/7e036136-601b-4d56-81f1-32f110daa816/allocations" {{(pid=92996) __call__ /opt/stack/placement/placement/requestlog.py:55}}
Jul 10 02:35:18.141315 np0000004940 devstack@placement-api.service[92997]: INFO placement.requestlog [req-6f3d2077-5049-410a-965a-d56d81893fc1 req-1237895b-192e-4c9e-a7c7-40e70a7e469a service nova] 10.4.3.123 "GET /placement/allocations/69fbcd2b-430c-46a1-b571-5336317a95c3" status: 200 len: 244 microversion: 1.28
Jul 10 02:35:18.141578 np0000004940 devstack@placement-api.service[92997]: [pid: 92997|app: 0|req: 313/1248] 10.4.3.123 () {68 vars in 1499 bytes} [Fri Jul 10 02:35:18 2026] GET /placement/allocations/69fbcd2b-430c-46a1-b571-5336317a95c3 => generated 244 bytes in 20 msecs (HTTP/1.1 200) 8 headers in 296 bytes (1 switches on core 0)
Jul 10 02:35:18.159804 np0000004940 devstack@placement-api.service[92996]: INFO placement.requestlog [req-981d76ab-561b-460a-8e02-3701c716c7aa req-2b71628f-40ae-4f4f-be05-ea1677b1ce5e service nova] 10.4.3.123 "GET /placement/resource_providers/7e036136-601b-4d56-81f1-32f110daa816/allocations" status: 200 len: 1097 microversion: 1.0
Jul 10 02:35:18.160328 np0000004940 devstack@placement-api.service[92996]: [pid: 92996|app: 0|req: 314/1249] 10.4.3.123 () {66 vars in 1512 bytes} [Fri Jul 10 02:35:18 2026] GET /placement/resource_providers/7e036136-601b-4d56-81f1-32f110daa816/allocations => generated 1097 bytes in 21 msecs (HTTP/1.1 200) 6 headers in 225 bytes (1 switches on core 0)
Jul 10 02:35:18.202125 np0000004940 devstack@placement-api.service[92998]: DEBUG placement.requestlog [req-981d76ab-561b-460a-8e02-3701c716c7aa req-990a38d0-d8d8-462b-80b7-35627f95837f None None] Starting request: 10.4.3.123 "GET /placement/allocations/4283dfb8-3c83-450b-a56c-af1ba5057983" {{(pid=92998) __call__ /opt/stack/placement/placement/requestlog.py:55}}
Jul 10 02:35:18.212511 np0000004940 devstack@placement-api.service[92998]: INFO placement.requestlog [req-981d76ab-561b-460a-8e02-3701c716c7aa req-990a38d0-d8d8-462b-80b7-35627f95837f service nova] 10.4.3.123 "GET /placement/allocations/4283dfb8-3c83-450b-a56c-af1ba5057983" status: 200 len: 258 microversion: 1.28
Jul 10 02:35:18.212962 np0000004940 devstack@placement-api.service[92998]: [pid: 92998|app: 0|req: 311/1250] 10.4.3.123 () {68 vars in 1499 bytes} [Fri Jul 10 02:35:18 2026] GET /placement/allocations/4283dfb8-3c83-450b-a56c-af1ba5057983 => generated 258 bytes in 11 msecs (HTTP/1.1 200) 8 headers in 296 bytes (2 switches on core 0)
Jul 10 02:35:18.267346 np0000004940 devstack@placement-api.service[92999]: DEBUG placement.requestlog [req-981d76ab-561b-460a-8e02-3701c716c7aa req-21b77e8d-6e0b-4181-a5e4-8d8d81c20594 None None] Starting request: 10.4.3.123 "GET /placement/allocations/69811d6b-04c8-4714-8a12-0744fc73feab" {{(pid=92999) __call__ /opt/stack/placement/placement/requestlog.py:55}}
Jul 10 02:35:18.283469 np0000004940 devstack@placement-api.service[92999]: INFO placement.requestlog [req-981d76ab-561b-460a-8e02-3701c716c7aa req-21b77e8d-6e0b-4181-a5e4-8d8d81c20594 service nova] 10.4.3.123 "GET /placement/allocations/69811d6b-04c8-4714-8a12-0744fc73feab" status: 200 len: 258 microversion: 1.28
Jul 10 02:35:18.283791 np0000004940 devstack@placement-api.service[92999]: [pid: 92999|app: 0|req: 313/1251] 10.4.3.123 () {68 vars in 1499 bytes} [Fri Jul 10 02:35:18 2026] GET /placement/allocations/69811d6b-04c8-4714-8a12-0744fc73feab => generated 258 bytes in 17 msecs (HTTP/1.1 200) 8 headers in 296 bytes (1 switches on core 0)
Jul 10 02:35:18.329726 np0000004940 devstack@placement-api.service[92997]: DEBUG placement.requestlog [req-981d76ab-561b-460a-8e02-3701c716c7aa req-69382e83-c4ae-4bbd-a074-cd86c26f785c None None] Starting request: 10.4.3.123 "GET /placement/allocations/c60c1d07-237f-4bd2-a19b-39f1567d802c" {{(pid=92997) __call__ /opt/stack/placement/placement/requestlog.py:55}}
Jul 10 02:35:18.345435 np0000004940 devstack@placement-api.service[92997]: INFO placement.requestlog [req-981d76ab-561b-460a-8e02-3701c716c7aa req-69382e83-c4ae-4bbd-a074-cd86c26f785c service nova] 10.4.3.123 "GET /placement/allocations/c60c1d07-237f-4bd2-a19b-39f1567d802c" status: 200 len: 258 microversion: 1.28
Jul 10 02:35:18.345751 np0000004940 devstack@placement-api.service[92997]: [pid: 92997|app: 0|req: 314/1252] 10.4.3.123 () {68 vars in 1499 bytes} [Fri Jul 10 02:35:18 2026] GET /placement/allocations/c60c1d07-237f-4bd2-a19b-39f1567d802c => generated 258 bytes in 16 msecs (HTTP/1.1 200) 8 headers in 296 bytes (1 switches on core 0)
Jul 10 02:35:18.401116 np0000004940 devstack@placement-api.service[92996]: DEBUG placement.requestlog [req-981d76ab-561b-460a-8e02-3701c716c7aa req-fbd26ef2-4f6f-4162-a50f-c9c22dd42224 None None] Starting request: 10.4.3.123 "GET /placement/allocations/9a8e7573-86f6-4fff-84f4-fa2a5221b2d3" {{(pid=92996) __call__ /opt/stack/placement/placement/requestlog.py:55}}
Jul 10 02:35:18.411095 np0000004940 devstack@placement-api.service[92996]: INFO placement.requestlog [req-981d76ab-561b-460a-8e02-3701c716c7aa req-fbd26ef2-4f6f-4162-a50f-c9c22dd42224 service nova] 10.4.3.123 "GET /placement/allocations/9a8e7573-86f6-4fff-84f4-fa2a5221b2d3" status: 200 len: 258 microversion: 1.28
Jul 10 02:35:18.411296 np0000004940 devstack@placement-api.service[92996]: [pid: 92996|app: 0|req: 315/1253] 10.4.3.123 () {68 vars in 1499 bytes} [Fri Jul 10 02:35:18 2026] GET /placement/allocations/9a8e7573-86f6-4fff-84f4-fa2a5221b2d3 => generated 258 bytes in 10 msecs (HTTP/1.1 200) 8 headers in 296 bytes (1 switches on core 0)
Jul 10 02:35:18.461483 np0000004940 devstack@placement-api.service[92998]: DEBUG placement.requestlog [req-981d76ab-561b-460a-8e02-3701c716c7aa req-ddd6864d-fcd1-495d-b9cf-e397cbf031dc None None] Starting request: 10.4.3.123 "GET /placement/allocations/4be5b90a-143a-4a09-a9dc-99aef0178feb" {{(pid=92998) __call__ /opt/stack/placement/placement/requestlog.py:55}}
Jul 10 02:35:18.478789 np0000004940 devstack@placement-api.service[92998]: INFO placement.requestlog [req-981d76ab-561b-460a-8e02-3701c716c7aa req-ddd6864d-fcd1-495d-b9cf-e397cbf031dc service nova] 10.4.3.123 "GET /placement/allocations/4be5b90a-143a-4a09-a9dc-99aef0178feb" status: 200 len: 244 microversion: 1.28
Jul 10 02:35:18.478789 np0000004940 devstack@placement-api.service[92998]: [pid: 92998|app: 0|req: 312/1254] 10.4.3.123 () {68 vars in 1499 bytes} [Fri Jul 10 02:35:18 2026] GET /placement/allocations/4be5b90a-143a-4a09-a9dc-99aef0178feb => generated 244 bytes in 16 msecs (HTTP/1.1 200) 8 headers in 296 bytes (1 switches on core 0)
Jul 10 02:35:18.527080 np0000004940 devstack@placement-api.service[92999]: DEBUG placement.requestlog [req-981d76ab-561b-460a-8e02-3701c716c7aa req-a613feea-4a65-4626-8689-ddf2e65f2c19 None None] Starting request: 10.4.3.123 "GET /placement/allocations/69fbcd2b-430c-46a1-b571-5336317a95c3" {{(pid=92999) __call__ /opt/stack/placement/placement/requestlog.py:55}}
Jul 10 02:35:18.535698 np0000004940 devstack@placement-api.service[92999]: INFO placement.requestlog [req-981d76ab-561b-460a-8e02-3701c716c7aa req-a613feea-4a65-4626-8689-ddf2e65f2c19 service nova] 10.4.3.123 "GET /placement/allocations/69fbcd2b-430c-46a1-b571-5336317a95c3" status: 200 len: 244 microversion: 1.28
Jul 10 02:35:18.536067 np0000004940 devstack@placement-api.service[92999]: [pid: 92999|app: 0|req: 314/1255] 10.4.3.123 () {68 vars in 1499 bytes} [Fri Jul 10 02:35:18 2026] GET /placement/allocations/69fbcd2b-430c-46a1-b571-5336317a95c3 => generated 244 bytes in 9 msecs (HTTP/1.1 200) 8 headers in 296 bytes (1 switches on core 0)
Jul 10 02:35:18.589455 np0000004940 devstack@placement-api.service[92997]: DEBUG placement.requestlog [req-981d76ab-561b-460a-8e02-3701c716c7aa req-9c476e53-0a0b-4faa-88dc-7f53a0afc226 None None] Starting request: 10.4.3.123 "GET /placement/allocations/c0699a63-f981-433e-a025-5f1b91a13712" {{(pid=92997) __call__ /opt/stack/placement/placement/requestlog.py:55}}
Jul 10 02:35:18.599428 np0000004940 devstack@placement-api.service[92997]: INFO placement.requestlog [req-981d76ab-561b-460a-8e02-3701c716c7aa req-9c476e53-0a0b-4faa-88dc-7f53a0afc226 service nova] 10.4.3.123 "GET /placement/allocations/c0699a63-f981-433e-a025-5f1b91a13712" status: 200 len: 244 microversion: 1.28
Jul 10 02:35:18.599562 np0000004940 devstack@placement-api.service[92997]: [pid: 92997|app: 0|req: 315/1256] 10.4.3.123 () {68 vars in 1499 bytes} [Fri Jul 10 02:35:18 2026] GET /placement/allocations/c0699a63-f981-433e-a025-5f1b91a13712 => generated 244 bytes in 10 msecs (HTTP/1.1 200) 8 headers in 296 bytes (1 switches on core 0)
Jul 10 02:35:18.649138 np0000004940 devstack@placement-api.service[92996]: DEBUG placement.requestlog [req-981d76ab-561b-460a-8e02-3701c716c7aa req-71bc9382-6e96-426f-9700-533183fd3195 None None] Starting request: 10.4.3.123 "GET /placement/allocations/6a58acb8-de80-4f65-ad12-70d027fbbce2" {{(pid=92996) __call__ /opt/stack/placement/placement/requestlog.py:55}}
Jul 10 02:35:18.657825 np0000004940 devstack@placement-api.service[92996]: INFO placement.requestlog [req-981d76ab-561b-460a-8e02-3701c716c7aa req-71bc9382-6e96-426f-9700-533183fd3195 service nova] 10.4.3.123 "GET /placement/allocations/6a58acb8-de80-4f65-ad12-70d027fbbce2" status: 200 len: 258 microversion: 1.28
Jul 10 02:35:18.658193 np0000004940 devstack@placement-api.service[92996]: [pid: 92996|app: 0|req: 316/1257] 10.4.3.123 () {68 vars in 1499 bytes} [Fri Jul 10 02:35:18 2026] GET /placement/allocations/6a58acb8-de80-4f65-ad12-70d027fbbce2 => generated 258 bytes in 9 msecs (HTTP/1.1 200) 8 headers in 296 bytes (1 switches on core 0)
Jul 10 02:35:18.693211 np0000004940 devstack@placement-api.service[92998]: DEBUG placement.requestlog [req-981d76ab-561b-460a-8e02-3701c716c7aa req-f8d969af-1337-4c5f-a53e-af01547850bb None None] Starting request: 10.4.3.123 "GET /placement/allocations/aa461333-ac50-44ed-a060-ba059cbd8bd8" {{(pid=92998) __call__ /opt/stack/placement/placement/requestlog.py:55}}
Jul 10 02:35:18.702978 np0000004940 devstack@placement-api.service[92998]: INFO placement.requestlog [req-981d76ab-561b-460a-8e02-3701c716c7aa req-f8d969af-1337-4c5f-a53e-af01547850bb service nova] 10.4.3.123 "GET /placement/allocations/aa461333-ac50-44ed-a060-ba059cbd8bd8" status: 200 len: 258 microversion: 1.28
Jul 10 02:35:18.703287 np0000004940 devstack@placement-api.service[92998]: [pid: 92998|app: 0|req: 313/1258] 10.4.3.123 () {68 vars in 1499 bytes} [Fri Jul 10 02:35:18 2026] GET /placement/allocations/aa461333-ac50-44ed-a060-ba059cbd8bd8 => generated 258 bytes in 10 msecs (HTTP/1.1 200) 8 headers in 296 bytes (1 switches on core 0)
Jul 10 02:35:18.747081 np0000004940 devstack@placement-api.service[92999]: DEBUG placement.requestlog [req-981d76ab-561b-460a-8e02-3701c716c7aa req-b9d547ee-bd20-4165-aaeb-b0a221f5a076 None None] Starting request: 10.4.3.123 "GET /placement/allocations/da981ada-e835-4e98-8bd2-b0f96915e62c" {{(pid=92999) __call__ /opt/stack/placement/placement/requestlog.py:55}}
Jul 10 02:35:18.759157 np0000004940 devstack@placement-api.service[92999]: INFO placement.requestlog [req-981d76ab-561b-460a-8e02-3701c716c7aa req-b9d547ee-bd20-4165-aaeb-b0a221f5a076 service nova] 10.4.3.123 "GET /placement/allocations/da981ada-e835-4e98-8bd2-b0f96915e62c" status: 200 len: 258 microversion: 1.28
Jul 10 02:35:18.759418 np0000004940 devstack@placement-api.service[92999]: [pid: 92999|app: 0|req: 315/1259] 10.4.3.123 () {68 vars in 1499 bytes} [Fri Jul 10 02:35:18 2026] GET /placement/allocations/da981ada-e835-4e98-8bd2-b0f96915e62c => generated 258 bytes in 12 msecs (HTTP/1.1 200) 8 headers in 296 bytes (1 switches on core 0)
Jul 10 02:35:18.807681 np0000004940 devstack@placement-api.service[92997]: DEBUG placement.requestlog [req-981d76ab-561b-460a-8e02-3701c716c7aa req-ef351dcd-f0f7-4b58-9400-7a894083375b None None] Starting request: 10.4.3.123 "GET /placement/allocations/4c18f439-376f-49c6-9ade-62888c62038f" {{(pid=92997) __call__ /opt/stack/placement/placement/requestlog.py:55}}
Jul 10 02:35:18.829575 np0000004940 devstack@placement-api.service[92997]: INFO placement.requestlog [req-981d76ab-561b-460a-8e02-3701c716c7aa req-ef351dcd-f0f7-4b58-9400-7a894083375b service nova] 10.4.3.123 "GET /placement/allocations/4c18f439-376f-49c6-9ade-62888c62038f" status: 200 len: 244 microversion: 1.28
Jul 10 02:35:18.830758 np0000004940 devstack@placement-api.service[92997]: [pid: 92997|app: 0|req: 316/1260] 10.4.3.123 () {68 vars in 1499 bytes} [Fri Jul 10 02:35:18 2026] GET /placement/allocations/4c18f439-376f-49c6-9ade-62888c62038f => generated 244 bytes in 24 msecs (HTTP/1.1 200) 8 headers in 296 bytes (1 switches on core 0)
Jul 10 02:35:20.976172 np0000004940 devstack@placement-api.service[92996]: DEBUG placement.requestlog [req-6f3d2077-5049-410a-965a-d56d81893fc1 req-752fa16b-2a7e-400f-a6aa-0722e7a9b95d None None] Starting request: 10.4.3.123 "GET /placement/resource_providers/7e036136-601b-4d56-81f1-32f110daa816/allocations" {{(pid=92996) __call__ /opt/stack/placement/placement/requestlog.py:55}}
Jul 10 02:35:20.992724 np0000004940 devstack@placement-api.service[92996]: INFO placement.requestlog [req-6f3d2077-5049-410a-965a-d56d81893fc1 req-752fa16b-2a7e-400f-a6aa-0722e7a9b95d service nova] 10.4.3.123 "GET /placement/resource_providers/7e036136-601b-4d56-81f1-32f110daa816/allocations" status: 200 len: 1097 microversion: 1.0
Jul 10 02:35:20.993058 np0000004940 devstack@placement-api.service[92996]: [pid: 92996|app: 0|req: 317/1261] 10.4.3.123 () {66 vars in 1512 bytes} [Fri Jul 10 02:35:20 2026] GET /placement/resource_providers/7e036136-601b-4d56-81f1-32f110daa816/allocations => generated 1097 bytes in 17 msecs (HTTP/1.1 200) 6 headers in 225 bytes (1 switches on core 0)
Jul 10 02:35:21.057015 np0000004940 devstack@placement-api.service[92998]: DEBUG placement.requestlog [req-6f3d2077-5049-410a-965a-d56d81893fc1 req-a4f41332-f957-4340-9f5e-25141d3d3a30 None None] Starting request: 10.4.3.123 "GET /placement/allocations/4283dfb8-3c83-450b-a56c-af1ba5057983" {{(pid=92998) __call__ /opt/stack/placement/placement/requestlog.py:55}}
Jul 10 02:35:21.079725 np0000004940 devstack@placement-api.service[92998]: INFO placement.requestlog [req-6f3d2077-5049-410a-965a-d56d81893fc1 req-a4f41332-f957-4340-9f5e-25141d3d3a30 service nova] 10.4.3.123 "GET /placement/allocations/4283dfb8-3c83-450b-a56c-af1ba5057983" status: 200 len: 258 microversion: 1.28
Jul 10 02:35:21.079725 np0000004940 devstack@placement-api.service[92998]: [pid: 92998|app: 0|req: 314/1262] 10.4.3.123 () {68 vars in 1499 bytes} [Fri Jul 10 02:35:21 2026] GET /placement/allocations/4283dfb8-3c83-450b-a56c-af1ba5057983 => generated 258 bytes in 26 msecs (HTTP/1.1 200) 8 headers in 296 bytes (1 switches on core 0)
Jul 10 02:35:21.136030 np0000004940 devstack@placement-api.service[92999]: DEBUG placement.requestlog [req-6f3d2077-5049-410a-965a-d56d81893fc1 req-b51458fe-754b-492e-8776-7c5d66120cca None None] Starting request: 10.4.3.123 "GET /placement/allocations/69811d6b-04c8-4714-8a12-0744fc73feab" {{(pid=92999) __call__ /opt/stack/placement/placement/requestlog.py:55}}
Jul 10 02:35:21.153063 np0000004940 devstack@placement-api.service[92999]: INFO placement.requestlog [req-6f3d2077-5049-410a-965a-d56d81893fc1 req-b51458fe-754b-492e-8776-7c5d66120cca service nova] 10.4.3.123 "GET /placement/allocations/69811d6b-04c8-4714-8a12-0744fc73feab" status: 200 len: 258 microversion: 1.28
Jul 10 02:35:21.153599 np0000004940 devstack@placement-api.service[92999]: [pid: 92999|app: 0|req: 316/1263] 10.4.3.123 () {68 vars in 1499 bytes} [Fri Jul 10 02:35:21 2026] GET /placement/allocations/69811d6b-04c8-4714-8a12-0744fc73feab => generated 258 bytes in 17 msecs (HTTP/1.1 200) 8 headers in 296 bytes (1 switches on core 0)
Jul 10 02:35:21.201200 np0000004940 devstack@placement-api.service[92997]: DEBUG placement.requestlog [req-6f3d2077-5049-410a-965a-d56d81893fc1 req-d048637d-9eba-451c-81f4-ee8a0a8cbde2 None None] Starting request: 10.4.3.123 "GET /placement/allocations/c60c1d07-237f-4bd2-a19b-39f1567d802c" {{(pid=92997) __call__ /opt/stack/placement/placement/requestlog.py:55}}
Jul 10 02:35:21.218053 np0000004940 devstack@placement-api.service[92997]: INFO placement.requestlog [req-6f3d2077-5049-410a-965a-d56d81893fc1 req-d048637d-9eba-451c-81f4-ee8a0a8cbde2 service nova] 10.4.3.123 "GET /placement/allocations/c60c1d07-237f-4bd2-a19b-39f1567d802c" status: 200 len: 258 microversion: 1.28
Jul 10 02:35:21.219103 np0000004940 devstack@placement-api.service[92997]: [pid: 92997|app: 0|req: 317/1264] 10.4.3.123 () {68 vars in 1499 bytes} [Fri Jul 10 02:35:21 2026] GET /placement/allocations/c60c1d07-237f-4bd2-a19b-39f1567d802c => generated 258 bytes in 17 msecs (HTTP/1.1 200) 8 headers in 296 bytes (1 switches on core 0)
Jul 10 02:35:21.258748 np0000004940 devstack@placement-api.service[92996]: DEBUG placement.requestlog [req-6f3d2077-5049-410a-965a-d56d81893fc1 req-1597f086-5475-496a-9bff-f77d4cbdd416 None None] Starting request: 10.4.3.123 "GET /placement/allocations/9a8e7573-86f6-4fff-84f4-fa2a5221b2d3" {{(pid=92996) __call__ /opt/stack/placement/placement/requestlog.py:55}}
Jul 10 02:35:21.272103 np0000004940 devstack@placement-api.service[92996]: INFO placement.requestlog [req-6f3d2077-5049-410a-965a-d56d81893fc1 req-1597f086-5475-496a-9bff-f77d4cbdd416 service nova] 10.4.3.123 "GET /placement/allocations/9a8e7573-86f6-4fff-84f4-fa2a5221b2d3" status: 200 len: 258 microversion: 1.28
Jul 10 02:35:21.272567 np0000004940 devstack@placement-api.service[92996]: [pid: 92996|app: 0|req: 318/1265] 10.4.3.123 () {68 vars in 1499 bytes} [Fri Jul 10 02:35:21 2026] GET /placement/allocations/9a8e7573-86f6-4fff-84f4-fa2a5221b2d3 => generated 258 bytes in 14 msecs (HTTP/1.1 200) 8 headers in 296 bytes (1 switches on core 0)
Jul 10 02:35:21.312942 np0000004940 devstack@placement-api.service[92998]: DEBUG placement.requestlog [req-6f3d2077-5049-410a-965a-d56d81893fc1 req-2ef5ce76-4f04-4717-bedd-c6d141659d19 None None] Starting request: 10.4.3.123 "GET /placement/allocations/4be5b90a-143a-4a09-a9dc-99aef0178feb" {{(pid=92998) __call__ /opt/stack/placement/placement/requestlog.py:55}}
Jul 10 02:35:21.331179 np0000004940 devstack@placement-api.service[92998]: INFO placement.requestlog [req-6f3d2077-5049-410a-965a-d56d81893fc1 req-2ef5ce76-4f04-4717-bedd-c6d141659d19 service nova] 10.4.3.123 "GET /placement/allocations/4be5b90a-143a-4a09-a9dc-99aef0178feb" status: 200 len: 244 microversion: 1.28
Jul 10 02:35:21.331179 np0000004940 devstack@placement-api.service[92998]: [pid: 92998|app: 0|req: 315/1266] 10.4.3.123 () {68 vars in 1499 bytes} [Fri Jul 10 02:35:21 2026] GET /placement/allocations/4be5b90a-143a-4a09-a9dc-99aef0178feb => generated 244 bytes in 19 msecs (HTTP/1.1 200) 8 headers in 296 bytes (1 switches on core 0)
Jul 10 02:35:21.389482 np0000004940 devstack@placement-api.service[92999]: DEBUG placement.requestlog [req-6f3d2077-5049-410a-965a-d56d81893fc1 req-f47df0dd-1242-4b69-a5af-363d00c9d130 None None] Starting request: 10.4.3.123 "GET /placement/allocations/69fbcd2b-430c-46a1-b571-5336317a95c3" {{(pid=92999) __call__ /opt/stack/placement/placement/requestlog.py:55}}
Jul 10 02:35:21.408333 np0000004940 devstack@placement-api.service[92999]: INFO placement.requestlog [req-6f3d2077-5049-410a-965a-d56d81893fc1 req-f47df0dd-1242-4b69-a5af-363d00c9d130 service nova] 10.4.3.123 "GET /placement/allocations/69fbcd2b-430c-46a1-b571-5336317a95c3" status: 200 len: 244 microversion: 1.28
Jul 10 02:35:21.408333 np0000004940 devstack@placement-api.service[92999]: [pid: 92999|app: 0|req: 317/1267] 10.4.3.123 () {68 vars in 1499 bytes} [Fri Jul 10 02:35:21 2026] GET /placement/allocations/69fbcd2b-430c-46a1-b571-5336317a95c3 => generated 244 bytes in 20 msecs (HTTP/1.1 200) 8 headers in 296 bytes (1 switches on core 0)
Jul 10 02:35:21.460290 np0000004940 devstack@placement-api.service[92997]: DEBUG placement.requestlog [req-6f3d2077-5049-410a-965a-d56d81893fc1 req-a082a5c4-4102-43ea-af95-016cbdf148be None None] Starting request: 10.4.3.123 "GET /placement/allocations/c0699a63-f981-433e-a025-5f1b91a13712" {{(pid=92997) __call__ /opt/stack/placement/placement/requestlog.py:55}}
Jul 10 02:35:21.471006 np0000004940 devstack@placement-api.service[92997]: INFO placement.requestlog [req-6f3d2077-5049-410a-965a-d56d81893fc1 req-a082a5c4-4102-43ea-af95-016cbdf148be service nova] 10.4.3.123 "GET /placement/allocations/c0699a63-f981-433e-a025-5f1b91a13712" status: 200 len: 244 microversion: 1.28
Jul 10 02:35:21.471532 np0000004940 devstack@placement-api.service[92997]: [pid: 92997|app: 0|req: 318/1268] 10.4.3.123 () {68 vars in 1499 bytes} [Fri Jul 10 02:35:21 2026] GET /placement/allocations/c0699a63-f981-433e-a025-5f1b91a13712 => generated 244 bytes in 12 msecs (HTTP/1.1 200) 8 headers in 296 bytes (1 switches on core 0)
Jul 10 02:35:21.531416 np0000004940 devstack@placement-api.service[92996]: DEBUG placement.requestlog [req-6f3d2077-5049-410a-965a-d56d81893fc1 req-9bde0632-6c4d-4123-9381-deb5464b7b29 None None] Starting request: 10.4.3.123 "GET /placement/allocations/6a58acb8-de80-4f65-ad12-70d027fbbce2" {{(pid=92996) __call__ /opt/stack/placement/placement/requestlog.py:55}}
Jul 10 02:35:21.548644 np0000004940 devstack@placement-api.service[92996]: INFO placement.requestlog [req-6f3d2077-5049-410a-965a-d56d81893fc1 req-9bde0632-6c4d-4123-9381-deb5464b7b29 service nova] 10.4.3.123 "GET /placement/allocations/6a58acb8-de80-4f65-ad12-70d027fbbce2" status: 200 len: 258 microversion: 1.28
Jul 10 02:35:21.548955 np0000004940 devstack@placement-api.service[92996]: [pid: 92996|app: 0|req: 319/1269] 10.4.3.123 () {68 vars in 1499 bytes} [Fri Jul 10 02:35:21 2026] GET /placement/allocations/6a58acb8-de80-4f65-ad12-70d027fbbce2 => generated 258 bytes in 17 msecs (HTTP/1.1 200) 8 headers in 296 bytes (1 switches on core 0)
Jul 10 02:35:21.567562 np0000004940 devstack@placement-api.service[92998]: DEBUG placement.requestlog [req-ab1d52eb-6cd3-4901-bee6-fb425818f4e0 req-d1dbdedf-5d06-4a5e-a78b-c4967f47383e None None] Starting request: 10.4.3.123 "GET /placement/allocation_candidates?limit=1000&resources=MEMORY_MB%3A192%2CVCPU%3A1&root_required=%21COMPUTE_STATUS_DISABLED" {{(pid=92998) __call__ /opt/stack/placement/placement/requestlog.py:55}}
Jul 10 02:35:21.589444 np0000004940 devstack@placement-api.service[92999]: DEBUG placement.requestlog [req-6f3d2077-5049-410a-965a-d56d81893fc1 req-a679e659-6c5c-4342-97f3-caff3b4beb8c None None] Starting request: 10.4.3.123 "GET /placement/allocations/aa461333-ac50-44ed-a060-ba059cbd8bd8" {{(pid=92999) __call__ /opt/stack/placement/placement/requestlog.py:55}}
Jul 10 02:35:21.600181 np0000004940 devstack@placement-api.service[92998]: DEBUG placement.objects.research_context [req-ab1d52eb-6cd3-4901-bee6-fb425818f4e0 req-d1dbdedf-5d06-4a5e-a78b-c4967f47383e service nova] getting providers with 192 MEMORY_MB {{(pid=92998) __init__ /opt/stack/placement/placement/objects/research_context.py:137}}
Jul 10 02:35:21.601836 np0000004940 devstack@placement-api.service[92999]: INFO placement.requestlog [req-6f3d2077-5049-410a-965a-d56d81893fc1 req-a679e659-6c5c-4342-97f3-caff3b4beb8c service nova] 10.4.3.123 "GET /placement/allocations/aa461333-ac50-44ed-a060-ba059cbd8bd8" status: 200 len: 258 microversion: 1.28
