Aug 18 10:07:57.628858 np0000007631 devstack@neutron-api.service[90850]: DEBUG ovsdbapp.backend.ovs_idl [None req-5f84f46b-ea57-4808-b406-f28aa92b2860 None None] Created schema index Mirror.name {{(pid=90850) autocreate_indices /opt/stack/data/venv/lib/python3.12/site-packages/ovsdbapp/backend/ovs_idl/__init__.py:106}}
Aug 18 10:07:57.628996 np0000007631 devstack@neutron-api.service[90850]: DEBUG ovsdbapp.backend.ovs_idl [None req-5f84f46b-ea57-4808-b406-f28aa92b2860 None None] Created schema index Chassis_Template_Var.chassis {{(pid=90850) autocreate_indices /opt/stack/data/venv/lib/python3.12/site-packages/ovsdbapp/backend/ovs_idl/__init__.py:106}}
Aug 18 10:07:57.629175 np0000007631 devstack@neutron-api.service[90850]: DEBUG ovsdbapp.backend.ovs_idl [None req-5f84f46b-ea57-4808-b406-f28aa92b2860 None None] Created schema index Logical_Router_Port.name {{(pid=90850) autocreate_indices /opt/stack/data/venv/lib/python3.12/site-packages/ovsdbapp/backend/ovs_idl/__init__.py:106}}
Aug 18 10:07:57.629285 np0000007631 devstack@neutron-api.service[90850]: DEBUG ovsdbapp.backend.ovs_idl [None req-5f84f46b-ea57-4808-b406-f28aa92b2860 None None] Created schema index Port_Group.name {{(pid=90850) autocreate_indices /opt/stack/data/venv/lib/python3.12/site-packages/ovsdbapp/backend/ovs_idl/__init__.py:106}}
Aug 18 10:07:57.629351 np0000007631 devstack@neutron-api.service[90850]: DEBUG ovsdbapp.backend.ovs_idl [None req-5f84f46b-ea57-4808-b406-f28aa92b2860 None None] Created schema index Logical_Switch_Port.name {{(pid=90850) autocreate_indices /opt/stack/data/venv/lib/python3.12/site-packages/ovsdbapp/backend/ovs_idl/__init__.py:106}}
Aug 18 10:07:57.631661 np0000007631 devstack@neutron-api.service[90850]: INFO ovsdbapp.backend.ovs_idl.vlog [None req-5f84f46b-ea57-4808-b406-f28aa92b2860 None None] ssl:10.4.3.212:6641: connecting...
Aug 18 10:07:57.638442 np0000007631 devstack@neutron-api.service[90850]: INFO ovsdbapp.backend.ovs_idl.vlog [None req-5f84f46b-ea57-4808-b406-f28aa92b2860 None None] ssl:10.4.3.212:6641: connected
Aug 18 10:07:57.661302 np0000007631 devstack@neutron-api.service[90850]: DEBUG neutron.common.ovn.hash_ring_manager [None req-5f84f46b-ea57-4808-b406-f28aa92b2860 None None] Disallow caching, nodes 1<4 {{(pid=90850) _wait_startup_before_caching /opt/stack/neutron/neutron/common/ovn/hash_ring_manager.py:79}}
Aug 18 10:07:57.666197 np0000007631 devstack@neutron-api.service[90850]: DEBUG neutron.common.ovn.hash_ring_manager [None req-5f84f46b-ea57-4808-b406-f28aa92b2860 None None] Hash Ring loaded. 1 active nodes. 0 offline nodes {{(pid=90850) _load_hash_ring /opt/stack/neutron/neutron/common/ovn/hash_ring_manager.py:110}}
Aug 18 10:07:57.666372 np0000007631 devstack@neutron-api.service[90850]: DEBUG neutron.plugins.ml2.drivers.ovn.mech_driver.ovsdb.ovsdb_monitor [None req-5f84f46b-ea57-4808-b406-f28aa92b2860 None None] Hash Ring: Node df8f8eb3a698555ebd3c2cf073d1a12f (host: np0000007631) handling event "create" for row 2ae8b821-6db9-4d03-bbe7-9e89a5b45a7b (table: ACL) {{(pid=90850) notify /opt/stack/neutron/neutron/plugins/ml2/drivers/ovn/mech_driver/ovsdb/ovsdb_monitor.py:1099}}
Aug 18 10:07:57.671333 np0000007631 devstack@neutron-api.service[90850]: DEBUG neutron.common.ovn.hash_ring_manager [None req-5f84f46b-ea57-4808-b406-f28aa92b2860 None None] Hash Ring loaded. 1 active nodes. 0 offline nodes {{(pid=90850) _load_hash_ring /opt/stack/neutron/neutron/common/ovn/hash_ring_manager.py:110}}
Aug 18 10:07:57.671488 np0000007631 devstack@neutron-api.service[90850]: DEBUG neutron.plugins.ml2.drivers.ovn.mech_driver.ovsdb.ovsdb_monitor [None req-5f84f46b-ea57-4808-b406-f28aa92b2860 None None] Hash Ring: Node df8f8eb3a698555ebd3c2cf073d1a12f (host: np0000007631) handling event "create" for row 4038a83b-22ac-442e-bcb6-7ba1e13e5321 (table: ACL) {{(pid=90850) notify /opt/stack/neutron/neutron/plugins/ml2/drivers/ovn/mech_driver/ovsdb/ovsdb_monitor.py:1099}}
Aug 18 10:07:57.675967 np0000007631 devstack@neutron-api.service[90850]: DEBUG neutron.common.ovn.hash_ring_manager [None req-5f84f46b-ea57-4808-b406-f28aa92b2860 None None] Hash Ring loaded. 1 active nodes. 0 offline nodes {{(pid=90850) _load_hash_ring /opt/stack/neutron/neutron/common/ovn/hash_ring_manager.py:110}}
Aug 18 10:07:57.676093 np0000007631 devstack@neutron-api.service[90850]: DEBUG neutron.plugins.ml2.drivers.ovn.mech_driver.ovsdb.ovsdb_monitor [None req-5f84f46b-ea57-4808-b406-f28aa92b2860 None None] Hash Ring: Node df8f8eb3a698555ebd3c2cf073d1a12f (host: np0000007631) handling event "create" for row 83474c99-89c9-428d-9049-c4e2eed1c7ac (table: Connection) {{(pid=90850) notify /opt/stack/neutron/neutron/plugins/ml2/drivers/ovn/mech_driver/ovsdb/ovsdb_monitor.py:1099}}
Aug 18 10:07:57.680551 np0000007631 devstack@neutron-api.service[90850]: DEBUG neutron.common.ovn.hash_ring_manager [None req-5f84f46b-ea57-4808-b406-f28aa92b2860 None None] Hash Ring loaded. 1 active nodes. 0 offline nodes {{(pid=90850) _load_hash_ring /opt/stack/neutron/neutron/common/ovn/hash_ring_manager.py:110}}
Aug 18 10:07:57.680671 np0000007631 devstack@neutron-api.service[90850]: DEBUG neutron.plugins.ml2.drivers.ovn.mech_driver.ovsdb.ovsdb_monitor [None req-5f84f46b-ea57-4808-b406-f28aa92b2860 None None] Hash Ring: Node df8f8eb3a698555ebd3c2cf073d1a12f (host: np0000007631) handling event "create" for row 36107237-7d31-41fc-8026-9fc3b4a8d3fb (table: NB_Global) {{(pid=90850) notify /opt/stack/neutron/neutron/plugins/ml2/drivers/ovn/mech_driver/ovsdb/ovsdb_monitor.py:1099}}
Aug 18 10:07:57.685126 np0000007631 devstack@neutron-api.service[90850]: DEBUG neutron.common.ovn.hash_ring_manager [None req-5f84f46b-ea57-4808-b406-f28aa92b2860 None None] Hash Ring loaded. 1 active nodes. 0 offline nodes {{(pid=90850) _load_hash_ring /opt/stack/neutron/neutron/common/ovn/hash_ring_manager.py:110}}
Aug 18 10:07:57.685256 np0000007631 devstack@neutron-api.service[90850]: DEBUG neutron.plugins.ml2.drivers.ovn.mech_driver.ovsdb.ovsdb_monitor [None req-5f84f46b-ea57-4808-b406-f28aa92b2860 None None] Hash Ring: Node df8f8eb3a698555ebd3c2cf073d1a12f (host: np0000007631) handling event "create" for row 51bb04cd-b60b-40c4-a95a-f4a60cc21a56 (table: Port_Group) {{(pid=90850) notify /opt/stack/neutron/neutron/plugins/ml2/drivers/ovn/mech_driver/ovsdb/ovsdb_monitor.py:1099}}
Aug 18 10:07:57.689716 np0000007631 devstack@neutron-api.service[90850]: DEBUG neutron.common.ovn.hash_ring_manager [None req-5f84f46b-ea57-4808-b406-f28aa92b2860 None None] Hash Ring loaded. 1 active nodes. 0 offline nodes {{(pid=90850) _load_hash_ring /opt/stack/neutron/neutron/common/ovn/hash_ring_manager.py:110}}
Aug 18 10:07:57.689838 np0000007631 devstack@neutron-api.service[90850]: DEBUG neutron.plugins.ml2.drivers.ovn.mech_driver.ovsdb.ovsdb_monitor [None req-5f84f46b-ea57-4808-b406-f28aa92b2860 None None] Hash Ring: Node df8f8eb3a698555ebd3c2cf073d1a12f (host: np0000007631) handling event "create" for row 5fcdbcdc-7be1-43fd-8356-27e63e970af6 (table: SSL) {{(pid=90850) notify /opt/stack/neutron/neutron/plugins/ml2/drivers/ovn/mech_driver/ovsdb/ovsdb_monitor.py:1099}}
Aug 18 10:07:57.690729 np0000007631 devstack@neutron-api.service[90850]: INFO neutron.plugins.ml2.drivers.ovn.mech_driver.ovsdb.impl_idl_ovn [None req-5f84f46b-ea57-4808-b406-f28aa92b2860 None None] Getting OvsdbSbOvnIdl for WorkerService with retry
Aug 18 10:07:57.714395 np0000007631 devstack@neutron-api.service[90850]: DEBUG ovsdbapp.backend.ovs_idl [None req-5f84f46b-ea57-4808-b406-f28aa92b2860 None None] Created lookup_table index Chassis.name {{(pid=90850) autocreate_indices /opt/stack/data/venv/lib/python3.12/site-packages/ovsdbapp/backend/ovs_idl/__init__.py:87}}
Aug 18 10:07:57.714486 np0000007631 devstack@neutron-api.service[90850]: DEBUG ovsdbapp.backend.ovs_idl [None req-5f84f46b-ea57-4808-b406-f28aa92b2860 None None] Created lookup_table index Port_Binding.logical_port {{(pid=90850) autocreate_indices /opt/stack/data/venv/lib/python3.12/site-packages/ovsdbapp/backend/ovs_idl/__init__.py:87}}
Aug 18 10:07:57.714600 np0000007631 devstack@neutron-api.service[90850]: DEBUG ovsdbapp.backend.ovs_idl [None req-5f84f46b-ea57-4808-b406-f28aa92b2860 None None] Created schema index Chassis_Private.name {{(pid=90850) autocreate_indices /opt/stack/data/venv/lib/python3.12/site-packages/ovsdbapp/backend/ovs_idl/__init__.py:106}}
Aug 18 10:07:57.714722 np0000007631 devstack@neutron-api.service[90850]: DEBUG ovsdbapp.backend.ovs_idl [None req-5f84f46b-ea57-4808-b406-f28aa92b2860 None None] Created schema index Datapath_Binding.tunnel_key {{(pid=90850) autocreate_indices /opt/stack/data/venv/lib/python3.12/site-packages/ovsdbapp/backend/ovs_idl/__init__.py:106}}
Aug 18 10:07:57.717669 np0000007631 devstack@neutron-api.service[90850]: INFO ovsdbapp.backend.ovs_idl.vlog [None req-5f84f46b-ea57-4808-b406-f28aa92b2860 None None] ssl:10.4.3.212:6642: connecting...
Aug 18 10:07:57.722714 np0000007631 devstack@neutron-api.service[90850]: INFO ovsdbapp.backend.ovs_idl.vlog [None req-5f84f46b-ea57-4808-b406-f28aa92b2860 None None] ssl:10.4.3.212:6642: connected
Aug 18 10:07:57.750643 np0000007631 devstack@neutron-api.service[90850]: DEBUG neutron.common.ovn.hash_ring_manager [None req-5f84f46b-ea57-4808-b406-f28aa92b2860 None None] Disallow caching, nodes 1<4 {{(pid=90850) _wait_startup_before_caching /opt/stack/neutron/neutron/common/ovn/hash_ring_manager.py:79}}
Aug 18 10:07:57.754584 np0000007631 devstack@neutron-api.service[90850]: DEBUG neutron.common.ovn.hash_ring_manager [None req-5f84f46b-ea57-4808-b406-f28aa92b2860 None None] Hash Ring loaded. 1 active nodes. 0 offline nodes {{(pid=90850) _load_hash_ring /opt/stack/neutron/neutron/common/ovn/hash_ring_manager.py:110}}
Aug 18 10:07:57.754720 np0000007631 devstack@neutron-api.service[90850]: DEBUG neutron.plugins.ml2.drivers.ovn.mech_driver.ovsdb.ovsdb_monitor [None req-5f84f46b-ea57-4808-b406-f28aa92b2860 None None] Hash Ring: Node df8f8eb3a698555ebd3c2cf073d1a12f (host: np0000007631) handling event "create" for row 22ed8791-ec11-444d-a5f4-35e0c59af160 (table: Chassis) {{(pid=90850) notify /opt/stack/neutron/neutron/plugins/ml2/drivers/ovn/mech_driver/ovsdb/ovsdb_monitor.py:1099}}
Aug 18 10:07:57.755403 np0000007631 devstack@neutron-api.service[90850]: DEBUG ovsdbapp.backend.ovs_idl.event [None req-5f84f46b-ea57-4808-b406-f28aa92b2860 None None] Matched CREATE: ChassisBandwidthConfigEvent(events=('create', 'update'), table='Chassis', conditions=None, old_conditions=None), priority=20 to row=Chassis(uuid=22ed8791-ec11-444d-a5f4-35e0c59af160, encaps=[aee73acd-097d-426c-a146-c9ef85a5952f], external_ids={}, hostname='np0000007631', name='66b121a8-d593-4ac1-8209-23ea7ea5922a', nb_cfg=0, other_config={'ct-commit-nat-v2': 'true', 'ct-commit-to-zone': 'true', 'ct-next-zone': 'true', 'ct-no-masked-label': 'true', 'ct-state-save': 'true', 'datapath-type': 'system', 'fdb-timestamp': 'true', 'iface-types': 'afxdp,afxdp-nonpmd,bareudp,erspan,geneve,gre,gtpu,internal,ip6erspan,ip6gre,lisp,patch,srv6,stt,system,tap,vxlan', 'is-interconn': 'false', 'ls-dpg-column': 'true', 'mac-binding-timestamp': 'true', 'ovn-bridge-mappings': 'public:br-ex', 'ovn-chassis-mac-mappings': '', 'ovn-cms-options': 'enable-chassis-as-gw', 'ovn-ct-lb-related': 'true', 'ovn-enable-lflow-cache': 'true', 'ovn-limit-lflow-cache': '', 'ovn-memlimit-lflow-cache-kb': '', 'ovn-monitor-all': 'false', 'ovn-trim-limit-lflow-cache': '', 'ovn-trim-timeout-ms': '', 'ovn-trim-wmark-perc-lflow-cache': '', 'port-up-notif': 'true'}, transport_zones=[], vtep_logical_switches=[]) old= {{(pid=90850) matches /opt/stack/data/venv/lib/python3.12/site-packages/ovsdbapp/backend/ovs_idl/event.py:55}}
Aug 18 10:07:57.756020 np0000007631 devstack@neutron-api.service[90850]: DEBUG ovsdbapp.backend.ovs_idl.event [None req-5f84f46b-ea57-4808-b406-f28aa92b2860 None None] Matched CREATE: ChassisAgentWriteEvent(events=('create', 'update'), table='Chassis_Private', conditions=None, old_conditions=None), priority=20 to row=Chassis_Private(uuid=f6f43861-dccb-4de2-bd42-55318b3114aa, chassis=22ed8791-ec11-444d-a5f4-35e0c59af160, external_ids={'neutron:ovn-bridge': 'br-int', 'neutron:ovn-neutron-agent-id': 'ebc82021-ce5e-5f44-af0a-e20aafdfd77d', 'neutron:ovn-neutron-agent-sb-cfg': '0'}, name='66b121a8-d593-4ac1-8209-23ea7ea5922a', nb_cfg=0, nb_cfg_timestamp=0) old= {{(pid=90850) matches /opt/stack/data/venv/lib/python3.12/site-packages/ovsdbapp/backend/ovs_idl/event.py:55}}
Aug 18 10:07:57.756349 np0000007631 devstack@neutron-api.service[90850]: DEBUG ovsdbapp.backend.ovs_idl.event [None req-5f84f46b-ea57-4808-b406-f28aa92b2860 None None] Matched CREATE: ChassisOVNAgentWriteEvent(events=('create', 'update'), table='Chassis_Private', conditions=None, old_conditions=None), priority=20 to row=Chassis_Private(uuid=f6f43861-dccb-4de2-bd42-55318b3114aa, chassis=22ed8791-ec11-444d-a5f4-35e0c59af160, external_ids={'neutron:ovn-bridge': 'br-int', 'neutron:ovn-neutron-agent-id': 'ebc82021-ce5e-5f44-af0a-e20aafdfd77d', 'neutron:ovn-neutron-agent-sb-cfg': '0'}, name='66b121a8-d593-4ac1-8209-23ea7ea5922a', nb_cfg=0, nb_cfg_timestamp=0) old= {{(pid=90850) matches /opt/stack/data/venv/lib/python3.12/site-packages/ovsdbapp/backend/ovs_idl/event.py:55}}
Aug 18 10:07:57.761620 np0000007631 devstack@neutron-api.service[90850]: DEBUG neutron.common.ovn.hash_ring_manager [None req-5f84f46b-ea57-4808-b406-f28aa92b2860 None None] Hash Ring loaded. 1 active nodes. 0 offline nodes {{(pid=90850) _load_hash_ring /opt/stack/neutron/neutron/common/ovn/hash_ring_manager.py:110}}
Aug 18 10:07:57.761754 np0000007631 devstack@neutron-api.service[90850]: DEBUG neutron.plugins.ml2.drivers.ovn.mech_driver.ovsdb.ovsdb_monitor [None req-5f84f46b-ea57-4808-b406-f28aa92b2860 None None] Hash Ring: Node df8f8eb3a698555ebd3c2cf073d1a12f (host: np0000007631) handling event "create" for row f6f43861-dccb-4de2-bd42-55318b3114aa (table: Chassis_Private) {{(pid=90850) notify /opt/stack/neutron/neutron/plugins/ml2/drivers/ovn/mech_driver/ovsdb/ovsdb_monitor.py:1099}}
Aug 18 10:07:57.766684 np0000007631 devstack@neutron-api.service[90850]: DEBUG neutron.common.ovn.hash_ring_manager [None req-5f84f46b-ea57-4808-b406-f28aa92b2860 None None] Hash Ring loaded. 1 active nodes. 0 offline nodes {{(pid=90850) _load_hash_ring /opt/stack/neutron/neutron/common/ovn/hash_ring_manager.py:110}}
Aug 18 10:07:57.766856 np0000007631 devstack@neutron-api.service[90850]: DEBUG neutron.plugins.ml2.drivers.ovn.mech_driver.ovsdb.ovsdb_monitor [None req-5f84f46b-ea57-4808-b406-f28aa92b2860 None None] Hash Ring: Node df8f8eb3a698555ebd3c2cf073d1a12f (host: np0000007631) handling event "create" for row aee73acd-097d-426c-a146-c9ef85a5952f (table: Encap) {{(pid=90850) notify /opt/stack/neutron/neutron/plugins/ml2/drivers/ovn/mech_driver/ovsdb/ovsdb_monitor.py:1099}}
Aug 18 10:07:57.768214 np0000007631 devstack@neutron-api.service[90850]: INFO neutron.plugins.ml2.drivers.ovn.mech_driver.mech_driver [None req-5f84f46b-ea57-4808-b406-f28aa92b2860 None None] WorkerService process has finished the post initialization
Aug 18 10:07:57.768647 np0000007631 devstack@neutron-api.service[90850]: DEBUG oslo_concurrency.processutils [None req-5f84f46b-ea57-4808-b406-f28aa92b2860 None None] Running cmd (subprocess): ovsdb-client transact ssl:10.4.3.212:6641 --timeout 180 -p /opt/stack/data/CA/int-ca/private/devstack-cert.key -c /opt/stack/data/CA/int-ca/devstack-cert.crt -C /opt/stack/data/CA/int-ca/ca-chain.pem ["OVN_Northbound", {"op": "wait", "timeout": 0, "table": "Port_Group", "where": [["name", "==", "pvlan_pg_drop"]], "until": "==", "rows": []}, {"op": "insert", "table": "ACL", "row": {"action": "drop", "direction": "to-lport", "match": "outport == @pvlan_pg_drop && ip", "priority": 1010}, "uuid-name": "pvlandroptoport"}, {"op": "insert", "table": "ACL", "row": {"action": "drop", "direction": "from-lport", "match": "inport == @pvlan_pg_drop && ip", "priority": 1010}, "uuid-name": "pvlandropfromport"}, {"op": "insert", "table": "Port_Group", "row": {"name": "pvlan_pg_drop", "acls": ["set", [["named-uuid", "pvlandroptoport"], ["named-uuid", "pvlandropfromport"]]]}}] {{(pid=90850) execute /opt/stack/data/venv/lib/python3.12/site-packages/oslo_concurrency/processutils.py:440}}
Aug 18 10:07:57.769098 np0000007631 devstack@neutron-api.service[90850]: INFO neutron.plugins.ml2.drivers.ovn.mech_driver.ovsdb.extensions.qos [-] Starting OVNClientQosExtension
Aug 18 10:07:57.769223 np0000007631 devstack@neutron-api.service[90850]: INFO neutron.plugins.ml2.drivers.ovn.mech_driver.ovsdb.extensions.placement [-] Starting OVNClientPlacementExtension
Aug 18 10:07:57.799697 np0000007631 devstack@neutron-api.service[90850]: DEBUG oslo_concurrency.processutils [None req-5f84f46b-ea57-4808-b406-f28aa92b2860 None None] CMD "ovsdb-client transact ssl:10.4.3.212:6641 --timeout 180 -p /opt/stack/data/CA/int-ca/private/devstack-cert.key -c /opt/stack/data/CA/int-ca/devstack-cert.crt -C /opt/stack/data/CA/int-ca/ca-chain.pem ["OVN_Northbound", {"op": "wait", "timeout": 0, "table": "Port_Group", "where": [["name", "==", "pvlan_pg_drop"]], "until": "==", "rows": []}, {"op": "insert", "table": "ACL", "row": {"action": "drop", "direction": "to-lport", "match": "outport == @pvlan_pg_drop && ip", "priority": 1010}, "uuid-name": "pvlandroptoport"}, {"op": "insert", "table": "ACL", "row": {"action": "drop", "direction": "from-lport", "match": "inport == @pvlan_pg_drop && ip", "priority": 1010}, "uuid-name": "pvlandropfromport"}, {"op": "insert", "table": "Port_Group", "row": {"name": "pvlan_pg_drop", "acls": ["set", [["named-uuid", "pvlandroptoport"], ["named-uuid", "pvlandropfromport"]]]}}]" returned: 0 in 0.031s {{(pid=90850) execute /opt/stack/data/venv/lib/python3.12/site-packages/oslo_concurrency/processutils.py:468}}
Aug 18 10:07:57.804982 np0000007631 devstack@neutron-api.service[90850]: WSGI app 0 (mountpoint='') ready in 5 seconds on interpreter 0x7600888a4668 pid: 90850 (default app)
Aug 18 10:07:57.808191 np0000007631 devstack@neutron-api.service[90850]: [pid: 90850|app: 0|req: 1/1] 10.4.3.212 () {62 vars in 957 bytes} [Tue Aug 18 10:07:57 2026] GET /networking => generated 126 bytes in 3 msecs (HTTP/1.1 200) 3 headers in 91 bytes (1 switches on core 0)
Aug 18 10:07:57.814458 np0000007631 devstack@neutron-api.service[90850]: DEBUG neutron.common.ovn.hash_ring_manager [-] Hash Ring loaded. 1 active nodes. 0 offline nodes {{(pid=90850) _load_hash_ring /opt/stack/neutron/neutron/common/ovn/hash_ring_manager.py:110}}
Aug 18 10:07:57.814686 np0000007631 devstack@neutron-api.service[90850]: DEBUG neutron.plugins.ml2.drivers.ovn.mech_driver.ovsdb.ovsdb_monitor [-] Hash Ring: Node df8f8eb3a698555ebd3c2cf073d1a12f (host: np0000007631) handling event "create" for row 7aaff2bf-796b-47a6-9117-709b0ced50cc (table: ACL) {{(pid=90850) notify /opt/stack/neutron/neutron/plugins/ml2/drivers/ovn/mech_driver/ovsdb/ovsdb_monitor.py:1099}}
Aug 18 10:07:57.820143 np0000007631 devstack@neutron-api.service[90850]: DEBUG neutron.common.ovn.hash_ring_manager [-] Hash Ring loaded. 1 active nodes. 0 offline nodes {{(pid=90850) _load_hash_ring /opt/stack/neutron/neutron/common/ovn/hash_ring_manager.py:110}}
Aug 18 10:07:57.820311 np0000007631 devstack@neutron-api.service[90850]: DEBUG neutron.plugins.ml2.drivers.ovn.mech_driver.ovsdb.ovsdb_monitor [-] Hash Ring: Node df8f8eb3a698555ebd3c2cf073d1a12f (host: np0000007631) handling event "create" for row eb71b739-706e-486d-9385-88bf83ce62d2 (table: ACL) {{(pid=90850) notify /opt/stack/neutron/neutron/plugins/ml2/drivers/ovn/mech_driver/ovsdb/ovsdb_monitor.py:1099}}
Aug 18 10:07:57.825124 np0000007631 devstack@neutron-api.service[90850]: DEBUG neutron.common.ovn.hash_ring_manager [-] Hash Ring loaded. 1 active nodes. 0 offline nodes {{(pid=90850) _load_hash_ring /opt/stack/neutron/neutron/common/ovn/hash_ring_manager.py:110}}
Aug 18 10:07:57.825213 np0000007631 devstack@neutron-api.service[90850]: DEBUG neutron.plugins.ml2.drivers.ovn.mech_driver.ovsdb.ovsdb_monitor [-] Hash Ring: Node df8f8eb3a698555ebd3c2cf073d1a12f (host: np0000007631) handling event "create" for row bc4f7c58-966c-4c39-bd0e-2579de7f9986 (table: Port_Group) {{(pid=90850) notify /opt/stack/neutron/neutron/plugins/ml2/drivers/ovn/mech_driver/ovsdb/ovsdb_monitor.py:1099}}
Aug 18 10:07:57.962289 np0000007631 devstack@neutron-api.service[90847]: INFO neutron.plugins.ml2.managers [None req-bc5c3427-6045-4ae9-b9de-3605da0ab058 None None] Initializing driver for type 'local'
Aug 18 10:07:57.962421 np0000007631 devstack@neutron-api.service[90847]: INFO neutron.plugins.ml2.managers [None req-bc5c3427-6045-4ae9-b9de-3605da0ab058 None None] Initializing driver for type 'vlan'
Aug 18 10:07:57.975257 np0000007631 devstack@neutron-api.service[90849]: INFO neutron.plugins.ml2.managers [None req-452cd09f-c475-4b4c-9675-d1b38379cfac None None] Initializing driver for type 'local'
Aug 18 10:07:57.975257 np0000007631 devstack@neutron-api.service[90849]: INFO neutron.plugins.ml2.managers [None req-452cd09f-c475-4b4c-9675-d1b38379cfac None None] Initializing driver for type 'vlan'
Aug 18 10:07:57.993488 np0000007631 devstack@neutron-api.service[90848]: INFO neutron.plugins.ml2.managers [None req-22babf87-e573-4270-8f7e-a2eb2a8112e7 None None] Initializing driver for type 'local'
Aug 18 10:07:57.993601 np0000007631 devstack@neutron-api.service[90848]: INFO neutron.plugins.ml2.managers [None req-22babf87-e573-4270-8f7e-a2eb2a8112e7 None None] Initializing driver for type 'vlan'
Aug 18 10:07:58.094380 np0000007631 devstack@neutron-api.service[90849]: INFO neutron.plugins.ml2.drivers.type_vlan [None req-452cd09f-c475-4b4c-9675-d1b38379cfac None None] VlanTypeDriver initialization complete
Aug 18 10:07:58.094498 np0000007631 devstack@neutron-api.service[90849]: INFO neutron.plugins.ml2.managers [None req-452cd09f-c475-4b4c-9675-d1b38379cfac None None] Initializing extension driver 'port_security'
Aug 18 10:07:58.094749 np0000007631 devstack@neutron-api.service[90849]: INFO neutron.plugins.ml2.extensions.port_security [None req-452cd09f-c475-4b4c-9675-d1b38379cfac None None] PortSecurityExtensionDriver initialization complete
Aug 18 10:07:58.094749 np0000007631 devstack@neutron-api.service[90849]: INFO neutron.plugins.ml2.managers [None req-452cd09f-c475-4b4c-9675-d1b38379cfac None None] Initializing extension driver 'qos'
Aug 18 10:07:58.094855 np0000007631 devstack@neutron-api.service[90849]: DEBUG neutron.plugins.ml2.extensions.qos [None req-452cd09f-c475-4b4c-9675-d1b38379cfac None None] QosExtensionDriver initialization complete {{(pid=90849) initialize /opt/stack/neutron/neutron/plugins/ml2/extensions/qos.py:31}}
Aug 18 10:07:58.094890 np0000007631 devstack@neutron-api.service[90849]: INFO neutron.plugins.ml2.managers [None req-452cd09f-c475-4b4c-9675-d1b38379cfac None None] Initializing mechanism driver 'ovn'
Aug 18 10:07:58.095076 np0000007631 devstack@neutron-api.service[90849]: INFO neutron.plugins.ml2.drivers.ovn.mech_driver.mech_driver [None req-452cd09f-c475-4b4c-9675-d1b38379cfac None None] Starting OVNMechanismDriver
Aug 18 10:07:58.096716 np0000007631 devstack@neutron-api.service[90849]: DEBUG neutron_lib.callbacks.manager [None req-452cd09f-c475-4b4c-9675-d1b38379cfac None None] Subscribe: > process before_spawn 55550000, False {{(pid=90849) subscribe /opt/stack/data/venv/lib/python3.12/site-packages/neutron_lib/callbacks/manager.py:52}}
Aug 18 10:07:58.096846 np0000007631 devstack@neutron-api.service[90849]: DEBUG neutron_lib.callbacks.manager [None req-452cd09f-c475-4b4c-9675-d1b38379cfac None None] Subscribe: > process after_init 55550000, True {{(pid=90849) subscribe /opt/stack/data/venv/lib/python3.12/site-packages/neutron_lib/callbacks/manager.py:52}}
Aug 18 10:07:58.096968 np0000007631 devstack@neutron-api.service[90849]: DEBUG neutron_lib.callbacks.manager [None req-452cd09f-c475-4b4c-9675-d1b38379cfac None None] Subscribe: > segment after_create 55550000, False {{(pid=90849) subscribe /opt/stack/data/venv/lib/python3.12/site-packages/neutron_lib/callbacks/manager.py:52}}
Aug 18 10:07:58.097083 np0000007631 devstack@neutron-api.service[90849]: DEBUG neutron_lib.callbacks.manager [None req-452cd09f-c475-4b4c-9675-d1b38379cfac None None] Subscribe: > segment after_create 55550000, False {{(pid=90849) subscribe /opt/stack/data/venv/lib/python3.12/site-packages/neutron_lib/callbacks/manager.py:52}}
Aug 18 10:07:58.097150 np0000007631 devstack@neutron-api.service[90849]: DEBUG neutron_lib.callbacks.manager [None req-452cd09f-c475-4b4c-9675-d1b38379cfac None None] Subscribe: > segment after_delete 55550000, False {{(pid=90849) subscribe /opt/stack/data/venv/lib/python3.12/site-packages/neutron_lib/callbacks/manager.py:52}}
Aug 18 10:07:58.097240 np0000007631 devstack@neutron-api.service[90849]: DEBUG neutron_lib.callbacks.manager [None req-452cd09f-c475-4b4c-9675-d1b38379cfac None None] Subscribe: > allowed_address_pair before_create 55550000, False {{(pid=90849) subscribe /opt/stack/data/venv/lib/python3.12/site-packages/neutron_lib/callbacks/manager.py:52}}
Aug 18 10:07:58.097382 np0000007631 devstack@neutron-api.service[90849]: DEBUG neutron_lib.callbacks.manager [None req-452cd09f-c475-4b4c-9675-d1b38379cfac None None] Subscribe: > security_group precommit_create 55550000, False {{(pid=90849) subscribe /opt/stack/data/venv/lib/python3.12/site-packages/neutron_lib/callbacks/manager.py:52}}
Aug 18 10:07:58.097506 np0000007631 devstack@neutron-api.service[90849]: DEBUG neutron_lib.callbacks.manager [None req-452cd09f-c475-4b4c-9675-d1b38379cfac None None] Subscribe: > security_group after_update 55550000, False {{(pid=90849) subscribe /opt/stack/data/venv/lib/python3.12/site-packages/neutron_lib/callbacks/manager.py:52}}
Aug 18 10:07:58.097563 np0000007631 devstack@neutron-api.service[90849]: DEBUG neutron_lib.callbacks.manager [None req-452cd09f-c475-4b4c-9675-d1b38379cfac None None] Subscribe: > security_group after_create 55550000, False {{(pid=90849) subscribe /opt/stack/data/venv/lib/python3.12/site-packages/neutron_lib/callbacks/manager.py:52}}
Aug 18 10:07:58.097666 np0000007631 devstack@neutron-api.service[90849]: DEBUG neutron_lib.callbacks.manager [None req-452cd09f-c475-4b4c-9675-d1b38379cfac None None] Subscribe: > security_group precommit_delete 55550000, False {{(pid=90849) subscribe /opt/stack/data/venv/lib/python3.12/site-packages/neutron_lib/callbacks/manager.py:52}}
Aug 18 10:07:58.097745 np0000007631 devstack@neutron-api.service[90849]: DEBUG neutron_lib.callbacks.manager [None req-452cd09f-c475-4b4c-9675-d1b38379cfac None None] Subscribe: > security_group after_delete 55550000, False {{(pid=90849) subscribe /opt/stack/data/venv/lib/python3.12/site-packages/neutron_lib/callbacks/manager.py:52}}
Aug 18 10:07:58.097857 np0000007631 devstack@neutron-api.service[90849]: DEBUG neutron_lib.callbacks.manager [None req-452cd09f-c475-4b4c-9675-d1b38379cfac None None] Subscribe: > security_group_rule precommit_create 55550000, False {{(pid=90849) subscribe /opt/stack/data/venv/lib/python3.12/site-packages/neutron_lib/callbacks/manager.py:52}}
Aug 18 10:07:58.097925 np0000007631 devstack@neutron-api.service[90849]: DEBUG neutron_lib.callbacks.manager [None req-452cd09f-c475-4b4c-9675-d1b38379cfac None None] Subscribe: > security_group_rule after_create 55550000, False {{(pid=90849) subscribe /opt/stack/data/venv/lib/python3.12/site-packages/neutron_lib/callbacks/manager.py:52}}
Aug 18 10:07:58.098100 np0000007631 devstack@neutron-api.service[90849]: DEBUG neutron_lib.callbacks.manager [None req-452cd09f-c475-4b4c-9675-d1b38379cfac None None] Subscribe: > security_group_rule before_delete 55550000, False {{(pid=90849) subscribe /opt/stack/data/venv/lib/python3.12/site-packages/neutron_lib/callbacks/manager.py:52}}
Aug 18 10:07:58.098188 np0000007631 devstack@neutron-api.service[90849]: DEBUG neutron_lib.callbacks.manager [None req-452cd09f-c475-4b4c-9675-d1b38379cfac None None] Subscribe: > address_group after_create 55550000, False {{(pid=90849) subscribe /opt/stack/data/venv/lib/python3.12/site-packages/neutron_lib/callbacks/manager.py:52}}
Aug 18 10:07:58.098255 np0000007631 devstack@neutron-api.service[90849]: DEBUG neutron_lib.callbacks.manager [None req-452cd09f-c475-4b4c-9675-d1b38379cfac None None] Subscribe: > address_group after_update 55550000, False {{(pid=90849) subscribe /opt/stack/data/venv/lib/python3.12/site-packages/neutron_lib/callbacks/manager.py:52}}
Aug 18 10:07:58.098328 np0000007631 devstack@neutron-api.service[90849]: DEBUG neutron_lib.callbacks.manager [None req-452cd09f-c475-4b4c-9675-d1b38379cfac None None] Subscribe: > address_group after_delete 55550000, False {{(pid=90849) subscribe /opt/stack/data/venv/lib/python3.12/site-packages/neutron_lib/callbacks/manager.py:52}}
Aug 18 10:07:58.098558 np0000007631 devstack@neutron-api.service[90849]: DEBUG neutron_lib.callbacks.manager [None req-452cd09f-c475-4b4c-9675-d1b38379cfac None None] Subscribe: > qos_plugin after_init 55550000, False {{(pid=90849) subscribe /opt/stack/data/venv/lib/python3.12/site-packages/neutron_lib/callbacks/manager.py:52}}
Aug 18 10:07:58.098712 np0000007631 devstack@neutron-api.service[90849]: DEBUG neutron_lib.callbacks.manager [None req-452cd09f-c475-4b4c-9675-d1b38379cfac None None] Subscribe: > trunk_plugin after_init 55550000, False {{(pid=90849) subscribe /opt/stack/data/venv/lib/python3.12/site-packages/neutron_lib/callbacks/manager.py:52}}
Aug 18 10:07:58.098897 np0000007631 devstack@neutron-api.service[90849]: DEBUG neutron_lib.callbacks.manager [None req-452cd09f-c475-4b4c-9675-d1b38379cfac None None] Subscribe: > logging-plugin after_init 55550000, False {{(pid=90849) subscribe /opt/stack/data/venv/lib/python3.12/site-packages/neutron_lib/callbacks/manager.py:52}}
Aug 18 10:07:58.099395 np0000007631 devstack@neutron-api.service[90849]: INFO neutron.services.logapi.drivers.ovn.driver [None req-452cd09f-c475-4b4c-9675-d1b38379cfac None None] OVN logging driver registered
Aug 18 10:07:58.099525 np0000007631 devstack@neutron-api.service[90849]: DEBUG neutron_lib.callbacks.manager [None req-452cd09f-c475-4b4c-9675-d1b38379cfac None None] Subscribe: ._register_pvlan_driver at 0x760080175e40> pvlan_plugin before_spawn 55550000, False {{(pid=90849) subscribe /opt/stack/data/venv/lib/python3.12/site-packages/neutron_lib/callbacks/manager.py:52}}
Aug 18 10:07:58.099682 np0000007631 devstack@neutron-api.service[90849]: DEBUG neutron_lib.callbacks.manager [None req-452cd09f-c475-4b4c-9675-d1b38379cfac None None] Subscribe: process after_init 55550000, False {{(pid=90849) subscribe /opt/stack/data/venv/lib/python3.12/site-packages/neutron_lib/callbacks/manager.py:52}}
Aug 18 10:07:58.101339 np0000007631 devstack@neutron-api.service[90849]: DEBUG neutron.plugins.ml2.plugin [None req-452cd09f-c475-4b4c-9675-d1b38379cfac None None] neutron.plugins.ml2.plugin.Ml2Plugin method _start_rpc_notifiers called with arguments () {} {{(pid=90849) wrapper /opt/stack/data/venv/lib/python3.12/site-packages/oslo_log/helpers.py:77}}
Aug 18 10:07:58.101615 np0000007631 devstack@neutron-api.service[90849]: DEBUG neutron_lib.callbacks.manager [None req-452cd09f-c475-4b4c-9675-d1b38379cfac None None] Subscribe: > port after_create 55550000, False {{(pid=90849) subscribe /opt/stack/data/venv/lib/python3.12/site-packages/neutron_lib/callbacks/manager.py:52}}
Aug 18 10:07:58.101766 np0000007631 devstack@neutron-api.service[90849]: DEBUG neutron_lib.callbacks.manager [None req-452cd09f-c475-4b4c-9675-d1b38379cfac None None] Subscribe: > port after_update 55550000, False {{(pid=90849) subscribe /opt/stack/data/venv/lib/python3.12/site-packages/neutron_lib/callbacks/manager.py:52}}
Aug 18 10:07:58.101804 np0000007631 devstack@neutron-api.service[90849]: DEBUG neutron_lib.callbacks.manager [None req-452cd09f-c475-4b4c-9675-d1b38379cfac None None] Subscribe: > port after_delete 55550000, False {{(pid=90849) subscribe /opt/stack/data/venv/lib/python3.12/site-packages/neutron_lib/callbacks/manager.py:52}}
Aug 18 10:07:58.101906 np0000007631 devstack@neutron-api.service[90849]: DEBUG neutron_lib.callbacks.manager [None req-452cd09f-c475-4b4c-9675-d1b38379cfac None None] Subscribe: > subnet after_create 55550000, False {{(pid=90849) subscribe /opt/stack/data/venv/lib/python3.12/site-packages/neutron_lib/callbacks/manager.py:52}}
Aug 18 10:07:58.102056 np0000007631 devstack@neutron-api.service[90849]: DEBUG neutron_lib.callbacks.manager [None req-452cd09f-c475-4b4c-9675-d1b38379cfac None None] Subscribe: > subnet after_update 55550000, False {{(pid=90849) subscribe /opt/stack/data/venv/lib/python3.12/site-packages/neutron_lib/callbacks/manager.py:52}}
Aug 18 10:07:58.102144 np0000007631 devstack@neutron-api.service[90849]: DEBUG neutron_lib.callbacks.manager [None req-452cd09f-c475-4b4c-9675-d1b38379cfac None None] Subscribe: > subnet after_delete 55550000, False {{(pid=90849) subscribe /opt/stack/data/venv/lib/python3.12/site-packages/neutron_lib/callbacks/manager.py:52}}
Aug 18 10:07:58.102221 np0000007631 devstack@neutron-api.service[90849]: DEBUG neutron_lib.callbacks.manager [None req-452cd09f-c475-4b4c-9675-d1b38379cfac None None] Subscribe: > network after_create 55550000, False {{(pid=90849) subscribe /opt/stack/data/venv/lib/python3.12/site-packages/neutron_lib/callbacks/manager.py:52}}
Aug 18 10:07:58.102305 np0000007631 devstack@neutron-api.service[90849]: DEBUG neutron_lib.callbacks.manager [None req-452cd09f-c475-4b4c-9675-d1b38379cfac None None] Subscribe: > network after_update 55550000, False {{(pid=90849) subscribe /opt/stack/data/venv/lib/python3.12/site-packages/neutron_lib/callbacks/manager.py:52}}
Aug 18 10:07:58.102397 np0000007631 devstack@neutron-api.service[90849]: DEBUG neutron_lib.callbacks.manager [None req-452cd09f-c475-4b4c-9675-d1b38379cfac None None] Subscribe: > network after_delete 55550000, False {{(pid=90849) subscribe /opt/stack/data/venv/lib/python3.12/site-packages/neutron_lib/callbacks/manager.py:52}}
Aug 18 10:07:58.102473 np0000007631 devstack@neutron-api.service[90849]: DEBUG neutron_lib.callbacks.manager [None req-452cd09f-c475-4b4c-9675-d1b38379cfac None None] Subscribe: > security_group after_create 55550000, False {{(pid=90849) subscribe /opt/stack/data/venv/lib/python3.12/site-packages/neutron_lib/callbacks/manager.py:52}}
Aug 18 10:07:58.102543 np0000007631 devstack@neutron-api.service[90849]: DEBUG neutron_lib.callbacks.manager [None req-452cd09f-c475-4b4c-9675-d1b38379cfac None None] Subscribe: > security_group after_update 55550000, False {{(pid=90849) subscribe /opt/stack/data/venv/lib/python3.12/site-packages/neutron_lib/callbacks/manager.py:52}}
Aug 18 10:07:58.102692 np0000007631 devstack@neutron-api.service[90849]: DEBUG neutron_lib.callbacks.manager [None req-452cd09f-c475-4b4c-9675-d1b38379cfac None None] Subscribe: > security_group after_delete 55550000, False {{(pid=90849) subscribe /opt/stack/data/venv/lib/python3.12/site-packages/neutron_lib/callbacks/manager.py:52}}
Aug 18 10:07:58.102765 np0000007631 devstack@neutron-api.service[90849]: DEBUG neutron_lib.callbacks.manager [None req-452cd09f-c475-4b4c-9675-d1b38379cfac None None] Subscribe: > security_group_rule after_create 55550000, False {{(pid=90849) subscribe /opt/stack/data/venv/lib/python3.12/site-packages/neutron_lib/callbacks/manager.py:52}}
Aug 18 10:07:58.102827 np0000007631 devstack@neutron-api.service[90849]: DEBUG neutron_lib.callbacks.manager [None req-452cd09f-c475-4b4c-9675-d1b38379cfac None None] Subscribe: > security_group_rule after_update 55550000, False {{(pid=90849) subscribe /opt/stack/data/venv/lib/python3.12/site-packages/neutron_lib/callbacks/manager.py:52}}
Aug 18 10:07:58.102974 np0000007631 devstack@neutron-api.service[90849]: DEBUG neutron_lib.callbacks.manager [None req-452cd09f-c475-4b4c-9675-d1b38379cfac None None] Subscribe: > security_group_rule after_delete 55550000, False {{(pid=90849) subscribe /opt/stack/data/venv/lib/python3.12/site-packages/neutron_lib/callbacks/manager.py:52}}
Aug 18 10:07:58.103020 np0000007631 devstack@neutron-api.service[90849]: DEBUG neutron_lib.callbacks.manager [None req-452cd09f-c475-4b4c-9675-d1b38379cfac None None] Subscribe: > address_group after_create 55550000, False {{(pid=90849) subscribe /opt/stack/data/venv/lib/python3.12/site-packages/neutron_lib/callbacks/manager.py:52}}
Aug 18 10:07:58.103216 np0000007631 devstack@neutron-api.service[90849]: DEBUG neutron_lib.callbacks.manager [None req-452cd09f-c475-4b4c-9675-d1b38379cfac None None] Subscribe: > address_group after_update 55550000, False {{(pid=90849) subscribe /opt/stack/data/venv/lib/python3.12/site-packages/neutron_lib/callbacks/manager.py:52}}
Aug 18 10:07:58.103216 np0000007631 devstack@neutron-api.service[90849]: DEBUG neutron_lib.callbacks.manager [None req-452cd09f-c475-4b4c-9675-d1b38379cfac None None] Subscribe: > address_group after_delete 55550000, False {{(pid=90849) subscribe /opt/stack/data/venv/lib/python3.12/site-packages/neutron_lib/callbacks/manager.py:52}}
Aug 18 10:07:58.103277 np0000007631 devstack@neutron-api.service[90849]: DEBUG neutron.plugins.ml2.ovo_rpc [None req-452cd09f-c475-4b4c-9675-d1b38379cfac None None] ML2 OVO RPC backend initialized. {{(pid=90849) __init__ /opt/stack/neutron/neutron/plugins/ml2/ovo_rpc.py:117}}
Aug 18 10:07:58.104206 np0000007631 devstack@neutron-api.service[90849]: INFO neutron.quota [None req-452cd09f-c475-4b4c-9675-d1b38379cfac None None] Loaded quota_driver: .
Aug 18 10:07:58.104696 np0000007631 devstack@neutron-api.service[90849]: INFO neutron.plugins.ml2.plugin [None req-452cd09f-c475-4b4c-9675-d1b38379cfac None None] Modular L2 Plugin initialization complete
Aug 18 10:07:58.104696 np0000007631 devstack@neutron-api.service[90849]: DEBUG neutron.manager [None req-452cd09f-c475-4b4c-9675-d1b38379cfac None None] Loading services supported by the core plugin {{(pid=90849) _load_services_from_core_plugin /opt/stack/neutron/neutron/manager.py:167}}
Aug 18 10:07:58.104696 np0000007631 devstack@neutron-api.service[90849]: INFO neutron.plugins.ml2.managers [None req-452cd09f-c475-4b4c-9675-d1b38379cfac None None] Got port-security extension from driver 'port_security'
Aug 18 10:07:58.104971 np0000007631 devstack@neutron-api.service[90849]: DEBUG neutron.manager [None req-452cd09f-c475-4b4c-9675-d1b38379cfac None None] Loading service plugins: ['ovn-router', 'auto_allocate', 'tag', 'timestamp', 'network_ip_availability', 'flavors', 'revisions'] {{(pid=90849) _load_service_plugins /opt/stack/neutron/neutron/manager.py:192}}
Aug 18 10:07:58.105154 np0000007631 devstack@neutron-api.service[90849]: INFO neutron.manager [None req-452cd09f-c475-4b4c-9675-d1b38379cfac None None] Loading Plugin: ovn-router
Aug 18 10:07:58.114169 np0000007631 devstack@neutron-api.service[90848]: INFO neutron.plugins.ml2.drivers.type_vlan [None req-22babf87-e573-4270-8f7e-a2eb2a8112e7 None None] VlanTypeDriver initialization complete
Aug 18 10:07:58.114366 np0000007631 devstack@neutron-api.service[90848]: INFO neutron.plugins.ml2.managers [None req-22babf87-e573-4270-8f7e-a2eb2a8112e7 None None] Initializing extension driver 'port_security'
Aug 18 10:07:58.114491 np0000007631 devstack@neutron-api.service[90848]: INFO neutron.plugins.ml2.extensions.port_security [None req-22babf87-e573-4270-8f7e-a2eb2a8112e7 None None] PortSecurityExtensionDriver initialization complete
Aug 18 10:07:58.114604 np0000007631 devstack@neutron-api.service[90848]: INFO neutron.plugins.ml2.managers [None req-22babf87-e573-4270-8f7e-a2eb2a8112e7 None None] Initializing extension driver 'qos'
Aug 18 10:07:58.114750 np0000007631 devstack@neutron-api.service[90848]: DEBUG neutron.plugins.ml2.extensions.qos [None req-22babf87-e573-4270-8f7e-a2eb2a8112e7 None None] QosExtensionDriver initialization complete {{(pid=90848) initialize /opt/stack/neutron/neutron/plugins/ml2/extensions/qos.py:31}}
Aug 18 10:07:58.114858 np0000007631 devstack@neutron-api.service[90848]: INFO neutron.plugins.ml2.managers [None req-22babf87-e573-4270-8f7e-a2eb2a8112e7 None None] Initializing mechanism driver 'ovn'
Aug 18 10:07:58.115002 np0000007631 devstack@neutron-api.service[90848]: INFO neutron.plugins.ml2.drivers.ovn.mech_driver.mech_driver [None req-22babf87-e573-4270-8f7e-a2eb2a8112e7 None None] Starting OVNMechanismDriver
Aug 18 10:07:58.116773 np0000007631 devstack@neutron-api.service[90848]: DEBUG neutron_lib.callbacks.manager [None req-22babf87-e573-4270-8f7e-a2eb2a8112e7 None None] Subscribe: > process before_spawn 55550000, False {{(pid=90848) subscribe /opt/stack/data/venv/lib/python3.12/site-packages/neutron_lib/callbacks/manager.py:52}}
Aug 18 10:07:58.116935 np0000007631 devstack@neutron-api.service[90848]: DEBUG neutron_lib.callbacks.manager [None req-22babf87-e573-4270-8f7e-a2eb2a8112e7 None None] Subscribe: > process after_init 55550000, True {{(pid=90848) subscribe /opt/stack/data/venv/lib/python3.12/site-packages/neutron_lib/callbacks/manager.py:52}}
Aug 18 10:07:58.117084 np0000007631 devstack@neutron-api.service[90848]: DEBUG neutron_lib.callbacks.manager [None req-22babf87-e573-4270-8f7e-a2eb2a8112e7 None None] Subscribe: > segment after_create 55550000, False {{(pid=90848) subscribe /opt/stack/data/venv/lib/python3.12/site-packages/neutron_lib/callbacks/manager.py:52}}
Aug 18 10:07:58.117210 np0000007631 devstack@neutron-api.service[90848]: DEBUG neutron_lib.callbacks.manager [None req-22babf87-e573-4270-8f7e-a2eb2a8112e7 None None] Subscribe: > segment after_create 55550000, False {{(pid=90848) subscribe /opt/stack/data/venv/lib/python3.12/site-packages/neutron_lib/callbacks/manager.py:52}}
Aug 18 10:07:58.117329 np0000007631 devstack@neutron-api.service[90848]: DEBUG neutron_lib.callbacks.manager [None req-22babf87-e573-4270-8f7e-a2eb2a8112e7 None None] Subscribe: > segment after_delete 55550000, False {{(pid=90848) subscribe /opt/stack/data/venv/lib/python3.12/site-packages/neutron_lib/callbacks/manager.py:52}}
Aug 18 10:07:58.117370 np0000007631 devstack@neutron-api.service[90849]: DEBUG neutron_lib.callbacks.manager [None req-452cd09f-c475-4b4c-9675-d1b38379cfac None None] Subscribe: > router before_delete 55550000, False {{(pid=90849) subscribe /opt/stack/data/venv/lib/python3.12/site-packages/neutron_lib/callbacks/manager.py:52}}
Aug 18 10:07:58.117485 np0000007631 devstack@neutron-api.service[90848]: DEBUG neutron_lib.callbacks.manager [None req-22babf87-e573-4270-8f7e-a2eb2a8112e7 None None] Subscribe: > allowed_address_pair before_create 55550000, False {{(pid=90848) subscribe /opt/stack/data/venv/lib/python3.12/site-packages/neutron_lib/callbacks/manager.py:52}}
Aug 18 10:07:58.117551 np0000007631 devstack@neutron-api.service[90849]: DEBUG neutron_lib.callbacks.manager [None req-452cd09f-c475-4b4c-9675-d1b38379cfac None None] Subscribe: port before_update 55550000, False {{(pid=90849) subscribe /opt/stack/data/venv/lib/python3.12/site-packages/neutron_lib/callbacks/manager.py:52}}
Aug 18 10:07:58.117584 np0000007631 devstack@neutron-api.service[90848]: DEBUG neutron_lib.callbacks.manager [None req-22babf87-e573-4270-8f7e-a2eb2a8112e7 None None] Subscribe: > security_group precommit_create 55550000, False {{(pid=90848) subscribe /opt/stack/data/venv/lib/python3.12/site-packages/neutron_lib/callbacks/manager.py:52}}
Aug 18 10:07:58.117761 np0000007631 devstack@neutron-api.service[90849]: DEBUG neutron_lib.callbacks.manager [None req-452cd09f-c475-4b4c-9675-d1b38379cfac None None] Subscribe: port after_update 55550000, False {{(pid=90849) subscribe /opt/stack/data/venv/lib/python3.12/site-packages/neutron_lib/callbacks/manager.py:52}}
Aug 18 10:07:58.117908 np0000007631 devstack@neutron-api.service[90848]: DEBUG neutron_lib.callbacks.manager [None req-22babf87-e573-4270-8f7e-a2eb2a8112e7 None None] Subscribe: > security_group after_update 55550000, False {{(pid=90848) subscribe /opt/stack/data/venv/lib/python3.12/site-packages/neutron_lib/callbacks/manager.py:52}}
Aug 18 10:07:58.118123 np0000007631 devstack@neutron-api.service[90849]: DEBUG neutron_lib.callbacks.manager [None req-452cd09f-c475-4b4c-9675-d1b38379cfac None None] Subscribe: > port precommit_delete 55550000, False {{(pid=90849) subscribe /opt/stack/data/venv/lib/python3.12/site-packages/neutron_lib/callbacks/manager.py:52}}
Aug 18 10:07:58.118166 np0000007631 devstack@neutron-api.service[90848]: DEBUG neutron_lib.callbacks.manager [None req-22babf87-e573-4270-8f7e-a2eb2a8112e7 None None] Subscribe: > security_group after_create 55550000, False {{(pid=90848) subscribe /opt/stack/data/venv/lib/python3.12/site-packages/neutron_lib/callbacks/manager.py:52}}
Aug 18 10:07:58.118166 np0000007631 devstack@neutron-api.service[90848]: DEBUG neutron_lib.callbacks.manager [None req-22babf87-e573-4270-8f7e-a2eb2a8112e7 None None] Subscribe: > security_group precommit_delete 55550000, False {{(pid=90848) subscribe /opt/stack/data/venv/lib/python3.12/site-packages/neutron_lib/callbacks/manager.py:52}}
Aug 18 10:07:58.118280 np0000007631 devstack@neutron-api.service[90849]: DEBUG neutron_lib.callbacks.manager [None req-452cd09f-c475-4b4c-9675-d1b38379cfac None None] Subscribe: port before_update 55550000, False {{(pid=90849) subscribe /opt/stack/data/venv/lib/python3.12/site-packages/neutron_lib/callbacks/manager.py:52}}
Aug 18 10:07:58.118348 np0000007631 devstack@neutron-api.service[90848]: DEBUG neutron_lib.callbacks.manager [None req-22babf87-e573-4270-8f7e-a2eb2a8112e7 None None] Subscribe: > security_group after_delete 55550000, False {{(pid=90848) subscribe /opt/stack/data/venv/lib/python3.12/site-packages/neutron_lib/callbacks/manager.py:52}}
Aug 18 10:07:58.118420 np0000007631 devstack@neutron-api.service[90849]: DEBUG neutron_lib.callbacks.manager [None req-452cd09f-c475-4b4c-9675-d1b38379cfac None None] Subscribe: port before_delete 55550000, False {{(pid=90849) subscribe /opt/stack/data/venv/lib/python3.12/site-packages/neutron_lib/callbacks/manager.py:52}}
Aug 18 10:07:58.118454 np0000007631 devstack@neutron-api.service[90848]: DEBUG neutron_lib.callbacks.manager [None req-22babf87-e573-4270-8f7e-a2eb2a8112e7 None None] Subscribe: > security_group_rule precommit_create 55550000, False {{(pid=90848) subscribe /opt/stack/data/venv/lib/python3.12/site-packages/neutron_lib/callbacks/manager.py:52}}
Aug 18 10:07:58.118493 np0000007631 devstack@neutron-api.service[90849]: DEBUG neutron_lib.callbacks.manager [None req-452cd09f-c475-4b4c-9675-d1b38379cfac None None] Subscribe: > router precommit_create 55550000, False {{(pid=90849) subscribe /opt/stack/data/venv/lib/python3.12/site-packages/neutron_lib/callbacks/manager.py:52}}
Aug 18 10:07:58.118529 np0000007631 devstack@neutron-api.service[90848]: DEBUG neutron_lib.callbacks.manager [None req-22babf87-e573-4270-8f7e-a2eb2a8112e7 None None] Subscribe: > security_group_rule after_create 55550000, False {{(pid=90848) subscribe /opt/stack/data/venv/lib/python3.12/site-packages/neutron_lib/callbacks/manager.py:52}}
Aug 18 10:07:58.118566 np0000007631 devstack@neutron-api.service[90849]: DEBUG neutron_lib.callbacks.manager [None req-452cd09f-c475-4b4c-9675-d1b38379cfac None None] Subscribe: > router precommit_create 55550000, False {{(pid=90849) subscribe /opt/stack/data/venv/lib/python3.12/site-packages/neutron_lib/callbacks/manager.py:52}}
Aug 18 10:07:58.118596 np0000007631 devstack@neutron-api.service[90848]: DEBUG neutron_lib.callbacks.manager [None req-22babf87-e573-4270-8f7e-a2eb2a8112e7 None None] Subscribe: > security_group_rule before_delete 55550000, False {{(pid=90848) subscribe /opt/stack/data/venv/lib/python3.12/site-packages/neutron_lib/callbacks/manager.py:52}}
Aug 18 10:07:58.118631 np0000007631 devstack@neutron-api.service[90849]: DEBUG neutron_lib.callbacks.manager [None req-452cd09f-c475-4b4c-9675-d1b38379cfac None None] Subscribe: > router precommit_update 55550000, False {{(pid=90849) subscribe /opt/stack/data/venv/lib/python3.12/site-packages/neutron_lib/callbacks/manager.py:52}}
Aug 18 10:07:58.118631 np0000007631 devstack@neutron-api.service[90849]: DEBUG neutron_lib.callbacks.manager [None req-452cd09f-c475-4b4c-9675-d1b38379cfac None None] Subscribe: subnet after_update 55550000, False {{(pid=90849) subscribe /opt/stack/data/venv/lib/python3.12/site-packages/neutron_lib/callbacks/manager.py:52}}
Aug 18 10:07:58.118693 np0000007631 devstack@neutron-api.service[90848]: DEBUG neutron_lib.callbacks.manager [None req-22babf87-e573-4270-8f7e-a2eb2a8112e7 None None] Subscribe: > address_group after_create 55550000, False {{(pid=90848) subscribe /opt/stack/data/venv/lib/python3.12/site-packages/neutron_lib/callbacks/manager.py:52}}
Aug 18 10:07:58.118693 np0000007631 devstack@neutron-api.service[90848]: DEBUG neutron_lib.callbacks.manager [None req-22babf87-e573-4270-8f7e-a2eb2a8112e7 None None] Subscribe: > address_group after_update 55550000, False {{(pid=90848) subscribe /opt/stack/data/venv/lib/python3.12/site-packages/neutron_lib/callbacks/manager.py:52}}
Aug 18 10:07:58.118748 np0000007631 devstack@neutron-api.service[90849]: DEBUG neutron.quota.resource_registry [None req-452cd09f-c475-4b4c-9675-d1b38379cfac None None] Tracking information for resource: router configured {{(pid=90849) set_tracked_resource /opt/stack/neutron/neutron/quota/resource_registry.py:203}}
Aug 18 10:07:58.118778 np0000007631 devstack@neutron-api.service[90848]: DEBUG neutron_lib.callbacks.manager [None req-22babf87-e573-4270-8f7e-a2eb2a8112e7 None None] Subscribe: > address_group after_delete 55550000, False {{(pid=90848) subscribe /opt/stack/data/venv/lib/python3.12/site-packages/neutron_lib/callbacks/manager.py:52}}
Aug 18 10:07:58.119137 np0000007631 devstack@neutron-api.service[90849]: DEBUG neutron.quota.resource_registry [None req-452cd09f-c475-4b4c-9675-d1b38379cfac None None] Tracking information for resource: floatingip configured {{(pid=90849) set_tracked_resource /opt/stack/neutron/neutron/quota/resource_registry.py:203}}
