Jun 19 09:39:37.315623 np0000003266 nova-scheduler[95748]: DEBUG cotyledon.oslo_config_glue [-] oslo_limit.auth_type = None {{(pid=95748) log_opt_values /opt/stack/data/venv/lib/python3.12/site-packages/oslo_config/cfg.py:3253}}
Jun 19 09:39:37.315623 np0000003266 nova-scheduler[95748]: DEBUG cotyledon.oslo_config_glue [-] oslo_limit.cafile = None {{(pid=95748) log_opt_values /opt/stack/data/venv/lib/python3.12/site-packages/oslo_config/cfg.py:3253}}
Jun 19 09:39:37.315623 np0000003266 nova-scheduler[95748]: DEBUG cotyledon.oslo_config_glue [-] oslo_limit.certfile = None {{(pid=95748) log_opt_values /opt/stack/data/venv/lib/python3.12/site-packages/oslo_config/cfg.py:3253}}
Jun 19 09:39:37.315623 np0000003266 nova-scheduler[95748]: DEBUG cotyledon.oslo_config_glue [-] oslo_limit.collect_timing = False {{(pid=95748) log_opt_values /opt/stack/data/venv/lib/python3.12/site-packages/oslo_config/cfg.py:3253}}
Jun 19 09:39:37.315623 np0000003266 nova-scheduler[95748]: DEBUG cotyledon.oslo_config_glue [-] oslo_limit.connect_retries = None {{(pid=95748) log_opt_values /opt/stack/data/venv/lib/python3.12/site-packages/oslo_config/cfg.py:3253}}
Jun 19 09:39:37.315623 np0000003266 nova-scheduler[95748]: DEBUG cotyledon.oslo_config_glue [-] oslo_limit.connect_retry_delay = None {{(pid=95748) log_opt_values /opt/stack/data/venv/lib/python3.12/site-packages/oslo_config/cfg.py:3253}}
Jun 19 09:39:37.315623 np0000003266 nova-scheduler[95748]: DEBUG cotyledon.oslo_config_glue [-] oslo_limit.endpoint_id = None {{(pid=95748) log_opt_values /opt/stack/data/venv/lib/python3.12/site-packages/oslo_config/cfg.py:3253}}
Jun 19 09:39:37.315623 np0000003266 nova-scheduler[95748]: DEBUG cotyledon.oslo_config_glue [-] oslo_limit.endpoint_interface = public {{(pid=95748) log_opt_values /opt/stack/data/venv/lib/python3.12/site-packages/oslo_config/cfg.py:3253}}
Jun 19 09:39:37.315895 np0000003266 nova-scheduler[95748]: DEBUG cotyledon.oslo_config_glue [-] oslo_limit.endpoint_override = None {{(pid=95748) log_opt_values /opt/stack/data/venv/lib/python3.12/site-packages/oslo_config/cfg.py:3253}}
Jun 19 09:39:37.315895 np0000003266 nova-scheduler[95748]: DEBUG cotyledon.oslo_config_glue [-] oslo_limit.endpoint_region_name = None {{(pid=95748) log_opt_values /opt/stack/data/venv/lib/python3.12/site-packages/oslo_config/cfg.py:3253}}
Jun 19 09:39:37.315895 np0000003266 nova-scheduler[95748]: DEBUG cotyledon.oslo_config_glue [-] oslo_limit.endpoint_service_name = None {{(pid=95748) log_opt_values /opt/stack/data/venv/lib/python3.12/site-packages/oslo_config/cfg.py:3253}}
Jun 19 09:39:37.315895 np0000003266 nova-scheduler[95748]: DEBUG cotyledon.oslo_config_glue [-] oslo_limit.endpoint_service_type = None {{(pid=95748) log_opt_values /opt/stack/data/venv/lib/python3.12/site-packages/oslo_config/cfg.py:3253}}
Jun 19 09:39:37.315895 np0000003266 nova-scheduler[95748]: DEBUG cotyledon.oslo_config_glue [-] oslo_limit.insecure = False {{(pid=95748) log_opt_values /opt/stack/data/venv/lib/python3.12/site-packages/oslo_config/cfg.py:3253}}
Jun 19 09:39:37.315895 np0000003266 nova-scheduler[95748]: DEBUG cotyledon.oslo_config_glue [-] oslo_limit.keyfile = None {{(pid=95748) log_opt_values /opt/stack/data/venv/lib/python3.12/site-packages/oslo_config/cfg.py:3253}}
Jun 19 09:39:37.315895 np0000003266 nova-scheduler[95748]: DEBUG cotyledon.oslo_config_glue [-] oslo_limit.max_version = None {{(pid=95748) log_opt_values /opt/stack/data/venv/lib/python3.12/site-packages/oslo_config/cfg.py:3253}}
Jun 19 09:39:37.315895 np0000003266 nova-scheduler[95748]: DEBUG cotyledon.oslo_config_glue [-] oslo_limit.min_version = None {{(pid=95748) log_opt_values /opt/stack/data/venv/lib/python3.12/site-packages/oslo_config/cfg.py:3253}}
Jun 19 09:39:37.315895 np0000003266 nova-scheduler[95748]: DEBUG cotyledon.oslo_config_glue [-] oslo_limit.region_name = None {{(pid=95748) log_opt_values /opt/stack/data/venv/lib/python3.12/site-packages/oslo_config/cfg.py:3253}}
Jun 19 09:39:37.316175 np0000003266 nova-scheduler[95748]: DEBUG cotyledon.oslo_config_glue [-] oslo_limit.retriable_status_codes = None {{(pid=95748) log_opt_values /opt/stack/data/venv/lib/python3.12/site-packages/oslo_config/cfg.py:3253}}
Jun 19 09:39:37.316175 np0000003266 nova-scheduler[95748]: DEBUG cotyledon.oslo_config_glue [-] oslo_limit.service_name = None {{(pid=95748) log_opt_values /opt/stack/data/venv/lib/python3.12/site-packages/oslo_config/cfg.py:3253}}
Jun 19 09:39:37.316175 np0000003266 nova-scheduler[95748]: DEBUG cotyledon.oslo_config_glue [-] oslo_limit.service_type = None {{(pid=95748) log_opt_values /opt/stack/data/venv/lib/python3.12/site-packages/oslo_config/cfg.py:3253}}
Jun 19 09:39:37.316175 np0000003266 nova-scheduler[95748]: DEBUG cotyledon.oslo_config_glue [-] oslo_limit.split_loggers = False {{(pid=95748) log_opt_values /opt/stack/data/venv/lib/python3.12/site-packages/oslo_config/cfg.py:3253}}
Jun 19 09:39:37.316175 np0000003266 nova-scheduler[95748]: DEBUG cotyledon.oslo_config_glue [-] oslo_limit.status_code_retries = None {{(pid=95748) log_opt_values /opt/stack/data/venv/lib/python3.12/site-packages/oslo_config/cfg.py:3253}}
Jun 19 09:39:37.316175 np0000003266 nova-scheduler[95748]: DEBUG cotyledon.oslo_config_glue [-] oslo_limit.status_code_retry_delay = None {{(pid=95748) log_opt_values /opt/stack/data/venv/lib/python3.12/site-packages/oslo_config/cfg.py:3253}}
Jun 19 09:39:37.316175 np0000003266 nova-scheduler[95748]: DEBUG cotyledon.oslo_config_glue [-] oslo_limit.timeout = None {{(pid=95748) log_opt_values /opt/stack/data/venv/lib/python3.12/site-packages/oslo_config/cfg.py:3253}}
Jun 19 09:39:37.316175 np0000003266 nova-scheduler[95748]: DEBUG cotyledon.oslo_config_glue [-] oslo_limit.valid_interfaces = None {{(pid=95748) log_opt_values /opt/stack/data/venv/lib/python3.12/site-packages/oslo_config/cfg.py:3253}}
Jun 19 09:39:37.316175 np0000003266 nova-scheduler[95748]: DEBUG cotyledon.oslo_config_glue [-] oslo_limit.version = None {{(pid=95748) log_opt_values /opt/stack/data/venv/lib/python3.12/site-packages/oslo_config/cfg.py:3253}}
Jun 19 09:39:37.316479 np0000003266 nova-scheduler[95748]: DEBUG cotyledon.oslo_config_glue [-] oslo_reports.file_event_handler = None {{(pid=95748) log_opt_values /opt/stack/data/venv/lib/python3.12/site-packages/oslo_config/cfg.py:3253}}
Jun 19 09:39:37.316479 np0000003266 nova-scheduler[95748]: DEBUG cotyledon.oslo_config_glue [-] oslo_reports.file_event_handler_interval = 1 {{(pid=95748) log_opt_values /opt/stack/data/venv/lib/python3.12/site-packages/oslo_config/cfg.py:3253}}
Jun 19 09:39:37.316479 np0000003266 nova-scheduler[95748]: DEBUG cotyledon.oslo_config_glue [-] oslo_reports.log_dir = None {{(pid=95748) log_opt_values /opt/stack/data/venv/lib/python3.12/site-packages/oslo_config/cfg.py:3253}}
Jun 19 09:39:37.316479 np0000003266 nova-scheduler[95748]: DEBUG cotyledon.oslo_config_glue [-] ******************************************************************************** {{(pid=95748) log_opt_values /opt/stack/data/venv/lib/python3.12/site-packages/oslo_config/cfg.py:3260}}
Jun 19 09:39:37.316479 np0000003266 nova-scheduler[95748]: DEBUG cotyledon._service_worker [-] Run service ServiceWrapper(2) [95748] {{(pid=95748) wait_forever /opt/stack/data/venv/lib/python3.12/site-packages/cotyledon/_service_worker.py:218}}
Jun 19 09:39:37.316479 np0000003266 nova-scheduler[95748]: INFO nova.service [-] Starting scheduler node (version 33.1.0)
Jun 19 09:39:37.316479 np0000003266 nova-scheduler[95748]: INFO dbcounter [None req-3bfeff8e-3487-4c48-ab2b-c1dce84ff84d None None] Registered counter for database nova_cell0
Jun 19 09:39:37.316697 np0000003266 nova-scheduler[95732]: DEBUG oslo_db.sqlalchemy.engines [None req-2dc41759-b9b4-4a30-afec-c3fbbf777bc4 None None] MySQL server mode set to STRICT_TRANS_TABLES,STRICT_ALL_TABLES,NO_ZERO_IN_DATE,NO_ZERO_DATE,ERROR_FOR_DIVISION_BY_ZERO,TRADITIONAL,NO_ENGINE_SUBSTITUTION {{(pid=95732) _check_effective_sql_mode /opt/stack/data/venv/lib/python3.12/site-packages/oslo_db/sqlalchemy/engines.py:325}}
Jun 19 09:39:37.319894 np0000003266 nova-scheduler[95702]: DEBUG oslo_db.sqlalchemy.engines [None req-d29ee836-05ce-428a-88b4-ef1818c2905a None None] MySQL server mode set to STRICT_TRANS_TABLES,STRICT_ALL_TABLES,NO_ZERO_IN_DATE,NO_ZERO_DATE,ERROR_FOR_DIVISION_BY_ZERO,TRADITIONAL,NO_ENGINE_SUBSTITUTION {{(pid=95702) _check_effective_sql_mode /opt/stack/data/venv/lib/python3.12/site-packages/oslo_db/sqlalchemy/engines.py:325}}
Jun 19 09:39:37.324752 np0000003266 nova-scheduler[95732]: DEBUG dbcounter [-] [95732] Writer thread running {{(pid=95732) stat_writer /opt/stack/data/venv/lib/python3.12/site-packages/dbcounter.py:102}}
Jun 19 09:39:37.330232 np0000003266 nova-scheduler[95702]: DEBUG dbcounter [-] [95702] Writer thread running {{(pid=95702) stat_writer /opt/stack/data/venv/lib/python3.12/site-packages/dbcounter.py:102}}
Jun 19 09:39:37.341104 np0000003266 nova-scheduler[95732]: DEBUG nova.service [None req-2dc41759-b9b4-4a30-afec-c3fbbf777bc4 None None] Creating RPC server for service: nova-scheduler on topic: scheduler {{(pid=95732) start /opt/stack/nova/nova/service.py:196}}
Jun 19 09:39:37.346574 np0000003266 nova-scheduler[95702]: DEBUG nova.service [None req-d29ee836-05ce-428a-88b4-ef1818c2905a None None] Creating RPC server for service: nova-scheduler on topic: scheduler {{(pid=95702) start /opt/stack/nova/nova/service.py:196}}
Jun 19 09:39:37.360155 np0000003266 nova-scheduler[95748]: DEBUG oslo_db.sqlalchemy.engines [None req-3bfeff8e-3487-4c48-ab2b-c1dce84ff84d None None] MySQL server mode set to STRICT_TRANS_TABLES,STRICT_ALL_TABLES,NO_ZERO_IN_DATE,NO_ZERO_DATE,ERROR_FOR_DIVISION_BY_ZERO,TRADITIONAL,NO_ENGINE_SUBSTITUTION {{(pid=95748) _check_effective_sql_mode /opt/stack/data/venv/lib/python3.12/site-packages/oslo_db/sqlalchemy/engines.py:325}}
Jun 19 09:39:37.370163 np0000003266 nova-scheduler[95748]: DEBUG dbcounter [-] [95748] Writer thread running {{(pid=95748) stat_writer /opt/stack/data/venv/lib/python3.12/site-packages/dbcounter.py:102}}
Jun 19 09:39:37.373378 np0000003266 nova-scheduler[95748]: DEBUG nova.service [None req-3bfeff8e-3487-4c48-ab2b-c1dce84ff84d None None] Creating RPC server for service: nova-scheduler on topic: scheduler {{(pid=95748) start /opt/stack/nova/nova/service.py:196}}
Jun 19 09:39:37.375130 np0000003266 nova-scheduler[95702]: DEBUG nova.service [None req-d29ee836-05ce-428a-88b4-ef1818c2905a None None] Join ServiceGroup membership for this service scheduler {{(pid=95702) start /opt/stack/nova/nova/service.py:222}}
Jun 19 09:39:37.375456 np0000003266 nova-scheduler[95702]: DEBUG nova.servicegroup.drivers.db [None req-d29ee836-05ce-428a-88b4-ef1818c2905a None None] DB_Driver: join new ServiceGroup member np0000003266 to the scheduler group, service = {{(pid=95702) join /opt/stack/nova/nova/servicegroup/drivers/db.py:44}}
Jun 19 09:39:37.376970 np0000003266 nova-scheduler[95732]: DEBUG nova.service [None req-2dc41759-b9b4-4a30-afec-c3fbbf777bc4 None None] Join ServiceGroup membership for this service scheduler {{(pid=95732) start /opt/stack/nova/nova/service.py:222}}
Jun 19 09:39:37.377144 np0000003266 nova-scheduler[95732]: DEBUG nova.servicegroup.drivers.db [None req-2dc41759-b9b4-4a30-afec-c3fbbf777bc4 None None] DB_Driver: join new ServiceGroup member np0000003266 to the scheduler group, service = {{(pid=95732) join /opt/stack/nova/nova/servicegroup/drivers/db.py:44}}
Jun 19 09:39:37.389676 np0000003266 nova-scheduler[95748]: DEBUG nova.service [None req-3bfeff8e-3487-4c48-ab2b-c1dce84ff84d None None] Join ServiceGroup membership for this service scheduler {{(pid=95748) start /opt/stack/nova/nova/service.py:222}}
Jun 19 09:39:37.389881 np0000003266 nova-scheduler[95748]: DEBUG nova.servicegroup.drivers.db [None req-3bfeff8e-3487-4c48-ab2b-c1dce84ff84d None None] DB_Driver: join new ServiceGroup member np0000003266 to the scheduler group, service = {{(pid=95748) join /opt/stack/nova/nova/servicegroup/drivers/db.py:44}}
Jun 19 09:39:42.389936 np0000003266 nova-scheduler[95702]: DEBUG oslo.service.backend._threading.loopingcall [-] Fixed interval looping call 'nova.servicegroup.drivers.db.DbDriver._report_state' sleeping for 119.99 seconds {{(pid=95702) _run_loop /opt/stack/data/venv/lib/python3.12/site-packages/oslo_service/backend/_threading/loopingcall.py:125}}
Jun 19 09:39:42.390378 np0000003266 nova-scheduler[95732]: DEBUG oslo.service.backend._threading.loopingcall [-] Fixed interval looping call 'nova.servicegroup.drivers.db.DbDriver._report_state' sleeping for 119.99 seconds {{(pid=95732) _run_loop /opt/stack/data/venv/lib/python3.12/site-packages/oslo_service/backend/_threading/loopingcall.py:125}}
Jun 19 09:39:42.400381 np0000003266 nova-scheduler[95748]: DEBUG oslo.service.backend._threading.loopingcall [-] Fixed interval looping call 'nova.servicegroup.drivers.db.DbDriver._report_state' sleeping for 119.99 seconds {{(pid=95748) _run_loop /opt/stack/data/venv/lib/python3.12/site-packages/oslo_service/backend/_threading/loopingcall.py:125}}
Jun 19 09:39:45.891847 np0000003266 nova-scheduler[94506]: DEBUG dbcounter [-] [94506] Writing DB stats nova_api:SELECT=3 {{(pid=94506) stat_writer /opt/stack/data/venv/lib/python3.12/site-packages/dbcounter.py:115}}
Jun 19 09:39:46.031987 np0000003266 nova-scheduler[94506]: DEBUG dbcounter [-] [94506] Writing DB stats nova_cell0:SELECT=1 {{(pid=94506) stat_writer /opt/stack/data/venv/lib/python3.12/site-packages/dbcounter.py:115}}
Jun 19 09:39:46.036434 np0000003266 nova-scheduler[94506]: DEBUG dbcounter [-] [94506] Writing DB stats nova_cell1:SELECT=1 {{(pid=94506) stat_writer /opt/stack/data/venv/lib/python3.12/site-packages/dbcounter.py:115}}
Jun 19 09:39:52.384905 np0000003266 nova-scheduler[95702]: DEBUG dbcounter [-] [95702] Writing DB stats nova_cell0:SELECT=5,nova_cell0:INSERT=1,nova_cell0:UPDATE=1 {{(pid=95702) stat_writer /opt/stack/data/venv/lib/python3.12/site-packages/dbcounter.py:115}}
Jun 19 09:39:52.385604 np0000003266 nova-scheduler[95732]: DEBUG dbcounter [-] [95732] Writing DB stats nova_cell0:SELECT=4,nova_cell0:INSERT=1,nova_cell0:UPDATE=1 {{(pid=95732) stat_writer /opt/stack/data/venv/lib/python3.12/site-packages/dbcounter.py:115}}
Jun 19 09:39:52.397892 np0000003266 nova-scheduler[95748]: DEBUG dbcounter [-] [95748] Writing DB stats nova_cell0:SELECT=3 {{(pid=95748) stat_writer /opt/stack/data/venv/lib/python3.12/site-packages/dbcounter.py:115}}
Jun 19 09:39:57.377553 np0000003266 nova-scheduler[95702]: DEBUG oslo.service.backend._threading.loopingcall [None req-c8a3ec8c-517d-4602-a304-8c22d9c21590 None None] Dynamic interval looping call 'nova.service.Service.periodic_tasks' sleeping for 60.00 seconds {{(pid=95702) _run_loop /opt/stack/data/venv/lib/python3.12/site-packages/oslo_service/backend/_threading/loopingcall.py:125}}
Jun 19 09:40:07.391592 np0000003266 nova-scheduler[95748]: DEBUG oslo.service.backend._threading.loopingcall [None req-f6e7504c-d687-4188-a801-2ae8efcf0493 None None] Dynamic interval looping call 'nova.service.Service.periodic_tasks' sleeping for 60.00 seconds {{(pid=95748) _run_loop /opt/stack/data/venv/lib/python3.12/site-packages/oslo_service/backend/_threading/loopingcall.py:125}}
Jun 19 09:40:29.378862 np0000003266 nova-scheduler[95732]: DEBUG oslo.service.backend._threading.loopingcall [None req-40bde761-4191-4e1d-b13e-e111281f1bda None None] Dynamic interval looping call 'nova.service.Service.periodic_tasks' sleeping for 60.00 seconds {{(pid=95732) _run_loop /opt/stack/data/venv/lib/python3.12/site-packages/oslo_service/backend/_threading/loopingcall.py:125}}
Jun 19 09:40:57.377925 np0000003266 nova-scheduler[95702]: DEBUG oslo.service.backend._threading.loopingcall [None req-c8a3ec8c-517d-4602-a304-8c22d9c21590 None None] Dynamic interval looping call 'nova.service.Service.periodic_tasks' sleeping for 60.00 seconds {{(pid=95702) _run_loop /opt/stack/data/venv/lib/python3.12/site-packages/oslo_service/backend/_threading/loopingcall.py:125}}
Jun 19 09:41:07.392039 np0000003266 nova-scheduler[95748]: DEBUG oslo.service.backend._threading.loopingcall [None req-f6e7504c-d687-4188-a801-2ae8efcf0493 None None] Dynamic interval looping call 'nova.service.Service.periodic_tasks' sleeping for 60.00 seconds {{(pid=95748) _run_loop /opt/stack/data/venv/lib/python3.12/site-packages/oslo_service/backend/_threading/loopingcall.py:125}}
Jun 19 09:41:29.379331 np0000003266 nova-scheduler[95732]: DEBUG oslo.service.backend._threading.loopingcall [None req-40bde761-4191-4e1d-b13e-e111281f1bda None None] Dynamic interval looping call 'nova.service.Service.periodic_tasks' sleeping for 60.00 seconds {{(pid=95732) _run_loop /opt/stack/data/venv/lib/python3.12/site-packages/oslo_service/backend/_threading/loopingcall.py:125}}
Jun 19 09:41:42.387510 np0000003266 nova-scheduler[95702]: DEBUG oslo.service.backend._threading.loopingcall [-] Fixed interval looping call 'nova.servicegroup.drivers.db.DbDriver._report_state' sleeping for 119.99 seconds {{(pid=95702) _run_loop /opt/stack/data/venv/lib/python3.12/site-packages/oslo_service/backend/_threading/loopingcall.py:125}}
Jun 19 09:41:42.388048 np0000003266 nova-scheduler[95732]: DEBUG oslo.service.backend._threading.loopingcall [-] Fixed interval looping call 'nova.servicegroup.drivers.db.DbDriver._report_state' sleeping for 119.99 seconds {{(pid=95732) _run_loop /opt/stack/data/venv/lib/python3.12/site-packages/oslo_service/backend/_threading/loopingcall.py:125}}
Jun 19 09:41:42.393726 np0000003266 nova-scheduler[95748]: DEBUG oslo.service.backend._threading.loopingcall [-] Fixed interval looping call 'nova.servicegroup.drivers.db.DbDriver._report_state' sleeping for 120.00 seconds {{(pid=95748) _run_loop /opt/stack/data/venv/lib/python3.12/site-packages/oslo_service/backend/_threading/loopingcall.py:125}}
Jun 19 09:41:52.383367 np0000003266 nova-scheduler[95702]: DEBUG dbcounter [-] [95702] Writing DB stats nova_cell0:SELECT=1,nova_cell0:UPDATE=1 {{(pid=95702) stat_writer /opt/stack/data/venv/lib/python3.12/site-packages/dbcounter.py:115}}
Jun 19 09:41:52.383917 np0000003266 nova-scheduler[95732]: DEBUG dbcounter [-] [95732] Writing DB stats nova_cell0:SELECT=1,nova_cell0:UPDATE=1 {{(pid=95732) stat_writer /opt/stack/data/venv/lib/python3.12/site-packages/dbcounter.py:115}}
Jun 19 09:41:52.392200 np0000003266 nova-scheduler[95748]: DEBUG dbcounter [-] [95748] Writing DB stats nova_cell0:SELECT=1 {{(pid=95748) stat_writer /opt/stack/data/venv/lib/python3.12/site-packages/dbcounter.py:115}}
Jun 19 09:41:57.378599 np0000003266 nova-scheduler[95702]: DEBUG oslo.service.backend._threading.loopingcall [None req-c8a3ec8c-517d-4602-a304-8c22d9c21590 None None] Dynamic interval looping call 'nova.service.Service.periodic_tasks' sleeping for 60.00 seconds {{(pid=95702) _run_loop /opt/stack/data/venv/lib/python3.12/site-packages/oslo_service/backend/_threading/loopingcall.py:125}}
Jun 19 09:42:07.392847 np0000003266 nova-scheduler[95748]: DEBUG oslo.service.backend._threading.loopingcall [None req-f6e7504c-d687-4188-a801-2ae8efcf0493 None None] Dynamic interval looping call 'nova.service.Service.periodic_tasks' sleeping for 60.00 seconds {{(pid=95748) _run_loop /opt/stack/data/venv/lib/python3.12/site-packages/oslo_service/backend/_threading/loopingcall.py:125}}
Jun 19 09:42:25.054115 np0000003266 nova-scheduler[95702]: DEBUG nova.scheduler.manager [None req-6f8dce96-fcb9-47ff-814a-060f86e1fd56 tempest-ServersNegativeTestJSON-602003278 tempest-ServersNegativeTestJSON-602003278-project-member] Starting to schedule for instances: ['767126d3-1942-4793-80bf-03a51fcf7a14'] {{(pid=95702) select_destinations /opt/stack/nova/nova/scheduler/manager.py:210}}
Jun 19 09:42:25.055758 np0000003266 nova-scheduler[95702]: DEBUG nova.scheduler.request_filter [None req-6f8dce96-fcb9-47ff-814a-060f86e1fd56 tempest-ServersNegativeTestJSON-602003278 tempest-ServersNegativeTestJSON-602003278-project-member] compute_status_filter request filter added forbidden trait COMPUTE_STATUS_DISABLED {{(pid=95702) compute_status_filter /opt/stack/nova/nova/scheduler/request_filter.py:253}}
Jun 19 09:42:25.055758 np0000003266 nova-scheduler[95702]: DEBUG nova.scheduler.request_filter [None req-6f8dce96-fcb9-47ff-814a-060f86e1fd56 tempest-ServersNegativeTestJSON-602003278 tempest-ServersNegativeTestJSON-602003278-project-member] Request filter 'compute_status_filter' took 0.0 seconds {{(pid=95702) wrapper /opt/stack/nova/nova/scheduler/request_filter.py:46}}
Jun 19 09:42:25.055758 np0000003266 nova-scheduler[95702]: DEBUG nova.scheduler.request_filter [None req-6f8dce96-fcb9-47ff-814a-060f86e1fd56 tempest-ServersNegativeTestJSON-602003278 tempest-ServersNegativeTestJSON-602003278-project-member] Request filter 'accelerators_filter' took 0.0 seconds {{(pid=95702) wrapper /opt/stack/nova/nova/scheduler/request_filter.py:46}}
Jun 19 09:42:25.055758 np0000003266 nova-scheduler[95702]: DEBUG nova.scheduler.request_filter [None req-6f8dce96-fcb9-47ff-814a-060f86e1fd56 tempest-ServersNegativeTestJSON-602003278 tempest-ServersNegativeTestJSON-602003278-project-member] Request filter 'packed_virtqueue_filter' took 0.0 seconds {{(pid=95702) wrapper /opt/stack/nova/nova/scheduler/request_filter.py:46}}
Jun 19 09:42:25.055758 np0000003266 nova-scheduler[95702]: DEBUG nova.scheduler.request_filter [None req-6f8dce96-fcb9-47ff-814a-060f86e1fd56 tempest-ServersNegativeTestJSON-602003278 tempest-ServersNegativeTestJSON-602003278-project-member] Request filter 'remote_managed_ports_filter' took 0.0 seconds {{(pid=95702) wrapper /opt/stack/nova/nova/scheduler/request_filter.py:46}}
Jun 19 09:42:25.056032 np0000003266 nova-scheduler[95702]: DEBUG nova.scheduler.request_filter [None req-6f8dce96-fcb9-47ff-814a-060f86e1fd56 tempest-ServersNegativeTestJSON-602003278 tempest-ServersNegativeTestJSON-602003278-project-member] ephemeral_encryption_filter skipped {{(pid=95702) ephemeral_encryption_filter /opt/stack/nova/nova/scheduler/request_filter.py:426}}
Jun 19 09:42:25.056032 np0000003266 nova-scheduler[95702]: DEBUG nova.scheduler.request_filter [None req-6f8dce96-fcb9-47ff-814a-060f86e1fd56 tempest-ServersNegativeTestJSON-602003278 tempest-ServersNegativeTestJSON-602003278-project-member] virtio_sound_filter skipped {{(pid=95702) virtio_sound_filter /opt/stack/nova/nova/scheduler/request_filter.py:460}}
Jun 19 09:42:25.056032 np0000003266 nova-scheduler[95702]: DEBUG nova.scheduler.request_filter [None req-6f8dce96-fcb9-47ff-814a-060f86e1fd56 tempest-ServersNegativeTestJSON-602003278 tempest-ServersNegativeTestJSON-602003278-project-member] tpm_secret_security_filter skipped {{(pid=95702) tpm_secret_security_filter /opt/stack/nova/nova/scheduler/request_filter.py:477}}
Jun 19 09:42:25.759017 np0000003266 nova-scheduler[95702]: INFO nova.utils [None req-6f8dce96-fcb9-47ff-814a-060f86e1fd56 tempest-ServersNegativeTestJSON-602003278 tempest-ServersNegativeTestJSON-602003278-project-member] The cell worker thread pool ForkProcess-1.cell_worker is initialized
Jun 19 09:42:25.759412 np0000003266 nova-scheduler[95702]: DEBUG oslo_concurrency.lockutils [None req-6f8dce96-fcb9-47ff-814a-060f86e1fd56 tempest-ServersNegativeTestJSON-602003278 tempest-ServersNegativeTestJSON-602003278-project-member] Acquiring lock "87c31a2d-6417-4489-a33f-158d2f569fe1" by "nova.context.set_target_cell..get_or_set_cached_cell_and_set_connections" {{(pid=95702) inner /opt/stack/data/venv/lib/python3.12/site-packages/oslo_concurrency/lockutils.py:511}}
Jun 19 09:42:25.759613 np0000003266 nova-scheduler[95702]: DEBUG oslo_concurrency.lockutils [None req-6f8dce96-fcb9-47ff-814a-060f86e1fd56 tempest-ServersNegativeTestJSON-602003278 tempest-ServersNegativeTestJSON-602003278-project-member] Lock "87c31a2d-6417-4489-a33f-158d2f569fe1" acquired by "nova.context.set_target_cell..get_or_set_cached_cell_and_set_connections" :: waited 0.000s {{(pid=95702) inner /opt/stack/data/venv/lib/python3.12/site-packages/oslo_concurrency/lockutils.py:524}}
Jun 19 09:42:25.761136 np0000003266 nova-scheduler[95702]: DEBUG oslo_concurrency.lockutils [None req-6f8dce96-fcb9-47ff-814a-060f86e1fd56 tempest-ServersNegativeTestJSON-602003278 tempest-ServersNegativeTestJSON-602003278-project-member] Lock "87c31a2d-6417-4489-a33f-158d2f569fe1" "released" by "nova.context.set_target_cell..get_or_set_cached_cell_and_set_connections" :: held 0.001s {{(pid=95702) inner /opt/stack/data/venv/lib/python3.12/site-packages/oslo_concurrency/lockutils.py:543}}
Jun 19 09:42:25.765470 np0000003266 nova-scheduler[95702]: INFO dbcounter [None req-6f8dce96-fcb9-47ff-814a-060f86e1fd56 tempest-ServersNegativeTestJSON-602003278 tempest-ServersNegativeTestJSON-602003278-project-member] Registered counter for database nova_cell1
Jun 19 09:42:25.803059 np0000003266 nova-scheduler[95702]: DEBUG oslo_db.sqlalchemy.engines [None req-6f8dce96-fcb9-47ff-814a-060f86e1fd56 tempest-ServersNegativeTestJSON-602003278 tempest-ServersNegativeTestJSON-602003278-project-member] MySQL server mode set to STRICT_TRANS_TABLES,STRICT_ALL_TABLES,NO_ZERO_IN_DATE,NO_ZERO_DATE,ERROR_FOR_DIVISION_BY_ZERO,TRADITIONAL,NO_ENGINE_SUBSTITUTION {{(pid=95702) _check_effective_sql_mode /opt/stack/data/venv/lib/python3.12/site-packages/oslo_db/sqlalchemy/engines.py:325}}
Jun 19 09:42:25.810025 np0000003266 nova-scheduler[95702]: DEBUG dbcounter [-] [95702] Writer thread running {{(pid=95702) stat_writer /opt/stack/data/venv/lib/python3.12/site-packages/dbcounter.py:102}}
Jun 19 09:42:25.820155 np0000003266 nova-scheduler[95702]: DEBUG oslo_db.sqlalchemy.engines [None req-6f8dce96-fcb9-47ff-814a-060f86e1fd56 tempest-ServersNegativeTestJSON-602003278 tempest-ServersNegativeTestJSON-602003278-project-member] Parent process 94506 forked (95702) with an open database connection, which is being discarded and recreated. {{(pid=95702) checkout /opt/stack/data/venv/lib/python3.12/site-packages/oslo_db/sqlalchemy/engines.py:402}}
Jun 19 09:42:25.855839 np0000003266 nova-scheduler[95702]: DEBUG dbcounter [-] [95702] Writer thread running {{(pid=95702) stat_writer /opt/stack/data/venv/lib/python3.12/site-packages/dbcounter.py:102}}
Jun 19 09:42:25.859278 np0000003266 nova-scheduler[95702]: DEBUG oslo_concurrency.lockutils [None req-6f8dce96-fcb9-47ff-814a-060f86e1fd56 tempest-ServersNegativeTestJSON-602003278 tempest-ServersNegativeTestJSON-602003278-project-member] Acquiring lock "87c31a2d-6417-4489-a33f-158d2f569fe1" by "nova.context.set_target_cell..get_or_set_cached_cell_and_set_connections" {{(pid=95702) inner /opt/stack/data/venv/lib/python3.12/site-packages/oslo_concurrency/lockutils.py:511}}
Jun 19 09:42:25.859440 np0000003266 nova-scheduler[95702]: DEBUG oslo_concurrency.lockutils [None req-6f8dce96-fcb9-47ff-814a-060f86e1fd56 tempest-ServersNegativeTestJSON-602003278 tempest-ServersNegativeTestJSON-602003278-project-member] Lock "87c31a2d-6417-4489-a33f-158d2f569fe1" acquired by "nova.context.set_target_cell..get_or_set_cached_cell_and_set_connections" :: waited 0.000s {{(pid=95702) inner /opt/stack/data/venv/lib/python3.12/site-packages/oslo_concurrency/lockutils.py:524}}
Jun 19 09:42:25.859554 np0000003266 nova-scheduler[95702]: DEBUG oslo_concurrency.lockutils [None req-6f8dce96-fcb9-47ff-814a-060f86e1fd56 tempest-ServersNegativeTestJSON-602003278 tempest-ServersNegativeTestJSON-602003278-project-member] Lock "87c31a2d-6417-4489-a33f-158d2f569fe1" "released" by "nova.context.set_target_cell..get_or_set_cached_cell_and_set_connections" :: held 0.000s {{(pid=95702) inner /opt/stack/data/venv/lib/python3.12/site-packages/oslo_concurrency/lockutils.py:543}}
Jun 19 09:42:25.862524 np0000003266 nova-scheduler[95702]: DEBUG oslo_concurrency.lockutils [None req-6f8dce96-fcb9-47ff-814a-060f86e1fd56 tempest-ServersNegativeTestJSON-602003278 tempest-ServersNegativeTestJSON-602003278-project-member] Acquiring lock "('np0000003266', 'np0000003266')" by "nova.scheduler.host_manager.HostState.update.._locked_update" {{(pid=95702) inner /opt/stack/data/venv/lib/python3.12/site-packages/oslo_concurrency/lockutils.py:511}}
Jun 19 09:42:25.862646 np0000003266 nova-scheduler[95702]: DEBUG oslo_concurrency.lockutils [None req-6f8dce96-fcb9-47ff-814a-060f86e1fd56 tempest-ServersNegativeTestJSON-602003278 tempest-ServersNegativeTestJSON-602003278-project-member] Lock "('np0000003266', 'np0000003266')" acquired by "nova.scheduler.host_manager.HostState.update.._locked_update" :: waited 0.000s {{(pid=95702) inner /opt/stack/data/venv/lib/python3.12/site-packages/oslo_concurrency/lockutils.py:524}}
Jun 19 09:42:25.863524 np0000003266 nova-scheduler[95702]: DEBUG nova.scheduler.host_manager [None req-6f8dce96-fcb9-47ff-814a-060f86e1fd56 tempest-ServersNegativeTestJSON-602003278 tempest-ServersNegativeTestJSON-602003278-project-member] Update host state from compute node: ComputeNode(cpu_allocation_ratio=4.0,cpu_info='{"arch": "x86_64", "model": "EPYC-Milan", "vendor": "AMD", "topology": {"cells": 1, "sockets": 12, "cores": 1, "threads": 1}, "maxphysaddr": {"mode": "emulate", "bits": 40}, "features": ["mce", "avx", "ssse3", "xsaveopt", "pause-filter", "tsc", "rdctl-no", "cr8legacy", "mca", "vaes", "pcid", "spec-ctrl", "vmcb-clean", "misalignsse", "lbrv", "pclmuldq", "pni", "umip", "pae", "pge", "adx", "movbe", "wbnoinvd", "sse4a", "arat", "amd-psfd", "mtrr", "clflushopt", "msr", "perfctr_core", "osvw", "fma", "ibrs", "sse", "lfence-always-serializing", "ibpb", "popcnt", "pschange-mc-no", "nx", "lahf_lm", "null-sel-clr-base", "3dnowprefetch", "sse4.1", "rdseed", "sse4.2", "nrip-save", "svme-addr-chk", "no-nested-data-bp", "rdtscp", "xsave", "vpclmulqdq", "fsgsbase", "apic", "svm", "pat", "invpcid", "npt", "topoext", "clflush", "abm", "flushbyasid", "clwb", "amd-stibp", "mmxext", "smap", "vgif", "virt-ssbd", "de", "cx16", "clzero", "syscall", "sse2", "v-vmsave-vmload", "erms", "bmi1", "arch-capabilities", "xsavec", "smep", "sep", "pku", "cmov", "xsaves", "lm", "hypervisor", "f16c", "xgetbv1", "vme", "rdpid", "rdrand", "xsaveerptr", "bmi2", "avx2", "fpu", "mds-no", "mmx", "aes", "cmp_legacy", "x2apic", "amd-ssbd", "fxsr", "pfthreshold", "tsc-deadline", "stibp", "tsc_adjust", "ssbd", "sha-ni", "skip-l1dfl-vmentry", "cx8", "fxsr_opt", "fsrm", "pse", "stibp-always-on", "pse36", "pdpe1gb", "tsc-scale", "gds-no"]}',created_at=2026-06-19T09:40:02Z,current_workload=0,deleted=False,deleted_at=None,disk_allocation_ratio=1.0,disk_available_least=74,free_disk_gb=95,free_ram_mb=23518,host='np0000003266',host_ip=10.4.3.27,hypervisor_hostname='np0000003266',hypervisor_type='QEMU',hypervisor_version=8002002,id=1,local_gb=95,local_gb_used=0,mapped=1,memory_mb=24030,memory_mb_used=512,metrics='[]',numa_topology='{"nova_object.name": "NUMATopology", "nova_object.namespace": "nova", "nova_object.version": "1.2", "nova_object.data": {"cells": [{"nova_object.name": "NUMACell", "nova_object.namespace": "nova", "nova_object.version": "1.5", "nova_object.data": {"id": 0, "cpuset": [0, 1, 2, 3, 4, 5, 6, 7, 8, 9, 10, 11], "pcpuset": [0, 1, 2, 3, 4, 5, 6, 7, 8, 9, 10, 11], "memory": 24030, "cpu_usage": 0, "memory_usage": 0, "pinned_cpus": [], "siblings": [[6], [2], [5], [11], [8], [4], [1], [7], [10], [0], [3], [9]], "mempages": [{"nova_object.name": "NUMAPagesTopology", "nova_object.namespace": "nova", "nova_object.version": "1.1", "nova_object.data": {"size_kb": 4, "total": 6151797, "used": 0, "reserved": 0}, "nova_object.changes": ["total", "reserved", "size_kb", "used"]}, {"nova_object.name": "NUMAPagesTopology", "nova_object.namespace": "nova", "nova_object.version": "1.1", "nova_object.data": {"size_kb": 2048, "total": 0, "used": 0, "reserved": 0}, "nova_object.changes": ["total", "reserved", "size_kb", "used"]}, {"nova_object.name": "NUMAPagesTopology", "nova_object.namespace": "nova", "nova_object.version": "1.1", "nova_object.data": {"size_kb": 1048576, "total": 0, "used": 0, "reserved": 0}, "nova_object.changes": ["total", "reserved", "size_kb", "used"]}], "network_metadata": {"nova_object.name": "NetworkMetadata", "nova_object.namespace": "nova", "nova_object.version": "1.0", "nova_object.data": {"physnets": [], "tunneled": false}, "nova_object.changes": ["physnets", "tunneled"]}, "socket": null}, "nova_object.changes": ["mempages", "socket", "memory", "id", "cpu_usage", "siblings", "network_metadata", "pcpuset", "memory_usage", "pinned_cpus", "cpuset"]}]}, "nova_object.changes": ["cells"]}',pci_device_pools=PciDevicePoolList,ram_allocation_ratio=1.0,running_vms=0,service_id=3,stats={failed_builds='0',uptime=' 09:41:48 up 24 min, 2 users, load average: 1.13, 1.30, 0.78
Jun 19 09:42:25.863524 np0000003266 nova-scheduler[95702]: '},supported_hv_specs=[HVSpec,HVSpec,HVSpec,HVSpec,HVSpec,HVSpec,HVSpec,HVSpec,HVSpec,HVSpec,HVSpec,HVSpec,HVSpec,HVSpec,HVSpec,HVSpec,HVSpec,HVSpec,HVSpec,HVSpec,HVSpec,HVSpec,HVSpec,HVSpec,HVSpec],updated_at=2026-06-19T09:41:50Z,uuid=afa9bb7e-e24f-4a04-b33c-30b5fbc5896f,vcpus=12,vcpus_used=0) {{(pid=95702) _locked_update /opt/stack/nova/nova/scheduler/host_manager.py:168}}
Jun 19 09:42:25.864187 np0000003266 nova-scheduler[95702]: DEBUG nova.scheduler.host_manager [None req-6f8dce96-fcb9-47ff-814a-060f86e1fd56 tempest-ServersNegativeTestJSON-602003278 tempest-ServersNegativeTestJSON-602003278-project-member] Update host state with aggregates: [] {{(pid=95702) _locked_update /opt/stack/nova/nova/scheduler/host_manager.py:171}}
Jun 19 09:42:25.864332 np0000003266 nova-scheduler[95702]: DEBUG nova.scheduler.host_manager [None req-6f8dce96-fcb9-47ff-814a-060f86e1fd56 tempest-ServersNegativeTestJSON-602003278 tempest-ServersNegativeTestJSON-602003278-project-member] Update host state with service dict: {'id': 3, 'uuid': '4c1599ec-f339-4bce-ae63-9f16c54724f2', 'host': 'np0000003266', 'binary': 'nova-compute', 'topic': 'compute', 'report_count': 2, 'disabled': False, 'disabled_reason': None, 'last_seen_up': datetime.datetime(2026, 6, 19, 9, 42, 10, tzinfo=datetime.timezone.utc), 'forced_down': False, 'version': 72, 'created_at': datetime.datetime(2026, 6, 19, 9, 40, tzinfo=datetime.timezone.utc), 'updated_at': datetime.datetime(2026, 6, 19, 9, 42, 10, tzinfo=datetime.timezone.utc), 'deleted_at': None, 'deleted': False} {{(pid=95702) _locked_update /opt/stack/nova/nova/scheduler/host_manager.py:174}}
Jun 19 09:42:25.864434 np0000003266 nova-scheduler[95702]: DEBUG nova.scheduler.host_manager [None req-6f8dce96-fcb9-47ff-814a-060f86e1fd56 tempest-ServersNegativeTestJSON-602003278 tempest-ServersNegativeTestJSON-602003278-project-member] Update host state with instances: [] {{(pid=95702) _locked_update /opt/stack/nova/nova/scheduler/host_manager.py:177}}
Jun 19 09:42:25.864554 np0000003266 nova-scheduler[95702]: DEBUG oslo_concurrency.lockutils [None req-6f8dce96-fcb9-47ff-814a-060f86e1fd56 tempest-ServersNegativeTestJSON-602003278 tempest-ServersNegativeTestJSON-602003278-project-member] Lock "('np0000003266', 'np0000003266')" "released" by "nova.scheduler.host_manager.HostState.update.._locked_update" :: held 0.002s {{(pid=95702) inner /opt/stack/data/venv/lib/python3.12/site-packages/oslo_concurrency/lockutils.py:543}}
Jun 19 09:42:25.864942 np0000003266 nova-scheduler[95702]: DEBUG nova.filters [None req-6f8dce96-fcb9-47ff-814a-060f86e1fd56 tempest-ServersNegativeTestJSON-602003278 tempest-ServersNegativeTestJSON-602003278-project-member] Starting with 1 host(s) {{(pid=95702) get_filtered_objects /opt/stack/nova/nova/filters.py:70}}
Jun 19 09:42:25.865118 np0000003266 nova-scheduler[95702]: DEBUG nova.filters [None req-6f8dce96-fcb9-47ff-814a-060f86e1fd56 tempest-ServersNegativeTestJSON-602003278 tempest-ServersNegativeTestJSON-602003278-project-member] Filter ComputeFilter returned 1 host(s) {{(pid=95702) get_filtered_objects /opt/stack/nova/nova/filters.py:102}}
Jun 19 09:42:25.865254 np0000003266 nova-scheduler[95702]: DEBUG nova.filters [None req-6f8dce96-fcb9-47ff-814a-060f86e1fd56 tempest-ServersNegativeTestJSON-602003278 tempest-ServersNegativeTestJSON-602003278-project-member] Filter ComputeCapabilitiesFilter returned 1 host(s) {{(pid=95702) get_filtered_objects /opt/stack/nova/nova/filters.py:102}}
Jun 19 09:42:25.865613 np0000003266 nova-scheduler[95702]: DEBUG nova.filters [None req-6f8dce96-fcb9-47ff-814a-060f86e1fd56 tempest-ServersNegativeTestJSON-602003278 tempest-ServersNegativeTestJSON-602003278-project-member] Filter ImagePropertiesFilter returned 1 host(s) {{(pid=95702) get_filtered_objects /opt/stack/nova/nova/filters.py:102}}
Jun 19 09:42:25.865783 np0000003266 nova-scheduler[95702]: DEBUG nova.filters [None req-6f8dce96-fcb9-47ff-814a-060f86e1fd56 tempest-ServersNegativeTestJSON-602003278 tempest-ServersNegativeTestJSON-602003278-project-member] Filter ServerGroupAntiAffinityFilter returned 1 host(s) {{(pid=95702) get_filtered_objects /opt/stack/nova/nova/filters.py:102}}
Jun 19 09:42:25.865846 np0000003266 nova-scheduler[95702]: DEBUG nova.filters [None req-6f8dce96-fcb9-47ff-814a-060f86e1fd56 tempest-ServersNegativeTestJSON-602003278 tempest-ServersNegativeTestJSON-602003278-project-member] Filter ServerGroupAffinityFilter returned 1 host(s) {{(pid=95702) get_filtered_objects /opt/stack/nova/nova/filters.py:102}}
Jun 19 09:42:25.865996 np0000003266 nova-scheduler[95702]: DEBUG nova.filters [None req-6f8dce96-fcb9-47ff-814a-060f86e1fd56 tempest-ServersNegativeTestJSON-602003278 tempest-ServersNegativeTestJSON-602003278-project-member] Filter SameHostFilter returned 1 host(s) {{(pid=95702) get_filtered_objects /opt/stack/nova/nova/filters.py:102}}
Jun 19 09:42:25.866090 np0000003266 nova-scheduler[95702]: DEBUG nova.filters [None req-6f8dce96-fcb9-47ff-814a-060f86e1fd56 tempest-ServersNegativeTestJSON-602003278 tempest-ServersNegativeTestJSON-602003278-project-member] Filter DifferentHostFilter returned 1 host(s) {{(pid=95702) get_filtered_objects /opt/stack/nova/nova/filters.py:102}}
Jun 19 09:42:25.866203 np0000003266 nova-scheduler[95702]: DEBUG nova.scheduler.manager [None req-6f8dce96-fcb9-47ff-814a-060f86e1fd56 tempest-ServersNegativeTestJSON-602003278 tempest-ServersNegativeTestJSON-602003278-project-member] Filtered [(np0000003266, np0000003266) ram: 23518MB disk: 75776MB io_ops: 0 instances: 0, allocation_candidates: 1] {{(pid=95702) _get_sorted_hosts /opt/stack/nova/nova/scheduler/manager.py:743}}
Jun 19 09:42:25.866438 np0000003266 nova-scheduler[95702]: DEBUG nova.scheduler.manager [None req-6f8dce96-fcb9-47ff-814a-060f86e1fd56 tempest-ServersNegativeTestJSON-602003278 tempest-ServersNegativeTestJSON-602003278-project-member] Weighed [WeighedHost [host: (np0000003266, np0000003266) ram: 23518MB disk: 75776MB io_ops: 0 instances: 0, allocation_candidates: 1, weight: 0.0]] {{(pid=95702) _get_sorted_hosts /opt/stack/nova/nova/scheduler/manager.py:765}}
Jun 19 09:42:25.866943 np0000003266 nova-scheduler[95702]: DEBUG nova.scheduler.utils [None req-6f8dce96-fcb9-47ff-814a-060f86e1fd56 tempest-ServersNegativeTestJSON-602003278 tempest-ServersNegativeTestJSON-602003278-project-member] Attempting to claim resources in the placement API for instance 767126d3-1942-4793-80bf-03a51fcf7a14 {{(pid=95702) claim_resources /opt/stack/nova/nova/scheduler/utils.py:1345}}
Jun 19 09:42:26.019226 np0000003266 nova-scheduler[95702]: DEBUG nova.scheduler.manager [None req-6f8dce96-fcb9-47ff-814a-060f86e1fd56 tempest-ServersNegativeTestJSON-602003278 tempest-ServersNegativeTestJSON-602003278-project-member] [instance: 767126d3-1942-4793-80bf-03a51fcf7a14] Selected host: (np0000003266, np0000003266) ram: 23518MB disk: 75776MB io_ops: 0 instances: 0, allocation_candidates: 1 {{(pid=95702) _consume_selected_host /opt/stack/nova/nova/scheduler/manager.py:625}}
Jun 19 09:42:26.019512 np0000003266 nova-scheduler[95702]: DEBUG oslo_concurrency.lockutils [None req-6f8dce96-fcb9-47ff-814a-060f86e1fd56 tempest-ServersNegativeTestJSON-602003278 tempest-ServersNegativeTestJSON-602003278-project-member] Acquiring lock "('np0000003266', 'np0000003266')" by "nova.scheduler.host_manager.HostState.consume_from_request.._locked" {{(pid=95702) inner /opt/stack/data/venv/lib/python3.12/site-packages/oslo_concurrency/lockutils.py:511}}
Jun 19 09:42:26.019662 np0000003266 nova-scheduler[95702]: DEBUG oslo_concurrency.lockutils [None req-6f8dce96-fcb9-47ff-814a-060f86e1fd56 tempest-ServersNegativeTestJSON-602003278 tempest-ServersNegativeTestJSON-602003278-project-member] Lock "('np0000003266', 'np0000003266')" acquired by "nova.scheduler.host_manager.HostState.consume_from_request.._locked" :: waited 0.000s {{(pid=95702) inner /opt/stack/data/venv/lib/python3.12/site-packages/oslo_concurrency/lockutils.py:524}}
Jun 19 09:42:26.019827 np0000003266 nova-scheduler[95702]: DEBUG oslo_concurrency.lockutils [None req-6f8dce96-fcb9-47ff-814a-060f86e1fd56 tempest-ServersNegativeTestJSON-602003278 tempest-ServersNegativeTestJSON-602003278-project-member] Lock "('np0000003266', 'np0000003266')" "released" by "nova.scheduler.host_manager.HostState.consume_from_request.._locked" :: held 0.000s {{(pid=95702) inner /opt/stack/data/venv/lib/python3.12/site-packages/oslo_concurrency/lockutils.py:543}}
Jun 19 09:42:29.380628 np0000003266 nova-scheduler[95732]: DEBUG oslo.service.backend._threading.loopingcall [None req-40bde761-4191-4e1d-b13e-e111281f1bda None None] Dynamic interval looping call 'nova.service.Service.periodic_tasks' sleeping for 60.00 seconds {{(pid=95732) _run_loop /opt/stack/data/venv/lib/python3.12/site-packages/oslo_service/backend/_threading/loopingcall.py:125}}
Jun 19 09:42:30.414365 np0000003266 nova-scheduler[95732]: DEBUG nova.scheduler.manager [None req-09d6409c-c584-4d61-8b47-d9b3af6d06d2 tempest-ServerActionsTestOtherA-1230686208 tempest-ServerActionsTestOtherA-1230686208-project-member] Starting to schedule for instances: ['040bd6c8-2f05-4189-a944-02d74fec9885'] {{(pid=95732) select_destinations /opt/stack/nova/nova/scheduler/manager.py:210}}
Jun 19 09:42:30.415696 np0000003266 nova-scheduler[95732]: DEBUG nova.scheduler.request_filter [None req-09d6409c-c584-4d61-8b47-d9b3af6d06d2 tempest-ServerActionsTestOtherA-1230686208 tempest-ServerActionsTestOtherA-1230686208-project-member] compute_status_filter request filter added forbidden trait COMPUTE_STATUS_DISABLED {{(pid=95732) compute_status_filter /opt/stack/nova/nova/scheduler/request_filter.py:253}}
Jun 19 09:42:30.415938 np0000003266 nova-scheduler[95732]: DEBUG nova.scheduler.request_filter [None req-09d6409c-c584-4d61-8b47-d9b3af6d06d2 tempest-ServerActionsTestOtherA-1230686208 tempest-ServerActionsTestOtherA-1230686208-project-member] Request filter 'compute_status_filter' took 0.0 seconds {{(pid=95732) wrapper /opt/stack/nova/nova/scheduler/request_filter.py:46}}
Jun 19 09:42:30.416266 np0000003266 nova-scheduler[95732]: DEBUG nova.scheduler.request_filter [None req-09d6409c-c584-4d61-8b47-d9b3af6d06d2 tempest-ServerActionsTestOtherA-1230686208 tempest-ServerActionsTestOtherA-1230686208-project-member] Request filter 'accelerators_filter' took 0.0 seconds {{(pid=95732) wrapper /opt/stack/nova/nova/scheduler/request_filter.py:46}}
Jun 19 09:42:30.416543 np0000003266 nova-scheduler[95732]: DEBUG nova.scheduler.request_filter [None req-09d6409c-c584-4d61-8b47-d9b3af6d06d2 tempest-ServerActionsTestOtherA-1230686208 tempest-ServerActionsTestOtherA-1230686208-project-member] Request filter 'packed_virtqueue_filter' took 0.0 seconds {{(pid=95732) wrapper /opt/stack/nova/nova/scheduler/request_filter.py:46}}
Jun 19 09:42:30.416900 np0000003266 nova-scheduler[95732]: DEBUG nova.scheduler.request_filter [None req-09d6409c-c584-4d61-8b47-d9b3af6d06d2 tempest-ServerActionsTestOtherA-1230686208 tempest-ServerActionsTestOtherA-1230686208-project-member] Request filter 'remote_managed_ports_filter' took 0.0 seconds {{(pid=95732) wrapper /opt/stack/nova/nova/scheduler/request_filter.py:46}}
Jun 19 09:42:30.417168 np0000003266 nova-scheduler[95732]: DEBUG nova.scheduler.request_filter [None req-09d6409c-c584-4d61-8b47-d9b3af6d06d2 tempest-ServerActionsTestOtherA-1230686208 tempest-ServerActionsTestOtherA-1230686208-project-member] ephemeral_encryption_filter skipped {{(pid=95732) ephemeral_encryption_filter /opt/stack/nova/nova/scheduler/request_filter.py:426}}
Jun 19 09:42:30.417874 np0000003266 nova-scheduler[95732]: DEBUG nova.scheduler.request_filter [None req-09d6409c-c584-4d61-8b47-d9b3af6d06d2 tempest-ServerActionsTestOtherA-1230686208 tempest-ServerActionsTestOtherA-1230686208-project-member] virtio_sound_filter skipped {{(pid=95732) virtio_sound_filter /opt/stack/nova/nova/scheduler/request_filter.py:460}}
Jun 19 09:42:30.417941 np0000003266 nova-scheduler[95732]: DEBUG nova.scheduler.request_filter [None req-09d6409c-c584-4d61-8b47-d9b3af6d06d2 tempest-ServerActionsTestOtherA-1230686208 tempest-ServerActionsTestOtherA-1230686208-project-member] tpm_secret_security_filter skipped {{(pid=95732) tpm_secret_security_filter /opt/stack/nova/nova/scheduler/request_filter.py:477}}
Jun 19 09:42:30.559387 np0000003266 nova-scheduler[95732]: INFO nova.utils [None req-09d6409c-c584-4d61-8b47-d9b3af6d06d2 tempest-ServerActionsTestOtherA-1230686208 tempest-ServerActionsTestOtherA-1230686208-project-member] The cell worker thread pool ForkProcess-2.cell_worker is initialized
Jun 19 09:42:30.559896 np0000003266 nova-scheduler[95732]: DEBUG oslo_concurrency.lockutils [None req-09d6409c-c584-4d61-8b47-d9b3af6d06d2 tempest-ServerActionsTestOtherA-1230686208 tempest-ServerActionsTestOtherA-1230686208-project-member] Acquiring lock "87c31a2d-6417-4489-a33f-158d2f569fe1" by "nova.context.set_target_cell..get_or_set_cached_cell_and_set_connections" {{(pid=95732) inner /opt/stack/data/venv/lib/python3.12/site-packages/oslo_concurrency/lockutils.py:511}}
Jun 19 09:42:30.561051 np0000003266 nova-scheduler[95732]: DEBUG oslo_concurrency.lockutils [None req-09d6409c-c584-4d61-8b47-d9b3af6d06d2 tempest-ServerActionsTestOtherA-1230686208 tempest-ServerActionsTestOtherA-1230686208-project-member] Lock "87c31a2d-6417-4489-a33f-158d2f569fe1" acquired by "nova.context.set_target_cell..get_or_set_cached_cell_and_set_connections" :: waited 0.000s {{(pid=95732) inner /opt/stack/data/venv/lib/python3.12/site-packages/oslo_concurrency/lockutils.py:524}}
Jun 19 09:42:30.562415 np0000003266 nova-scheduler[95732]: DEBUG oslo_concurrency.lockutils [None req-09d6409c-c584-4d61-8b47-d9b3af6d06d2 tempest-ServerActionsTestOtherA-1230686208 tempest-ServerActionsTestOtherA-1230686208-project-member] Lock "87c31a2d-6417-4489-a33f-158d2f569fe1" "released" by "nova.context.set_target_cell..get_or_set_cached_cell_and_set_connections" :: held 0.002s {{(pid=95732) inner /opt/stack/data/venv/lib/python3.12/site-packages/oslo_concurrency/lockutils.py:543}}
Jun 19 09:42:30.563986 np0000003266 nova-scheduler[95732]: INFO dbcounter [None req-09d6409c-c584-4d61-8b47-d9b3af6d06d2 tempest-ServerActionsTestOtherA-1230686208 tempest-ServerActionsTestOtherA-1230686208-project-member] Registered counter for database nova_cell1
Jun 19 09:42:30.609154 np0000003266 nova-scheduler[95732]: DEBUG oslo_db.sqlalchemy.engines [None req-09d6409c-c584-4d61-8b47-d9b3af6d06d2 tempest-ServerActionsTestOtherA-1230686208 tempest-ServerActionsTestOtherA-1230686208-project-member] MySQL server mode set to STRICT_TRANS_TABLES,STRICT_ALL_TABLES,NO_ZERO_IN_DATE,NO_ZERO_DATE,ERROR_FOR_DIVISION_BY_ZERO,TRADITIONAL,NO_ENGINE_SUBSTITUTION {{(pid=95732) _check_effective_sql_mode /opt/stack/data/venv/lib/python3.12/site-packages/oslo_db/sqlalchemy/engines.py:325}}
Jun 19 09:42:30.619471 np0000003266 nova-scheduler[95732]: DEBUG dbcounter [-] [95732] Writer thread running {{(pid=95732) stat_writer /opt/stack/data/venv/lib/python3.12/site-packages/dbcounter.py:102}}
Jun 19 09:42:30.685328 np0000003266 nova-scheduler[95732]: DEBUG dbcounter [-] [95732] Writer thread running {{(pid=95732) stat_writer /opt/stack/data/venv/lib/python3.12/site-packages/dbcounter.py:102}}
Jun 19 09:42:30.696019 np0000003266 nova-scheduler[95732]: DEBUG oslo_concurrency.lockutils [None req-09d6409c-c584-4d61-8b47-d9b3af6d06d2 tempest-ServerActionsTestOtherA-1230686208 tempest-ServerActionsTestOtherA-1230686208-project-member] Acquiring lock "87c31a2d-6417-4489-a33f-158d2f569fe1" by "nova.context.set_target_cell..get_or_set_cached_cell_and_set_connections" {{(pid=95732) inner /opt/stack/data/venv/lib/python3.12/site-packages/oslo_concurrency/lockutils.py:511}}
Jun 19 09:42:30.696187 np0000003266 nova-scheduler[95732]: DEBUG oslo_concurrency.lockutils [None req-09d6409c-c584-4d61-8b47-d9b3af6d06d2 tempest-ServerActionsTestOtherA-1230686208 tempest-ServerActionsTestOtherA-1230686208-project-member] Lock "87c31a2d-6417-4489-a33f-158d2f569fe1" acquired by "nova.context.set_target_cell..get_or_set_cached_cell_and_set_connections" :: waited 0.000s {{(pid=95732) inner /opt/stack/data/venv/lib/python3.12/site-packages/oslo_concurrency/lockutils.py:524}}
Jun 19 09:42:30.696771 np0000003266 nova-scheduler[95732]: DEBUG oslo_concurrency.lockutils [None req-09d6409c-c584-4d61-8b47-d9b3af6d06d2 tempest-ServerActionsTestOtherA-1230686208 tempest-ServerActionsTestOtherA-1230686208-project-member] Lock "87c31a2d-6417-4489-a33f-158d2f569fe1" "released" by "nova.context.set_target_cell..get_or_set_cached_cell_and_set_connections" :: held 0.000s {{(pid=95732) inner /opt/stack/data/venv/lib/python3.12/site-packages/oslo_concurrency/lockutils.py:543}}
Jun 19 09:42:30.704850 np0000003266 nova-scheduler[95732]: DEBUG oslo_concurrency.lockutils [None req-09d6409c-c584-4d61-8b47-d9b3af6d06d2 tempest-ServerActionsTestOtherA-1230686208 tempest-ServerActionsTestOtherA-1230686208-project-member] Acquiring lock "('np0000003266', 'np0000003266')" by "nova.scheduler.host_manager.HostState.update.._locked_update" {{(pid=95732) inner /opt/stack/data/venv/lib/python3.12/site-packages/oslo_concurrency/lockutils.py:511}}
