Jul 05 03:12:01.579211 np0000004559 devstack@g-api.service[99514]: DEBUG glance_store.location [-] Registering scheme swift with {'store': , 'location_class': , 'store_entry': 'swift'} {{(pid=99514) register_scheme_map /opt/stack/data/venv/lib/python3.12/site-packages/glance_store/location.py:146}}
Jul 05 03:12:01.579235 np0000004559 devstack@g-api.service[99517]: DEBUG glance_store.location [-] Registering scheme swift with {'store': , 'location_class': , 'store_entry': 'swift'} {{(pid=99517) register_scheme_map /opt/stack/data/venv/lib/python3.12/site-packages/glance_store/location.py:146}}
Jul 05 03:12:01.579260 np0000004559 devstack@g-api.service[99514]: DEBUG glance_store.location [-] Registering scheme swift+http with {'store': , 'location_class': , 'store_entry': 'swift'} {{(pid=99514) register_scheme_map /opt/stack/data/venv/lib/python3.12/site-packages/glance_store/location.py:146}}
Jul 05 03:12:01.579288 np0000004559 devstack@g-api.service[99517]: DEBUG glance_store.location [-] Registering scheme swift+http with {'store': , 'location_class': , 'store_entry': 'swift'} {{(pid=99517) register_scheme_map /opt/stack/data/venv/lib/python3.12/site-packages/glance_store/location.py:146}}
Jul 05 03:12:01.579324 np0000004559 devstack@g-api.service[99518]: DEBUG glance_store.capabilities [-] Store glance_store._drivers.swift.store.SingleTenantStore doesn't support updating dynamic storage capabilities. Please overwrite 'update_capabilities' method of the store to implement updating logics if needed. {{(pid=99518) update_capabilities /opt/stack/data/venv/lib/python3.12/site-packages/glance_store/capabilities.py:91}}
Jul 05 03:12:01.579369 np0000004559 devstack@g-api.service[99514]: DEBUG glance_store.location [-] Registering scheme swift+config with {'store': , 'location_class': , 'store_entry': 'swift'} {{(pid=99514) register_scheme_map /opt/stack/data/venv/lib/python3.12/site-packages/glance_store/location.py:146}}
Jul 05 03:12:01.579413 np0000004559 devstack@g-api.service[99517]: DEBUG glance_store.location [-] Registering scheme swift+https with {'store': , 'location_class': , 'store_entry': 'swift'} {{(pid=99517) register_scheme_map /opt/stack/data/venv/lib/python3.12/site-packages/glance_store/location.py:146}}
Jul 05 03:12:01.579446 np0000004559 devstack@g-api.service[99518]: DEBUG glance_store.driver [-] Late loading location class glance_store._drivers.swift.store.StoreLocation {{(pid=99518) get_store_location_class /opt/stack/data/venv/lib/python3.12/site-packages/glance_store/driver.py:134}}
Jul 05 03:12:01.579474 np0000004559 devstack@g-api.service[99517]: DEBUG glance_store.location [-] Registering scheme swift with {'store': , 'location_class': , 'store_entry': 'swift'} {{(pid=99517) register_scheme_map /opt/stack/data/venv/lib/python3.12/site-packages/glance_store/location.py:146}}
Jul 05 03:12:01.579474 np0000004559 devstack@g-api.service[99517]: DEBUG glance_store.location [-] Registering scheme swift+http with {'store': , 'location_class': , 'store_entry': 'swift'} {{(pid=99517) register_scheme_map /opt/stack/data/venv/lib/python3.12/site-packages/glance_store/location.py:146}}
Jul 05 03:12:01.579516 np0000004559 devstack@g-api.service[99518]: DEBUG glance_store.location [-] Registering scheme swift+https with {'store': , 'location_class': , 'store_entry': 'swift'} {{(pid=99518) register_scheme_map /opt/stack/data/venv/lib/python3.12/site-packages/glance_store/location.py:146}}
Jul 05 03:12:01.579542 np0000004559 devstack@g-api.service[99517]: DEBUG glance_store.location [-] Registering scheme swift+config with {'store': , 'location_class': , 'store_entry': 'swift'} {{(pid=99517) register_scheme_map /opt/stack/data/venv/lib/python3.12/site-packages/glance_store/location.py:146}}
Jul 05 03:12:01.579566 np0000004559 devstack@g-api.service[99518]: DEBUG glance_store.location [-] Registering scheme swift+https with {'store': , 'location_class': , 'store_entry': 'swift'} {{(pid=99518) register_scheme_map /opt/stack/data/venv/lib/python3.12/site-packages/glance_store/location.py:146}}
Jul 05 03:12:01.579566 np0000004559 devstack@g-api.service[99518]: DEBUG glance_store.location [-] Registering scheme swift with {'store': , 'location_class': , 'store_entry': 'swift'} {{(pid=99518) register_scheme_map /opt/stack/data/venv/lib/python3.12/site-packages/glance_store/location.py:146}}
Jul 05 03:12:01.579566 np0000004559 devstack@g-api.service[99518]: DEBUG glance_store.location [-] Registering scheme swift+https with {'store': , 'location_class': , 'store_entry': 'swift'} {{(pid=99518) register_scheme_map /opt/stack/data/venv/lib/python3.12/site-packages/glance_store/location.py:146}}
Jul 05 03:12:01.579629 np0000004559 devstack@g-api.service[99514]: DEBUG glance.sqlite_migration [-] SQLite caching database not located, skipping migration {{(pid=99514) get_db_path /opt/stack/glance/glance/sqlite_migration.py:68}}
Jul 05 03:12:01.579658 np0000004559 devstack@g-api.service[99518]: DEBUG glance_store.location [-] Registering scheme swift with {'store': , 'location_class': , 'store_entry': 'swift'} {{(pid=99518) register_scheme_map /opt/stack/data/venv/lib/python3.12/site-packages/glance_store/location.py:146}}
Jul 05 03:12:01.579658 np0000004559 devstack@g-api.service[99518]: DEBUG glance_store.location [-] Registering scheme swift+http with {'store': , 'location_class': , 'store_entry': 'swift'} {{(pid=99518) register_scheme_map /opt/stack/data/venv/lib/python3.12/site-packages/glance_store/location.py:146}}
Jul 05 03:12:01.579709 np0000004559 devstack@g-api.service[99517]: DEBUG glance.sqlite_migration [-] SQLite caching database not located, skipping migration {{(pid=99517) get_db_path /opt/stack/glance/glance/sqlite_migration.py:68}}
Jul 05 03:12:01.579734 np0000004559 devstack@g-api.service[99518]: DEBUG glance_store.location [-] Registering scheme swift+https with {'store': , 'location_class': , 'store_entry': 'swift'} {{(pid=99518) register_scheme_map /opt/stack/data/venv/lib/python3.12/site-packages/glance_store/location.py:146}}
Jul 05 03:12:01.579734 np0000004559 devstack@g-api.service[99518]: DEBUG glance_store.location [-] Registering scheme swift with {'store': , 'location_class': , 'store_entry': 'swift'} {{(pid=99518) register_scheme_map /opt/stack/data/venv/lib/python3.12/site-packages/glance_store/location.py:146}}
Jul 05 03:12:01.579800 np0000004559 devstack@g-api.service[99514]: WARNING glance.common.wsgi_app [-] Import methods are enabled but staging directory /tmp/staging/ does not exist; Imports will fail!
Jul 05 03:12:01.579835 np0000004559 devstack@g-api.service[99518]: DEBUG glance_store.location [-] Registering scheme swift+http with {'store': , 'location_class': , 'store_entry': 'swift'} {{(pid=99518) register_scheme_map /opt/stack/data/venv/lib/python3.12/site-packages/glance_store/location.py:146}}
Jul 05 03:12:01.579835 np0000004559 devstack@g-api.service[99518]: DEBUG glance_store.location [-] Registering scheme swift+config with {'store': , 'location_class': , 'store_entry': 'swift'} {{(pid=99518) register_scheme_map /opt/stack/data/venv/lib/python3.12/site-packages/glance_store/location.py:146}}
Jul 05 03:12:01.579885 np0000004559 devstack@g-api.service[99517]: WARNING glance.common.wsgi_app [-] Import methods are enabled but staging directory /tmp/staging/ does not exist; Imports will fail!
Jul 05 03:12:01.580102 np0000004559 devstack@g-api.service[99518]: DEBUG glance.sqlite_migration [-] SQLite caching database not located, skipping migration {{(pid=99518) get_db_path /opt/stack/glance/glance/sqlite_migration.py:68}}
Jul 05 03:12:01.580273 np0000004559 devstack@g-api.service[99518]: WARNING glance.common.wsgi_app [-] Import methods are enabled but staging directory /tmp/staging/ does not exist; Imports will fail!
Jul 05 03:12:01.708147 np0000004559 devstack@g-api.service[99514]: DEBUG glance.common.config [None req-231d5139-d0d6-46b0-b31c-0f5050a98062 None None] Loading glance-api-keystone+cachemanagement from /etc/glance/glance-api-paste.ini {{(pid=99514) load_paste_app /opt/stack/glance/glance/common/config.py:765}}
Jul 05 03:12:01.712032 np0000004559 devstack@g-api.service[99517]: DEBUG glance.common.config [None req-ae59f7d7-64cf-4dd5-b15c-06d7620118ea None None] Loading glance-api-keystone+cachemanagement from /etc/glance/glance-api-paste.ini {{(pid=99517) load_paste_app /opt/stack/glance/glance/common/config.py:765}}
Jul 05 03:12:01.714344 np0000004559 devstack@g-api.service[99518]: DEBUG glance.common.config [None req-a4001999-615a-4841-824f-42130b1594d3 None None] Loading glance-api-keystone+cachemanagement from /etc/glance/glance-api-paste.ini {{(pid=99518) load_paste_app /opt/stack/glance/glance/common/config.py:765}}
Jul 05 03:12:02.298353 np0000004559 devstack@g-api.service[99517]: INFO glance.image_cache [None req-ae59f7d7-64cf-4dd5-b15c-06d7620118ea None None] Image cache loaded driver 'centralized_db'.
Jul 05 03:12:02.305425 np0000004559 devstack@g-api.service[99518]: INFO glance.image_cache [None req-a4001999-615a-4841-824f-42130b1594d3 None None] Image cache loaded driver 'centralized_db'.
Jul 05 03:12:02.305972 np0000004559 devstack@g-api.service[99514]: INFO glance.image_cache [None req-231d5139-d0d6-46b0-b31c-0f5050a98062 None None] Image cache loaded driver 'centralized_db'.
Jul 05 03:12:02.340218 np0000004559 devstack@g-api.service[99517]: INFO dbcounter [None req-ae59f7d7-64cf-4dd5-b15c-06d7620118ea None None] Registered counter for database glance
Jul 05 03:12:02.349302 np0000004559 devstack@g-api.service[99518]: INFO dbcounter [None req-a4001999-615a-4841-824f-42130b1594d3 None None] Registered counter for database glance
Jul 05 03:12:02.349388 np0000004559 devstack@g-api.service[99514]: INFO dbcounter [None req-231d5139-d0d6-46b0-b31c-0f5050a98062 None None] Registered counter for database glance
Jul 05 03:12:02.375497 np0000004559 devstack@g-api.service[99517]: DEBUG oslo_db.sqlalchemy.engines [None req-ae59f7d7-64cf-4dd5-b15c-06d7620118ea None None] MySQL server mode set to STRICT_TRANS_TABLES,STRICT_ALL_TABLES,NO_ZERO_IN_DATE,NO_ZERO_DATE,ERROR_FOR_DIVISION_BY_ZERO,TRADITIONAL,NO_ENGINE_SUBSTITUTION {{(pid=99517) _check_effective_sql_mode /opt/stack/data/venv/lib/python3.12/site-packages/oslo_db/sqlalchemy/engines.py:325}}
Jul 05 03:12:02.385334 np0000004559 devstack@g-api.service[99518]: DEBUG oslo_db.sqlalchemy.engines [None req-a4001999-615a-4841-824f-42130b1594d3 None None] MySQL server mode set to STRICT_TRANS_TABLES,STRICT_ALL_TABLES,NO_ZERO_IN_DATE,NO_ZERO_DATE,ERROR_FOR_DIVISION_BY_ZERO,TRADITIONAL,NO_ENGINE_SUBSTITUTION {{(pid=99518) _check_effective_sql_mode /opt/stack/data/venv/lib/python3.12/site-packages/oslo_db/sqlalchemy/engines.py:325}}
Jul 05 03:12:02.386306 np0000004559 devstack@g-api.service[99514]: DEBUG oslo_db.sqlalchemy.engines [None req-231d5139-d0d6-46b0-b31c-0f5050a98062 None None] MySQL server mode set to STRICT_TRANS_TABLES,STRICT_ALL_TABLES,NO_ZERO_IN_DATE,NO_ZERO_DATE,ERROR_FOR_DIVISION_BY_ZERO,TRADITIONAL,NO_ENGINE_SUBSTITUTION {{(pid=99514) _check_effective_sql_mode /opt/stack/data/venv/lib/python3.12/site-packages/oslo_db/sqlalchemy/engines.py:325}}
Jul 05 03:12:02.394989 np0000004559 devstack@g-api.service[99517]: DEBUG dbcounter [-] [99517] Writer thread running {{(pid=99517) stat_writer /opt/stack/data/venv/lib/python3.12/site-packages/dbcounter.py:102}}
Jul 05 03:12:02.405877 np0000004559 devstack@g-api.service[99518]: DEBUG dbcounter [-] [99518] Writer thread running {{(pid=99518) stat_writer /opt/stack/data/venv/lib/python3.12/site-packages/dbcounter.py:102}}
Jul 05 03:12:02.406758 np0000004559 devstack@g-api.service[99517]: INFO glance.image_cache [None req-ae59f7d7-64cf-4dd5-b15c-06d7620118ea None None] Image cache loaded driver 'centralized_db'.
Jul 05 03:12:02.407265 np0000004559 devstack@g-api.service[99514]: DEBUG dbcounter [-] [99514] Writer thread running {{(pid=99514) stat_writer /opt/stack/data/venv/lib/python3.12/site-packages/dbcounter.py:102}}
Jul 05 03:12:02.409542 np0000004559 devstack@g-api.service[99518]: DEBUG glance.image_cache.drivers.centralized_db [None req-a4001999-615a-4841-824f-42130b1594d3 None None] Node reference is already recorded, ignoring it {{(pid=99518) configure /opt/stack/glance/glance/image_cache/drivers/centralized_db.py:71}}
Jul 05 03:12:02.411144 np0000004559 devstack@g-api.service[99514]: DEBUG glance.image_cache.drivers.centralized_db [None req-231d5139-d0d6-46b0-b31c-0f5050a98062 None None] Node reference is already recorded, ignoring it {{(pid=99514) configure /opt/stack/glance/glance/image_cache/drivers/centralized_db.py:71}}
Jul 05 03:12:02.415894 np0000004559 devstack@g-api.service[99518]: INFO glance.image_cache [None req-a4001999-615a-4841-824f-42130b1594d3 None None] Image cache loaded driver 'centralized_db'.
Jul 05 03:12:02.416423 np0000004559 devstack@g-api.service[99514]: INFO glance.image_cache [None req-231d5139-d0d6-46b0-b31c-0f5050a98062 None None] Image cache loaded driver 'centralized_db'.
Jul 05 03:12:02.500172 np0000004559 devstack@g-api.service[99517]: DEBUG glance.image_cache.drivers.centralized_db [None req-ae59f7d7-64cf-4dd5-b15c-06d7620118ea None None] Node reference is already recorded, ignoring it {{(pid=99517) configure /opt/stack/glance/glance/image_cache/drivers/centralized_db.py:71}}
Jul 05 03:12:02.504406 np0000004559 devstack@g-api.service[99517]: DEBUG glance.api.v2.cached_images [None req-ae59f7d7-64cf-4dd5-b15c-06d7620118ea None None] Started cache worker thread {{(pid=99517) __init__ /opt/stack/glance/glance/api/v2/cached_images.py:71}}
Jul 05 03:12:02.504967 np0000004559 devstack@g-api.service[99517]: INFO glance.image_cache [None req-ae59f7d7-64cf-4dd5-b15c-06d7620118ea None None] Image cache loaded driver 'centralized_db'.
Jul 05 03:12:02.511409 np0000004559 devstack@g-api.service[99517]: DEBUG glance.image_cache.drivers.centralized_db [None req-ae59f7d7-64cf-4dd5-b15c-06d7620118ea None None] Node reference is already recorded, ignoring it {{(pid=99517) configure /opt/stack/glance/glance/image_cache/drivers/centralized_db.py:71}}
Jul 05 03:12:02.511867 np0000004559 devstack@g-api.service[99518]: DEBUG glance.image_cache.drivers.centralized_db [None req-a4001999-615a-4841-824f-42130b1594d3 None None] Node reference is already recorded, ignoring it {{(pid=99518) configure /opt/stack/glance/glance/image_cache/drivers/centralized_db.py:71}}
Jul 05 03:12:02.512684 np0000004559 devstack@g-api.service[99514]: DEBUG glance.image_cache.drivers.centralized_db [None req-231d5139-d0d6-46b0-b31c-0f5050a98062 None None] Node reference is already recorded, ignoring it {{(pid=99514) configure /opt/stack/glance/glance/image_cache/drivers/centralized_db.py:71}}
Jul 05 03:12:02.515904 np0000004559 devstack@g-api.service[99517]: INFO glance.api.middleware.cache_manage [None req-ae59f7d7-64cf-4dd5-b15c-06d7620118ea None None] Initialized image cache management middleware
Jul 05 03:12:02.516061 np0000004559 devstack@g-api.service[99517]: INFO glance.image_cache [None req-ae59f7d7-64cf-4dd5-b15c-06d7620118ea None None] Image cache loaded driver 'centralized_db'.
Jul 05 03:12:02.516716 np0000004559 devstack@g-api.service[99518]: DEBUG glance.api.v2.cached_images [None req-a4001999-615a-4841-824f-42130b1594d3 None None] Started cache worker thread {{(pid=99518) __init__ /opt/stack/glance/glance/api/v2/cached_images.py:71}}
Jul 05 03:12:02.517131 np0000004559 devstack@g-api.service[99514]: DEBUG glance.api.v2.cached_images [None req-231d5139-d0d6-46b0-b31c-0f5050a98062 None None] Started cache worker thread {{(pid=99514) __init__ /opt/stack/glance/glance/api/v2/cached_images.py:71}}
Jul 05 03:12:02.517444 np0000004559 devstack@g-api.service[99518]: INFO glance.image_cache [None req-a4001999-615a-4841-824f-42130b1594d3 None None] Image cache loaded driver 'centralized_db'.
Jul 05 03:12:02.517676 np0000004559 devstack@g-api.service[99514]: INFO glance.image_cache [None req-231d5139-d0d6-46b0-b31c-0f5050a98062 None None] Image cache loaded driver 'centralized_db'.
Jul 05 03:12:02.522324 np0000004559 devstack@g-api.service[99517]: DEBUG glance.image_cache.drivers.centralized_db [None req-ae59f7d7-64cf-4dd5-b15c-06d7620118ea None None] Node reference is already recorded, ignoring it {{(pid=99517) configure /opt/stack/glance/glance/image_cache/drivers/centralized_db.py:71}}
Jul 05 03:12:02.523504 np0000004559 devstack@g-api.service[99518]: DEBUG glance.image_cache.drivers.centralized_db [None req-a4001999-615a-4841-824f-42130b1594d3 None None] Node reference is already recorded, ignoring it {{(pid=99518) configure /opt/stack/glance/glance/image_cache/drivers/centralized_db.py:71}}
Jul 05 03:12:02.523812 np0000004559 devstack@g-api.service[99514]: DEBUG glance.image_cache.drivers.centralized_db [None req-231d5139-d0d6-46b0-b31c-0f5050a98062 None None] Node reference is already recorded, ignoring it {{(pid=99514) configure /opt/stack/glance/glance/image_cache/drivers/centralized_db.py:71}}
Jul 05 03:12:02.525800 np0000004559 devstack@g-api.service[99517]: INFO glance.api.middleware.cache [None req-ae59f7d7-64cf-4dd5-b15c-06d7620118ea None None] Initialized image cache middleware
Jul 05 03:12:02.528165 np0000004559 devstack@g-api.service[99514]: INFO glance.api.middleware.cache_manage [None req-231d5139-d0d6-46b0-b31c-0f5050a98062 None None] Initialized image cache management middleware
Jul 05 03:12:02.528226 np0000004559 devstack@g-api.service[99518]: INFO glance.api.middleware.cache_manage [None req-a4001999-615a-4841-824f-42130b1594d3 None None] Initialized image cache management middleware
Jul 05 03:12:02.528286 np0000004559 devstack@g-api.service[99514]: INFO glance.image_cache [None req-231d5139-d0d6-46b0-b31c-0f5050a98062 None None] Image cache loaded driver 'centralized_db'.
Jul 05 03:12:02.528333 np0000004559 devstack@g-api.service[99518]: INFO glance.image_cache [None req-a4001999-615a-4841-824f-42130b1594d3 None None] Image cache loaded driver 'centralized_db'.
Jul 05 03:12:02.534824 np0000004559 devstack@g-api.service[99514]: DEBUG glance.image_cache.drivers.centralized_db [None req-231d5139-d0d6-46b0-b31c-0f5050a98062 None None] Node reference is already recorded, ignoring it {{(pid=99514) configure /opt/stack/glance/glance/image_cache/drivers/centralized_db.py:71}}
Jul 05 03:12:02.535942 np0000004559 devstack@g-api.service[99518]: DEBUG glance.image_cache.drivers.centralized_db [None req-a4001999-615a-4841-824f-42130b1594d3 None None] Node reference is already recorded, ignoring it {{(pid=99518) configure /opt/stack/glance/glance/image_cache/drivers/centralized_db.py:71}}
Jul 05 03:12:02.536530 np0000004559 devstack@g-api.service[99517]: DEBUG glance.common.config [None req-ae59f7d7-64cf-4dd5-b15c-06d7620118ea None None] ******************************************************************************** {{(pid=99517) log_opt_values /opt/stack/data/venv/lib/python3.12/site-packages/oslo_config/cfg.py:3226}}
Jul 05 03:12:02.536649 np0000004559 devstack@g-api.service[99517]: DEBUG glance.common.config [None req-ae59f7d7-64cf-4dd5-b15c-06d7620118ea None None] Configuration options gathered from: {{(pid=99517) log_opt_values /opt/stack/data/venv/lib/python3.12/site-packages/oslo_config/cfg.py:3227}}
Jul 05 03:12:02.536959 np0000004559 devstack@g-api.service[99517]: DEBUG glance.common.config [None req-ae59f7d7-64cf-4dd5-b15c-06d7620118ea None None] command line args: [] {{(pid=99517) log_opt_values /opt/stack/data/venv/lib/python3.12/site-packages/oslo_config/cfg.py:3228}}
Jul 05 03:12:02.537123 np0000004559 devstack@g-api.service[99517]: DEBUG glance.common.config [None req-ae59f7d7-64cf-4dd5-b15c-06d7620118ea None None] config files: ['/etc/glance/glance-image-import.conf', '/etc/glance/glance-api.conf'] {{(pid=99517) log_opt_values /opt/stack/data/venv/lib/python3.12/site-packages/oslo_config/cfg.py:3229}}
Jul 05 03:12:02.537239 np0000004559 devstack@g-api.service[99517]: DEBUG glance.common.config [None req-ae59f7d7-64cf-4dd5-b15c-06d7620118ea None None] ================================================================================ {{(pid=99517) log_opt_values /opt/stack/data/venv/lib/python3.12/site-packages/oslo_config/cfg.py:3234}}
Jul 05 03:12:02.537415 np0000004559 devstack@g-api.service[99517]: DEBUG glance.common.config [None req-ae59f7d7-64cf-4dd5-b15c-06d7620118ea None None] allow_anonymous_access = False {{(pid=99517) log_opt_values /opt/stack/data/venv/lib/python3.12/site-packages/oslo_config/cfg.py:3242}}
Jul 05 03:12:02.537515 np0000004559 devstack@g-api.service[99517]: DEBUG glance.common.config [None req-ae59f7d7-64cf-4dd5-b15c-06d7620118ea None None] api_limit_max = 1000 {{(pid=99517) log_opt_values /opt/stack/data/venv/lib/python3.12/site-packages/oslo_config/cfg.py:3242}}
Jul 05 03:12:02.537619 np0000004559 devstack@g-api.service[99517]: DEBUG glance.common.config [None req-ae59f7d7-64cf-4dd5-b15c-06d7620118ea None None] config_dir = [] {{(pid=99517) log_opt_values /opt/stack/data/venv/lib/python3.12/site-packages/oslo_config/cfg.py:3242}}
Jul 05 03:12:02.537685 np0000004559 devstack@g-api.service[99517]: DEBUG glance.common.config [None req-ae59f7d7-64cf-4dd5-b15c-06d7620118ea None None] config_file = ['/etc/glance/glance-image-import.conf', '/etc/glance/glance-api.conf'] {{(pid=99517) log_opt_values /opt/stack/data/venv/lib/python3.12/site-packages/oslo_config/cfg.py:3242}}
Jul 05 03:12:02.537789 np0000004559 devstack@g-api.service[99517]: DEBUG glance.common.config [None req-ae59f7d7-64cf-4dd5-b15c-06d7620118ea None None] config_source = [] {{(pid=99517) log_opt_values /opt/stack/data/venv/lib/python3.12/site-packages/oslo_config/cfg.py:3242}}
Jul 05 03:12:02.537888 np0000004559 devstack@g-api.service[99517]: DEBUG glance.common.config [None req-ae59f7d7-64cf-4dd5-b15c-06d7620118ea None None] control_exchange = glance {{(pid=99517) log_opt_values /opt/stack/data/venv/lib/python3.12/site-packages/oslo_config/cfg.py:3242}}
Jul 05 03:12:02.537962 np0000004559 devstack@g-api.service[99517]: DEBUG glance.common.config [None req-ae59f7d7-64cf-4dd5-b15c-06d7620118ea None None] debug = True {{(pid=99517) log_opt_values /opt/stack/data/venv/lib/python3.12/site-packages/oslo_config/cfg.py:3242}}
Jul 05 03:12:02.538118 np0000004559 devstack@g-api.service[99517]: DEBUG glance.common.config [None req-ae59f7d7-64cf-4dd5-b15c-06d7620118ea None None] default_log_levels = ['amqp=WARN', 'boto=WARN', 'sqlalchemy=WARN', 'suds=INFO', 'oslo.messaging=INFO', 'oslo_messaging=INFO', 'iso8601=WARN', 'requests.packages.urllib3.connectionpool=WARN', 'urllib3.connectionpool=WARN', 'websocket=WARN', 'requests.packages.urllib3.util.retry=WARN', 'urllib3.util.retry=WARN', 'keystonemiddleware=WARN', 'routes.middleware=WARN', 'stevedore=WARN', 'taskflow=WARN', 'keystoneauth=WARN', 'oslo.cache=INFO', 'oslo_policy=INFO', 'dogpile.core.dogpile=INFO'] {{(pid=99517) log_opt_values /opt/stack/data/venv/lib/python3.12/site-packages/oslo_config/cfg.py:3242}}
Jul 05 03:12:02.538201 np0000004559 devstack@g-api.service[99517]: DEBUG glance.common.config [None req-ae59f7d7-64cf-4dd5-b15c-06d7620118ea None None] default_publisher_id = image.localhost {{(pid=99517) log_opt_values /opt/stack/data/venv/lib/python3.12/site-packages/oslo_config/cfg.py:3242}}
Jul 05 03:12:02.538239 np0000004559 devstack@g-api.service[99514]: INFO glance.api.middleware.cache [None req-231d5139-d0d6-46b0-b31c-0f5050a98062 None None] Initialized image cache middleware
Jul 05 03:12:02.538286 np0000004559 devstack@g-api.service[99517]: DEBUG glance.common.config [None req-ae59f7d7-64cf-4dd5-b15c-06d7620118ea None None] delayed_delete = False {{(pid=99517) log_opt_values /opt/stack/data/venv/lib/python3.12/site-packages/oslo_config/cfg.py:3242}}
Jul 05 03:12:02.538382 np0000004559 devstack@g-api.service[99517]: DEBUG glance.common.config [None req-ae59f7d7-64cf-4dd5-b15c-06d7620118ea None None] digest_algorithm = sha256 {{(pid=99517) log_opt_values /opt/stack/data/venv/lib/python3.12/site-packages/oslo_config/cfg.py:3242}}
Jul 05 03:12:02.538490 np0000004559 devstack@g-api.service[99517]: DEBUG glance.common.config [None req-ae59f7d7-64cf-4dd5-b15c-06d7620118ea None None] disabled_notifications = [] {{(pid=99517) log_opt_values /opt/stack/data/venv/lib/python3.12/site-packages/oslo_config/cfg.py:3242}}
Jul 05 03:12:02.538576 np0000004559 devstack@g-api.service[99517]: DEBUG glance.common.config [None req-ae59f7d7-64cf-4dd5-b15c-06d7620118ea None None] do_secure_hash = True {{(pid=99517) log_opt_values /opt/stack/data/venv/lib/python3.12/site-packages/oslo_config/cfg.py:3242}}
Jul 05 03:12:02.538660 np0000004559 devstack@g-api.service[99517]: DEBUG glance.common.config [None req-ae59f7d7-64cf-4dd5-b15c-06d7620118ea None None] enabled_backends = None {{(pid=99517) log_opt_values /opt/stack/data/venv/lib/python3.12/site-packages/oslo_config/cfg.py:3242}}
Jul 05 03:12:02.538769 np0000004559 devstack@g-api.service[99517]: DEBUG glance.common.config [None req-ae59f7d7-64cf-4dd5-b15c-06d7620118ea None None] enabled_import_methods = ['glance-direct', 'web-download', 'copy-image'] {{(pid=99517) log_opt_values /opt/stack/data/venv/lib/python3.12/site-packages/oslo_config/cfg.py:3242}}
Jul 05 03:12:02.538878 np0000004559 devstack@g-api.service[99517]: DEBUG glance.common.config [None req-ae59f7d7-64cf-4dd5-b15c-06d7620118ea None None] fatal_deprecations = False {{(pid=99517) log_opt_values /opt/stack/data/venv/lib/python3.12/site-packages/oslo_config/cfg.py:3242}}
Jul 05 03:12:02.539014 np0000004559 devstack@g-api.service[99517]: DEBUG glance.common.config [None req-ae59f7d7-64cf-4dd5-b15c-06d7620118ea None None] hashing_algorithm = sha512 {{(pid=99517) log_opt_values /opt/stack/data/venv/lib/python3.12/site-packages/oslo_config/cfg.py:3242}}
Jul 05 03:12:02.539137 np0000004559 devstack@g-api.service[99517]: DEBUG glance.common.config [None req-ae59f7d7-64cf-4dd5-b15c-06d7620118ea None None] http_retries = 3 {{(pid=99517) log_opt_values /opt/stack/data/venv/lib/python3.12/site-packages/oslo_config/cfg.py:3242}}
Jul 05 03:12:02.539236 np0000004559 devstack@g-api.service[99517]: DEBUG glance.common.config [None req-ae59f7d7-64cf-4dd5-b15c-06d7620118ea None None] image_cache_dir = /opt/stack/data/glance/cache/ {{(pid=99517) log_opt_values /opt/stack/data/venv/lib/python3.12/site-packages/oslo_config/cfg.py:3242}}
Jul 05 03:12:02.539325 np0000004559 devstack@g-api.service[99517]: DEBUG glance.common.config [None req-ae59f7d7-64cf-4dd5-b15c-06d7620118ea None None] image_cache_driver = centralized_db {{(pid=99517) log_opt_values /opt/stack/data/venv/lib/python3.12/site-packages/oslo_config/cfg.py:3242}}
Jul 05 03:12:02.539378 np0000004559 devstack@g-api.service[99518]: INFO glance.api.middleware.cache [None req-a4001999-615a-4841-824f-42130b1594d3 None None] Initialized image cache middleware
Jul 05 03:12:02.539420 np0000004559 devstack@g-api.service[99517]: DEBUG glance.common.config [None req-ae59f7d7-64cf-4dd5-b15c-06d7620118ea None None] image_cache_max_size = 10737418240 {{(pid=99517) log_opt_values /opt/stack/data/venv/lib/python3.12/site-packages/oslo_config/cfg.py:3242}}
Jul 05 03:12:02.539495 np0000004559 devstack@g-api.service[99517]: DEBUG glance.common.config [None req-ae59f7d7-64cf-4dd5-b15c-06d7620118ea None None] image_cache_sqlite_db = cache.db {{(pid=99517) log_opt_values /opt/stack/data/venv/lib/python3.12/site-packages/oslo_config/cfg.py:3242}}
Jul 05 03:12:02.539582 np0000004559 devstack@g-api.service[99517]: DEBUG glance.common.config [None req-ae59f7d7-64cf-4dd5-b15c-06d7620118ea None None] image_cache_stall_time = 86400 {{(pid=99517) log_opt_values /opt/stack/data/venv/lib/python3.12/site-packages/oslo_config/cfg.py:3242}}
Jul 05 03:12:02.539665 np0000004559 devstack@g-api.service[99517]: DEBUG glance.common.config [None req-ae59f7d7-64cf-4dd5-b15c-06d7620118ea None None] image_location_quota = 10 {{(pid=99517) log_opt_values /opt/stack/data/venv/lib/python3.12/site-packages/oslo_config/cfg.py:3242}}
Jul 05 03:12:02.539745 np0000004559 devstack@g-api.service[99517]: DEBUG glance.common.config [None req-ae59f7d7-64cf-4dd5-b15c-06d7620118ea None None] image_member_quota = 128 {{(pid=99517) log_opt_values /opt/stack/data/venv/lib/python3.12/site-packages/oslo_config/cfg.py:3242}}
Jul 05 03:12:02.539848 np0000004559 devstack@g-api.service[99517]: DEBUG glance.common.config [None req-ae59f7d7-64cf-4dd5-b15c-06d7620118ea None None] image_property_quota = 128 {{(pid=99517) log_opt_values /opt/stack/data/venv/lib/python3.12/site-packages/oslo_config/cfg.py:3242}}
Jul 05 03:12:02.539947 np0000004559 devstack@g-api.service[99517]: DEBUG glance.common.config [None req-ae59f7d7-64cf-4dd5-b15c-06d7620118ea None None] image_size_cap = 1099511627776 {{(pid=99517) log_opt_values /opt/stack/data/venv/lib/python3.12/site-packages/oslo_config/cfg.py:3242}}
Jul 05 03:12:02.540054 np0000004559 devstack@g-api.service[99517]: DEBUG glance.common.config [None req-ae59f7d7-64cf-4dd5-b15c-06d7620118ea None None] image_tag_quota = 128 {{(pid=99517) log_opt_values /opt/stack/data/venv/lib/python3.12/site-packages/oslo_config/cfg.py:3242}}
Jul 05 03:12:02.540147 np0000004559 devstack@g-api.service[99517]: DEBUG glance.common.config [None req-ae59f7d7-64cf-4dd5-b15c-06d7620118ea None None] instance_format = [instance: %(uuid)s] {{(pid=99517) log_opt_values /opt/stack/data/venv/lib/python3.12/site-packages/oslo_config/cfg.py:3242}}
Jul 05 03:12:02.540235 np0000004559 devstack@g-api.service[99517]: DEBUG glance.common.config [None req-ae59f7d7-64cf-4dd5-b15c-06d7620118ea None None] instance_uuid_format = [instance: %(uuid)s] {{(pid=99517) log_opt_values /opt/stack/data/venv/lib/python3.12/site-packages/oslo_config/cfg.py:3242}}
Jul 05 03:12:02.540319 np0000004559 devstack@g-api.service[99517]: DEBUG glance.common.config [None req-ae59f7d7-64cf-4dd5-b15c-06d7620118ea None None] limit_param_default = 25 {{(pid=99517) log_opt_values /opt/stack/data/venv/lib/python3.12/site-packages/oslo_config/cfg.py:3242}}
Jul 05 03:12:02.540437 np0000004559 devstack@g-api.service[99517]: DEBUG glance.common.config [None req-ae59f7d7-64cf-4dd5-b15c-06d7620118ea None None] log_color = False {{(pid=99517) log_opt_values /opt/stack/data/venv/lib/python3.12/site-packages/oslo_config/cfg.py:3242}}
Jul 05 03:12:02.540530 np0000004559 devstack@g-api.service[99517]: DEBUG glance.common.config [None req-ae59f7d7-64cf-4dd5-b15c-06d7620118ea None None] log_config_append = None {{(pid=99517) log_opt_values /opt/stack/data/venv/lib/python3.12/site-packages/oslo_config/cfg.py:3242}}
Jul 05 03:12:02.540620 np0000004559 devstack@g-api.service[99517]: DEBUG glance.common.config [None req-ae59f7d7-64cf-4dd5-b15c-06d7620118ea None None] log_date_format = %Y-%m-%d %H:%M:%S {{(pid=99517) log_opt_values /opt/stack/data/venv/lib/python3.12/site-packages/oslo_config/cfg.py:3242}}
Jul 05 03:12:02.540704 np0000004559 devstack@g-api.service[99517]: DEBUG glance.common.config [None req-ae59f7d7-64cf-4dd5-b15c-06d7620118ea None None] log_dir = None {{(pid=99517) log_opt_values /opt/stack/data/venv/lib/python3.12/site-packages/oslo_config/cfg.py:3242}}
Jul 05 03:12:02.540805 np0000004559 devstack@g-api.service[99517]: DEBUG glance.common.config [None req-ae59f7d7-64cf-4dd5-b15c-06d7620118ea None None] log_file = None {{(pid=99517) log_opt_values /opt/stack/data/venv/lib/python3.12/site-packages/oslo_config/cfg.py:3242}}
Jul 05 03:12:02.540890 np0000004559 devstack@g-api.service[99517]: DEBUG glance.common.config [None req-ae59f7d7-64cf-4dd5-b15c-06d7620118ea None None] log_rotate_interval = 1 {{(pid=99517) log_opt_values /opt/stack/data/venv/lib/python3.12/site-packages/oslo_config/cfg.py:3242}}
Jul 05 03:12:02.541011 np0000004559 devstack@g-api.service[99517]: DEBUG glance.common.config [None req-ae59f7d7-64cf-4dd5-b15c-06d7620118ea None None] log_rotate_interval_type = days {{(pid=99517) log_opt_values /opt/stack/data/venv/lib/python3.12/site-packages/oslo_config/cfg.py:3242}}
Jul 05 03:12:02.541109 np0000004559 devstack@g-api.service[99517]: DEBUG glance.common.config [None req-ae59f7d7-64cf-4dd5-b15c-06d7620118ea None None] log_rotation_type = none {{(pid=99517) log_opt_values /opt/stack/data/venv/lib/python3.12/site-packages/oslo_config/cfg.py:3242}}
Jul 05 03:12:02.541181 np0000004559 devstack@g-api.service[99517]: DEBUG glance.common.config [None req-ae59f7d7-64cf-4dd5-b15c-06d7620118ea None None] logging_context_format_string = %(color)s%(levelname)s %(name)s [%(global_request_id)s %(request_id)s %(project_name)s %(user_name)s%(color)s] %(instance)s%(color)s%(message)s {{(pid=99517) log_opt_values /opt/stack/data/venv/lib/python3.12/site-packages/oslo_config/cfg.py:3242}}
Jul 05 03:12:02.541248 np0000004559 devstack@g-api.service[99517]: DEBUG glance.common.config [None req-ae59f7d7-64cf-4dd5-b15c-06d7620118ea None None] logging_debug_format_suffix = {{(pid=%(process)d) %(funcName)s %(pathname)s:%(lineno)d}} {{(pid=99517) log_opt_values /opt/stack/data/venv/lib/python3.12/site-packages/oslo_config/cfg.py:3242}}
Jul 05 03:12:02.541342 np0000004559 devstack@g-api.service[99517]: DEBUG glance.common.config [None req-ae59f7d7-64cf-4dd5-b15c-06d7620118ea None None] logging_default_format_string = %(color)s%(levelname)s %(name)s [-%(color)s] %(instance)s%(color)s%(message)s {{(pid=99517) log_opt_values /opt/stack/data/venv/lib/python3.12/site-packages/oslo_config/cfg.py:3242}}
Jul 05 03:12:02.541430 np0000004559 devstack@g-api.service[99517]: DEBUG glance.common.config [None req-ae59f7d7-64cf-4dd5-b15c-06d7620118ea None None] logging_exception_prefix = ERROR %(name)s %(instance)s {{(pid=99517) log_opt_values /opt/stack/data/venv/lib/python3.12/site-packages/oslo_config/cfg.py:3242}}
Jul 05 03:12:02.541491 np0000004559 devstack@g-api.service[99517]: DEBUG glance.common.config [None req-ae59f7d7-64cf-4dd5-b15c-06d7620118ea None None] logging_user_identity_format = %(user)s %(project)s %(domain)s %(system_scope)s %(user_domain)s %(project_domain)s {{(pid=99517) log_opt_values /opt/stack/data/venv/lib/python3.12/site-packages/oslo_config/cfg.py:3242}}
Jul 05 03:12:02.541576 np0000004559 devstack@g-api.service[99517]: DEBUG glance.common.config [None req-ae59f7d7-64cf-4dd5-b15c-06d7620118ea None None] max_logfile_count = 30 {{(pid=99517) log_opt_values /opt/stack/data/venv/lib/python3.12/site-packages/oslo_config/cfg.py:3242}}
Jul 05 03:12:02.541659 np0000004559 devstack@g-api.service[99517]: DEBUG glance.common.config [None req-ae59f7d7-64cf-4dd5-b15c-06d7620118ea None None] max_logfile_size_mb = 200 {{(pid=99517) log_opt_values /opt/stack/data/venv/lib/python3.12/site-packages/oslo_config/cfg.py:3242}}
Jul 05 03:12:02.541743 np0000004559 devstack@g-api.service[99517]: DEBUG glance.common.config [None req-ae59f7d7-64cf-4dd5-b15c-06d7620118ea None None] max_request_id_length = 64 {{(pid=99517) log_opt_values /opt/stack/data/venv/lib/python3.12/site-packages/oslo_config/cfg.py:3242}}
Jul 05 03:12:02.541858 np0000004559 devstack@g-api.service[99517]: DEBUG glance.common.config [None req-ae59f7d7-64cf-4dd5-b15c-06d7620118ea None None] metadata_encryption_key = **** {{(pid=99517) log_opt_values /opt/stack/data/venv/lib/python3.12/site-packages/oslo_config/cfg.py:3242}}
Jul 05 03:12:02.541976 np0000004559 devstack@g-api.service[99517]: DEBUG glance.common.config [None req-ae59f7d7-64cf-4dd5-b15c-06d7620118ea None None] node_staging_uri = file:///tmp/staging/ {{(pid=99517) log_opt_values /opt/stack/data/venv/lib/python3.12/site-packages/oslo_config/cfg.py:3242}}
Jul 05 03:12:02.542075 np0000004559 devstack@g-api.service[99517]: DEBUG glance.common.config [None req-ae59f7d7-64cf-4dd5-b15c-06d7620118ea None None] property_protection_file = None {{(pid=99517) log_opt_values /opt/stack/data/venv/lib/python3.12/site-packages/oslo_config/cfg.py:3242}}
Jul 05 03:12:02.542168 np0000004559 devstack@g-api.service[99517]: DEBUG glance.common.config [None req-ae59f7d7-64cf-4dd5-b15c-06d7620118ea None None] property_protection_rule_format = roles {{(pid=99517) log_opt_values /opt/stack/data/venv/lib/python3.12/site-packages/oslo_config/cfg.py:3242}}
Jul 05 03:12:02.542257 np0000004559 devstack@g-api.service[99517]: DEBUG glance.common.config [None req-ae59f7d7-64cf-4dd5-b15c-06d7620118ea None None] public_endpoint = https://10.4.3.174/image {{(pid=99517) log_opt_values /opt/stack/data/venv/lib/python3.12/site-packages/oslo_config/cfg.py:3242}}
Jul 05 03:12:02.542339 np0000004559 devstack@g-api.service[99517]: DEBUG glance.common.config [None req-ae59f7d7-64cf-4dd5-b15c-06d7620118ea None None] publish_errors = False {{(pid=99517) log_opt_values /opt/stack/data/venv/lib/python3.12/site-packages/oslo_config/cfg.py:3242}}
Jul 05 03:12:02.542448 np0000004559 devstack@g-api.service[99517]: DEBUG glance.common.config [None req-ae59f7d7-64cf-4dd5-b15c-06d7620118ea None None] pydev_worker_debug_host = None {{(pid=99517) log_opt_values /opt/stack/data/venv/lib/python3.12/site-packages/oslo_config/cfg.py:3242}}
Jul 05 03:12:02.542542 np0000004559 devstack@g-api.service[99517]: DEBUG glance.common.config [None req-ae59f7d7-64cf-4dd5-b15c-06d7620118ea None None] pydev_worker_debug_port = 5678 {{(pid=99517) log_opt_values /opt/stack/data/venv/lib/python3.12/site-packages/oslo_config/cfg.py:3242}}
Jul 05 03:12:02.542625 np0000004559 devstack@g-api.service[99517]: DEBUG glance.common.config [None req-ae59f7d7-64cf-4dd5-b15c-06d7620118ea None None] rate_limit_burst = 0 {{(pid=99517) log_opt_values /opt/stack/data/venv/lib/python3.12/site-packages/oslo_config/cfg.py:3242}}
Jul 05 03:12:02.542714 np0000004559 devstack@g-api.service[99517]: DEBUG glance.common.config [None req-ae59f7d7-64cf-4dd5-b15c-06d7620118ea None None] rate_limit_except_level = CRITICAL {{(pid=99517) log_opt_values /opt/stack/data/venv/lib/python3.12/site-packages/oslo_config/cfg.py:3242}}
Jul 05 03:12:02.542814 np0000004559 devstack@g-api.service[99517]: DEBUG glance.common.config [None req-ae59f7d7-64cf-4dd5-b15c-06d7620118ea None None] rate_limit_interval = 0 {{(pid=99517) log_opt_values /opt/stack/data/venv/lib/python3.12/site-packages/oslo_config/cfg.py:3242}}
Jul 05 03:12:02.542905 np0000004559 devstack@g-api.service[99517]: DEBUG glance.common.config [None req-ae59f7d7-64cf-4dd5-b15c-06d7620118ea None None] scrub_pool_size = 1 {{(pid=99517) log_opt_values /opt/stack/data/venv/lib/python3.12/site-packages/oslo_config/cfg.py:3242}}
Jul 05 03:12:02.542995 np0000004559 devstack@g-api.service[99517]: DEBUG glance.common.config [None req-ae59f7d7-64cf-4dd5-b15c-06d7620118ea None None] scrub_time = 0 {{(pid=99517) log_opt_values /opt/stack/data/venv/lib/python3.12/site-packages/oslo_config/cfg.py:3242}}
Jul 05 03:12:02.543087 np0000004559 devstack@g-api.service[99517]: DEBUG glance.common.config [None req-ae59f7d7-64cf-4dd5-b15c-06d7620118ea None None] shell_completion = None {{(pid=99517) log_opt_values /opt/stack/data/venv/lib/python3.12/site-packages/oslo_config/cfg.py:3242}}
Jul 05 03:12:02.543186 np0000004559 devstack@g-api.service[99517]: DEBUG glance.common.config [None req-ae59f7d7-64cf-4dd5-b15c-06d7620118ea None None] show_image_direct_url = False {{(pid=99517) log_opt_values /opt/stack/data/venv/lib/python3.12/site-packages/oslo_config/cfg.py:3242}}
Jul 05 03:12:02.543389 np0000004559 devstack@g-api.service[99517]: WARNING oslo_config.cfg [None req-ae59f7d7-64cf-4dd5-b15c-06d7620118ea None None] Deprecated: Option "show_multiple_locations" from group "DEFAULT" is deprecated for removal (Use of this option, deprecated since Newton, is a security risk and will be removed once we figure out a way to satisfy those use cases that currently require it. An earlier announcement that the same functionality can be achieved with greater granularity by using policies is incorrect. You cannot work around this option via policy configuration at the present time, though that is the direction we believe the fix will take. Please keep an eye on the Glance release notes to stay up to date on progress in addressing this issue.). Its value may be silently ignored in the future.
Jul 05 03:12:02.543498 np0000004559 devstack@g-api.service[99517]: DEBUG glance.common.config [None req-ae59f7d7-64cf-4dd5-b15c-06d7620118ea None None] show_multiple_locations = False {{(pid=99517) log_opt_values /opt/stack/data/venv/lib/python3.12/site-packages/oslo_config/cfg.py:3242}}
Jul 05 03:12:02.543634 np0000004559 devstack@g-api.service[99517]: DEBUG glance.common.config [None req-ae59f7d7-64cf-4dd5-b15c-06d7620118ea None None] syslog_log_facility = LOG_USER {{(pid=99517) log_opt_values /opt/stack/data/venv/lib/python3.12/site-packages/oslo_config/cfg.py:3242}}
Jul 05 03:12:02.543739 np0000004559 devstack@g-api.service[99517]: DEBUG glance.common.config [None req-ae59f7d7-64cf-4dd5-b15c-06d7620118ea None None] transport_url = **** {{(pid=99517) log_opt_values /opt/stack/data/venv/lib/python3.12/site-packages/oslo_config/cfg.py:3242}}
Jul 05 03:12:02.543843 np0000004559 devstack@g-api.service[99517]: DEBUG glance.common.config [None req-ae59f7d7-64cf-4dd5-b15c-06d7620118ea None None] use_journal = False {{(pid=99517) log_opt_values /opt/stack/data/venv/lib/python3.12/site-packages/oslo_config/cfg.py:3242}}
Jul 05 03:12:02.543940 np0000004559 devstack@g-api.service[99517]: DEBUG glance.common.config [None req-ae59f7d7-64cf-4dd5-b15c-06d7620118ea None None] use_json = False {{(pid=99517) log_opt_values /opt/stack/data/venv/lib/python3.12/site-packages/oslo_config/cfg.py:3242}}
Jul 05 03:12:02.544048 np0000004559 devstack@g-api.service[99517]: DEBUG glance.common.config [None req-ae59f7d7-64cf-4dd5-b15c-06d7620118ea None None] use_keystone_limits = True {{(pid=99517) log_opt_values /opt/stack/data/venv/lib/python3.12/site-packages/oslo_config/cfg.py:3242}}
Jul 05 03:12:02.544136 np0000004559 devstack@g-api.service[99517]: DEBUG glance.common.config [None req-ae59f7d7-64cf-4dd5-b15c-06d7620118ea None None] use_stderr = False {{(pid=99517) log_opt_values /opt/stack/data/venv/lib/python3.12/site-packages/oslo_config/cfg.py:3242}}
Jul 05 03:12:02.544223 np0000004559 devstack@g-api.service[99517]: DEBUG glance.common.config [None req-ae59f7d7-64cf-4dd5-b15c-06d7620118ea None None] use_syslog = False {{(pid=99517) log_opt_values /opt/stack/data/venv/lib/python3.12/site-packages/oslo_config/cfg.py:3242}}
Jul 05 03:12:02.544310 np0000004559 devstack@g-api.service[99517]: DEBUG glance.common.config [None req-ae59f7d7-64cf-4dd5-b15c-06d7620118ea None None] user_storage_quota = 0 {{(pid=99517) log_opt_values /opt/stack/data/venv/lib/python3.12/site-packages/oslo_config/cfg.py:3242}}
Jul 05 03:12:02.544424 np0000004559 devstack@g-api.service[99517]: DEBUG glance.common.config [None req-ae59f7d7-64cf-4dd5-b15c-06d7620118ea None None] worker_self_reference_url = http://127.0.0.1:60999 {{(pid=99517) log_opt_values /opt/stack/data/venv/lib/python3.12/site-packages/oslo_config/cfg.py:3242}}
Jul 05 03:12:02.544530 np0000004559 devstack@g-api.service[99517]: DEBUG glance.common.config [None req-ae59f7d7-64cf-4dd5-b15c-06d7620118ea None None] oslo_concurrency.disable_process_locking = False {{(pid=99517) log_opt_values /opt/stack/data/venv/lib/python3.12/site-packages/oslo_config/cfg.py:3253}}
Jul 05 03:12:02.544625 np0000004559 devstack@g-api.service[99517]: DEBUG glance.common.config [None req-ae59f7d7-64cf-4dd5-b15c-06d7620118ea None None] oslo_concurrency.lock_path = /opt/stack/data/glance/locks {{(pid=99517) log_opt_values /opt/stack/data/venv/lib/python3.12/site-packages/oslo_config/cfg.py:3253}}
Jul 05 03:12:02.544718 np0000004559 devstack@g-api.service[99517]: DEBUG glance.common.config [None req-ae59f7d7-64cf-4dd5-b15c-06d7620118ea None None] oslo_middleware.enable_proxy_headers_parsing = False {{(pid=99517) log_opt_values /opt/stack/data/venv/lib/python3.12/site-packages/oslo_config/cfg.py:3253}}
Jul 05 03:12:02.544826 np0000004559 devstack@g-api.service[99517]: DEBUG glance.common.config [None req-ae59f7d7-64cf-4dd5-b15c-06d7620118ea None None] oslo_middleware.http_basic_auth_user_file = /etc/htpasswd {{(pid=99517) log_opt_values /opt/stack/data/venv/lib/python3.12/site-packages/oslo_config/cfg.py:3253}}
Jul 05 03:12:02.544928 np0000004559 devstack@g-api.service[99517]: DEBUG glance.common.config [None req-ae59f7d7-64cf-4dd5-b15c-06d7620118ea None None] paste_deploy.config_file = None {{(pid=99517) log_opt_values /opt/stack/data/venv/lib/python3.12/site-packages/oslo_config/cfg.py:3253}}
Jul 05 03:12:02.545037 np0000004559 devstack@g-api.service[99517]: DEBUG glance.common.config [None req-ae59f7d7-64cf-4dd5-b15c-06d7620118ea None None] paste_deploy.flavor = keystone+cachemanagement {{(pid=99517) log_opt_values /opt/stack/data/venv/lib/python3.12/site-packages/oslo_config/cfg.py:3253}}
Jul 05 03:12:02.545164 np0000004559 devstack@g-api.service[99517]: DEBUG glance.common.config [None req-ae59f7d7-64cf-4dd5-b15c-06d7620118ea None None] image_format.container_formats = ['ami', 'ari', 'aki', 'bare', 'ovf', 'ova', 'docker', 'compressed'] {{(pid=99517) log_opt_values /opt/stack/data/venv/lib/python3.12/site-packages/oslo_config/cfg.py:3253}}
Jul 05 03:12:02.545287 np0000004559 devstack@g-api.service[99517]: DEBUG glance.common.config [None req-ae59f7d7-64cf-4dd5-b15c-06d7620118ea None None] image_format.disk_formats = ['ami', 'ari', 'aki', 'vhd', 'vhdx', 'vmdk', 'raw', 'qcow2', 'vdi', 'iso', 'ploop'] {{(pid=99517) log_opt_values /opt/stack/data/venv/lib/python3.12/site-packages/oslo_config/cfg.py:3253}}
Jul 05 03:12:02.545377 np0000004559 devstack@g-api.service[99517]: DEBUG glance.common.config [None req-ae59f7d7-64cf-4dd5-b15c-06d7620118ea None None] image_format.gpt_safety_checks_nonfatal = [] {{(pid=99517) log_opt_values /opt/stack/data/venv/lib/python3.12/site-packages/oslo_config/cfg.py:3253}}
Jul 05 03:12:02.545468 np0000004559 devstack@g-api.service[99517]: DEBUG glance.common.config [None req-ae59f7d7-64cf-4dd5-b15c-06d7620118ea None None] image_format.require_image_format_match = True {{(pid=99517) log_opt_values /opt/stack/data/venv/lib/python3.12/site-packages/oslo_config/cfg.py:3253}}
Jul 05 03:12:02.545565 np0000004559 devstack@g-api.service[99517]: DEBUG glance.common.config [None req-ae59f7d7-64cf-4dd5-b15c-06d7620118ea None None] image_format.vmdk_allowed_types = ['streamOptimized', 'monolithicSparse'] {{(pid=99517) log_opt_values /opt/stack/data/venv/lib/python3.12/site-packages/oslo_config/cfg.py:3253}}
Jul 05 03:12:02.545661 np0000004559 devstack@g-api.service[99517]: DEBUG glance.common.config [None req-ae59f7d7-64cf-4dd5-b15c-06d7620118ea None None] task.task_executor = taskflow {{(pid=99517) log_opt_values /opt/stack/data/venv/lib/python3.12/site-packages/oslo_config/cfg.py:3253}}
Jul 05 03:12:02.545749 np0000004559 devstack@g-api.service[99517]: DEBUG glance.common.config [None req-ae59f7d7-64cf-4dd5-b15c-06d7620118ea None None] task.task_time_to_live = 48 {{(pid=99517) log_opt_values /opt/stack/data/venv/lib/python3.12/site-packages/oslo_config/cfg.py:3253}}
Jul 05 03:12:02.545850 np0000004559 devstack@g-api.service[99517]: DEBUG glance.common.config [None req-ae59f7d7-64cf-4dd5-b15c-06d7620118ea None None] task.work_dir = None {{(pid=99517) log_opt_values /opt/stack/data/venv/lib/python3.12/site-packages/oslo_config/cfg.py:3253}}
Jul 05 03:12:02.545959 np0000004559 devstack@g-api.service[99517]: DEBUG glance.common.config [None req-ae59f7d7-64cf-4dd5-b15c-06d7620118ea None None] wsgi.python_interpreter = /opt/stack/data/venv/bin/python3 {{(pid=99517) log_opt_values /opt/stack/data/venv/lib/python3.12/site-packages/oslo_config/cfg.py:3253}}
Jul 05 03:12:02.546045 np0000004559 devstack@g-api.service[99517]: DEBUG glance.common.config [None req-ae59f7d7-64cf-4dd5-b15c-06d7620118ea None None] wsgi.task_pool_threads = 16 {{(pid=99517) log_opt_values /opt/stack/data/venv/lib/python3.12/site-packages/oslo_config/cfg.py:3253}}
Jul 05 03:12:02.546135 np0000004559 devstack@g-api.service[99517]: DEBUG glance.common.config [None req-ae59f7d7-64cf-4dd5-b15c-06d7620118ea None None] import_filtering_opts.allowed_hosts = [] {{(pid=99517) log_opt_values /opt/stack/data/venv/lib/python3.12/site-packages/oslo_config/cfg.py:3253}}
Jul 05 03:12:02.546226 np0000004559 devstack@g-api.service[99517]: DEBUG glance.common.config [None req-ae59f7d7-64cf-4dd5-b15c-06d7620118ea None None] import_filtering_opts.allowed_ports = [80, 443] {{(pid=99517) log_opt_values /opt/stack/data/venv/lib/python3.12/site-packages/oslo_config/cfg.py:3253}}
Jul 05 03:12:02.546323 np0000004559 devstack@g-api.service[99517]: DEBUG glance.common.config [None req-ae59f7d7-64cf-4dd5-b15c-06d7620118ea None None] import_filtering_opts.allowed_schemes = ['http', 'https'] {{(pid=99517) log_opt_values /opt/stack/data/venv/lib/python3.12/site-packages/oslo_config/cfg.py:3253}}
Jul 05 03:12:02.546442 np0000004559 devstack@g-api.service[99517]: DEBUG glance.common.config [None req-ae59f7d7-64cf-4dd5-b15c-06d7620118ea None None] import_filtering_opts.disallowed_hosts = [] {{(pid=99517) log_opt_values /opt/stack/data/venv/lib/python3.12/site-packages/oslo_config/cfg.py:3253}}
Jul 05 03:12:02.546535 np0000004559 devstack@g-api.service[99517]: DEBUG glance.common.config [None req-ae59f7d7-64cf-4dd5-b15c-06d7620118ea None None] import_filtering_opts.disallowed_ports = [] {{(pid=99517) log_opt_values /opt/stack/data/venv/lib/python3.12/site-packages/oslo_config/cfg.py:3253}}
Jul 05 03:12:02.546619 np0000004559 devstack@g-api.service[99517]: DEBUG glance.common.config [None req-ae59f7d7-64cf-4dd5-b15c-06d7620118ea None None] import_filtering_opts.disallowed_schemes = [] {{(pid=99517) log_opt_values /opt/stack/data/venv/lib/python3.12/site-packages/oslo_config/cfg.py:3253}}
Jul 05 03:12:02.546707 np0000004559 devstack@g-api.service[99517]: DEBUG glance.common.config [None req-ae59f7d7-64cf-4dd5-b15c-06d7620118ea None None] oslo_messaging_metrics.metrics_buffer_size = 1000 {{(pid=99517) log_opt_values /opt/stack/data/venv/lib/python3.12/site-packages/oslo_config/cfg.py:3253}}
