Jul 05 03:11:35.722515 np0000004559 devstack@neutron-api.service[87390]: WARNING neutron.plugins.ml2.drivers.ovn.mech_driver.ovsdb.ovn_client [None req-697fdcf5-f75a-4c42-82e0-697fc1c627b4 None None] Logical_Switch_Port 3755ee90-9a0c-43fb-9c91-44ab444177c8 host information not removed, the port state is up
Jul 05 03:11:35.722683 np0000004559 devstack@neutron-api.service[87390]: INFO neutron.plugins.ml2.drivers.ovn.mech_driver.mech_driver [None req-697fdcf5-f75a-4c42-82e0-697fc1c627b4 None None] OVN reports status up for port: 3755ee90-9a0c-43fb-9c91-44ab444177c8
Jul 05 03:11:35.726305 np0000004559 devstack@neutron-api.service[87390]: DEBUG neutron.db.provisioning_blocks [None req-697fdcf5-f75a-4c42-82e0-697fc1c627b4 None None] Provisioning for port 3755ee90-9a0c-43fb-9c91-44ab444177c8 completed by entity L2. {{(pid=87390) provisioning_complete /opt/stack/neutron/neutron/db/provisioning_blocks.py:133}}
Jul 05 03:11:35.729515 np0000004559 devstack@neutron-api.service[87390]: DEBUG neutron.db.provisioning_blocks [None req-697fdcf5-f75a-4c42-82e0-697fc1c627b4 None None] Provisioning complete for port 3755ee90-9a0c-43fb-9c91-44ab444177c8 triggered by entity L2. {{(pid=87390) provisioning_complete /opt/stack/neutron/neutron/db/provisioning_blocks.py:141}}
Jul 05 03:11:35.729661 np0000004559 devstack@neutron-api.service[87390]: DEBUG neutron_lib.callbacks.manager [None req-697fdcf5-f75a-4c42-82e0-697fc1c627b4 None None] Publish callbacks ['neutron.plugins.ml2.plugin.Ml2Plugin._port_provisioned-1725310'] for port (3755ee90-9a0c-43fb-9c91-44ab444177c8), provisioning_complete {{(pid=87390) _notify_loop /opt/stack/data/venv/lib/python3.12/site-packages/neutron_lib/callbacks/manager.py:184}}
Jul 05 03:11:35.729780 np0000004559 devstack@neutron-api.service[87390]: INFO neutron.plugins.ml2.plugin [None req-697fdcf5-f75a-4c42-82e0-697fc1c627b4 None None] Attempt 1 to provision port 3755ee90-9a0c-43fb-9c91-44ab444177c8
Jul 05 03:11:35.742902 np0000004559 devstack@neutron-api.service[87390]: DEBUG neutron.api.wsgi [None req-d8f13880-1daa-497b-bab4-c2fcd4f0b686 admin admin] Missing Content-Type {{(pid=87390) get_content_type /opt/stack/neutron/neutron/api/wsgi.py:80}}
Jul 05 03:11:35.761668 np0000004559 devstack@neutron-api.service[87390]: DEBUG neutron.plugins.ml2.plugin [None req-697fdcf5-f75a-4c42-82e0-697fc1c627b4 None None] Port 3755ee90-9a0c-43fb-9c91-44ab444177c8 cannot update to ACTIVE because it is not bound. {{(pid=87390) _port_provisioned /opt/stack/neutron/neutron/plugins/ml2/plugin.py:393}}
Jul 05 03:11:35.825835 np0000004559 devstack@neutron-api.service[87390]: [pid: 87390|app: 0|req: 12/32] 10.4.3.174 () {64 vars in 1381 bytes} [Sun Jul 5 03:11:35 2026] GET /networking/v2.0/routers/9e6e52a1-b44b-4541-8191-4130a507444e => generated 1112 bytes in 89 msecs (HTTP/1.1 200) 4 headers in 158 bytes (1 switches on core 0)
Jul 05 03:11:35.829735 np0000004559 devstack@neutron-api.service[87390]: DEBUG neutron.plugins.ml2.plugin [None req-697fdcf5-f75a-4c42-82e0-697fc1c627b4 None None] Current status of the port 3755ee90-9a0c-43fb-9c91-44ab444177c8 is: DOWN; New status is: ACTIVE {{(pid=87390) _update_individual_port_db_status /opt/stack/neutron/neutron/plugins/ml2/plugin.py:2473}}
Jul 05 03:11:35.829909 np0000004559 devstack@neutron-api.service[87390]: DEBUG neutron_lib.callbacks.manager [None req-697fdcf5-f75a-4c42-82e0-697fc1c627b4 None None] Publish callbacks ['neutron.plugins.ml2.plugin.SecurityGroupDbMixin._ensure_default_security_group_handler-497298', 'neutron.services.ovn_l3.plugin.OVNL3RouterPlugin._port_update-8542540588906', 'neutron.db.l3_db.L3_NAT_dbonly_mixin._prevent_internal_ip_change_for_fip-8542542100794'] for port (3755ee90-9a0c-43fb-9c91-44ab444177c8), before_update {{(pid=87390) _notify_loop /opt/stack/data/venv/lib/python3.12/site-packages/neutron_lib/callbacks/manager.py:184}}
Jul 05 03:11:35.842649 np0000004559 devstack@neutron-api.service[87390]: DEBUG neutron.plugins.ml2.drivers.ovn.mech_driver.mech_driver [None req-697fdcf5-f75a-4c42-82e0-697fc1c627b4 None None] No provisioning block for port 3755ee90-9a0c-43fb-9c91-44ab444177c8 since it is active {{(pid=87390) _is_port_provisioning_required /opt/stack/neutron/neutron/plugins/ml2/drivers/ovn/mech_driver/mech_driver.py:894}}
Jul 05 03:11:35.878555 np0000004559 devstack@neutron-api.service[87391]: DEBUG neutron.pecan_wsgi.hooks.policy_enforcement [None req-fe6a0326-941a-43bb-9b06-79b397c97dab admin admin] Attributes excluded by policy engine: ['standard_attr_id'] {{(pid=87391) _exclude_attributes_by_policy /opt/stack/neutron/neutron/pecan_wsgi/hooks/policy_enforcement.py:259}}
Jul 05 03:11:35.881307 np0000004559 devstack@neutron-api.service[87391]: [pid: 87391|app: 0|req: 11/33] 10.4.3.174 () {64 vars in 1370 bytes} [Sun Jul 5 03:11:35 2026] GET /networking/v2.0/ports?device_id=9e6e52a1-b44b-4541-8191-4130a507444e => generated 2593 bytes in 49 msecs (HTTP/1.1 200) 4 headers in 158 bytes (1 switches on core 0)
Jul 05 03:11:35.977297 np0000004559 devstack@neutron-api.service[87390]: DEBUG neutron.plugins.ml2.drivers.ovn.mech_driver.ovsdb.commands [None req-697fdcf5-f75a-4c42-82e0-697fc1c627b4 None None] Converting tag [] to a tag_request {{(pid=87390) _tag_column_to_tag_request /opt/stack/neutron/neutron/plugins/ml2/drivers/ovn/mech_driver/ovsdb/commands.py:205}}
Jul 05 03:11:35.978149 np0000004559 devstack@neutron-api.service[87390]: DEBUG ovsdbapp.backend.ovs_idl.transaction [None req-256214d4-d6e8-41e8-854f-993348d46c2e None None] Running txn n=1 command(idx=0): CheckRevisionNumberCommand(_result=None, name=3755ee90-9a0c-43fb-9c91-44ab444177c8, resource={'id': '3755ee90-9a0c-43fb-9c91-44ab444177c8', 'name': '', 'network_id': 'ae9820ac-e434-40a0-8689-eeaac5559143', 'project_id': '6b334c60206d4ee9b862a15082727985', 'mac_address': 'fa:16:3e:d7:6d:63', 'admin_state_up': True, 'status': 'ACTIVE', 'device_id': '9e6e52a1-b44b-4541-8191-4130a507444e', 'device_owner': 'network:router_interface', 'standard_attr_id': 24, 'fixed_ips': [{'subnet_id': 'fddef0ea-90ca-46df-a75c-e5ae62752707', 'ip_address': 'fd4c:972d:1b18::1'}], 'allowed_address_pairs': [], 'extra_dhcp_opts': [], 'security_groups': [], 'description': '', 'binding:vnic_type': 'normal', 'binding:profile': {}, 'binding:host_id': '', 'binding:vif_type': 'unbound', 'binding:vif_details': {}, 'port_security_enabled': False, 'tags': [], 'created_at': '2026-07-05T03:11:32Z', 'updated_at': '2026-07-05T03:11:35Z', 'revision_number': 2, 'tenant_id': '6b334c60206d4ee9b862a15082727985', 'network': {'id': 'ae9820ac-e434-40a0-8689-eeaac5559143', 'name': 'private', 'tenant_id': '6b334c60206d4ee9b862a15082727985', 'project_id': '6b334c60206d4ee9b862a15082727985', 'admin_state_up': True, 'mtu': 1372, 'status': 'ACTIVE', 'subnets': ['79e8961d-a1ca-4ef7-897f-3ad194512a79', 'fddef0ea-90ca-46df-a75c-e5ae62752707'], 'standard_attr_id': 12, 'shared': False, 'availability_zone_hints': [], 'availability_zones': [], 'ipv4_address_scope': None, 'ipv6_address_scope': None, 'router:external': False, 'qinq': False, 'vlan_transparent': False, 'description': '', 'port_security_enabled': True, 'tags': [], 'created_at': '2026-07-05T03:11:22Z', 'updated_at': '2026-07-05T03:11:24Z', 'revision_number': 3, 'provider:network_type': 'geneve', 'provider:physical_network': None, 'provider:segmentation_id': 51229}}, resource_type=ports, if_exists=True) {{(pid=87390) do_commit /opt/stack/data/venv/lib/python3.12/site-packages/ovsdbapp/backend/ovs_idl/transaction.py:89}}
Jul 05 03:11:35.978604 np0000004559 devstack@neutron-api.service[87390]: DEBUG ovsdbapp.backend.ovs_idl.transaction [None req-256214d4-d6e8-41e8-854f-993348d46c2e None None] Running txn n=1 command(idx=1): SetLSwitchPortCommand(_result=None, lport=3755ee90-9a0c-43fb-9c91-44ab444177c8, external_ids_update=None, columns={'external_ids': {'neutron:port_name': '', 'neutron:device_id': '9e6e52a1-b44b-4541-8191-4130a507444e', 'neutron:project_id': '6b334c60206d4ee9b862a15082727985', 'neutron:cidrs': 'fd4c:972d:1b18::1/64', 'neutron:device_owner': 'network:router_interface', 'neutron:subnet_pool_addr_scope4': '', 'neutron:subnet_pool_addr_scope6': '', 'neutron:network_name': 'neutron-ae9820ac-e434-40a0-8689-eeaac5559143', 'neutron:security_group_ids': '', 'neutron:revision_number': '2', 'neutron:vnic_type': 'normal', 'neutron:port_capabilities': '', 'neutron:mtu': ''}, 'parent_name': [], 'options': {'router-port': 'lrp-3755ee90-9a0c-43fb-9c91-44ab444177c8'}, 'enabled': True, 'port_security': [], 'dhcpv4_options': [], 'dhcpv6_options': [], 'type': 'router', 'ha_chassis_group': [], 'tag_request': []}, if_exists=False) {{(pid=87390) do_commit /opt/stack/data/venv/lib/python3.12/site-packages/ovsdbapp/backend/ovs_idl/transaction.py:89}}
Jul 05 03:11:35.979416 np0000004559 devstack@neutron-api.service[87390]: DEBUG ovsdbapp.backend.ovs_idl.transaction [None req-256214d4-d6e8-41e8-854f-993348d46c2e None None] Running txn n=1 command(idx=2): PgDelPortCommand(_result=None, port_group=neutron_pg_drop, lsp=['3755ee90-9a0c-43fb-9c91-44ab444177c8'], if_exists=False) {{(pid=87390) do_commit /opt/stack/data/venv/lib/python3.12/site-packages/ovsdbapp/backend/ovs_idl/transaction.py:89}}
Jul 05 03:11:35.982355 np0000004559 devstack@neutron-api.service[87390]: DEBUG neutron.plugins.ml2.drivers.ovn.mech_driver.ovsdb.ovsdb_monitor [None req-256214d4-d6e8-41e8-854f-993348d46c2e None None] Touching Hash Ring node "3346ad461638510b83248c5fff4f02bb" from IDL notify handler {{(pid=87390) notify /opt/stack/neutron/neutron/plugins/ml2/drivers/ovn/mech_driver/ovsdb/ovsdb_monitor.py:1007}}
Jul 05 03:11:35.986147 np0000004559 devstack@neutron-api.service[87392]: DEBUG neutron.plugins.ml2.drivers.ovn.mech_driver.ovsdb.ovsdb_monitor [None req-2ebbfcf6-12fe-41f8-b1ba-dea6b24d3d92 None None] Touching Hash Ring node "5e14e3a50467539e92b8b3075f586353" from IDL notify handler {{(pid=87392) notify /opt/stack/neutron/neutron/plugins/ml2/drivers/ovn/mech_driver/ovsdb/ovsdb_monitor.py:1007}}
Jul 05 03:11:35.986896 np0000004559 devstack@neutron-api.service[87390]: DEBUG neutron.plugins.ml2.drivers.ovn.mech_driver.ovsdb.ovsdb_monitor [None req-8e4bf005-d9df-451a-ba83-8ecc11f7c88b None None] Touching Hash Ring node "3346ad461638510b83248c5fff4f02bb" from IDL notify handler {{(pid=87390) notify /opt/stack/neutron/neutron/plugins/ml2/drivers/ovn/mech_driver/ovsdb/ovsdb_monitor.py:1007}}
Jul 05 03:11:35.989134 np0000004559 devstack@neutron-api.service[87392]: DEBUG neutron.plugins.ml2.drivers.ovn.mech_driver.ovsdb.ovsdb_monitor [None req-2ebbfcf6-12fe-41f8-b1ba-dea6b24d3d92 None None] Hash Ring: Node 5e14e3a50467539e92b8b3075f586353 (host: np0000004559) handling event "update" for row 759cf712-94cb-44e9-9d6e-5df6d0251357 (table: Port_Binding) {{(pid=87392) notify /opt/stack/neutron/neutron/plugins/ml2/drivers/ovn/mech_driver/ovsdb/ovsdb_monitor.py:1015}}
Jul 05 03:11:35.989351 np0000004559 devstack@neutron-api.service[87390]: DEBUG neutron.plugins.ml2.drivers.ovn.mech_driver.ovsdb.ovsdb_monitor [None req-256214d4-d6e8-41e8-854f-993348d46c2e None None] Hash Ring: Node 3346ad461638510b83248c5fff4f02bb (host: np0000004559) handling event "update" for row ecbcc5f1-ca07-4ae3-a397-dc4d2a1df17a (table: Logical_Switch_Port) {{(pid=87390) notify /opt/stack/neutron/neutron/plugins/ml2/drivers/ovn/mech_driver/ovsdb/ovsdb_monitor.py:1015}}
Jul 05 03:11:35.990486 np0000004559 devstack@neutron-api.service[87390]: DEBUG neutron.plugins.ml2.drivers.ovn.mech_driver.ovsdb.ovsdb_monitor [None req-8e4bf005-d9df-451a-ba83-8ecc11f7c88b None None] Hash Ring: Node 3346ad461638510b83248c5fff4f02bb (host: np0000004559) handling event "update" for row 759cf712-94cb-44e9-9d6e-5df6d0251357 (table: Port_Binding) {{(pid=87390) notify /opt/stack/neutron/neutron/plugins/ml2/drivers/ovn/mech_driver/ovsdb/ovsdb_monitor.py:1015}}
Jul 05 03:11:36.034674 np0000004559 devstack@neutron-api.service[87390]: DEBUG ovsdbapp.backend.ovs_idl.event [None req-256214d4-d6e8-41e8-854f-993348d46c2e None None] Matched UPDATE: LogicalSwitchPortUpdateLogicalRouterPortEvent(events=('update',), table='Logical_Switch_Port', conditions=None, old_conditions=None), priority=20 to row=Logical_Switch_Port(uuid=ecbcc5f1-ca07-4ae3-a397-dc4d2a1df17a, addresses=['router'], dhcpv4_options=[], dhcpv6_options=[], dynamic_addresses=[], enabled=True, external_ids={'neutron:cidrs': 'fd4c:972d:1b18::1/64', 'neutron:device_id': '9e6e52a1-b44b-4541-8191-4130a507444e', 'neutron:device_owner': 'network:router_interface', 'neutron:mtu': '', 'neutron:network_name': 'neutron-ae9820ac-e434-40a0-8689-eeaac5559143', 'neutron:port_capabilities': '', 'neutron:port_name': '', 'neutron:project_id': '6b334c60206d4ee9b862a15082727985', 'neutron:revision_number': '2', 'neutron:security_group_ids': '', 'neutron:subnet_pool_addr_scope4': '', 'neutron:subnet_pool_addr_scope6': '', 'neutron:vnic_type': 'normal'}, ha_chassis_group=[], mirror_rules=[], name='3755ee90-9a0c-43fb-9c91-44ab444177c8', options={'router-port': 'lrp-3755ee90-9a0c-43fb-9c91-44ab444177c8'}, parent_name=[], port_security=[], tag=[], tag_request=[], type='router', up=True) old=Logical_Switch_Port(uuid=ecbcc5f1-ca07-4ae3-a397-dc4d2a1df17a, external_ids={'neutron:cidrs': 'fd4c:972d:1b18::1/64', 'neutron:device_id': '9e6e52a1-b44b-4541-8191-4130a507444e', 'neutron:device_owner': 'network:router_interface', 'neutron:mtu': '', 'neutron:network_name': 'neutron-ae9820ac-e434-40a0-8689-eeaac5559143', 'neutron:port_capabilities': '', 'neutron:port_name': '', 'neutron:project_id': '6b334c60206d4ee9b862a15082727985', 'neutron:revision_number': '1', 'neutron:security_group_ids': '', 'neutron:subnet_pool_addr_scope4': '', 'neutron:subnet_pool_addr_scope6': '', 'neutron:vnic_type': 'normal'}) {{(pid=87390) matches /opt/stack/data/venv/lib/python3.12/site-packages/ovsdbapp/backend/ovs_idl/event.py:55}}
Jul 05 03:11:36.058165 np0000004559 devstack@neutron-api.service[87390]: INFO neutron.db.ovn_revision_numbers_db [None req-697fdcf5-f75a-4c42-82e0-697fc1c627b4 None None] Successfully bumped revision number for resource 3755ee90-9a0c-43fb-9c91-44ab444177c8 (type: ports) to 2
Jul 05 03:11:36.061332 np0000004559 devstack@neutron-api.service[87390]: DEBUG neutron_lib.callbacks.manager [None req-697fdcf5-f75a-4c42-82e0-697fc1c627b4 None None] Publish callbacks ['neutron.plugins.ml2.ovo_rpc._ObjectChangeHandler.handle_event-1269326', 'neutron.services.ovn_l3.plugin.OVNL3RouterPlugin._port_update-8542540588906'] for port (3755ee90-9a0c-43fb-9c91-44ab444177c8), after_update {{(pid=87390) _notify_loop /opt/stack/data/venv/lib/python3.12/site-packages/neutron_lib/callbacks/manager.py:184}}
Jul 05 03:11:36.077363 np0000004559 devstack@neutron-api.service[87390]: DEBUG neutron.api.rpc.handlers.resources_rpc [None req-ab6a1c6e-705c-40d6-ae6d-c05ff7d48a3b None None] Pushing event updated for resources: {'Port': ['ID=3755ee90-9a0c-43fb-9c91-44ab444177c8,revision_number=2']} {{(pid=87390) push /opt/stack/neutron/neutron/api/rpc/handlers/resources_rpc.py:237}}
Jul 05 03:11:38.217663 np0000004559 devstack@neutron-api.service[87392]: DEBUG neutron.plugins.ml2.drivers.ovn.mech_driver.ovsdb.ovsdb_monitor [None req-38281159-5f06-44d8-beac-4a9e0336350b None None] Touching Hash Ring node "5e14e3a50467539e92b8b3075f586353" from IDL notify handler {{(pid=87392) notify /opt/stack/neutron/neutron/plugins/ml2/drivers/ovn/mech_driver/ovsdb/ovsdb_monitor.py:1007}}
Jul 05 03:11:38.218304 np0000004559 devstack@neutron-api.service[87390]: DEBUG neutron.plugins.ml2.drivers.ovn.mech_driver.ovsdb.ovsdb_monitor [None req-256214d4-d6e8-41e8-854f-993348d46c2e None None] Touching Hash Ring node "3346ad461638510b83248c5fff4f02bb" from IDL notify handler {{(pid=87390) notify /opt/stack/neutron/neutron/plugins/ml2/drivers/ovn/mech_driver/ovsdb/ovsdb_monitor.py:1007}}
Jul 05 03:11:38.222460 np0000004559 devstack@neutron-api.service[87392]: DEBUG neutron.plugins.ml2.drivers.ovn.mech_driver.ovsdb.ovsdb_monitor [None req-38281159-5f06-44d8-beac-4a9e0336350b None None] Hash Ring: Node 5e14e3a50467539e92b8b3075f586353 (host: np0000004559) handling event "update" for row 0afff5bd-ab7f-481d-a82f-315fd3fd3aeb (table: NB_Global) {{(pid=87392) notify /opt/stack/neutron/neutron/plugins/ml2/drivers/ovn/mech_driver/ovsdb/ovsdb_monitor.py:1015}}
Jul 05 03:11:38.224151 np0000004559 devstack@neutron-api.service[87390]: DEBUG neutron.plugins.ml2.drivers.ovn.mech_driver.ovsdb.ovsdb_monitor [None req-256214d4-d6e8-41e8-854f-993348d46c2e None None] Hash Ring: Node 3346ad461638510b83248c5fff4f02bb (host: np0000004559) handling event "update" for row 0afff5bd-ab7f-481d-a82f-315fd3fd3aeb (table: NB_Global) {{(pid=87390) notify /opt/stack/neutron/neutron/plugins/ml2/drivers/ovn/mech_driver/ovsdb/ovsdb_monitor.py:1015}}
Jul 05 03:11:38.479372 np0000004559 devstack@neutron-api.service[87392]: DEBUG neutron.plugins.ml2.drivers.ovn.mech_driver.ovsdb.ovsdb_monitor [None req-38281159-5f06-44d8-beac-4a9e0336350b None None] Touching Hash Ring node "5e14e3a50467539e92b8b3075f586353" from IDL notify handler {{(pid=87392) notify /opt/stack/neutron/neutron/plugins/ml2/drivers/ovn/mech_driver/ovsdb/ovsdb_monitor.py:1007}}
Jul 05 03:11:38.480822 np0000004559 devstack@neutron-api.service[87390]: DEBUG neutron.plugins.ml2.drivers.ovn.mech_driver.ovsdb.ovsdb_monitor [None req-256214d4-d6e8-41e8-854f-993348d46c2e None None] Touching Hash Ring node "3346ad461638510b83248c5fff4f02bb" from IDL notify handler {{(pid=87390) notify /opt/stack/neutron/neutron/plugins/ml2/drivers/ovn/mech_driver/ovsdb/ovsdb_monitor.py:1007}}
Jul 05 03:11:38.481010 np0000004559 devstack@neutron-api.service[87392]: DEBUG neutron.plugins.ml2.drivers.ovn.mech_driver.ovsdb.ovsdb_monitor [None req-38281159-5f06-44d8-beac-4a9e0336350b None None] Hash Ring: Node 5e14e3a50467539e92b8b3075f586353 (host: np0000004559) handling event "update" for row 0afff5bd-ab7f-481d-a82f-315fd3fd3aeb (table: NB_Global) {{(pid=87392) notify /opt/stack/neutron/neutron/plugins/ml2/drivers/ovn/mech_driver/ovsdb/ovsdb_monitor.py:1015}}
Jul 05 03:11:38.482372 np0000004559 devstack@neutron-api.service[87392]: DEBUG neutron.plugins.ml2.drivers.ovn.mech_driver.ovsdb.ovsdb_monitor [None req-38281159-5f06-44d8-beac-4a9e0336350b None None] Touching Hash Ring node "5e14e3a50467539e92b8b3075f586353" from IDL notify handler {{(pid=87392) notify /opt/stack/neutron/neutron/plugins/ml2/drivers/ovn/mech_driver/ovsdb/ovsdb_monitor.py:1007}}
Jul 05 03:11:38.485097 np0000004559 devstack@neutron-api.service[87392]: DEBUG neutron.plugins.ml2.drivers.ovn.mech_driver.ovsdb.ovsdb_monitor [None req-38281159-5f06-44d8-beac-4a9e0336350b None None] Hash Ring: Node 5e14e3a50467539e92b8b3075f586353 (host: np0000004559) handling event "update" for row 0afff5bd-ab7f-481d-a82f-315fd3fd3aeb (table: NB_Global) {{(pid=87392) notify /opt/stack/neutron/neutron/plugins/ml2/drivers/ovn/mech_driver/ovsdb/ovsdb_monitor.py:1015}}
Jul 05 03:11:38.486300 np0000004559 devstack@neutron-api.service[87390]: DEBUG neutron.plugins.ml2.drivers.ovn.mech_driver.ovsdb.ovsdb_monitor [None req-256214d4-d6e8-41e8-854f-993348d46c2e None None] Hash Ring: Node 3346ad461638510b83248c5fff4f02bb (host: np0000004559) handling event "update" for row 0afff5bd-ab7f-481d-a82f-315fd3fd3aeb (table: NB_Global) {{(pid=87390) notify /opt/stack/neutron/neutron/plugins/ml2/drivers/ovn/mech_driver/ovsdb/ovsdb_monitor.py:1015}}
Jul 05 03:11:38.487659 np0000004559 devstack@neutron-api.service[87390]: DEBUG neutron.plugins.ml2.drivers.ovn.mech_driver.ovsdb.ovsdb_monitor [None req-256214d4-d6e8-41e8-854f-993348d46c2e None None] Touching Hash Ring node "3346ad461638510b83248c5fff4f02bb" from IDL notify handler {{(pid=87390) notify /opt/stack/neutron/neutron/plugins/ml2/drivers/ovn/mech_driver/ovsdb/ovsdb_monitor.py:1007}}
Jul 05 03:11:38.491757 np0000004559 devstack@neutron-api.service[87390]: DEBUG neutron.plugins.ml2.drivers.ovn.mech_driver.ovsdb.ovsdb_monitor [None req-256214d4-d6e8-41e8-854f-993348d46c2e None None] Hash Ring: Node 3346ad461638510b83248c5fff4f02bb (host: np0000004559) handling event "update" for row 0afff5bd-ab7f-481d-a82f-315fd3fd3aeb (table: NB_Global) {{(pid=87390) notify /opt/stack/neutron/neutron/plugins/ml2/drivers/ovn/mech_driver/ovsdb/ovsdb_monitor.py:1015}}
Jul 05 03:11:38.492546 np0000004559 devstack@neutron-api.service[87392]: DEBUG neutron.plugins.ml2.drivers.ovn.mech_driver.ovsdb.ovsdb_monitor [None req-38281159-5f06-44d8-beac-4a9e0336350b None None] Touching Hash Ring node "5e14e3a50467539e92b8b3075f586353" from IDL notify handler {{(pid=87392) notify /opt/stack/neutron/neutron/plugins/ml2/drivers/ovn/mech_driver/ovsdb/ovsdb_monitor.py:1007}}
Jul 05 03:11:38.495253 np0000004559 devstack@neutron-api.service[87392]: DEBUG neutron.plugins.ml2.drivers.ovn.mech_driver.ovsdb.ovsdb_monitor [None req-38281159-5f06-44d8-beac-4a9e0336350b None None] Hash Ring: Node 5e14e3a50467539e92b8b3075f586353 (host: np0000004559) handling event "update" for row 0afff5bd-ab7f-481d-a82f-315fd3fd3aeb (table: NB_Global) {{(pid=87392) notify /opt/stack/neutron/neutron/plugins/ml2/drivers/ovn/mech_driver/ovsdb/ovsdb_monitor.py:1015}}
Jul 05 03:11:38.495893 np0000004559 devstack@neutron-api.service[87390]: DEBUG neutron.plugins.ml2.drivers.ovn.mech_driver.ovsdb.ovsdb_monitor [None req-256214d4-d6e8-41e8-854f-993348d46c2e None None] Touching Hash Ring node "3346ad461638510b83248c5fff4f02bb" from IDL notify handler {{(pid=87390) notify /opt/stack/neutron/neutron/plugins/ml2/drivers/ovn/mech_driver/ovsdb/ovsdb_monitor.py:1007}}
Jul 05 03:11:38.502216 np0000004559 devstack@neutron-api.service[87390]: DEBUG neutron.plugins.ml2.drivers.ovn.mech_driver.ovsdb.ovsdb_monitor [None req-256214d4-d6e8-41e8-854f-993348d46c2e None None] Hash Ring: Node 3346ad461638510b83248c5fff4f02bb (host: np0000004559) handling event "update" for row 0afff5bd-ab7f-481d-a82f-315fd3fd3aeb (table: NB_Global) {{(pid=87390) notify /opt/stack/neutron/neutron/plugins/ml2/drivers/ovn/mech_driver/ovsdb/ovsdb_monitor.py:1015}}
Jul 05 03:11:41.246667 np0000004559 devstack@neutron-api.service[87390]: WARNING neutron.plugins.ml2.drivers.ovn.mech_driver.ovsdb.ovn_client [None req-ab6a1c6e-705c-40d6-ae6d-c05ff7d48a3b None None] No hosting information found for port 3755ee90-9a0c-43fb-9c91-44ab444177c8: RuntimeError: No hosting information found for port 3755ee90-9a0c-43fb-9c91-44ab444177c8
Jul 05 03:11:41.270843 np0000004559 devstack@neutron-api.service[87390]: INFO neutron.common.ovn.utils [None req-ab6a1c6e-705c-40d6-ae6d-c05ff7d48a3b None None] HA Chassis Group neutron-ae9820ac-e434-40a0-8689-eeaac5559143 synchronized; highest priority chassis 43784bae-3036-4594-807c-d8634971a30e
Jul 05 03:11:41.271544 np0000004559 devstack@neutron-api.service[87390]: DEBUG ovsdbapp.backend.ovs_idl.transaction [None req-256214d4-d6e8-41e8-854f-993348d46c2e None None] Running txn n=1 command(idx=0): DbSetCommand(_result=None, table=HA_Chassis_Group, record=neutron-ae9820ac-e434-40a0-8689-eeaac5559143, col_values=(('external_ids', {'neutron:availability_zone_hints': '', 'neutron:network_id': 'ae9820ac-e434-40a0-8689-eeaac5559143', 'neutron:router_id': '9e6e52a1-b44b-4541-8191-4130a507444e'}),), if_exists=True) {{(pid=87390) do_commit /opt/stack/data/venv/lib/python3.12/site-packages/ovsdbapp/backend/ovs_idl/transaction.py:89}}
Jul 05 03:11:41.271934 np0000004559 devstack@neutron-api.service[87390]: DEBUG ovsdbapp.backend.ovs_idl.transaction [None req-256214d4-d6e8-41e8-854f-993348d46c2e None None] Running txn n=1 command(idx=1): HAChassisGroupAddChassisCommand(_result=None, hcg=neutron-ae9820ac-e434-40a0-8689-eeaac5559143, chassis=43784bae-3036-4594-807c-d8634971a30e, priority=1, columns={}) {{(pid=87390) do_commit /opt/stack/data/venv/lib/python3.12/site-packages/ovsdbapp/backend/ovs_idl/transaction.py:89}}
Jul 05 03:11:41.272231 np0000004559 devstack@neutron-api.service[87390]: DEBUG ovsdbapp.backend.ovs_idl.transaction [None req-256214d4-d6e8-41e8-854f-993348d46c2e None None] Transaction caused no change {{(pid=87390) do_commit /opt/stack/data/venv/lib/python3.12/site-packages/ovsdbapp/backend/ovs_idl/transaction.py:129}}
Jul 05 03:11:41.358312 np0000004559 devstack@neutron-api.service[87390]: DEBUG ovsdbapp.backend.ovs_idl.transaction [None req-256214d4-d6e8-41e8-854f-993348d46c2e None None] Running txn n=1 command(idx=0): CheckRevisionNumberCommand(_result=None, name=lrp-3755ee90-9a0c-43fb-9c91-44ab444177c8, resource={'id': '3755ee90-9a0c-43fb-9c91-44ab444177c8', 'name': '', 'network_id': 'ae9820ac-e434-40a0-8689-eeaac5559143', 'project_id': '6b334c60206d4ee9b862a15082727985', 'mac_address': 'fa:16:3e:d7:6d:63', 'admin_state_up': True, 'status': 'ACTIVE', 'device_id': '9e6e52a1-b44b-4541-8191-4130a507444e', 'device_owner': 'network:router_interface', 'standard_attr_id': 24, 'fixed_ips': [{'subnet_id': 'fddef0ea-90ca-46df-a75c-e5ae62752707', 'ip_address': 'fd4c:972d:1b18::1'}], 'allowed_address_pairs': [], 'extra_dhcp_opts': [], 'security_groups': [], 'description': '', 'binding:vnic_type': 'normal', 'binding:profile': {}, 'binding:host_id': '', 'binding:vif_type': 'unbound', 'binding:vif_details': {}, 'port_security_enabled': False, 'tags': [], 'created_at': '2026-07-05T03:11:32Z', 'updated_at': '2026-07-05T03:11:35Z', 'revision_number': 2, 'tenant_id': '6b334c60206d4ee9b862a15082727985'}, resource_type=router_ports, if_exists=True) {{(pid=87390) do_commit /opt/stack/data/venv/lib/python3.12/site-packages/ovsdbapp/backend/ovs_idl/transaction.py:89}}
Jul 05 03:11:41.358648 np0000004559 devstack@neutron-api.service[87390]: DEBUG ovsdbapp.backend.ovs_idl.transaction [None req-256214d4-d6e8-41e8-854f-993348d46c2e None None] Running txn n=1 command(idx=1): UpdateLRouterPortCommand(_result=None, name=lrp-3755ee90-9a0c-43fb-9c91-44ab444177c8, columns={'external_ids': {'neutron:revision_number': '2', 'neutron:subnet_ids': 'fddef0ea-90ca-46df-a75c-e5ae62752707', 'neutron:network_name': 'neutron-ae9820ac-e434-40a0-8689-eeaac5559143', 'neutron:is_ext_gw': 'False', 'neutron:router_name': 'neutron-9e6e52a1-b44b-4541-8191-4130a507444e'}, 'options': {}, 'networks': ['fd4c:972d:1b18::1/64'], 'ipv6_ra_configs': {'address_mode': 'slaac', 'send_periodic': 'true', 'mtu': '1372'}}, if_exists=False) {{(pid=87390) do_commit /opt/stack/data/venv/lib/python3.12/site-packages/ovsdbapp/backend/ovs_idl/transaction.py:89}}
Jul 05 03:11:41.359015 np0000004559 devstack@neutron-api.service[87390]: DEBUG ovsdbapp.backend.ovs_idl.transaction [None req-256214d4-d6e8-41e8-854f-993348d46c2e None None] Running txn n=1 command(idx=2): SetLRouterPortInLSwitchPortCommand(_result=None, lswitch_port=3755ee90-9a0c-43fb-9c91-44ab444177c8, lrouter_port=lrp-3755ee90-9a0c-43fb-9c91-44ab444177c8, is_gw_port=False, if_exists=True, lsp_address=router) {{(pid=87390) do_commit /opt/stack/data/venv/lib/python3.12/site-packages/ovsdbapp/backend/ovs_idl/transaction.py:89}}
Jul 05 03:11:41.364516 np0000004559 devstack@neutron-api.service[87390]: DEBUG neutron.plugins.ml2.drivers.ovn.mech_driver.ovsdb.ovsdb_monitor [None req-256214d4-d6e8-41e8-854f-993348d46c2e None None] Touching Hash Ring node "3346ad461638510b83248c5fff4f02bb" from IDL notify handler {{(pid=87390) notify /opt/stack/neutron/neutron/plugins/ml2/drivers/ovn/mech_driver/ovsdb/ovsdb_monitor.py:1007}}
Jul 05 03:11:41.369949 np0000004559 devstack@neutron-api.service[87391]: DEBUG neutron.plugins.ml2.drivers.ovn.mech_driver.ovsdb.ovsdb_monitor [None req-732ffe56-94a6-4172-8f8f-a857bfdd11fd None None] Touching Hash Ring node "93e6454270545e74a61eaccf65d86581" from IDL notify handler {{(pid=87391) notify /opt/stack/neutron/neutron/plugins/ml2/drivers/ovn/mech_driver/ovsdb/ovsdb_monitor.py:1007}}
Jul 05 03:11:41.373569 np0000004559 devstack@neutron-api.service[87390]: DEBUG neutron.plugins.ml2.drivers.ovn.mech_driver.ovsdb.ovsdb_monitor [None req-8e4bf005-d9df-451a-ba83-8ecc11f7c88b None None] Touching Hash Ring node "3346ad461638510b83248c5fff4f02bb" from IDL notify handler {{(pid=87390) notify /opt/stack/neutron/neutron/plugins/ml2/drivers/ovn/mech_driver/ovsdb/ovsdb_monitor.py:1007}}
Jul 05 03:11:41.375685 np0000004559 devstack@neutron-api.service[87390]: DEBUG neutron.plugins.ml2.drivers.ovn.mech_driver.ovsdb.ovsdb_monitor [None req-256214d4-d6e8-41e8-854f-993348d46c2e None None] Hash Ring: Node 3346ad461638510b83248c5fff4f02bb (host: np0000004559) handling event "update" for row 07deb1ca-705e-4584-a54e-5b98a18fbb3f (table: Logical_Router_Port) {{(pid=87390) notify /opt/stack/neutron/neutron/plugins/ml2/drivers/ovn/mech_driver/ovsdb/ovsdb_monitor.py:1015}}
Jul 05 03:11:41.380897 np0000004559 devstack@neutron-api.service[87390]: DEBUG neutron.plugins.ml2.drivers.ovn.mech_driver.ovsdb.ovsdb_monitor [None req-8e4bf005-d9df-451a-ba83-8ecc11f7c88b None None] Hash Ring: Node 3346ad461638510b83248c5fff4f02bb (host: np0000004559) handling event "update" for row 0647f0eb-9671-409b-8187-b5668bfdbdc3 (table: Port_Binding) {{(pid=87390) notify /opt/stack/neutron/neutron/plugins/ml2/drivers/ovn/mech_driver/ovsdb/ovsdb_monitor.py:1015}}
Jul 05 03:11:41.381153 np0000004559 devstack@neutron-api.service[87391]: DEBUG neutron.plugins.ml2.drivers.ovn.mech_driver.ovsdb.ovsdb_monitor [None req-732ffe56-94a6-4172-8f8f-a857bfdd11fd None None] Hash Ring: Node 93e6454270545e74a61eaccf65d86581 (host: np0000004559) handling event "update" for row 0647f0eb-9671-409b-8187-b5668bfdbdc3 (table: Port_Binding) {{(pid=87391) notify /opt/stack/neutron/neutron/plugins/ml2/drivers/ovn/mech_driver/ovsdb/ovsdb_monitor.py:1015}}
Jul 05 03:11:41.417211 np0000004559 devstack@neutron-api.service[87390]: INFO neutron.db.ovn_revision_numbers_db [None req-ab6a1c6e-705c-40d6-ae6d-c05ff7d48a3b None None] Successfully bumped revision number for resource 3755ee90-9a0c-43fb-9c91-44ab444177c8 (type: router_ports) to 2
Jul 05 03:11:41.443577 np0000004559 devstack@neutron-api.service[87390]: INFO neutron.common.ovn.utils [None req-ab6a1c6e-705c-40d6-ae6d-c05ff7d48a3b None None] HA Chassis Group neutron-ae9820ac-e434-40a0-8689-eeaac5559143 synchronized; highest priority chassis 43784bae-3036-4594-807c-d8634971a30e
Jul 05 03:11:41.444432 np0000004559 devstack@neutron-api.service[87390]: DEBUG ovsdbapp.backend.ovs_idl.transaction [None req-256214d4-d6e8-41e8-854f-993348d46c2e None None] Running txn n=1 command(idx=0): DbSetCommand(_result=None, table=HA_Chassis_Group, record=neutron-ae9820ac-e434-40a0-8689-eeaac5559143, col_values=(('external_ids', {'neutron:availability_zone_hints': '', 'neutron:network_id': 'ae9820ac-e434-40a0-8689-eeaac5559143', 'neutron:router_id': '9e6e52a1-b44b-4541-8191-4130a507444e'}),), if_exists=True) {{(pid=87390) do_commit /opt/stack/data/venv/lib/python3.12/site-packages/ovsdbapp/backend/ovs_idl/transaction.py:89}}
Jul 05 03:11:41.444904 np0000004559 devstack@neutron-api.service[87390]: DEBUG ovsdbapp.backend.ovs_idl.transaction [None req-256214d4-d6e8-41e8-854f-993348d46c2e None None] Running txn n=1 command(idx=1): HAChassisGroupAddChassisCommand(_result=None, hcg=neutron-ae9820ac-e434-40a0-8689-eeaac5559143, chassis=43784bae-3036-4594-807c-d8634971a30e, priority=1, columns={}) {{(pid=87390) do_commit /opt/stack/data/venv/lib/python3.12/site-packages/ovsdbapp/backend/ovs_idl/transaction.py:89}}
Jul 05 03:11:41.445297 np0000004559 devstack@neutron-api.service[87390]: DEBUG ovsdbapp.backend.ovs_idl.transaction [None req-256214d4-d6e8-41e8-854f-993348d46c2e None None] Transaction caused no change {{(pid=87390) do_commit /opt/stack/data/venv/lib/python3.12/site-packages/ovsdbapp/backend/ovs_idl/transaction.py:129}}
Jul 05 03:11:41.473366 np0000004559 devstack@neutron-api.service[87390]: INFO neutron.common.ovn.utils [None req-ab6a1c6e-705c-40d6-ae6d-c05ff7d48a3b None None] HA Chassis Group neutron-ae9820ac-e434-40a0-8689-eeaac5559143 synchronized; highest priority chassis 43784bae-3036-4594-807c-d8634971a30e
Jul 05 03:11:41.473975 np0000004559 devstack@neutron-api.service[87390]: DEBUG ovsdbapp.backend.ovs_idl.transaction [None req-256214d4-d6e8-41e8-854f-993348d46c2e None None] Running txn n=1 command(idx=0): DbSetCommand(_result=None, table=HA_Chassis_Group, record=neutron-ae9820ac-e434-40a0-8689-eeaac5559143, col_values=(('external_ids', {'neutron:availability_zone_hints': '', 'neutron:network_id': 'ae9820ac-e434-40a0-8689-eeaac5559143', 'neutron:router_id': '9e6e52a1-b44b-4541-8191-4130a507444e'}),), if_exists=True) {{(pid=87390) do_commit /opt/stack/data/venv/lib/python3.12/site-packages/ovsdbapp/backend/ovs_idl/transaction.py:89}}
Jul 05 03:11:41.474358 np0000004559 devstack@neutron-api.service[87390]: DEBUG ovsdbapp.backend.ovs_idl.transaction [None req-256214d4-d6e8-41e8-854f-993348d46c2e None None] Running txn n=1 command(idx=1): HAChassisGroupAddChassisCommand(_result=None, hcg=neutron-ae9820ac-e434-40a0-8689-eeaac5559143, chassis=43784bae-3036-4594-807c-d8634971a30e, priority=1, columns={}) {{(pid=87390) do_commit /opt/stack/data/venv/lib/python3.12/site-packages/ovsdbapp/backend/ovs_idl/transaction.py:89}}
Jul 05 03:11:41.474702 np0000004559 devstack@neutron-api.service[87390]: DEBUG ovsdbapp.backend.ovs_idl.transaction [None req-256214d4-d6e8-41e8-854f-993348d46c2e None None] Transaction caused no change {{(pid=87390) do_commit /opt/stack/data/venv/lib/python3.12/site-packages/ovsdbapp/backend/ovs_idl/transaction.py:129}}
Jul 05 03:11:41.528352 np0000004559 devstack@neutron-api.service[87390]: DEBUG ovsdbapp.backend.ovs_idl.transaction [None req-256214d4-d6e8-41e8-854f-993348d46c2e None None] Running txn n=1 command(idx=0): CheckRevisionNumberCommand(_result=None, name=lrp-3755ee90-9a0c-43fb-9c91-44ab444177c8, resource={'id': '3755ee90-9a0c-43fb-9c91-44ab444177c8', 'name': '', 'network_id': 'ae9820ac-e434-40a0-8689-eeaac5559143', 'project_id': '6b334c60206d4ee9b862a15082727985', 'mac_address': 'fa:16:3e:d7:6d:63', 'admin_state_up': True, 'status': 'ACTIVE', 'device_id': '9e6e52a1-b44b-4541-8191-4130a507444e', 'device_owner': 'network:router_interface', 'standard_attr_id': 24, 'fixed_ips': [{'subnet_id': 'fddef0ea-90ca-46df-a75c-e5ae62752707', 'ip_address': 'fd4c:972d:1b18::1'}], 'allowed_address_pairs': [], 'extra_dhcp_opts': [], 'security_groups': [], 'description': '', 'binding:vnic_type': 'normal', 'binding:profile': {}, 'binding:host_id': '', 'binding:vif_type': 'unbound', 'binding:vif_details': {}, 'port_security_enabled': False, 'tags': [], 'created_at': '2026-07-05T03:11:32Z', 'updated_at': '2026-07-05T03:11:35Z', 'revision_number': 2, 'tenant_id': '6b334c60206d4ee9b862a15082727985'}, resource_type=router_ports, if_exists=True) {{(pid=87390) do_commit /opt/stack/data/venv/lib/python3.12/site-packages/ovsdbapp/backend/ovs_idl/transaction.py:89}}
Jul 05 03:11:41.528603 np0000004559 devstack@neutron-api.service[87390]: DEBUG ovsdbapp.backend.ovs_idl.transaction [None req-256214d4-d6e8-41e8-854f-993348d46c2e None None] Running txn n=1 command(idx=1): UpdateLRouterPortCommand(_result=None, name=lrp-3755ee90-9a0c-43fb-9c91-44ab444177c8, columns={'external_ids': {'neutron:revision_number': '2', 'neutron:subnet_ids': 'fddef0ea-90ca-46df-a75c-e5ae62752707', 'neutron:network_name': 'neutron-ae9820ac-e434-40a0-8689-eeaac5559143', 'neutron:is_ext_gw': 'False', 'neutron:router_name': 'neutron-9e6e52a1-b44b-4541-8191-4130a507444e'}, 'options': {}, 'networks': ['fd4c:972d:1b18::1/64'], 'ipv6_ra_configs': {'address_mode': 'slaac', 'send_periodic': 'true', 'mtu': '1372'}}, if_exists=False) {{(pid=87390) do_commit /opt/stack/data/venv/lib/python3.12/site-packages/ovsdbapp/backend/ovs_idl/transaction.py:89}}
Jul 05 03:11:41.528938 np0000004559 devstack@neutron-api.service[87390]: DEBUG ovsdbapp.backend.ovs_idl.transaction [None req-256214d4-d6e8-41e8-854f-993348d46c2e None None] Running txn n=1 command(idx=2): SetLRouterPortInLSwitchPortCommand(_result=None, lswitch_port=3755ee90-9a0c-43fb-9c91-44ab444177c8, lrouter_port=lrp-3755ee90-9a0c-43fb-9c91-44ab444177c8, is_gw_port=False, if_exists=True, lsp_address=router) {{(pid=87390) do_commit /opt/stack/data/venv/lib/python3.12/site-packages/ovsdbapp/backend/ovs_idl/transaction.py:89}}
Jul 05 03:11:41.529253 np0000004559 devstack@neutron-api.service[87390]: DEBUG ovsdbapp.backend.ovs_idl.transaction [None req-256214d4-d6e8-41e8-854f-993348d46c2e None None] Transaction caused no change {{(pid=87390) do_commit /opt/stack/data/venv/lib/python3.12/site-packages/ovsdbapp/backend/ovs_idl/transaction.py:129}}
Jul 05 03:11:45.224547 np0000004559 devstack@neutron-api.service[87390]: DEBUG futurist.periodics [-] Submitting periodic callback 'neutron.plugins.ml2.drivers.ovn.mech_driver.ovsdb.maintenance.HashRingHealthCheckPeriodics.touch_hash_ring_node' {{(pid=87390) _process_scheduled /opt/stack/data/venv/lib/python3.12/site-packages/futurist/periodics.py:784}}
Jul 05 03:11:45.225097 np0000004559 devstack@neutron-api.service[87390]: DEBUG neutron.plugins.ml2.drivers.ovn.mech_driver.ovsdb.maintenance [-] Touching Hash Ring node "3346ad461638510b83248c5fff4f02bb" from periodic health check thread {{(pid=87390) touch_hash_ring_node /opt/stack/neutron/neutron/plugins/ml2/drivers/ovn/mech_driver/ovsdb/maintenance.py:1419}}
Jul 05 03:11:46.124300 np0000004559 devstack@neutron-api.service[87391]: DEBUG futurist.periodics [-] Submitting periodic callback 'neutron.plugins.ml2.drivers.ovn.mech_driver.ovsdb.maintenance.HashRingHealthCheckPeriodics.touch_hash_ring_node' {{(pid=87391) _process_scheduled /opt/stack/data/venv/lib/python3.12/site-packages/futurist/periodics.py:784}}
Jul 05 03:11:46.124726 np0000004559 devstack@neutron-api.service[87391]: DEBUG neutron.plugins.ml2.drivers.ovn.mech_driver.ovsdb.maintenance [-] Touching Hash Ring node "93e6454270545e74a61eaccf65d86581" from periodic health check thread {{(pid=87391) touch_hash_ring_node /opt/stack/neutron/neutron/plugins/ml2/drivers/ovn/mech_driver/ovsdb/maintenance.py:1419}}
Jul 05 03:11:46.208114 np0000004559 devstack@neutron-api.service[87392]: DEBUG futurist.periodics [-] Submitting periodic callback 'neutron.plugins.ml2.drivers.ovn.mech_driver.ovsdb.maintenance.HashRingHealthCheckPeriodics.touch_hash_ring_node' {{(pid=87392) _process_scheduled /opt/stack/data/venv/lib/python3.12/site-packages/futurist/periodics.py:784}}
Jul 05 03:11:46.208561 np0000004559 devstack@neutron-api.service[87392]: DEBUG neutron.plugins.ml2.drivers.ovn.mech_driver.ovsdb.maintenance [-] Touching Hash Ring node "5e14e3a50467539e92b8b3075f586353" from periodic health check thread {{(pid=87392) touch_hash_ring_node /opt/stack/neutron/neutron/plugins/ml2/drivers/ovn/mech_driver/ovsdb/maintenance.py:1419}}
Jul 05 03:11:55.236611 np0000004559 devstack@neutron-api.service[87390]: DEBUG dbcounter [-] [87390] Writing DB stats neutron:SELECT=3145,neutron:INSERT=729,neutron:DELETE=12,neutron:UPDATE=129 {{(pid=87390) stat_writer /opt/stack/data/venv/lib/python3.12/site-packages/dbcounter.py:115}}
Jul 05 03:11:56.130745 np0000004559 devstack@neutron-api.service[87391]: DEBUG dbcounter [-] [87391] Writing DB stats neutron:SELECT=271,neutron:INSERT=18,neutron:DELETE=6,neutron:UPDATE=25 {{(pid=87391) stat_writer /opt/stack/data/venv/lib/python3.12/site-packages/dbcounter.py:115}}
Jul 05 03:11:56.217241 np0000004559 devstack@neutron-api.service[87392]: DEBUG dbcounter [-] [87392] Writing DB stats neutron:SELECT=1996,neutron:INSERT=56,neutron:DELETE=9,neutron:UPDATE=59 {{(pid=87392) stat_writer /opt/stack/data/venv/lib/python3.12/site-packages/dbcounter.py:115}}
Jul 05 03:12:00.225111 np0000004559 devstack@neutron-api.service[87390]: DEBUG futurist.periodics [-] Submitting periodic callback 'neutron.plugins.ml2.drivers.ovn.mech_driver.ovsdb.maintenance.HashRingHealthCheckPeriodics.touch_hash_ring_node' {{(pid=87390) _process_scheduled /opt/stack/data/venv/lib/python3.12/site-packages/futurist/periodics.py:784}}
Jul 05 03:12:00.225596 np0000004559 devstack@neutron-api.service[87390]: DEBUG neutron.plugins.ml2.drivers.ovn.mech_driver.ovsdb.maintenance [-] Touching Hash Ring node "3346ad461638510b83248c5fff4f02bb" from periodic health check thread {{(pid=87390) touch_hash_ring_node /opt/stack/neutron/neutron/plugins/ml2/drivers/ovn/mech_driver/ovsdb/maintenance.py:1419}}
Jul 05 03:12:01.124752 np0000004559 devstack@neutron-api.service[87391]: DEBUG futurist.periodics [-] Submitting periodic callback 'neutron.plugins.ml2.drivers.ovn.mech_driver.ovsdb.maintenance.HashRingHealthCheckPeriodics.touch_hash_ring_node' {{(pid=87391) _process_scheduled /opt/stack/data/venv/lib/python3.12/site-packages/futurist/periodics.py:784}}
Jul 05 03:12:01.125256 np0000004559 devstack@neutron-api.service[87391]: DEBUG neutron.plugins.ml2.drivers.ovn.mech_driver.ovsdb.maintenance [-] Touching Hash Ring node "93e6454270545e74a61eaccf65d86581" from periodic health check thread {{(pid=87391) touch_hash_ring_node /opt/stack/neutron/neutron/plugins/ml2/drivers/ovn/mech_driver/ovsdb/maintenance.py:1419}}
Jul 05 03:12:01.208685 np0000004559 devstack@neutron-api.service[87392]: DEBUG futurist.periodics [-] Submitting periodic callback 'neutron.plugins.ml2.drivers.ovn.mech_driver.ovsdb.maintenance.HashRingHealthCheckPeriodics.touch_hash_ring_node' {{(pid=87392) _process_scheduled /opt/stack/data/venv/lib/python3.12/site-packages/futurist/periodics.py:784}}
Jul 05 03:12:01.209203 np0000004559 devstack@neutron-api.service[87392]: DEBUG neutron.plugins.ml2.drivers.ovn.mech_driver.ovsdb.maintenance [-] Touching Hash Ring node "5e14e3a50467539e92b8b3075f586353" from periodic health check thread {{(pid=87392) touch_hash_ring_node /opt/stack/neutron/neutron/plugins/ml2/drivers/ovn/mech_driver/ovsdb/maintenance.py:1419}}
Jul 05 03:12:10.231581 np0000004559 devstack@neutron-api.service[87390]: DEBUG dbcounter [-] [87390] Writing DB stats neutron:UPDATE=1,neutron:SELECT=1 {{(pid=87390) stat_writer /opt/stack/data/venv/lib/python3.12/site-packages/dbcounter.py:115}}
Jul 05 03:12:11.132887 np0000004559 devstack@neutron-api.service[87391]: DEBUG dbcounter [-] [87391] Writing DB stats neutron:UPDATE=1,neutron:SELECT=1 {{(pid=87391) stat_writer /opt/stack/data/venv/lib/python3.12/site-packages/dbcounter.py:115}}
Jul 05 03:12:11.215715 np0000004559 devstack@neutron-api.service[87392]: DEBUG dbcounter [-] [87392] Writing DB stats neutron:UPDATE=1,neutron:SELECT=1 {{(pid=87392) stat_writer /opt/stack/data/venv/lib/python3.12/site-packages/dbcounter.py:115}}
Jul 05 03:12:15.225602 np0000004559 devstack@neutron-api.service[87390]: DEBUG futurist.periodics [-] Submitting periodic callback 'neutron.plugins.ml2.drivers.ovn.mech_driver.ovsdb.maintenance.HashRingHealthCheckPeriodics.touch_hash_ring_node' {{(pid=87390) _process_scheduled /opt/stack/data/venv/lib/python3.12/site-packages/futurist/periodics.py:784}}
Jul 05 03:12:15.226117 np0000004559 devstack@neutron-api.service[87390]: DEBUG neutron.plugins.ml2.drivers.ovn.mech_driver.ovsdb.maintenance [-] Touching Hash Ring node "3346ad461638510b83248c5fff4f02bb" from periodic health check thread {{(pid=87390) touch_hash_ring_node /opt/stack/neutron/neutron/plugins/ml2/drivers/ovn/mech_driver/ovsdb/maintenance.py:1419}}
Jul 05 03:12:16.126187 np0000004559 devstack@neutron-api.service[87391]: DEBUG futurist.periodics [-] Submitting periodic callback 'neutron.plugins.ml2.drivers.ovn.mech_driver.ovsdb.maintenance.HashRingHealthCheckPeriodics.touch_hash_ring_node' {{(pid=87391) _process_scheduled /opt/stack/data/venv/lib/python3.12/site-packages/futurist/periodics.py:784}}
Jul 05 03:12:16.126575 np0000004559 devstack@neutron-api.service[87391]: DEBUG neutron.plugins.ml2.drivers.ovn.mech_driver.ovsdb.maintenance [-] Touching Hash Ring node "93e6454270545e74a61eaccf65d86581" from periodic health check thread {{(pid=87391) touch_hash_ring_node /opt/stack/neutron/neutron/plugins/ml2/drivers/ovn/mech_driver/ovsdb/maintenance.py:1419}}
Jul 05 03:12:16.209232 np0000004559 devstack@neutron-api.service[87392]: DEBUG futurist.periodics [-] Submitting periodic callback 'neutron.plugins.ml2.drivers.ovn.mech_driver.ovsdb.maintenance.HashRingHealthCheckPeriodics.touch_hash_ring_node' {{(pid=87392) _process_scheduled /opt/stack/data/venv/lib/python3.12/site-packages/futurist/periodics.py:784}}
Jul 05 03:12:16.209791 np0000004559 devstack@neutron-api.service[87392]: DEBUG neutron.plugins.ml2.drivers.ovn.mech_driver.ovsdb.maintenance [-] Touching Hash Ring node "5e14e3a50467539e92b8b3075f586353" from periodic health check thread {{(pid=87392) touch_hash_ring_node /opt/stack/neutron/neutron/plugins/ml2/drivers/ovn/mech_driver/ovsdb/maintenance.py:1419}}
Jul 05 03:12:25.231903 np0000004559 devstack@neutron-api.service[87390]: DEBUG dbcounter [-] [87390] Writing DB stats neutron:UPDATE=1,neutron:SELECT=1 {{(pid=87390) stat_writer /opt/stack/data/venv/lib/python3.12/site-packages/dbcounter.py:115}}
Jul 05 03:12:26.132877 np0000004559 devstack@neutron-api.service[87391]: DEBUG dbcounter [-] [87391] Writing DB stats neutron:UPDATE=1,neutron:SELECT=1 {{(pid=87391) stat_writer /opt/stack/data/venv/lib/python3.12/site-packages/dbcounter.py:115}}
Jul 05 03:12:26.216102 np0000004559 devstack@neutron-api.service[87392]: DEBUG dbcounter [-] [87392] Writing DB stats neutron:UPDATE=1,neutron:SELECT=1 {{(pid=87392) stat_writer /opt/stack/data/venv/lib/python3.12/site-packages/dbcounter.py:115}}
Jul 05 03:12:30.226091 np0000004559 devstack@neutron-api.service[87390]: DEBUG futurist.periodics [-] Submitting periodic callback 'neutron.plugins.ml2.drivers.ovn.mech_driver.ovsdb.maintenance.HashRingHealthCheckPeriodics.touch_hash_ring_node' {{(pid=87390) _process_scheduled /opt/stack/data/venv/lib/python3.12/site-packages/futurist/periodics.py:784}}
Jul 05 03:12:30.226629 np0000004559 devstack@neutron-api.service[87390]: DEBUG neutron.plugins.ml2.drivers.ovn.mech_driver.ovsdb.maintenance [-] Touching Hash Ring node "3346ad461638510b83248c5fff4f02bb" from periodic health check thread {{(pid=87390) touch_hash_ring_node /opt/stack/neutron/neutron/plugins/ml2/drivers/ovn/mech_driver/ovsdb/maintenance.py:1419}}
Jul 05 03:12:31.126687 np0000004559 devstack@neutron-api.service[87391]: DEBUG futurist.periodics [-] Submitting periodic callback 'neutron.plugins.ml2.drivers.ovn.mech_driver.ovsdb.maintenance.HashRingHealthCheckPeriodics.touch_hash_ring_node' {{(pid=87391) _process_scheduled /opt/stack/data/venv/lib/python3.12/site-packages/futurist/periodics.py:784}}
Jul 05 03:12:31.127323 np0000004559 devstack@neutron-api.service[87391]: DEBUG neutron.plugins.ml2.drivers.ovn.mech_driver.ovsdb.maintenance [-] Touching Hash Ring node "93e6454270545e74a61eaccf65d86581" from periodic health check thread {{(pid=87391) touch_hash_ring_node /opt/stack/neutron/neutron/plugins/ml2/drivers/ovn/mech_driver/ovsdb/maintenance.py:1419}}
Jul 05 03:12:31.209747 np0000004559 devstack@neutron-api.service[87392]: DEBUG futurist.periodics [-] Submitting periodic callback 'neutron.plugins.ml2.drivers.ovn.mech_driver.ovsdb.maintenance.HashRingHealthCheckPeriodics.touch_hash_ring_node' {{(pid=87392) _process_scheduled /opt/stack/data/venv/lib/python3.12/site-packages/futurist/periodics.py:784}}
Jul 05 03:12:31.210357 np0000004559 devstack@neutron-api.service[87392]: DEBUG neutron.plugins.ml2.drivers.ovn.mech_driver.ovsdb.maintenance [-] Touching Hash Ring node "5e14e3a50467539e92b8b3075f586353" from periodic health check thread {{(pid=87392) touch_hash_ring_node /opt/stack/neutron/neutron/plugins/ml2/drivers/ovn/mech_driver/ovsdb/maintenance.py:1419}}
Jul 05 03:12:32.975429 np0000004559 devstack@neutron-api.service[87392]: DEBUG neutron.api.wsgi [None req-f9ce9102-467d-4494-a7bb-8a6557f481fa admin admin] Missing Content-Type {{(pid=87392) get_content_type /opt/stack/neutron/neutron/api/wsgi.py:80}}
Jul 05 03:12:32.975842 np0000004559 devstack@neutron-api.service[87392]: DEBUG neutron.api.wsgi [None req-f9ce9102-467d-4494-a7bb-8a6557f481fa admin admin] https://10.4.3.174/networking/v2.0/extensions returned with HTTP 200 {{(pid=87392) __call__ /opt/stack/neutron/neutron/api/wsgi.py:540}}
Jul 05 03:12:32.976113 np0000004559 devstack@neutron-api.service[87392]: [pid: 87392|app: 0|req: 11/34] 10.4.3.174 () {64 vars in 1292 bytes} [Sun Jul 5 03:12:32 2026] GET /networking/v2.0/extensions => generated 16171 bytes in 3 msecs (HTTP/1.1 200) 4 headers in 159 bytes (1 switches on core 0)
Jul 05 03:12:33.220787 np0000004559 devstack@neutron-api.service[87390]: INFO neutron.pecan_wsgi.hooks.translation [None req-bd04ee27-ef50-4763-9b29-6a85eb6c628b admin admin] GET failed (client error): The resource could not be found.
Jul 05 03:12:33.221351 np0000004559 devstack@neutron-api.service[87390]: [pid: 87390|app: 0|req: 13/35] 10.4.3.174 () {64 vars in 1294 bytes} [Sun Jul 5 03:12:33 2026] GET /networking/v2.0/networks/public => generated 108 bytes in 7 msecs (HTTP/1.1 404) 4 headers in 164 bytes (1 switches on core 0)
Jul 05 03:12:33.261521 np0000004559 devstack@neutron-api.service[87391]: DEBUG neutron.pecan_wsgi.hooks.policy_enforcement [None req-b5e7fd64-c82b-4a8c-a6a1-359f5ea89346 admin admin] Attributes excluded by policy engine: ['standard_attr_id'] {{(pid=87391) _exclude_attributes_by_policy /opt/stack/neutron/neutron/pecan_wsgi/hooks/policy_enforcement.py:259}}
Jul 05 03:12:33.262779 np0000004559 devstack@neutron-api.service[87391]: [pid: 87391|app: 0|req: 12/36] 10.4.3.174 () {64 vars in 1309 bytes} [Sun Jul 5 03:12:33 2026] GET /networking/v2.0/networks?name=public => generated 759 bytes in 35 msecs (HTTP/1.1 200) 4 headers in 157 bytes (1 switches on core 0)
Jul 05 03:12:33.435659 np0000004559 devstack@neutron-api.service[87392]: DEBUG neutron.api.v2.base [None req-3996c5ba-3425-40a1-a67a-2c6101f1283b admin admin] Request body: {'network': {'name': 'shared', 'admin_state_up': True, 'shared': True}} {{(pid=87392) prepare_request_body /opt/stack/neutron/neutron/api/v2/base.py:727}}
