Aug 25 00:25:57.376634 np0000008039 devstack@g-api.service[103062]: DEBUG glance.api.middleware.version_negotiation [None req-c9b0ccde-a891-4e53-847e-0978cbf82ab2 tempest-AttachVolumeMultiAttachTest-970345664 tempest-AttachVolumeMultiAttachTest-970345664-project-member] Using url versioning {{(pid=103062) process_request /opt/stack/glance/glance/api/middleware/version_negotiation.py:57}}
Aug 25 00:25:57.376769 np0000008039 devstack@g-api.service[103062]: DEBUG glance.api.middleware.version_negotiation [None req-c9b0ccde-a891-4e53-847e-0978cbf82ab2 tempest-AttachVolumeMultiAttachTest-970345664 tempest-AttachVolumeMultiAttachTest-970345664-project-member] Matched version: v2 {{(pid=103062) process_request /opt/stack/glance/glance/api/middleware/version_negotiation.py:69}}
Aug 25 00:25:57.377348 np0000008039 devstack@g-api.service[103062]: DEBUG glance.api.middleware.version_negotiation [None req-c9b0ccde-a891-4e53-847e-0978cbf82ab2 tempest-AttachVolumeMultiAttachTest-970345664 tempest-AttachVolumeMultiAttachTest-970345664-project-member] new path /v2/images/fd39e59e-99e5-4c7a-9a53-abaf50d9cfdb {{(pid=103062) process_request /opt/stack/glance/glance/api/middleware/version_negotiation.py:70}}
Aug 25 00:25:57.393615 np0000008039 devstack@g-api.service[103062]: [pid: 103062|app: 0|req: 29/124] 127.0.0.1 () {44 vars in 1111 bytes} [Tue Aug 25 00:25:57 2026] GET /v2/images/fd39e59e-99e5-4c7a-9a53-abaf50d9cfdb => generated 1044 bytes in 17 msecs (HTTP/1.1 200) 4 headers in 158 bytes (1 switches on core 0)
Aug 25 00:25:57.450865 np0000008039 devstack@g-api.service[103061]: DEBUG glance.api.middleware.version_negotiation [None req-c9b0ccde-a891-4e53-847e-0978cbf82ab2 tempest-AttachVolumeMultiAttachTest-970345664 tempest-AttachVolumeMultiAttachTest-970345664-project-member] Determining version of request: GET /v2/schemas/image Accept: */* {{(pid=103061) process_request /opt/stack/glance/glance/api/middleware/version_negotiation.py:44}}
Aug 25 00:25:57.451314 np0000008039 devstack@g-api.service[103061]: DEBUG glance.api.middleware.version_negotiation [None req-c9b0ccde-a891-4e53-847e-0978cbf82ab2 tempest-AttachVolumeMultiAttachTest-970345664 tempest-AttachVolumeMultiAttachTest-970345664-project-member] Using url versioning {{(pid=103061) process_request /opt/stack/glance/glance/api/middleware/version_negotiation.py:57}}
Aug 25 00:25:57.451314 np0000008039 devstack@g-api.service[103061]: DEBUG glance.api.middleware.version_negotiation [None req-c9b0ccde-a891-4e53-847e-0978cbf82ab2 tempest-AttachVolumeMultiAttachTest-970345664 tempest-AttachVolumeMultiAttachTest-970345664-project-member] Matched version: v2 {{(pid=103061) process_request /opt/stack/glance/glance/api/middleware/version_negotiation.py:69}}
Aug 25 00:25:57.451314 np0000008039 devstack@g-api.service[103061]: DEBUG glance.api.middleware.version_negotiation [None req-c9b0ccde-a891-4e53-847e-0978cbf82ab2 tempest-AttachVolumeMultiAttachTest-970345664 tempest-AttachVolumeMultiAttachTest-970345664-project-member] new path /v2/schemas/image {{(pid=103061) process_request /opt/stack/glance/glance/api/middleware/version_negotiation.py:70}}
Aug 25 00:25:57.454864 np0000008039 devstack@g-api.service[103061]: [pid: 103061|app: 0|req: 32/125] 127.0.0.1 () {44 vars in 1051 bytes} [Tue Aug 25 00:25:57 2026] GET /v2/schemas/image => generated 6083 bytes in 4 msecs (HTTP/1.1 200) 4 headers in 158 bytes (1 switches on core 0)
Aug 25 00:25:57.624198 np0000008039 devstack@g-api.service[103063]: [pid: 103063|app: 0|req: 32/126] 127.0.0.1 () {46 vars in 1051 bytes} [Tue Aug 25 00:25:56 2026] POST /v2/images => generated 1360 bytes in 761 msecs (HTTP/1.1 201) 6 headers in 316 bytes (1 switches on core 0)
Aug 25 00:25:57.708505 np0000008039 devstack@g-api.service[103064]: DEBUG glance.api.middleware.version_negotiation [None req-eb546e18-0c4c-44ef-8c66-a779f9d187e4 tempest-ServerBootFromVolumeStableRescueTest-1608008267 tempest-ServerBootFromVolumeStableRescueTest-1608008267-project-member] Determining version of request: GET /v2/images/17846e2a-2424-491b-8d59-ae1e505f0f47 Accept: application/json {{(pid=103064) process_request /opt/stack/glance/glance/api/middleware/version_negotiation.py:44}}
Aug 25 00:25:57.708881 np0000008039 devstack@g-api.service[103064]: DEBUG glance.api.middleware.version_negotiation [None req-eb546e18-0c4c-44ef-8c66-a779f9d187e4 tempest-ServerBootFromVolumeStableRescueTest-1608008267 tempest-ServerBootFromVolumeStableRescueTest-1608008267-project-member] Using url versioning {{(pid=103064) process_request /opt/stack/glance/glance/api/middleware/version_negotiation.py:57}}
Aug 25 00:25:57.708881 np0000008039 devstack@g-api.service[103064]: DEBUG glance.api.middleware.version_negotiation [None req-eb546e18-0c4c-44ef-8c66-a779f9d187e4 tempest-ServerBootFromVolumeStableRescueTest-1608008267 tempest-ServerBootFromVolumeStableRescueTest-1608008267-project-member] Matched version: v2 {{(pid=103064) process_request /opt/stack/glance/glance/api/middleware/version_negotiation.py:69}}
Aug 25 00:25:57.709153 np0000008039 devstack@g-api.service[103064]: DEBUG glance.api.middleware.version_negotiation [None req-eb546e18-0c4c-44ef-8c66-a779f9d187e4 tempest-ServerBootFromVolumeStableRescueTest-1608008267 tempest-ServerBootFromVolumeStableRescueTest-1608008267-project-member] new path /v2/images/17846e2a-2424-491b-8d59-ae1e505f0f47 {{(pid=103064) process_request /opt/stack/glance/glance/api/middleware/version_negotiation.py:70}}
Aug 25 00:25:57.730077 np0000008039 devstack@g-api.service[103064]: [pid: 103064|app: 0|req: 34/127] 127.0.0.1 () {40 vars in 834 bytes} [Tue Aug 25 00:25:57 2026] GET /v2/images/17846e2a-2424-491b-8d59-ae1e505f0f47 => generated 1360 bytes in 22 msecs (HTTP/1.1 200) 4 headers in 158 bytes (1 switches on core 0)
Aug 25 00:25:57.856346 np0000008039 devstack@g-api.service[103062]: DEBUG glance.api.middleware.version_negotiation [None req-657a8570-b986-44e3-a6cb-62d048e48dad tempest-ServerStableDeviceRescueTest-1157460771 tempest-ServerStableDeviceRescueTest-1157460771-project-member] Determining version of request: GET /v2/images/17846e2a-2424-491b-8d59-ae1e505f0f47 Accept: */* {{(pid=103062) process_request /opt/stack/glance/glance/api/middleware/version_negotiation.py:44}}
Aug 25 00:25:57.856486 np0000008039 devstack@g-api.service[103062]: DEBUG glance.api.middleware.version_negotiation [None req-657a8570-b986-44e3-a6cb-62d048e48dad tempest-ServerStableDeviceRescueTest-1157460771 tempest-ServerStableDeviceRescueTest-1157460771-project-member] Using url versioning {{(pid=103062) process_request /opt/stack/glance/glance/api/middleware/version_negotiation.py:57}}
Aug 25 00:25:57.856631 np0000008039 devstack@g-api.service[103062]: DEBUG glance.api.middleware.version_negotiation [None req-657a8570-b986-44e3-a6cb-62d048e48dad tempest-ServerStableDeviceRescueTest-1157460771 tempest-ServerStableDeviceRescueTest-1157460771-project-member] Matched version: v2 {{(pid=103062) process_request /opt/stack/glance/glance/api/middleware/version_negotiation.py:69}}
Aug 25 00:25:57.856718 np0000008039 devstack@g-api.service[103062]: DEBUG glance.api.middleware.version_negotiation [None req-657a8570-b986-44e3-a6cb-62d048e48dad tempest-ServerStableDeviceRescueTest-1157460771 tempest-ServerStableDeviceRescueTest-1157460771-project-member] new path /v2/images/17846e2a-2424-491b-8d59-ae1e505f0f47 {{(pid=103062) process_request /opt/stack/glance/glance/api/middleware/version_negotiation.py:70}}
Aug 25 00:25:57.871314 np0000008039 devstack@g-api.service[103062]: [pid: 103062|app: 0|req: 30/128] 127.0.0.1 () {44 vars in 1111 bytes} [Tue Aug 25 00:25:57 2026] GET /v2/images/17846e2a-2424-491b-8d59-ae1e505f0f47 => generated 1360 bytes in 15 msecs (HTTP/1.1 200) 4 headers in 158 bytes (1 switches on core 0)
Aug 25 00:25:57.906096 np0000008039 devstack@g-api.service[103061]: DEBUG glance.api.middleware.version_negotiation [None req-657a8570-b986-44e3-a6cb-62d048e48dad tempest-ServerStableDeviceRescueTest-1157460771 tempest-ServerStableDeviceRescueTest-1157460771-project-member] Determining version of request: GET /v2/schemas/image Accept: */* {{(pid=103061) process_request /opt/stack/glance/glance/api/middleware/version_negotiation.py:44}}
Aug 25 00:25:57.906371 np0000008039 devstack@g-api.service[103061]: DEBUG glance.api.middleware.version_negotiation [None req-657a8570-b986-44e3-a6cb-62d048e48dad tempest-ServerStableDeviceRescueTest-1157460771 tempest-ServerStableDeviceRescueTest-1157460771-project-member] Using url versioning {{(pid=103061) process_request /opt/stack/glance/glance/api/middleware/version_negotiation.py:57}}
Aug 25 00:25:57.906520 np0000008039 devstack@g-api.service[103061]: DEBUG glance.api.middleware.version_negotiation [None req-657a8570-b986-44e3-a6cb-62d048e48dad tempest-ServerStableDeviceRescueTest-1157460771 tempest-ServerStableDeviceRescueTest-1157460771-project-member] Matched version: v2 {{(pid=103061) process_request /opt/stack/glance/glance/api/middleware/version_negotiation.py:69}}
Aug 25 00:25:57.906637 np0000008039 devstack@g-api.service[103061]: DEBUG glance.api.middleware.version_negotiation [None req-657a8570-b986-44e3-a6cb-62d048e48dad tempest-ServerStableDeviceRescueTest-1157460771 tempest-ServerStableDeviceRescueTest-1157460771-project-member] new path /v2/schemas/image {{(pid=103061) process_request /opt/stack/glance/glance/api/middleware/version_negotiation.py:70}}
Aug 25 00:25:57.908935 np0000008039 devstack@g-api.service[103061]: [pid: 103061|app: 0|req: 33/129] 127.0.0.1 () {44 vars in 1051 bytes} [Tue Aug 25 00:25:57 2026] GET /v2/schemas/image => generated 6083 bytes in 3 msecs (HTTP/1.1 200) 4 headers in 158 bytes (1 switches on core 0)
Aug 25 00:25:58.741619 np0000008039 devstack@g-api.service[103063]: DEBUG glance.api.middleware.version_negotiation [None req-eb546e18-0c4c-44ef-8c66-a779f9d187e4 tempest-ServerBootFromVolumeStableRescueTest-1608008267 tempest-ServerBootFromVolumeStableRescueTest-1608008267-project-member] Determining version of request: GET /v2/images/17846e2a-2424-491b-8d59-ae1e505f0f47 Accept: application/json {{(pid=103063) process_request /opt/stack/glance/glance/api/middleware/version_negotiation.py:44}}
Aug 25 00:25:58.742162 np0000008039 devstack@g-api.service[103063]: DEBUG glance.api.middleware.version_negotiation [None req-eb546e18-0c4c-44ef-8c66-a779f9d187e4 tempest-ServerBootFromVolumeStableRescueTest-1608008267 tempest-ServerBootFromVolumeStableRescueTest-1608008267-project-member] Using url versioning {{(pid=103063) process_request /opt/stack/glance/glance/api/middleware/version_negotiation.py:57}}
Aug 25 00:25:58.742162 np0000008039 devstack@g-api.service[103063]: DEBUG glance.api.middleware.version_negotiation [None req-eb546e18-0c4c-44ef-8c66-a779f9d187e4 tempest-ServerBootFromVolumeStableRescueTest-1608008267 tempest-ServerBootFromVolumeStableRescueTest-1608008267-project-member] Matched version: v2 {{(pid=103063) process_request /opt/stack/glance/glance/api/middleware/version_negotiation.py:69}}
Aug 25 00:25:58.742162 np0000008039 devstack@g-api.service[103063]: DEBUG glance.api.middleware.version_negotiation [None req-eb546e18-0c4c-44ef-8c66-a779f9d187e4 tempest-ServerBootFromVolumeStableRescueTest-1608008267 tempest-ServerBootFromVolumeStableRescueTest-1608008267-project-member] new path /v2/images/17846e2a-2424-491b-8d59-ae1e505f0f47 {{(pid=103063) process_request /opt/stack/glance/glance/api/middleware/version_negotiation.py:70}}
Aug 25 00:25:58.752775 np0000008039 devstack@g-api.service[103063]: [pid: 103063|app: 0|req: 33/130] 127.0.0.1 () {40 vars in 834 bytes} [Tue Aug 25 00:25:58 2026] GET /v2/images/17846e2a-2424-491b-8d59-ae1e505f0f47 => generated 1360 bytes in 11 msecs (HTTP/1.1 200) 4 headers in 158 bytes (1 switches on core 0)
Aug 25 00:25:59.460911 np0000008039 devstack@g-api.service[103064]: DEBUG glance.api.middleware.version_negotiation [None req-9a0d1228-7c54-4498-9949-5360bd56ef59 tempest-ServerBootFromVolumeStableRescueTest-1608008267 tempest-ServerBootFromVolumeStableRescueTest-1608008267-project-member] Determining version of request: GET /v2/images/17846e2a-2424-491b-8d59-ae1e505f0f47 Accept: */* {{(pid=103064) process_request /opt/stack/glance/glance/api/middleware/version_negotiation.py:44}}
Aug 25 00:25:59.460911 np0000008039 devstack@g-api.service[103064]: DEBUG glance.api.middleware.version_negotiation [None req-9a0d1228-7c54-4498-9949-5360bd56ef59 tempest-ServerBootFromVolumeStableRescueTest-1608008267 tempest-ServerBootFromVolumeStableRescueTest-1608008267-project-member] Using url versioning {{(pid=103064) process_request /opt/stack/glance/glance/api/middleware/version_negotiation.py:57}}
Aug 25 00:25:59.460911 np0000008039 devstack@g-api.service[103064]: DEBUG glance.api.middleware.version_negotiation [None req-9a0d1228-7c54-4498-9949-5360bd56ef59 tempest-ServerBootFromVolumeStableRescueTest-1608008267 tempest-ServerBootFromVolumeStableRescueTest-1608008267-project-member] Matched version: v2 {{(pid=103064) process_request /opt/stack/glance/glance/api/middleware/version_negotiation.py:69}}
Aug 25 00:25:59.460911 np0000008039 devstack@g-api.service[103064]: DEBUG glance.api.middleware.version_negotiation [None req-9a0d1228-7c54-4498-9949-5360bd56ef59 tempest-ServerBootFromVolumeStableRescueTest-1608008267 tempest-ServerBootFromVolumeStableRescueTest-1608008267-project-member] new path /v2/images/17846e2a-2424-491b-8d59-ae1e505f0f47 {{(pid=103064) process_request /opt/stack/glance/glance/api/middleware/version_negotiation.py:70}}
Aug 25 00:25:59.479637 np0000008039 devstack@g-api.service[103064]: [pid: 103064|app: 0|req: 35/131] 127.0.0.1 () {44 vars in 1111 bytes} [Tue Aug 25 00:25:59 2026] GET /v2/images/17846e2a-2424-491b-8d59-ae1e505f0f47 => generated 1360 bytes in 20 msecs (HTTP/1.1 200) 4 headers in 158 bytes (1 switches on core 0)
Aug 25 00:25:59.528540 np0000008039 devstack@g-api.service[103062]: DEBUG glance.api.middleware.version_negotiation [None req-eb546e18-0c4c-44ef-8c66-a779f9d187e4 tempest-ServerBootFromVolumeStableRescueTest-1608008267 tempest-ServerBootFromVolumeStableRescueTest-1608008267-project-member] Determining version of request: GET /v2/schemas/image Accept: */* {{(pid=103062) process_request /opt/stack/glance/glance/api/middleware/version_negotiation.py:44}}
Aug 25 00:25:59.529005 np0000008039 devstack@g-api.service[103062]: DEBUG glance.api.middleware.version_negotiation [None req-eb546e18-0c4c-44ef-8c66-a779f9d187e4 tempest-ServerBootFromVolumeStableRescueTest-1608008267 tempest-ServerBootFromVolumeStableRescueTest-1608008267-project-member] Using url versioning {{(pid=103062) process_request /opt/stack/glance/glance/api/middleware/version_negotiation.py:57}}
Aug 25 00:25:59.529005 np0000008039 devstack@g-api.service[103062]: DEBUG glance.api.middleware.version_negotiation [None req-eb546e18-0c4c-44ef-8c66-a779f9d187e4 tempest-ServerBootFromVolumeStableRescueTest-1608008267 tempest-ServerBootFromVolumeStableRescueTest-1608008267-project-member] Matched version: v2 {{(pid=103062) process_request /opt/stack/glance/glance/api/middleware/version_negotiation.py:69}}
Aug 25 00:25:59.529136 np0000008039 devstack@g-api.service[103062]: DEBUG glance.api.middleware.version_negotiation [None req-eb546e18-0c4c-44ef-8c66-a779f9d187e4 tempest-ServerBootFromVolumeStableRescueTest-1608008267 tempest-ServerBootFromVolumeStableRescueTest-1608008267-project-member] new path /v2/schemas/image {{(pid=103062) process_request /opt/stack/glance/glance/api/middleware/version_negotiation.py:70}}
Aug 25 00:25:59.532444 np0000008039 devstack@g-api.service[103062]: [pid: 103062|app: 0|req: 31/132] 127.0.0.1 () {44 vars in 1051 bytes} [Tue Aug 25 00:25:59 2026] GET /v2/schemas/image => generated 6083 bytes in 4 msecs (HTTP/1.1 200) 4 headers in 158 bytes (1 switches on core 0)
Aug 25 00:25:59.592454 np0000008039 devstack@g-api.service[103061]: DEBUG glance.api.middleware.version_negotiation [None req-eb546e18-0c4c-44ef-8c66-a779f9d187e4 tempest-ServerBootFromVolumeStableRescueTest-1608008267 tempest-ServerBootFromVolumeStableRescueTest-1608008267-project-member] Determining version of request: GET /v2/schemas/image Accept: */* {{(pid=103061) process_request /opt/stack/glance/glance/api/middleware/version_negotiation.py:44}}
Aug 25 00:25:59.592903 np0000008039 devstack@g-api.service[103061]: DEBUG glance.api.middleware.version_negotiation [None req-eb546e18-0c4c-44ef-8c66-a779f9d187e4 tempest-ServerBootFromVolumeStableRescueTest-1608008267 tempest-ServerBootFromVolumeStableRescueTest-1608008267-project-member] Using url versioning {{(pid=103061) process_request /opt/stack/glance/glance/api/middleware/version_negotiation.py:57}}
Aug 25 00:25:59.592903 np0000008039 devstack@g-api.service[103061]: DEBUG glance.api.middleware.version_negotiation [None req-eb546e18-0c4c-44ef-8c66-a779f9d187e4 tempest-ServerBootFromVolumeStableRescueTest-1608008267 tempest-ServerBootFromVolumeStableRescueTest-1608008267-project-member] Matched version: v2 {{(pid=103061) process_request /opt/stack/glance/glance/api/middleware/version_negotiation.py:69}}
Aug 25 00:25:59.593167 np0000008039 devstack@g-api.service[103061]: DEBUG glance.api.middleware.version_negotiation [None req-eb546e18-0c4c-44ef-8c66-a779f9d187e4 tempest-ServerBootFromVolumeStableRescueTest-1608008267 tempest-ServerBootFromVolumeStableRescueTest-1608008267-project-member] new path /v2/schemas/image {{(pid=103061) process_request /opt/stack/glance/glance/api/middleware/version_negotiation.py:70}}
Aug 25 00:25:59.596763 np0000008039 devstack@g-api.service[103061]: [pid: 103061|app: 0|req: 34/133] 127.0.0.1 () {44 vars in 1051 bytes} [Tue Aug 25 00:25:59 2026] GET /v2/schemas/image => generated 6083 bytes in 4 msecs (HTTP/1.1 200) 4 headers in 158 bytes (1 switches on core 0)
Aug 25 00:25:59.663832 np0000008039 devstack@g-api.service[103063]: DEBUG glance.api.middleware.version_negotiation [None req-0e995f2f-4f3c-4b00-8f91-44ab544a7ae3 tempest-ServerBootFromVolumeStableRescueTest-1608008267 tempest-ServerBootFromVolumeStableRescueTest-1608008267-project-member] Determining version of request: PATCH /v2/images/17846e2a-2424-491b-8d59-ae1e505f0f47 Accept: */* {{(pid=103063) process_request /opt/stack/glance/glance/api/middleware/version_negotiation.py:44}}
Aug 25 00:25:59.664094 np0000008039 devstack@g-api.service[103063]: DEBUG glance.api.middleware.version_negotiation [None req-0e995f2f-4f3c-4b00-8f91-44ab544a7ae3 tempest-ServerBootFromVolumeStableRescueTest-1608008267 tempest-ServerBootFromVolumeStableRescueTest-1608008267-project-member] Using url versioning {{(pid=103063) process_request /opt/stack/glance/glance/api/middleware/version_negotiation.py:57}}
Aug 25 00:25:59.664304 np0000008039 devstack@g-api.service[103063]: DEBUG glance.api.middleware.version_negotiation [None req-0e995f2f-4f3c-4b00-8f91-44ab544a7ae3 tempest-ServerBootFromVolumeStableRescueTest-1608008267 tempest-ServerBootFromVolumeStableRescueTest-1608008267-project-member] Matched version: v2 {{(pid=103063) process_request /opt/stack/glance/glance/api/middleware/version_negotiation.py:69}}
Aug 25 00:25:59.664433 np0000008039 devstack@g-api.service[103063]: DEBUG glance.api.middleware.version_negotiation [None req-0e995f2f-4f3c-4b00-8f91-44ab544a7ae3 tempest-ServerBootFromVolumeStableRescueTest-1608008267 tempest-ServerBootFromVolumeStableRescueTest-1608008267-project-member] new path /v2/images/17846e2a-2424-491b-8d59-ae1e505f0f47 {{(pid=103063) process_request /opt/stack/glance/glance/api/middleware/version_negotiation.py:70}}
Aug 25 00:25:59.763660 np0000008039 devstack@g-api.service[103064]: DEBUG glance.api.middleware.version_negotiation [None req-eb546e18-0c4c-44ef-8c66-a779f9d187e4 tempest-ServerBootFromVolumeStableRescueTest-1608008267 tempest-ServerBootFromVolumeStableRescueTest-1608008267-project-member] Determining version of request: GET /v2/images/17846e2a-2424-491b-8d59-ae1e505f0f47 Accept: application/json {{(pid=103064) process_request /opt/stack/glance/glance/api/middleware/version_negotiation.py:44}}
Aug 25 00:25:59.764370 np0000008039 devstack@g-api.service[103064]: DEBUG glance.api.middleware.version_negotiation [None req-eb546e18-0c4c-44ef-8c66-a779f9d187e4 tempest-ServerBootFromVolumeStableRescueTest-1608008267 tempest-ServerBootFromVolumeStableRescueTest-1608008267-project-member] Using url versioning {{(pid=103064) process_request /opt/stack/glance/glance/api/middleware/version_negotiation.py:57}}
Aug 25 00:25:59.764370 np0000008039 devstack@g-api.service[103064]: DEBUG glance.api.middleware.version_negotiation [None req-eb546e18-0c4c-44ef-8c66-a779f9d187e4 tempest-ServerBootFromVolumeStableRescueTest-1608008267 tempest-ServerBootFromVolumeStableRescueTest-1608008267-project-member] Matched version: v2 {{(pid=103064) process_request /opt/stack/glance/glance/api/middleware/version_negotiation.py:69}}
Aug 25 00:25:59.764370 np0000008039 devstack@g-api.service[103064]: DEBUG glance.api.middleware.version_negotiation [None req-eb546e18-0c4c-44ef-8c66-a779f9d187e4 tempest-ServerBootFromVolumeStableRescueTest-1608008267 tempest-ServerBootFromVolumeStableRescueTest-1608008267-project-member] new path /v2/images/17846e2a-2424-491b-8d59-ae1e505f0f47 {{(pid=103064) process_request /opt/stack/glance/glance/api/middleware/version_negotiation.py:70}}
Aug 25 00:25:59.780709 np0000008039 devstack@g-api.service[103064]: [pid: 103064|app: 0|req: 36/134] 127.0.0.1 () {40 vars in 834 bytes} [Tue Aug 25 00:25:59 2026] GET /v2/images/17846e2a-2424-491b-8d59-ae1e505f0f47 => generated 1360 bytes in 17 msecs (HTTP/1.1 200) 4 headers in 158 bytes (1 switches on core 0)
Aug 25 00:25:59.849137 np0000008039 devstack@g-api.service[103063]: [pid: 103063|app: 0|req: 34/135] 127.0.0.1 () {46 vars in 1154 bytes} [Tue Aug 25 00:25:59 2026] PATCH /v2/images/17846e2a-2424-491b-8d59-ae1e505f0f47 => generated 1471 bytes in 185 msecs (HTTP/1.1 200) 4 headers in 158 bytes (1 switches on core 0)
Aug 25 00:25:59.931278 np0000008039 devstack@g-api.service[103062]: DEBUG glance.api.middleware.version_negotiation [None req-eb546e18-0c4c-44ef-8c66-a779f9d187e4 tempest-ServerBootFromVolumeStableRescueTest-1608008267 tempest-ServerBootFromVolumeStableRescueTest-1608008267-project-member] Determining version of request: GET /v2/images/17846e2a-2424-491b-8d59-ae1e505f0f47 Accept: */* {{(pid=103062) process_request /opt/stack/glance/glance/api/middleware/version_negotiation.py:44}}
Aug 25 00:25:59.931777 np0000008039 devstack@g-api.service[103062]: DEBUG glance.api.middleware.version_negotiation [None req-eb546e18-0c4c-44ef-8c66-a779f9d187e4 tempest-ServerBootFromVolumeStableRescueTest-1608008267 tempest-ServerBootFromVolumeStableRescueTest-1608008267-project-member] Using url versioning {{(pid=103062) process_request /opt/stack/glance/glance/api/middleware/version_negotiation.py:57}}
Aug 25 00:25:59.931777 np0000008039 devstack@g-api.service[103062]: DEBUG glance.api.middleware.version_negotiation [None req-eb546e18-0c4c-44ef-8c66-a779f9d187e4 tempest-ServerBootFromVolumeStableRescueTest-1608008267 tempest-ServerBootFromVolumeStableRescueTest-1608008267-project-member] Matched version: v2 {{(pid=103062) process_request /opt/stack/glance/glance/api/middleware/version_negotiation.py:69}}
Aug 25 00:25:59.931777 np0000008039 devstack@g-api.service[103062]: DEBUG glance.api.middleware.version_negotiation [None req-eb546e18-0c4c-44ef-8c66-a779f9d187e4 tempest-ServerBootFromVolumeStableRescueTest-1608008267 tempest-ServerBootFromVolumeStableRescueTest-1608008267-project-member] new path /v2/images/17846e2a-2424-491b-8d59-ae1e505f0f47 {{(pid=103062) process_request /opt/stack/glance/glance/api/middleware/version_negotiation.py:70}}
Aug 25 00:25:59.951028 np0000008039 devstack@g-api.service[103062]: [pid: 103062|app: 0|req: 32/136] 127.0.0.1 () {44 vars in 1111 bytes} [Tue Aug 25 00:25:59 2026] GET /v2/images/17846e2a-2424-491b-8d59-ae1e505f0f47 => generated 1471 bytes in 20 msecs (HTTP/1.1 200) 4 headers in 158 bytes (1 switches on core 0)
Aug 25 00:26:00.009904 np0000008039 devstack@g-api.service[103061]: DEBUG glance.api.middleware.version_negotiation [None req-eb546e18-0c4c-44ef-8c66-a779f9d187e4 tempest-ServerBootFromVolumeStableRescueTest-1608008267 tempest-ServerBootFromVolumeStableRescueTest-1608008267-project-member] Determining version of request: PUT /v2/images/17846e2a-2424-491b-8d59-ae1e505f0f47/file Accept: */* {{(pid=103061) process_request /opt/stack/glance/glance/api/middleware/version_negotiation.py:44}}
Aug 25 00:26:00.009904 np0000008039 devstack@g-api.service[103061]: DEBUG glance.api.middleware.version_negotiation [None req-eb546e18-0c4c-44ef-8c66-a779f9d187e4 tempest-ServerBootFromVolumeStableRescueTest-1608008267 tempest-ServerBootFromVolumeStableRescueTest-1608008267-project-member] Using url versioning {{(pid=103061) process_request /opt/stack/glance/glance/api/middleware/version_negotiation.py:57}}
Aug 25 00:26:00.010092 np0000008039 devstack@g-api.service[103061]: DEBUG glance.api.middleware.version_negotiation [None req-eb546e18-0c4c-44ef-8c66-a779f9d187e4 tempest-ServerBootFromVolumeStableRescueTest-1608008267 tempest-ServerBootFromVolumeStableRescueTest-1608008267-project-member] Matched version: v2 {{(pid=103061) process_request /opt/stack/glance/glance/api/middleware/version_negotiation.py:69}}
Aug 25 00:26:00.010243 np0000008039 devstack@g-api.service[103061]: DEBUG glance.api.middleware.version_negotiation [None req-eb546e18-0c4c-44ef-8c66-a779f9d187e4 tempest-ServerBootFromVolumeStableRescueTest-1608008267 tempest-ServerBootFromVolumeStableRescueTest-1608008267-project-member] new path /v2/images/17846e2a-2424-491b-8d59-ae1e505f0f47/file {{(pid=103061) process_request /opt/stack/glance/glance/api/middleware/version_negotiation.py:70}}
Aug 25 00:26:00.789351 np0000008039 devstack@g-api.service[103064]: DEBUG glance.api.middleware.version_negotiation [None req-e4f3f672-6b56-4b75-b034-ec796ed5aaad tempest-ServerBootFromVolumeStableRescueTest-1608008267 tempest-ServerBootFromVolumeStableRescueTest-1608008267-project-member] Determining version of request: GET /v2/images/17846e2a-2424-491b-8d59-ae1e505f0f47 Accept: application/json {{(pid=103064) process_request /opt/stack/glance/glance/api/middleware/version_negotiation.py:44}}
Aug 25 00:26:00.789674 np0000008039 devstack@g-api.service[103064]: DEBUG glance.api.middleware.version_negotiation [None req-e4f3f672-6b56-4b75-b034-ec796ed5aaad tempest-ServerBootFromVolumeStableRescueTest-1608008267 tempest-ServerBootFromVolumeStableRescueTest-1608008267-project-member] Using url versioning {{(pid=103064) process_request /opt/stack/glance/glance/api/middleware/version_negotiation.py:57}}
Aug 25 00:26:00.789804 np0000008039 devstack@g-api.service[103064]: DEBUG glance.api.middleware.version_negotiation [None req-e4f3f672-6b56-4b75-b034-ec796ed5aaad tempest-ServerBootFromVolumeStableRescueTest-1608008267 tempest-ServerBootFromVolumeStableRescueTest-1608008267-project-member] Matched version: v2 {{(pid=103064) process_request /opt/stack/glance/glance/api/middleware/version_negotiation.py:69}}
Aug 25 00:26:00.789904 np0000008039 devstack@g-api.service[103064]: DEBUG glance.api.middleware.version_negotiation [None req-e4f3f672-6b56-4b75-b034-ec796ed5aaad tempest-ServerBootFromVolumeStableRescueTest-1608008267 tempest-ServerBootFromVolumeStableRescueTest-1608008267-project-member] new path /v2/images/17846e2a-2424-491b-8d59-ae1e505f0f47 {{(pid=103064) process_request /opt/stack/glance/glance/api/middleware/version_negotiation.py:70}}
Aug 25 00:26:00.804781 np0000008039 devstack@g-api.service[103064]: [pid: 103064|app: 0|req: 37/137] 127.0.0.1 () {40 vars in 834 bytes} [Tue Aug 25 00:26:00 2026] GET /v2/images/17846e2a-2424-491b-8d59-ae1e505f0f47 => generated 1471 bytes in 16 msecs (HTTP/1.1 200) 4 headers in 158 bytes (1 switches on core 0)
Aug 25 00:26:00.822299 np0000008039 devstack@g-api.service[103061]: INFO glance.api.v2.image_data [None req-eb546e18-0c4c-44ef-8c66-a779f9d187e4 tempest-ServerBootFromVolumeStableRescueTest-1608008267 tempest-ServerBootFromVolumeStableRescueTest-1608008267-project-member] Unable to create trust: no such option collect_timing in group [keystone_authtoken] Use the existing user token.
Aug 25 00:26:01.815414 np0000008039 devstack@g-api.service[103063]: DEBUG glance.api.middleware.version_negotiation [None req-eb546e18-0c4c-44ef-8c66-a779f9d187e4 tempest-ServerBootFromVolumeStableRescueTest-1608008267 tempest-ServerBootFromVolumeStableRescueTest-1608008267-project-member] Determining version of request: GET /v2/images/17846e2a-2424-491b-8d59-ae1e505f0f47 Accept: application/json {{(pid=103063) process_request /opt/stack/glance/glance/api/middleware/version_negotiation.py:44}}
Aug 25 00:26:01.815824 np0000008039 devstack@g-api.service[103063]: DEBUG glance.api.middleware.version_negotiation [None req-eb546e18-0c4c-44ef-8c66-a779f9d187e4 tempest-ServerBootFromVolumeStableRescueTest-1608008267 tempest-ServerBootFromVolumeStableRescueTest-1608008267-project-member] Using url versioning {{(pid=103063) process_request /opt/stack/glance/glance/api/middleware/version_negotiation.py:57}}
Aug 25 00:26:01.815824 np0000008039 devstack@g-api.service[103063]: DEBUG glance.api.middleware.version_negotiation [None req-eb546e18-0c4c-44ef-8c66-a779f9d187e4 tempest-ServerBootFromVolumeStableRescueTest-1608008267 tempest-ServerBootFromVolumeStableRescueTest-1608008267-project-member] Matched version: v2 {{(pid=103063) process_request /opt/stack/glance/glance/api/middleware/version_negotiation.py:69}}
Aug 25 00:26:01.815824 np0000008039 devstack@g-api.service[103063]: DEBUG glance.api.middleware.version_negotiation [None req-eb546e18-0c4c-44ef-8c66-a779f9d187e4 tempest-ServerBootFromVolumeStableRescueTest-1608008267 tempest-ServerBootFromVolumeStableRescueTest-1608008267-project-member] new path /v2/images/17846e2a-2424-491b-8d59-ae1e505f0f47 {{(pid=103063) process_request /opt/stack/glance/glance/api/middleware/version_negotiation.py:70}}
Aug 25 00:26:01.849484 np0000008039 devstack@g-api.service[103063]: [pid: 103063|app: 0|req: 35/138] 127.0.0.1 () {40 vars in 834 bytes} [Tue Aug 25 00:26:01 2026] GET /v2/images/17846e2a-2424-491b-8d59-ae1e505f0f47 => generated 1471 bytes in 34 msecs (HTTP/1.1 200) 4 headers in 158 bytes (1 switches on core 0)
Aug 25 00:26:01.969259 np0000008039 devstack@g-api.service[103061]: DEBUG glance.location [None req-eb546e18-0c4c-44ef-8c66-a779f9d187e4 tempest-ServerBootFromVolumeStableRescueTest-1608008267 tempest-ServerBootFromVolumeStableRescueTest-1608008267-project-member] Enabling in-flight format inspection for qcow2 {{(pid=103061) set_data /opt/stack/glance/glance/location.py:596}}
Aug 25 00:26:01.969697 np0000008039 devstack@g-api.service[103061]: DEBUG glance_store.backend [None req-eb546e18-0c4c-44ef-8c66-a779f9d187e4 tempest-ServerBootFromVolumeStableRescueTest-1608008267 tempest-ServerBootFromVolumeStableRescueTest-1608008267-project-member] Attempting to import store swift {{(pid=103061) _load_store /opt/stack/data/venv/lib/python3.12/site-packages/glance_store/backend.py:215}}
Aug 25 00:26:01.972265 np0000008039 devstack@g-api.service[103061]: DEBUG glance_store.capabilities [None req-eb546e18-0c4c-44ef-8c66-a779f9d187e4 tempest-ServerBootFromVolumeStableRescueTest-1608008267 tempest-ServerBootFromVolumeStableRescueTest-1608008267-project-member] Store glance_store._drivers.swift.store.SingleTenantStore doesn't support updating dynamic storage capabilities. Please overwrite 'update_capabilities' method of the store to implement updating logics if needed. {{(pid=103061) update_capabilities /opt/stack/data/venv/lib/python3.12/site-packages/glance_store/capabilities.py:91}}
Aug 25 00:26:01.972265 np0000008039 devstack@g-api.service[103061]: DEBUG glance_store.driver [None req-eb546e18-0c4c-44ef-8c66-a779f9d187e4 tempest-ServerBootFromVolumeStableRescueTest-1608008267 tempest-ServerBootFromVolumeStableRescueTest-1608008267-project-member] Late loading location class glance_store._drivers.swift.store.StoreLocation {{(pid=103061) get_store_location_class /opt/stack/data/venv/lib/python3.12/site-packages/glance_store/driver.py:134}}
Aug 25 00:26:01.972265 np0000008039 devstack@g-api.service[103061]: DEBUG glance_store.location [None req-eb546e18-0c4c-44ef-8c66-a779f9d187e4 tempest-ServerBootFromVolumeStableRescueTest-1608008267 tempest-ServerBootFromVolumeStableRescueTest-1608008267-project-member] Registering scheme swift+https with {'store': , 'location_class': , 'store_entry': 'swift'} {{(pid=103061) register_scheme_map /opt/stack/data/venv/lib/python3.12/site-packages/glance_store/location.py:146}}
Aug 25 00:26:01.972554 np0000008039 devstack@g-api.service[103061]: DEBUG glance_store.location [None req-eb546e18-0c4c-44ef-8c66-a779f9d187e4 tempest-ServerBootFromVolumeStableRescueTest-1608008267 tempest-ServerBootFromVolumeStableRescueTest-1608008267-project-member] Registering scheme swift+https with {'store': , 'location_class': , 'store_entry': 'swift'} {{(pid=103061) register_scheme_map /opt/stack/data/venv/lib/python3.12/site-packages/glance_store/location.py:146}}
Aug 25 00:26:01.972554 np0000008039 devstack@g-api.service[103061]: DEBUG glance_store.location [None req-eb546e18-0c4c-44ef-8c66-a779f9d187e4 tempest-ServerBootFromVolumeStableRescueTest-1608008267 tempest-ServerBootFromVolumeStableRescueTest-1608008267-project-member] Registering scheme swift with {'store': , 'location_class': , 'store_entry': 'swift'} {{(pid=103061) register_scheme_map /opt/stack/data/venv/lib/python3.12/site-packages/glance_store/location.py:146}}
Aug 25 00:26:01.972554 np0000008039 devstack@g-api.service[103061]: DEBUG glance_store.location [None req-eb546e18-0c4c-44ef-8c66-a779f9d187e4 tempest-ServerBootFromVolumeStableRescueTest-1608008267 tempest-ServerBootFromVolumeStableRescueTest-1608008267-project-member] Registering scheme swift+https with {'store': , 'location_class': , 'store_entry': 'swift'} {{(pid=103061) register_scheme_map /opt/stack/data/venv/lib/python3.12/site-packages/glance_store/location.py:146}}
Aug 25 00:26:01.972745 np0000008039 devstack@g-api.service[103061]: DEBUG glance_store.location [None req-eb546e18-0c4c-44ef-8c66-a779f9d187e4 tempest-ServerBootFromVolumeStableRescueTest-1608008267 tempest-ServerBootFromVolumeStableRescueTest-1608008267-project-member] Registering scheme swift with {'store': , 'location_class': , 'store_entry': 'swift'} {{(pid=103061) register_scheme_map /opt/stack/data/venv/lib/python3.12/site-packages/glance_store/location.py:146}}
Aug 25 00:26:01.972745 np0000008039 devstack@g-api.service[103061]: DEBUG glance_store.location [None req-eb546e18-0c4c-44ef-8c66-a779f9d187e4 tempest-ServerBootFromVolumeStableRescueTest-1608008267 tempest-ServerBootFromVolumeStableRescueTest-1608008267-project-member] Registering scheme swift+http with {'store': , 'location_class': , 'store_entry': 'swift'} {{(pid=103061) register_scheme_map /opt/stack/data/venv/lib/python3.12/site-packages/glance_store/location.py:146}}
Aug 25 00:26:01.972745 np0000008039 devstack@g-api.service[103061]: DEBUG glance_store.location [None req-eb546e18-0c4c-44ef-8c66-a779f9d187e4 tempest-ServerBootFromVolumeStableRescueTest-1608008267 tempest-ServerBootFromVolumeStableRescueTest-1608008267-project-member] Registering scheme swift+https with {'store': , 'location_class': , 'store_entry': 'swift'} {{(pid=103061) register_scheme_map /opt/stack/data/venv/lib/python3.12/site-packages/glance_store/location.py:146}}
Aug 25 00:26:01.972900 np0000008039 devstack@g-api.service[103061]: DEBUG glance_store.location [None req-eb546e18-0c4c-44ef-8c66-a779f9d187e4 tempest-ServerBootFromVolumeStableRescueTest-1608008267 tempest-ServerBootFromVolumeStableRescueTest-1608008267-project-member] Registering scheme swift with {'store': , 'location_class': , 'store_entry': 'swift'} {{(pid=103061) register_scheme_map /opt/stack/data/venv/lib/python3.12/site-packages/glance_store/location.py:146}}
Aug 25 00:26:01.972900 np0000008039 devstack@g-api.service[103061]: DEBUG glance_store.location [None req-eb546e18-0c4c-44ef-8c66-a779f9d187e4 tempest-ServerBootFromVolumeStableRescueTest-1608008267 tempest-ServerBootFromVolumeStableRescueTest-1608008267-project-member] Registering scheme swift+http with {'store': , 'location_class': , 'store_entry': 'swift'} {{(pid=103061) register_scheme_map /opt/stack/data/venv/lib/python3.12/site-packages/glance_store/location.py:146}}
Aug 25 00:26:01.972900 np0000008039 devstack@g-api.service[103061]: DEBUG glance_store.location [None req-eb546e18-0c4c-44ef-8c66-a779f9d187e4 tempest-ServerBootFromVolumeStableRescueTest-1608008267 tempest-ServerBootFromVolumeStableRescueTest-1608008267-project-member] Registering scheme swift+config with {'store': , 'location_class': , 'store_entry': 'swift'} {{(pid=103061) register_scheme_map /opt/stack/data/venv/lib/python3.12/site-packages/glance_store/location.py:146}}
Aug 25 00:26:02.863787 np0000008039 devstack@g-api.service[103062]: DEBUG glance.api.middleware.version_negotiation [None req-eb546e18-0c4c-44ef-8c66-a779f9d187e4 tempest-ServerBootFromVolumeStableRescueTest-1608008267 tempest-ServerBootFromVolumeStableRescueTest-1608008267-project-member] Determining version of request: GET /v2/images/17846e2a-2424-491b-8d59-ae1e505f0f47 Accept: application/json {{(pid=103062) process_request /opt/stack/glance/glance/api/middleware/version_negotiation.py:44}}
Aug 25 00:26:02.863787 np0000008039 devstack@g-api.service[103062]: DEBUG glance.api.middleware.version_negotiation [None req-eb546e18-0c4c-44ef-8c66-a779f9d187e4 tempest-ServerBootFromVolumeStableRescueTest-1608008267 tempest-ServerBootFromVolumeStableRescueTest-1608008267-project-member] Using url versioning {{(pid=103062) process_request /opt/stack/glance/glance/api/middleware/version_negotiation.py:57}}
Aug 25 00:26:02.863787 np0000008039 devstack@g-api.service[103062]: DEBUG glance.api.middleware.version_negotiation [None req-eb546e18-0c4c-44ef-8c66-a779f9d187e4 tempest-ServerBootFromVolumeStableRescueTest-1608008267 tempest-ServerBootFromVolumeStableRescueTest-1608008267-project-member] Matched version: v2 {{(pid=103062) process_request /opt/stack/glance/glance/api/middleware/version_negotiation.py:69}}
Aug 25 00:26:02.863787 np0000008039 devstack@g-api.service[103062]: DEBUG glance.api.middleware.version_negotiation [None req-eb546e18-0c4c-44ef-8c66-a779f9d187e4 tempest-ServerBootFromVolumeStableRescueTest-1608008267 tempest-ServerBootFromVolumeStableRescueTest-1608008267-project-member] new path /v2/images/17846e2a-2424-491b-8d59-ae1e505f0f47 {{(pid=103062) process_request /opt/stack/glance/glance/api/middleware/version_negotiation.py:70}}
Aug 25 00:26:02.871147 np0000008039 devstack@g-api.service[103061]: DEBUG swiftclient [None req-eb546e18-0c4c-44ef-8c66-a779f9d187e4 tempest-ServerBootFromVolumeStableRescueTest-1608008267 tempest-ServerBootFromVolumeStableRescueTest-1608008267-project-member] REQ: curl -i https://10.4.3.33:8080/v1/AUTH_b8a9a37fe669437ab753b5c8254758a1/glance -I -H "X-Auth-Token: gAAAAABqjOEa8XKv..." {{(pid=103061) http_log /opt/stack/data/venv/lib/python3.12/site-packages/swiftclient/client.py:160}}
Aug 25 00:26:02.871554 np0000008039 devstack@g-api.service[103061]: DEBUG swiftclient [None req-eb546e18-0c4c-44ef-8c66-a779f9d187e4 tempest-ServerBootFromVolumeStableRescueTest-1608008267 tempest-ServerBootFromVolumeStableRescueTest-1608008267-project-member] RESP STATUS: 204 No Content {{(pid=103061) http_log /opt/stack/data/venv/lib/python3.12/site-packages/swiftclient/client.py:161}}
Aug 25 00:26:02.872273 np0000008039 devstack@g-api.service[103061]: DEBUG swiftclient [None req-eb546e18-0c4c-44ef-8c66-a779f9d187e4 tempest-ServerBootFromVolumeStableRescueTest-1608008267 tempest-ServerBootFromVolumeStableRescueTest-1608008267-project-member] RESP HEADERS: {'Date': 'Tue, 25 Aug 2026 00:26:02 GMT', 'Server': 'Apache/2.4.58 (Ubuntu)', 'Content-Type': 'text/plain; charset=utf-8', 'X-Container-Object-Count': '7', 'X-Container-Bytes-Used': '109576192', 'X-Timestamp': '1787617371.67265', 'Last-Modified': 'Tue, 25 Aug 2026 00:22:52 GMT', 'Accept-Ranges': 'bytes', 'X-Storage-Policy': 'Policy-0', 'X-Container-Sharding': 'False', 'Vary': 'Accept', 'X-Trans-Id': 'tx4c2bd8093f0d4f2bb5c43-006a8ce11a', 'X-Openstack-Request-Id': 'tx4c2bd8093f0d4f2bb5c43-006a8ce11a', 'Connection': 'close'} {{(pid=103061) http_log /opt/stack/data/venv/lib/python3.12/site-packages/swiftclient/client.py:162}}
Aug 25 00:26:02.872273 np0000008039 devstack@g-api.service[103061]: DEBUG glance_store._drivers.swift.store [None req-eb546e18-0c4c-44ef-8c66-a779f9d187e4 tempest-ServerBootFromVolumeStableRescueTest-1608008267 tempest-ServerBootFromVolumeStableRescueTest-1608008267-project-member] Adding image object '17846e2a-2424-491b-8d59-ae1e505f0f47' to Swift {{(pid=103061) add /opt/stack/data/venv/lib/python3.12/site-packages/glance_store/_drivers/swift/store.py:970}}
Aug 25 00:26:02.872584 np0000008039 devstack@g-api.service[103061]: DEBUG glance_store._drivers.swift.store [None req-eb546e18-0c4c-44ef-8c66-a779f9d187e4 tempest-ServerBootFromVolumeStableRescueTest-1608008267 tempest-ServerBootFromVolumeStableRescueTest-1608008267-project-member] Cannot determine image size because it is either not provided in the request or chunked-transfer encoding is used. Adding image as a segmented object to Swift. {{(pid=103061) add /opt/stack/data/venv/lib/python3.12/site-packages/glance_store/_drivers/swift/store.py:994}}
Aug 25 00:26:02.883191 np0000008039 devstack@g-api.service[103062]: [pid: 103062|app: 0|req: 33/139] 127.0.0.1 () {40 vars in 834 bytes} [Tue Aug 25 00:26:02 2026] GET /v2/images/17846e2a-2424-491b-8d59-ae1e505f0f47 => generated 1471 bytes in 19 msecs (HTTP/1.1 200) 4 headers in 158 bytes (1 switches on core 0)
Aug 25 00:26:02.883401 np0000008039 devstack@g-api.service[103061]: DEBUG oslo_utils.imageutils.format_inspector [None req-eb546e18-0c4c-44ef-8c66-a779f9d187e4 tempest-ServerBootFromVolumeStableRescueTest-1608008267 tempest-ServerBootFromVolumeStableRescueTest-1608008267-project-member] Format inspector for vmdk does not match, excluding from consideration (Signature KDMV not found: b'QFI\xfb') {{(pid=103061) _process_chunk /opt/stack/data/venv/lib/python3.12/site-packages/oslo_utils/imageutils/format_inspector.py:1758}}
Aug 25 00:26:02.887217 np0000008039 devstack@g-api.service[103061]: DEBUG oslo_utils.imageutils.format_inspector [None req-eb546e18-0c4c-44ef-8c66-a779f9d187e4 tempest-ServerBootFromVolumeStableRescueTest-1608008267 tempest-ServerBootFromVolumeStableRescueTest-1608008267-project-member] Format inspector for vhdx does not match, excluding from consideration (Region signature not found at 30000) {{(pid=103061) _process_chunk /opt/stack/data/venv/lib/python3.12/site-packages/oslo_utils/imageutils/format_inspector.py:1758}}
Aug 25 00:26:03.658337 np0000008039 devstack@g-api.service[103061]: DEBUG swiftclient [None req-eb546e18-0c4c-44ef-8c66-a779f9d187e4 tempest-ServerBootFromVolumeStableRescueTest-1608008267 tempest-ServerBootFromVolumeStableRescueTest-1608008267-project-member] REQ: curl -i https://10.4.3.33:8080/v1/AUTH_b8a9a37fe669437ab753b5c8254758a1/glance/17846e2a-2424-491b-8d59-ae1e505f0f47-00001 -X PUT -H "X-Auth-Token: gAAAAABqjOEa8XKv..." {{(pid=103061) http_log /opt/stack/data/venv/lib/python3.12/site-packages/swiftclient/client.py:160}}
Aug 25 00:26:03.658882 np0000008039 devstack@g-api.service[103061]: DEBUG swiftclient [None req-eb546e18-0c4c-44ef-8c66-a779f9d187e4 tempest-ServerBootFromVolumeStableRescueTest-1608008267 tempest-ServerBootFromVolumeStableRescueTest-1608008267-project-member] RESP STATUS: 201 Created {{(pid=103061) http_log /opt/stack/data/venv/lib/python3.12/site-packages/swiftclient/client.py:161}}
Aug 25 00:26:03.658882 np0000008039 devstack@g-api.service[103061]: DEBUG swiftclient [None req-eb546e18-0c4c-44ef-8c66-a779f9d187e4 tempest-ServerBootFromVolumeStableRescueTest-1608008267 tempest-ServerBootFromVolumeStableRescueTest-1608008267-project-member] RESP HEADERS: {'Date': 'Tue, 25 Aug 2026 00:26:03 GMT', 'Server': 'Apache/2.4.58 (Ubuntu)', 'Content-Type': 'text/html; charset=UTF-8', 'Content-Length': '0', 'Etag': '4fa343ee581d8d2e78533191fd1ac3e1', 'Last-Modified': 'Tue, 25 Aug 2026 00:26:03 GMT', 'X-Trans-Id': 'tx4dd5daf4b15845a195eb8-006a8ce11a', 'X-Openstack-Request-Id': 'tx4dd5daf4b15845a195eb8-006a8ce11a', 'Connection': 'close'} {{(pid=103061) http_log /opt/stack/data/venv/lib/python3.12/site-packages/swiftclient/client.py:162}}
Aug 25 00:26:03.659068 np0000008039 devstack@g-api.service[103061]: DEBUG glance_store._drivers.swift.store [None req-eb546e18-0c4c-44ef-8c66-a779f9d187e4 tempest-ServerBootFromVolumeStableRescueTest-1608008267 tempest-ServerBootFromVolumeStableRescueTest-1608008267-project-member] Wrote chunk 17846e2a-2424-491b-8d59-ae1e505f0f47-00001 (1/?) of length 23527424 to Swift returning MD5 of content: 4fa343ee581d8d2e78533191fd1ac3e1 {{(pid=103061) add /opt/stack/data/venv/lib/python3.12/site-packages/glance_store/_drivers/swift/store.py:1059}}
Aug 25 00:26:03.659236 np0000008039 devstack@g-api.service[103061]: DEBUG glance_store._drivers.swift.store [None req-eb546e18-0c4c-44ef-8c66-a779f9d187e4 tempest-ServerBootFromVolumeStableRescueTest-1608008267 tempest-ServerBootFromVolumeStableRescueTest-1608008267-project-member] Not writing zero-length chunk. {{(pid=103061) add /opt/stack/data/venv/lib/python3.12/site-packages/glance_store/_drivers/swift/store.py:1028}}
Aug 25 00:26:03.732643 np0000008039 devstack@g-api.service[103061]: DEBUG swiftclient [None req-eb546e18-0c4c-44ef-8c66-a779f9d187e4 tempest-ServerBootFromVolumeStableRescueTest-1608008267 tempest-ServerBootFromVolumeStableRescueTest-1608008267-project-member] REQ: curl -i https://10.4.3.33:8080/v1/AUTH_b8a9a37fe669437ab753b5c8254758a1/glance/17846e2a-2424-491b-8d59-ae1e505f0f47 -X PUT -H "X-Object-Manifest: glance/17846e2a-2424-491b-8d59-ae1e505f0f47-" -H "X-Auth-Token: gAAAAABqjOEa8XKv..." -H "Content-Length: 0" {{(pid=103061) http_log /opt/stack/data/venv/lib/python3.12/site-packages/swiftclient/client.py:160}}
Aug 25 00:26:03.733028 np0000008039 devstack@g-api.service[103061]: DEBUG swiftclient [None req-eb546e18-0c4c-44ef-8c66-a779f9d187e4 tempest-ServerBootFromVolumeStableRescueTest-1608008267 tempest-ServerBootFromVolumeStableRescueTest-1608008267-project-member] RESP STATUS: 201 Created {{(pid=103061) http_log /opt/stack/data/venv/lib/python3.12/site-packages/swiftclient/client.py:161}}
Aug 25 00:26:03.733028 np0000008039 devstack@g-api.service[103061]: DEBUG swiftclient [None req-eb546e18-0c4c-44ef-8c66-a779f9d187e4 tempest-ServerBootFromVolumeStableRescueTest-1608008267 tempest-ServerBootFromVolumeStableRescueTest-1608008267-project-member] RESP HEADERS: {'Date': 'Tue, 25 Aug 2026 00:26:03 GMT', 'Server': 'Apache/2.4.58 (Ubuntu)', 'Content-Type': 'text/html; charset=UTF-8', 'Content-Length': '0', 'Etag': 'd41d8cd98f00b204e9800998ecf8427e', 'Last-Modified': 'Tue, 25 Aug 2026 00:26:04 GMT', 'X-Trans-Id': 'txa243f4371d6140b8aa8ce-006a8ce11b', 'X-Openstack-Request-Id': 'txa243f4371d6140b8aa8ce-006a8ce11b', 'Connection': 'close'} {{(pid=103061) http_log /opt/stack/data/venv/lib/python3.12/site-packages/swiftclient/client.py:162}}
Aug 25 00:26:03.733847 np0000008039 devstack@g-api.service[103061]: INFO glance.location [None req-eb546e18-0c4c-44ef-8c66-a779f9d187e4 tempest-ServerBootFromVolumeStableRescueTest-1608008267 tempest-ServerBootFromVolumeStableRescueTest-1608008267-project-member] Image format matched and virtual size computed: 1073741824
Aug 25 00:26:03.801560 np0000008039 devstack@g-api.service[103061]: DEBUG glance_store.backend [None req-eb546e18-0c4c-44ef-8c66-a779f9d187e4 tempest-ServerBootFromVolumeStableRescueTest-1608008267 tempest-ServerBootFromVolumeStableRescueTest-1608008267-project-member] Attempting to import store swift {{(pid=103061) _load_store /opt/stack/data/venv/lib/python3.12/site-packages/glance_store/backend.py:215}}
Aug 25 00:26:03.803600 np0000008039 devstack@g-api.service[103061]: DEBUG glance_store.capabilities [None req-eb546e18-0c4c-44ef-8c66-a779f9d187e4 tempest-ServerBootFromVolumeStableRescueTest-1608008267 tempest-ServerBootFromVolumeStableRescueTest-1608008267-project-member] Store glance_store._drivers.swift.store.SingleTenantStore doesn't support updating dynamic storage capabilities. Please overwrite 'update_capabilities' method of the store to implement updating logics if needed. {{(pid=103061) update_capabilities /opt/stack/data/venv/lib/python3.12/site-packages/glance_store/capabilities.py:91}}
Aug 25 00:26:03.804250 np0000008039 devstack@g-api.service[103061]: DEBUG glance_store.driver [None req-eb546e18-0c4c-44ef-8c66-a779f9d187e4 tempest-ServerBootFromVolumeStableRescueTest-1608008267 tempest-ServerBootFromVolumeStableRescueTest-1608008267-project-member] Late loading location class glance_store._drivers.swift.store.StoreLocation {{(pid=103061) get_store_location_class /opt/stack/data/venv/lib/python3.12/site-packages/glance_store/driver.py:134}}
Aug 25 00:26:03.805046 np0000008039 devstack@g-api.service[103061]: DEBUG glance_store.location [None req-eb546e18-0c4c-44ef-8c66-a779f9d187e4 tempest-ServerBootFromVolumeStableRescueTest-1608008267 tempest-ServerBootFromVolumeStableRescueTest-1608008267-project-member] Registering scheme swift+https with {'store': , 'location_class': , 'store_entry': 'swift'} {{(pid=103061) register_scheme_map /opt/stack/data/venv/lib/python3.12/site-packages/glance_store/location.py:146}}
