Aug 25 00:22:22.667400 np0000008039 nova-scheduler[96672]: DEBUG cotyledon.oslo_config_glue [-] workarounds.disable_rootwrap = False {{(pid=96672) log_opt_values /opt/stack/data/venv/lib/python3.12/site-packages/oslo_config/cfg.py:3560}}
Aug 25 00:22:22.667528 np0000008039 nova-scheduler[96674]: INFO dbcounter [None req-70e88c36-39e6-400b-9565-cd82856ecc3b None None] Registered counter for database nova_cell0
Aug 25 00:22:22.667558 np0000008039 nova-scheduler[96672]: DEBUG cotyledon.oslo_config_glue [-] workarounds.enable_numa_live_migration = False {{(pid=96672) log_opt_values /opt/stack/data/venv/lib/python3.12/site-packages/oslo_config/cfg.py:3560}}
Aug 25 00:22:22.667558 np0000008039 nova-scheduler[96672]: DEBUG cotyledon.oslo_config_glue [-] workarounds.enable_qemu_monitor_announce_self = False {{(pid=96672) log_opt_values /opt/stack/data/venv/lib/python3.12/site-packages/oslo_config/cfg.py:3560}}
Aug 25 00:22:22.667558 np0000008039 nova-scheduler[96672]: DEBUG cotyledon.oslo_config_glue [-] workarounds.ensure_libvirt_rbd_instance_dir_cleanup = False {{(pid=96672) log_opt_values /opt/stack/data/venv/lib/python3.12/site-packages/oslo_config/cfg.py:3560}}
Aug 25 00:22:22.667558 np0000008039 nova-scheduler[96672]: DEBUG cotyledon.oslo_config_glue [-] workarounds.handle_virt_lifecycle_events = True {{(pid=96672) log_opt_values /opt/stack/data/venv/lib/python3.12/site-packages/oslo_config/cfg.py:3560}}
Aug 25 00:22:22.667558 np0000008039 nova-scheduler[96672]: DEBUG cotyledon.oslo_config_glue [-] workarounds.libvirt_disable_apic = False {{(pid=96672) log_opt_values /opt/stack/data/venv/lib/python3.12/site-packages/oslo_config/cfg.py:3560}}
Aug 25 00:22:22.667558 np0000008039 nova-scheduler[96672]: DEBUG cotyledon.oslo_config_glue [-] workarounds.never_download_image_if_on_rbd = False {{(pid=96672) log_opt_values /opt/stack/data/venv/lib/python3.12/site-packages/oslo_config/cfg.py:3560}}
Aug 25 00:22:22.667558 np0000008039 nova-scheduler[96672]: DEBUG cotyledon.oslo_config_glue [-] workarounds.qemu_monitor_announce_self_count = 3 {{(pid=96672) log_opt_values /opt/stack/data/venv/lib/python3.12/site-packages/oslo_config/cfg.py:3560}}
Aug 25 00:22:22.667558 np0000008039 nova-scheduler[96672]: DEBUG cotyledon.oslo_config_glue [-] workarounds.qemu_monitor_announce_self_interval = 1 {{(pid=96672) log_opt_values /opt/stack/data/venv/lib/python3.12/site-packages/oslo_config/cfg.py:3560}}
Aug 25 00:22:22.667558 np0000008039 nova-scheduler[96672]: DEBUG cotyledon.oslo_config_glue [-] workarounds.reserve_disk_resource_for_image_cache = False {{(pid=96672) log_opt_values /opt/stack/data/venv/lib/python3.12/site-packages/oslo_config/cfg.py:3560}}
Aug 25 00:22:22.667735 np0000008039 nova-scheduler[96672]: DEBUG cotyledon.oslo_config_glue [-] workarounds.skip_cpu_compare_at_startup = False {{(pid=96672) log_opt_values /opt/stack/data/venv/lib/python3.12/site-packages/oslo_config/cfg.py:3560}}
Aug 25 00:22:22.667735 np0000008039 nova-scheduler[96672]: DEBUG cotyledon.oslo_config_glue [-] workarounds.skip_cpu_compare_on_dest = False {{(pid=96672) log_opt_values /opt/stack/data/venv/lib/python3.12/site-packages/oslo_config/cfg.py:3560}}
Aug 25 00:22:22.667735 np0000008039 nova-scheduler[96672]: DEBUG cotyledon.oslo_config_glue [-] workarounds.skip_hypervisor_version_check_on_lm = False {{(pid=96672) log_opt_values /opt/stack/data/venv/lib/python3.12/site-packages/oslo_config/cfg.py:3560}}
Aug 25 00:22:22.667735 np0000008039 nova-scheduler[96672]: DEBUG cotyledon.oslo_config_glue [-] workarounds.skip_reserve_in_use_ironic_nodes = False {{(pid=96672) log_opt_values /opt/stack/data/venv/lib/python3.12/site-packages/oslo_config/cfg.py:3560}}
Aug 25 00:22:22.667735 np0000008039 nova-scheduler[96672]: DEBUG cotyledon.oslo_config_glue [-] workarounds.unified_limits_count_pcpu_as_vcpu = False {{(pid=96672) log_opt_values /opt/stack/data/venv/lib/python3.12/site-packages/oslo_config/cfg.py:3560}}
Aug 25 00:22:22.667735 np0000008039 nova-scheduler[96672]: DEBUG cotyledon.oslo_config_glue [-] workarounds.wait_for_vif_plugged_event_during_hard_reboot = [] {{(pid=96672) log_opt_values /opt/stack/data/venv/lib/python3.12/site-packages/oslo_config/cfg.py:3560}}
Aug 25 00:22:22.667735 np0000008039 nova-scheduler[96672]: DEBUG cotyledon.oslo_config_glue [-] wsgi.api_paste_config = /etc/nova/api-paste.ini {{(pid=96672) log_opt_values /opt/stack/data/venv/lib/python3.12/site-packages/oslo_config/cfg.py:3560}}
Aug 25 00:22:22.667735 np0000008039 nova-scheduler[96672]: DEBUG cotyledon.oslo_config_glue [-] wsgi.secure_proxy_ssl_header = None {{(pid=96672) log_opt_values /opt/stack/data/venv/lib/python3.12/site-packages/oslo_config/cfg.py:3560}}
Aug 25 00:22:22.667735 np0000008039 nova-scheduler[96672]: DEBUG cotyledon.oslo_config_glue [-] zvm.ca_file = None {{(pid=96672) log_opt_values /opt/stack/data/venv/lib/python3.12/site-packages/oslo_config/cfg.py:3560}}
Aug 25 00:22:22.668010 np0000008039 nova-scheduler[96672]: DEBUG cotyledon.oslo_config_glue [-] zvm.cloud_connector_url = None {{(pid=96672) log_opt_values /opt/stack/data/venv/lib/python3.12/site-packages/oslo_config/cfg.py:3560}}
Aug 25 00:22:22.668010 np0000008039 nova-scheduler[96672]: DEBUG cotyledon.oslo_config_glue [-] zvm.image_tmp_path = /opt/stack/data/nova/images {{(pid=96672) log_opt_values /opt/stack/data/venv/lib/python3.12/site-packages/oslo_config/cfg.py:3560}}
Aug 25 00:22:22.668010 np0000008039 nova-scheduler[96672]: DEBUG cotyledon.oslo_config_glue [-] zvm.reachable_timeout = 300 {{(pid=96672) log_opt_values /opt/stack/data/venv/lib/python3.12/site-packages/oslo_config/cfg.py:3560}}
Aug 25 00:22:22.668010 np0000008039 nova-scheduler[96672]: DEBUG cotyledon.oslo_config_glue [-] oslo_versionedobjects.fatal_exception_format_errors = False {{(pid=96672) log_opt_values /opt/stack/data/venv/lib/python3.12/site-packages/oslo_config/cfg.py:3560}}
Aug 25 00:22:22.668010 np0000008039 nova-scheduler[96672]: DEBUG cotyledon.oslo_config_glue [-] oslo_middleware.http_basic_auth_user_file = /etc/htpasswd {{(pid=96672) log_opt_values /opt/stack/data/venv/lib/python3.12/site-packages/oslo_config/cfg.py:3560}}
Aug 25 00:22:22.668010 np0000008039 nova-scheduler[96672]: DEBUG cotyledon.oslo_config_glue [-] oslo_messaging_metrics.metrics_buffer_size = 1000 {{(pid=96672) log_opt_values /opt/stack/data/venv/lib/python3.12/site-packages/oslo_config/cfg.py:3560}}
Aug 25 00:22:22.668010 np0000008039 nova-scheduler[96672]: DEBUG cotyledon.oslo_config_glue [-] oslo_messaging_metrics.metrics_enabled = False {{(pid=96672) log_opt_values /opt/stack/data/venv/lib/python3.12/site-packages/oslo_config/cfg.py:3560}}
Aug 25 00:22:22.668010 np0000008039 nova-scheduler[96672]: DEBUG cotyledon.oslo_config_glue [-] oslo_messaging_metrics.metrics_process_name = {{(pid=96672) log_opt_values /opt/stack/data/venv/lib/python3.12/site-packages/oslo_config/cfg.py:3560}}
Aug 25 00:22:22.668216 np0000008039 nova-scheduler[96672]: DEBUG cotyledon.oslo_config_glue [-] oslo_messaging_metrics.metrics_socket_file = /var/tmp/metrics_collector.sock {{(pid=96672) log_opt_values /opt/stack/data/venv/lib/python3.12/site-packages/oslo_config/cfg.py:3560}}
Aug 25 00:22:22.668216 np0000008039 nova-scheduler[96672]: DEBUG cotyledon.oslo_config_glue [-] oslo_messaging_metrics.metrics_thread_stop_timeout = 10 {{(pid=96672) log_opt_values /opt/stack/data/venv/lib/python3.12/site-packages/oslo_config/cfg.py:3560}}
Aug 25 00:22:22.668216 np0000008039 nova-scheduler[96672]: DEBUG cotyledon.oslo_config_glue [-] profiler.connection_string = messaging:// {{(pid=96672) log_opt_values /opt/stack/data/venv/lib/python3.12/site-packages/oslo_config/cfg.py:3560}}
Aug 25 00:22:22.668216 np0000008039 nova-scheduler[96672]: DEBUG cotyledon.oslo_config_glue [-] profiler.enabled = False {{(pid=96672) log_opt_values /opt/stack/data/venv/lib/python3.12/site-packages/oslo_config/cfg.py:3560}}
Aug 25 00:22:22.668216 np0000008039 nova-scheduler[96672]: DEBUG cotyledon.oslo_config_glue [-] profiler.es_doc_type = notification {{(pid=96672) log_opt_values /opt/stack/data/venv/lib/python3.12/site-packages/oslo_config/cfg.py:3560}}
Aug 25 00:22:22.668216 np0000008039 nova-scheduler[96672]: DEBUG cotyledon.oslo_config_glue [-] profiler.es_scroll_size = 10000 {{(pid=96672) log_opt_values /opt/stack/data/venv/lib/python3.12/site-packages/oslo_config/cfg.py:3560}}
Aug 25 00:22:22.668216 np0000008039 nova-scheduler[96672]: DEBUG cotyledon.oslo_config_glue [-] profiler.es_scroll_time = 2m {{(pid=96672) log_opt_values /opt/stack/data/venv/lib/python3.12/site-packages/oslo_config/cfg.py:3560}}
Aug 25 00:22:22.668216 np0000008039 nova-scheduler[96672]: DEBUG cotyledon.oslo_config_glue [-] profiler.filter_error_trace = False {{(pid=96672) log_opt_values /opt/stack/data/venv/lib/python3.12/site-packages/oslo_config/cfg.py:3560}}
Aug 25 00:22:22.668216 np0000008039 nova-scheduler[96672]: DEBUG cotyledon.oslo_config_glue [-] profiler.hmac_keys = **** {{(pid=96672) log_opt_values /opt/stack/data/venv/lib/python3.12/site-packages/oslo_config/cfg.py:3560}}
Aug 25 00:22:22.668436 np0000008039 nova-scheduler[96672]: DEBUG cotyledon.oslo_config_glue [-] profiler.sentinel_service_name = mymaster {{(pid=96672) log_opt_values /opt/stack/data/venv/lib/python3.12/site-packages/oslo_config/cfg.py:3560}}
Aug 25 00:22:22.668436 np0000008039 nova-scheduler[96672]: DEBUG cotyledon.oslo_config_glue [-] profiler.socket_timeout = 0.1 {{(pid=96672) log_opt_values /opt/stack/data/venv/lib/python3.12/site-packages/oslo_config/cfg.py:3560}}
Aug 25 00:22:22.668436 np0000008039 nova-scheduler[96672]: DEBUG cotyledon.oslo_config_glue [-] profiler.trace_requests = False {{(pid=96672) log_opt_values /opt/stack/data/venv/lib/python3.12/site-packages/oslo_config/cfg.py:3560}}
Aug 25 00:22:22.668436 np0000008039 nova-scheduler[96672]: DEBUG cotyledon.oslo_config_glue [-] profiler.trace_sqlalchemy = False {{(pid=96672) log_opt_values /opt/stack/data/venv/lib/python3.12/site-packages/oslo_config/cfg.py:3560}}
Aug 25 00:22:22.668436 np0000008039 nova-scheduler[96672]: DEBUG cotyledon.oslo_config_glue [-] profiler_jaeger.process_tags = {} {{(pid=96672) log_opt_values /opt/stack/data/venv/lib/python3.12/site-packages/oslo_config/cfg.py:3560}}
Aug 25 00:22:22.668436 np0000008039 nova-scheduler[96672]: DEBUG cotyledon.oslo_config_glue [-] profiler_jaeger.service_name_prefix = None {{(pid=96672) log_opt_values /opt/stack/data/venv/lib/python3.12/site-packages/oslo_config/cfg.py:3560}}
Aug 25 00:22:22.668436 np0000008039 nova-scheduler[96672]: DEBUG cotyledon.oslo_config_glue [-] profiler_otlp.service_name_prefix = None {{(pid=96672) log_opt_values /opt/stack/data/venv/lib/python3.12/site-packages/oslo_config/cfg.py:3560}}
Aug 25 00:22:22.668436 np0000008039 nova-scheduler[96672]: DEBUG cotyledon.oslo_config_glue [-] oslo_messaging_rabbit.amqp_auto_delete = False {{(pid=96672) log_opt_values /opt/stack/data/venv/lib/python3.12/site-packages/oslo_config/cfg.py:3560}}
Aug 25 00:22:22.668436 np0000008039 nova-scheduler[96672]: DEBUG cotyledon.oslo_config_glue [-] oslo_messaging_rabbit.amqp_durable_queues = False {{(pid=96672) log_opt_values /opt/stack/data/venv/lib/python3.12/site-packages/oslo_config/cfg.py:3560}}
Aug 25 00:22:22.668768 np0000008039 nova-scheduler[96672]: DEBUG cotyledon.oslo_config_glue [-] oslo_messaging_rabbit.conn_pool_min_size = 2 {{(pid=96672) log_opt_values /opt/stack/data/venv/lib/python3.12/site-packages/oslo_config/cfg.py:3560}}
Aug 25 00:22:22.668768 np0000008039 nova-scheduler[96672]: DEBUG cotyledon.oslo_config_glue [-] oslo_messaging_rabbit.conn_pool_ttl = 1200 {{(pid=96672) log_opt_values /opt/stack/data/venv/lib/python3.12/site-packages/oslo_config/cfg.py:3560}}
Aug 25 00:22:22.668768 np0000008039 nova-scheduler[96672]: DEBUG cotyledon.oslo_config_glue [-] oslo_messaging_rabbit.direct_mandatory_flag = True {{(pid=96672) log_opt_values /opt/stack/data/venv/lib/python3.12/site-packages/oslo_config/cfg.py:3560}}
Aug 25 00:22:22.668768 np0000008039 nova-scheduler[96672]: DEBUG cotyledon.oslo_config_glue [-] oslo_messaging_rabbit.enable_cancel_on_failover = False {{(pid=96672) log_opt_values /opt/stack/data/venv/lib/python3.12/site-packages/oslo_config/cfg.py:3560}}
Aug 25 00:22:22.668768 np0000008039 nova-scheduler[96672]: DEBUG cotyledon.oslo_config_glue [-] oslo_messaging_rabbit.heartbeat_rate = 3 {{(pid=96672) log_opt_values /opt/stack/data/venv/lib/python3.12/site-packages/oslo_config/cfg.py:3560}}
Aug 25 00:22:22.668768 np0000008039 nova-scheduler[96672]: DEBUG cotyledon.oslo_config_glue [-] oslo_messaging_rabbit.heartbeat_timeout_threshold = 60 {{(pid=96672) log_opt_values /opt/stack/data/venv/lib/python3.12/site-packages/oslo_config/cfg.py:3560}}
Aug 25 00:22:22.668768 np0000008039 nova-scheduler[96672]: DEBUG cotyledon.oslo_config_glue [-] oslo_messaging_rabbit.hostname = np0000008039 {{(pid=96672) log_opt_values /opt/stack/data/venv/lib/python3.12/site-packages/oslo_config/cfg.py:3560}}
Aug 25 00:22:22.668768 np0000008039 nova-scheduler[96672]: DEBUG cotyledon.oslo_config_glue [-] oslo_messaging_rabbit.kombu_compression = None {{(pid=96672) log_opt_values /opt/stack/data/venv/lib/python3.12/site-packages/oslo_config/cfg.py:3560}}
Aug 25 00:22:22.668768 np0000008039 nova-scheduler[96672]: DEBUG cotyledon.oslo_config_glue [-] oslo_messaging_rabbit.kombu_failover_strategy = round-robin {{(pid=96672) log_opt_values /opt/stack/data/venv/lib/python3.12/site-packages/oslo_config/cfg.py:3560}}
Aug 25 00:22:22.669169 np0000008039 nova-scheduler[96672]: DEBUG cotyledon.oslo_config_glue [-] oslo_messaging_rabbit.kombu_missing_consumer_retry_timeout = 60 {{(pid=96672) log_opt_values /opt/stack/data/venv/lib/python3.12/site-packages/oslo_config/cfg.py:3560}}
Aug 25 00:22:22.669169 np0000008039 nova-scheduler[96672]: DEBUG cotyledon.oslo_config_glue [-] oslo_messaging_rabbit.kombu_reconnect_delay = 1.0 {{(pid=96672) log_opt_values /opt/stack/data/venv/lib/python3.12/site-packages/oslo_config/cfg.py:3560}}
Aug 25 00:22:22.669169 np0000008039 nova-scheduler[96672]: DEBUG cotyledon.oslo_config_glue [-] oslo_messaging_rabbit.kombu_reconnect_splay = 0.0 {{(pid=96672) log_opt_values /opt/stack/data/venv/lib/python3.12/site-packages/oslo_config/cfg.py:3560}}
Aug 25 00:22:22.669169 np0000008039 nova-scheduler[96672]: DEBUG cotyledon.oslo_config_glue [-] oslo_messaging_rabbit.processname = nova-scheduler {{(pid=96672) log_opt_values /opt/stack/data/venv/lib/python3.12/site-packages/oslo_config/cfg.py:3560}}
Aug 25 00:22:22.669169 np0000008039 nova-scheduler[96672]: DEBUG cotyledon.oslo_config_glue [-] oslo_messaging_rabbit.rabbit_ha_queues = False {{(pid=96672) log_opt_values /opt/stack/data/venv/lib/python3.12/site-packages/oslo_config/cfg.py:3560}}
Aug 25 00:22:22.669169 np0000008039 nova-scheduler[96672]: DEBUG cotyledon.oslo_config_glue [-] oslo_messaging_rabbit.rabbit_interval_max = 30 {{(pid=96672) log_opt_values /opt/stack/data/venv/lib/python3.12/site-packages/oslo_config/cfg.py:3560}}
Aug 25 00:22:22.669169 np0000008039 nova-scheduler[96672]: DEBUG cotyledon.oslo_config_glue [-] oslo_messaging_rabbit.rabbit_login_method = AMQPLAIN {{(pid=96672) log_opt_values /opt/stack/data/venv/lib/python3.12/site-packages/oslo_config/cfg.py:3560}}
Aug 25 00:22:22.669169 np0000008039 nova-scheduler[96672]: DEBUG cotyledon.oslo_config_glue [-] oslo_messaging_rabbit.rabbit_qos_prefetch_count = 0 {{(pid=96672) log_opt_values /opt/stack/data/venv/lib/python3.12/site-packages/oslo_config/cfg.py:3560}}
Aug 25 00:22:22.669169 np0000008039 nova-scheduler[96672]: DEBUG cotyledon.oslo_config_glue [-] oslo_messaging_rabbit.rabbit_quorum_delivery_limit = 0 {{(pid=96672) log_opt_values /opt/stack/data/venv/lib/python3.12/site-packages/oslo_config/cfg.py:3560}}
Aug 25 00:22:22.669352 np0000008039 nova-scheduler[96672]: DEBUG cotyledon.oslo_config_glue [-] oslo_messaging_rabbit.rabbit_quorum_max_memory_bytes = 0 {{(pid=96672) log_opt_values /opt/stack/data/venv/lib/python3.12/site-packages/oslo_config/cfg.py:3560}}
Aug 25 00:22:22.669352 np0000008039 nova-scheduler[96672]: DEBUG cotyledon.oslo_config_glue [-] oslo_messaging_rabbit.rabbit_quorum_max_memory_length = 0 {{(pid=96672) log_opt_values /opt/stack/data/venv/lib/python3.12/site-packages/oslo_config/cfg.py:3560}}
Aug 25 00:22:22.669352 np0000008039 nova-scheduler[96672]: DEBUG cotyledon.oslo_config_glue [-] oslo_messaging_rabbit.rabbit_quorum_queue = False {{(pid=96672) log_opt_values /opt/stack/data/venv/lib/python3.12/site-packages/oslo_config/cfg.py:3560}}
Aug 25 00:22:22.669352 np0000008039 nova-scheduler[96672]: DEBUG cotyledon.oslo_config_glue [-] oslo_messaging_rabbit.rabbit_retry_backoff = 2 {{(pid=96672) log_opt_values /opt/stack/data/venv/lib/python3.12/site-packages/oslo_config/cfg.py:3560}}
Aug 25 00:22:22.669352 np0000008039 nova-scheduler[96672]: DEBUG cotyledon.oslo_config_glue [-] oslo_messaging_rabbit.rabbit_retry_interval = 1 {{(pid=96672) log_opt_values /opt/stack/data/venv/lib/python3.12/site-packages/oslo_config/cfg.py:3560}}
Aug 25 00:22:22.669352 np0000008039 nova-scheduler[96672]: DEBUG cotyledon.oslo_config_glue [-] oslo_messaging_rabbit.rabbit_stream_fanout = False {{(pid=96672) log_opt_values /opt/stack/data/venv/lib/python3.12/site-packages/oslo_config/cfg.py:3560}}
Aug 25 00:22:22.669352 np0000008039 nova-scheduler[96672]: DEBUG cotyledon.oslo_config_glue [-] oslo_messaging_rabbit.rabbit_transient_queues_ttl = 1800 {{(pid=96672) log_opt_values /opt/stack/data/venv/lib/python3.12/site-packages/oslo_config/cfg.py:3560}}
Aug 25 00:22:22.669352 np0000008039 nova-scheduler[96672]: DEBUG cotyledon.oslo_config_glue [-] oslo_messaging_rabbit.rabbit_transient_quorum_queue = False {{(pid=96672) log_opt_values /opt/stack/data/venv/lib/python3.12/site-packages/oslo_config/cfg.py:3560}}
Aug 25 00:22:22.669515 np0000008039 nova-scheduler[96672]: DEBUG cotyledon.oslo_config_glue [-] oslo_messaging_rabbit.rpc_conn_pool_size = 30 {{(pid=96672) log_opt_values /opt/stack/data/venv/lib/python3.12/site-packages/oslo_config/cfg.py:3560}}
Aug 25 00:22:22.669515 np0000008039 nova-scheduler[96672]: DEBUG cotyledon.oslo_config_glue [-] oslo_messaging_rabbit.ssl = False {{(pid=96672) log_opt_values /opt/stack/data/venv/lib/python3.12/site-packages/oslo_config/cfg.py:3560}}
Aug 25 00:22:22.669515 np0000008039 nova-scheduler[96672]: DEBUG cotyledon.oslo_config_glue [-] oslo_messaging_rabbit.ssl_ca_file = {{(pid=96672) log_opt_values /opt/stack/data/venv/lib/python3.12/site-packages/oslo_config/cfg.py:3560}}
Aug 25 00:22:22.669515 np0000008039 nova-scheduler[96672]: DEBUG cotyledon.oslo_config_glue [-] oslo_messaging_rabbit.ssl_cert_file = {{(pid=96672) log_opt_values /opt/stack/data/venv/lib/python3.12/site-packages/oslo_config/cfg.py:3560}}
Aug 25 00:22:22.669515 np0000008039 nova-scheduler[96672]: DEBUG cotyledon.oslo_config_glue [-] oslo_messaging_rabbit.ssl_enforce_fips_mode = False {{(pid=96672) log_opt_values /opt/stack/data/venv/lib/python3.12/site-packages/oslo_config/cfg.py:3560}}
Aug 25 00:22:22.669515 np0000008039 nova-scheduler[96672]: DEBUG cotyledon.oslo_config_glue [-] oslo_messaging_rabbit.ssl_enforce_hostname_verification = True {{(pid=96672) log_opt_values /opt/stack/data/venv/lib/python3.12/site-packages/oslo_config/cfg.py:3560}}
Aug 25 00:22:22.669515 np0000008039 nova-scheduler[96672]: DEBUG cotyledon.oslo_config_glue [-] oslo_messaging_rabbit.ssl_key_file = {{(pid=96672) log_opt_values /opt/stack/data/venv/lib/python3.12/site-packages/oslo_config/cfg.py:3560}}
Aug 25 00:22:22.669515 np0000008039 nova-scheduler[96672]: DEBUG cotyledon.oslo_config_glue [-] oslo_messaging_rabbit.ssl_version = {{(pid=96672) log_opt_values /opt/stack/data/venv/lib/python3.12/site-packages/oslo_config/cfg.py:3560}}
Aug 25 00:22:22.669515 np0000008039 nova-scheduler[96672]: DEBUG cotyledon.oslo_config_glue [-] oslo_messaging_rabbit.use_queue_manager = False {{(pid=96672) log_opt_values /opt/stack/data/venv/lib/python3.12/site-packages/oslo_config/cfg.py:3560}}
Aug 25 00:22:22.669700 np0000008039 nova-scheduler[96672]: DEBUG cotyledon.oslo_config_glue [-] oslo_messaging_notifications.driver = ['messagingv2'] {{(pid=96672) log_opt_values /opt/stack/data/venv/lib/python3.12/site-packages/oslo_config/cfg.py:3560}}
Aug 25 00:22:22.669700 np0000008039 nova-scheduler[96672]: DEBUG cotyledon.oslo_config_glue [-] oslo_messaging_notifications.retry = -1 {{(pid=96672) log_opt_values /opt/stack/data/venv/lib/python3.12/site-packages/oslo_config/cfg.py:3560}}
Aug 25 00:22:22.669700 np0000008039 nova-scheduler[96672]: DEBUG cotyledon.oslo_config_glue [-] oslo_messaging_notifications.topics = ['notifications'] {{(pid=96672) log_opt_values /opt/stack/data/venv/lib/python3.12/site-packages/oslo_config/cfg.py:3560}}
Aug 25 00:22:22.669700 np0000008039 nova-scheduler[96672]: DEBUG cotyledon.oslo_config_glue [-] oslo_messaging_notifications.transport_url = **** {{(pid=96672) log_opt_values /opt/stack/data/venv/lib/python3.12/site-packages/oslo_config/cfg.py:3560}}
Aug 25 00:22:22.669700 np0000008039 nova-scheduler[96672]: DEBUG cotyledon.oslo_config_glue [-] oslo_limit.auth_section = None {{(pid=96672) log_opt_values /opt/stack/data/venv/lib/python3.12/site-packages/oslo_config/cfg.py:3560}}
Aug 25 00:22:22.669700 np0000008039 nova-scheduler[96672]: DEBUG cotyledon.oslo_config_glue [-] oslo_limit.auth_type = None {{(pid=96672) log_opt_values /opt/stack/data/venv/lib/python3.12/site-packages/oslo_config/cfg.py:3560}}
Aug 25 00:22:22.669700 np0000008039 nova-scheduler[96672]: DEBUG cotyledon.oslo_config_glue [-] oslo_limit.cafile = None {{(pid=96672) log_opt_values /opt/stack/data/venv/lib/python3.12/site-packages/oslo_config/cfg.py:3560}}
Aug 25 00:22:22.669700 np0000008039 nova-scheduler[96672]: DEBUG cotyledon.oslo_config_glue [-] oslo_limit.certfile = None {{(pid=96672) log_opt_values /opt/stack/data/venv/lib/python3.12/site-packages/oslo_config/cfg.py:3560}}
Aug 25 00:22:22.669700 np0000008039 nova-scheduler[96672]: DEBUG cotyledon.oslo_config_glue [-] oslo_limit.collect_timing = False {{(pid=96672) log_opt_values /opt/stack/data/venv/lib/python3.12/site-packages/oslo_config/cfg.py:3560}}
Aug 25 00:22:22.669898 np0000008039 nova-scheduler[96672]: DEBUG cotyledon.oslo_config_glue [-] oslo_limit.connect_retries = None {{(pid=96672) log_opt_values /opt/stack/data/venv/lib/python3.12/site-packages/oslo_config/cfg.py:3560}}
Aug 25 00:22:22.669898 np0000008039 nova-scheduler[96672]: DEBUG cotyledon.oslo_config_glue [-] oslo_limit.connect_retry_delay = None {{(pid=96672) log_opt_values /opt/stack/data/venv/lib/python3.12/site-packages/oslo_config/cfg.py:3560}}
Aug 25 00:22:22.669898 np0000008039 nova-scheduler[96672]: DEBUG cotyledon.oslo_config_glue [-] oslo_limit.endpoint_id = None {{(pid=96672) log_opt_values /opt/stack/data/venv/lib/python3.12/site-packages/oslo_config/cfg.py:3560}}
Aug 25 00:22:22.669898 np0000008039 nova-scheduler[96672]: DEBUG cotyledon.oslo_config_glue [-] oslo_limit.endpoint_interface = public {{(pid=96672) log_opt_values /opt/stack/data/venv/lib/python3.12/site-packages/oslo_config/cfg.py:3560}}
Aug 25 00:22:22.669898 np0000008039 nova-scheduler[96672]: DEBUG cotyledon.oslo_config_glue [-] oslo_limit.endpoint_override = None {{(pid=96672) log_opt_values /opt/stack/data/venv/lib/python3.12/site-packages/oslo_config/cfg.py:3560}}
Aug 25 00:22:22.669898 np0000008039 nova-scheduler[96672]: DEBUG cotyledon.oslo_config_glue [-] oslo_limit.endpoint_region_name = None {{(pid=96672) log_opt_values /opt/stack/data/venv/lib/python3.12/site-packages/oslo_config/cfg.py:3560}}
Aug 25 00:22:22.669898 np0000008039 nova-scheduler[96672]: DEBUG cotyledon.oslo_config_glue [-] oslo_limit.endpoint_service_name = None {{(pid=96672) log_opt_values /opt/stack/data/venv/lib/python3.12/site-packages/oslo_config/cfg.py:3560}}
Aug 25 00:22:22.669898 np0000008039 nova-scheduler[96672]: DEBUG cotyledon.oslo_config_glue [-] oslo_limit.endpoint_service_type = None {{(pid=96672) log_opt_values /opt/stack/data/venv/lib/python3.12/site-packages/oslo_config/cfg.py:3560}}
Aug 25 00:22:22.669898 np0000008039 nova-scheduler[96672]: DEBUG cotyledon.oslo_config_glue [-] oslo_limit.insecure = False {{(pid=96672) log_opt_values /opt/stack/data/venv/lib/python3.12/site-packages/oslo_config/cfg.py:3560}}
Aug 25 00:22:22.670123 np0000008039 nova-scheduler[96672]: DEBUG cotyledon.oslo_config_glue [-] oslo_limit.keyfile = None {{(pid=96672) log_opt_values /opt/stack/data/venv/lib/python3.12/site-packages/oslo_config/cfg.py:3560}}
Aug 25 00:22:22.670123 np0000008039 nova-scheduler[96672]: DEBUG cotyledon.oslo_config_glue [-] oslo_limit.max_version = None {{(pid=96672) log_opt_values /opt/stack/data/venv/lib/python3.12/site-packages/oslo_config/cfg.py:3560}}
Aug 25 00:22:22.670123 np0000008039 nova-scheduler[96672]: DEBUG cotyledon.oslo_config_glue [-] oslo_limit.min_version = None {{(pid=96672) log_opt_values /opt/stack/data/venv/lib/python3.12/site-packages/oslo_config/cfg.py:3560}}
Aug 25 00:22:22.670123 np0000008039 nova-scheduler[96672]: DEBUG cotyledon.oslo_config_glue [-] oslo_limit.region_name = None {{(pid=96672) log_opt_values /opt/stack/data/venv/lib/python3.12/site-packages/oslo_config/cfg.py:3560}}
Aug 25 00:22:22.670123 np0000008039 nova-scheduler[96672]: DEBUG cotyledon.oslo_config_glue [-] oslo_limit.retriable_status_codes = None {{(pid=96672) log_opt_values /opt/stack/data/venv/lib/python3.12/site-packages/oslo_config/cfg.py:3560}}
Aug 25 00:22:22.670123 np0000008039 nova-scheduler[96672]: DEBUG cotyledon.oslo_config_glue [-] oslo_limit.service_name = None {{(pid=96672) log_opt_values /opt/stack/data/venv/lib/python3.12/site-packages/oslo_config/cfg.py:3560}}
Aug 25 00:22:22.670123 np0000008039 nova-scheduler[96672]: DEBUG cotyledon.oslo_config_glue [-] oslo_limit.service_type = None {{(pid=96672) log_opt_values /opt/stack/data/venv/lib/python3.12/site-packages/oslo_config/cfg.py:3560}}
Aug 25 00:22:22.670123 np0000008039 nova-scheduler[96672]: DEBUG cotyledon.oslo_config_glue [-] oslo_limit.split_loggers = False {{(pid=96672) log_opt_values /opt/stack/data/venv/lib/python3.12/site-packages/oslo_config/cfg.py:3560}}
Aug 25 00:22:22.670123 np0000008039 nova-scheduler[96672]: DEBUG cotyledon.oslo_config_glue [-] oslo_limit.status_code_retries = None {{(pid=96672) log_opt_values /opt/stack/data/venv/lib/python3.12/site-packages/oslo_config/cfg.py:3560}}
Aug 25 00:22:22.670341 np0000008039 nova-scheduler[96672]: DEBUG cotyledon.oslo_config_glue [-] oslo_limit.status_code_retry_delay = None {{(pid=96672) log_opt_values /opt/stack/data/venv/lib/python3.12/site-packages/oslo_config/cfg.py:3560}}
Aug 25 00:22:22.670341 np0000008039 nova-scheduler[96672]: DEBUG cotyledon.oslo_config_glue [-] oslo_limit.timeout = None {{(pid=96672) log_opt_values /opt/stack/data/venv/lib/python3.12/site-packages/oslo_config/cfg.py:3560}}
Aug 25 00:22:22.670341 np0000008039 nova-scheduler[96672]: DEBUG cotyledon.oslo_config_glue [-] oslo_limit.valid_interfaces = None {{(pid=96672) log_opt_values /opt/stack/data/venv/lib/python3.12/site-packages/oslo_config/cfg.py:3560}}
Aug 25 00:22:22.670341 np0000008039 nova-scheduler[96672]: DEBUG cotyledon.oslo_config_glue [-] oslo_limit.version = None {{(pid=96672) log_opt_values /opt/stack/data/venv/lib/python3.12/site-packages/oslo_config/cfg.py:3560}}
Aug 25 00:22:22.670341 np0000008039 nova-scheduler[96672]: DEBUG cotyledon.oslo_config_glue [-] oslo_reports.file_event_handler = None {{(pid=96672) log_opt_values /opt/stack/data/venv/lib/python3.12/site-packages/oslo_config/cfg.py:3560}}
Aug 25 00:22:22.670341 np0000008039 nova-scheduler[96672]: DEBUG cotyledon.oslo_config_glue [-] oslo_reports.file_event_handler_interval = 1 {{(pid=96672) log_opt_values /opt/stack/data/venv/lib/python3.12/site-packages/oslo_config/cfg.py:3560}}
Aug 25 00:22:22.670341 np0000008039 nova-scheduler[96672]: DEBUG cotyledon.oslo_config_glue [-] oslo_reports.log_dir = None {{(pid=96672) log_opt_values /opt/stack/data/venv/lib/python3.12/site-packages/oslo_config/cfg.py:3560}}
Aug 25 00:22:22.670341 np0000008039 nova-scheduler[96672]: DEBUG cotyledon.oslo_config_glue [-] ******************************************************************************** {{(pid=96672) log_opt_values /opt/stack/data/venv/lib/python3.12/site-packages/oslo_config/cfg.py:3567}}
Aug 25 00:22:22.670341 np0000008039 nova-scheduler[96672]: DEBUG cotyledon._service_worker [-] Run service ServiceWrapper(2) [96672] {{(pid=96672) wait_forever /opt/stack/data/venv/lib/python3.12/site-packages/cotyledon/_service_worker.py:218}}
Aug 25 00:22:22.670512 np0000008039 nova-scheduler[96672]: INFO nova.service [-] Starting scheduler node (version 33.1.0)
Aug 25 00:22:22.670538 np0000008039 nova-scheduler[96663]: DEBUG dbcounter [-] [96663] Writer thread running {{(pid=96663) stat_writer /opt/stack/data/venv/lib/python3.12/site-packages/dbcounter.py:102}}
Aug 25 00:22:22.670569 np0000008039 nova-scheduler[96672]: INFO dbcounter [None req-20262f5d-5fc6-4e68-be79-720a04052e08 None None] Registered counter for database nova_cell0
Aug 25 00:22:22.676261 np0000008039 nova-scheduler[96669]: DEBUG oslo_db.sqlalchemy.engines [None req-fa4aa699-cc29-42d4-b627-8d9be05b52e0 None None] MySQL server mode set to STRICT_TRANS_TABLES,STRICT_ALL_TABLES,NO_ZERO_IN_DATE,NO_ZERO_DATE,ERROR_FOR_DIVISION_BY_ZERO,TRADITIONAL,NO_ENGINE_SUBSTITUTION {{(pid=96669) _check_effective_sql_mode /opt/stack/data/venv/lib/python3.12/site-packages/oslo_db/sqlalchemy/engines.py:325}}
Aug 25 00:22:22.677297 np0000008039 nova-scheduler[96663]: DEBUG nova.service [None req-652c46d5-103d-46d2-bbec-bd49922ab1e6 None None] Creating RPC server for service: nova-scheduler on topic: scheduler {{(pid=96663) start /opt/stack/nova/nova/service.py:262}}
Aug 25 00:22:22.684875 np0000008039 nova-scheduler[96669]: DEBUG dbcounter [-] [96669] Writer thread running {{(pid=96669) stat_writer /opt/stack/data/venv/lib/python3.12/site-packages/dbcounter.py:102}}
Aug 25 00:22:22.689119 np0000008039 nova-scheduler[96669]: DEBUG nova.service [None req-fa4aa699-cc29-42d4-b627-8d9be05b52e0 None None] Creating RPC server for service: nova-scheduler on topic: scheduler {{(pid=96669) start /opt/stack/nova/nova/service.py:262}}
Aug 25 00:22:22.699418 np0000008039 nova-scheduler[96672]: DEBUG oslo_db.sqlalchemy.engines [None req-20262f5d-5fc6-4e68-be79-720a04052e08 None None] MySQL server mode set to STRICT_TRANS_TABLES,STRICT_ALL_TABLES,NO_ZERO_IN_DATE,NO_ZERO_DATE,ERROR_FOR_DIVISION_BY_ZERO,TRADITIONAL,NO_ENGINE_SUBSTITUTION {{(pid=96672) _check_effective_sql_mode /opt/stack/data/venv/lib/python3.12/site-packages/oslo_db/sqlalchemy/engines.py:325}}
Aug 25 00:22:22.703411 np0000008039 nova-scheduler[96674]: DEBUG oslo_db.sqlalchemy.engines [None req-70e88c36-39e6-400b-9565-cd82856ecc3b None None] MySQL server mode set to STRICT_TRANS_TABLES,STRICT_ALL_TABLES,NO_ZERO_IN_DATE,NO_ZERO_DATE,ERROR_FOR_DIVISION_BY_ZERO,TRADITIONAL,NO_ENGINE_SUBSTITUTION {{(pid=96674) _check_effective_sql_mode /opt/stack/data/venv/lib/python3.12/site-packages/oslo_db/sqlalchemy/engines.py:325}}
Aug 25 00:22:22.709187 np0000008039 nova-scheduler[96672]: DEBUG dbcounter [-] [96672] Writer thread running {{(pid=96672) stat_writer /opt/stack/data/venv/lib/python3.12/site-packages/dbcounter.py:102}}
Aug 25 00:22:22.709631 np0000008039 nova-scheduler[96663]: DEBUG nova.service [None req-652c46d5-103d-46d2-bbec-bd49922ab1e6 None None] Join ServiceGroup membership for this service scheduler {{(pid=96663) start /opt/stack/nova/nova/service.py:288}}
Aug 25 00:22:22.709835 np0000008039 nova-scheduler[96663]: DEBUG nova.servicegroup.drivers.db [None req-652c46d5-103d-46d2-bbec-bd49922ab1e6 None None] DB_Driver: join new ServiceGroup member np0000008039 to the scheduler group, service = {{(pid=96663) join /opt/stack/nova/nova/servicegroup/drivers/db.py:44}}
Aug 25 00:22:22.711548 np0000008039 nova-scheduler[96672]: DEBUG nova.service [None req-20262f5d-5fc6-4e68-be79-720a04052e08 None None] Creating RPC server for service: nova-scheduler on topic: scheduler {{(pid=96672) start /opt/stack/nova/nova/service.py:262}}
Aug 25 00:22:22.712084 np0000008039 nova-scheduler[96669]: DEBUG nova.service [None req-fa4aa699-cc29-42d4-b627-8d9be05b52e0 None None] Join ServiceGroup membership for this service scheduler {{(pid=96669) start /opt/stack/nova/nova/service.py:288}}
Aug 25 00:22:22.712306 np0000008039 nova-scheduler[96669]: DEBUG nova.servicegroup.drivers.db [None req-fa4aa699-cc29-42d4-b627-8d9be05b52e0 None None] DB_Driver: join new ServiceGroup member np0000008039 to the scheduler group, service = {{(pid=96669) join /opt/stack/nova/nova/servicegroup/drivers/db.py:44}}
Aug 25 00:22:22.712905 np0000008039 nova-scheduler[96674]: DEBUG dbcounter [-] [96674] Writer thread running {{(pid=96674) stat_writer /opt/stack/data/venv/lib/python3.12/site-packages/dbcounter.py:102}}
Aug 25 00:22:22.715618 np0000008039 nova-scheduler[96674]: DEBUG nova.service [None req-70e88c36-39e6-400b-9565-cd82856ecc3b None None] Creating RPC server for service: nova-scheduler on topic: scheduler {{(pid=96674) start /opt/stack/nova/nova/service.py:262}}
Aug 25 00:22:22.731378 np0000008039 nova-scheduler[96672]: DEBUG nova.service [None req-20262f5d-5fc6-4e68-be79-720a04052e08 None None] Join ServiceGroup membership for this service scheduler {{(pid=96672) start /opt/stack/nova/nova/service.py:288}}
Aug 25 00:22:22.731625 np0000008039 nova-scheduler[96672]: DEBUG nova.servicegroup.drivers.db [None req-20262f5d-5fc6-4e68-be79-720a04052e08 None None] DB_Driver: join new ServiceGroup member np0000008039 to the scheduler group, service = {{(pid=96672) join /opt/stack/nova/nova/servicegroup/drivers/db.py:44}}
Aug 25 00:22:22.734202 np0000008039 nova-scheduler[96674]: DEBUG nova.service [None req-70e88c36-39e6-400b-9565-cd82856ecc3b None None] Join ServiceGroup membership for this service scheduler {{(pid=96674) start /opt/stack/nova/nova/service.py:288}}
Aug 25 00:22:22.734362 np0000008039 nova-scheduler[96674]: DEBUG nova.servicegroup.drivers.db [None req-70e88c36-39e6-400b-9565-cd82856ecc3b None None] DB_Driver: join new ServiceGroup member np0000008039 to the scheduler group, service = {{(pid=96674) join /opt/stack/nova/nova/servicegroup/drivers/db.py:44}}
Aug 25 00:22:27.725361 np0000008039 nova-scheduler[96663]: DEBUG oslo.service.backend._threading.loopingcall [-] Fixed interval looping call 'nova.servicegroup.drivers.db.DbDriver._report_state' sleeping for 119.99 seconds {{(pid=96663) _run_loop /opt/stack/data/venv/lib/python3.12/site-packages/oslo_service/backend/_threading/loopingcall.py:125}}
Aug 25 00:22:27.727251 np0000008039 nova-scheduler[96669]: DEBUG oslo.service.backend._threading.loopingcall [-] Fixed interval looping call 'nova.servicegroup.drivers.db.DbDriver._report_state' sleeping for 119.99 seconds {{(pid=96669) _run_loop /opt/stack/data/venv/lib/python3.12/site-packages/oslo_service/backend/_threading/loopingcall.py:125}}
Aug 25 00:22:27.742026 np0000008039 nova-scheduler[96672]: DEBUG oslo.service.backend._threading.loopingcall [-] Fixed interval looping call 'nova.servicegroup.drivers.db.DbDriver._report_state' sleeping for 119.99 seconds {{(pid=96672) _run_loop /opt/stack/data/venv/lib/python3.12/site-packages/oslo_service/backend/_threading/loopingcall.py:125}}
Aug 25 00:22:27.745375 np0000008039 nova-scheduler[96674]: DEBUG oslo.service.backend._threading.loopingcall [-] Fixed interval looping call 'nova.servicegroup.drivers.db.DbDriver._report_state' sleeping for 119.99 seconds {{(pid=96674) _run_loop /opt/stack/data/venv/lib/python3.12/site-packages/oslo_service/backend/_threading/loopingcall.py:125}}
Aug 25 00:22:29.736662 np0000008039 nova-scheduler[96674]: DEBUG oslo.service.backend._threading.loopingcall [None req-fff4f2ae-83dc-4eaa-b764-1c8c77327cb9 None None] Dynamic interval looping call 'nova.service.Service.periodic_tasks' sleeping for 60.00 seconds {{(pid=96674) _run_loop /opt/stack/data/venv/lib/python3.12/site-packages/oslo_service/backend/_threading/loopingcall.py:125}}
Aug 25 00:22:31.291614 np0000008039 nova-scheduler[95466]: DEBUG dbcounter [-] [95466] Writing DB stats nova_api:SELECT=3 {{(pid=95466) stat_writer /opt/stack/data/venv/lib/python3.12/site-packages/dbcounter.py:115}}
Aug 25 00:22:31.430428 np0000008039 nova-scheduler[95466]: DEBUG dbcounter [-] [95466] Writing DB stats nova_cell1:SELECT=1 {{(pid=95466) stat_writer /opt/stack/data/venv/lib/python3.12/site-packages/dbcounter.py:115}}
Aug 25 00:22:31.439198 np0000008039 nova-scheduler[95466]: DEBUG dbcounter [-] [95466] Writing DB stats nova_cell0:SELECT=1 {{(pid=95466) stat_writer /opt/stack/data/venv/lib/python3.12/site-packages/dbcounter.py:115}}
Aug 25 00:22:37.719848 np0000008039 nova-scheduler[96663]: DEBUG dbcounter [-] [96663] Writing DB stats nova_cell0:SELECT=4,nova_cell0:INSERT=1,nova_cell0:UPDATE=1 {{(pid=96663) stat_writer /opt/stack/data/venv/lib/python3.12/site-packages/dbcounter.py:115}}
Aug 25 00:22:37.725437 np0000008039 nova-scheduler[96669]: DEBUG dbcounter [-] [96669] Writing DB stats nova_cell0:SELECT=3,nova_cell0:UPDATE=1 {{(pid=96669) stat_writer /opt/stack/data/venv/lib/python3.12/site-packages/dbcounter.py:115}}
Aug 25 00:22:37.738955 np0000008039 nova-scheduler[96672]: DEBUG dbcounter [-] [96672] Writing DB stats nova_cell0:SELECT=3 {{(pid=96672) stat_writer /opt/stack/data/venv/lib/python3.12/site-packages/dbcounter.py:115}}
Aug 25 00:22:37.741889 np0000008039 nova-scheduler[96674]: DEBUG dbcounter [-] [96674] Writing DB stats nova_cell0:SELECT=3 {{(pid=96674) stat_writer /opt/stack/data/venv/lib/python3.12/site-packages/dbcounter.py:115}}
Aug 25 00:22:42.712476 np0000008039 nova-scheduler[96663]: DEBUG oslo.service.backend._threading.loopingcall [None req-d1f28690-e1fb-4c55-8727-9b3c2103d650 None None] Dynamic interval looping call 'nova.service.Service.periodic_tasks' sleeping for 60.00 seconds {{(pid=96663) _run_loop /opt/stack/data/venv/lib/python3.12/site-packages/oslo_service/backend/_threading/loopingcall.py:125}}
Aug 25 00:22:50.733348 np0000008039 nova-scheduler[96672]: DEBUG oslo.service.backend._threading.loopingcall [None req-dd2d2b8f-e380-430a-986a-592d7e1faa96 None None] Dynamic interval looping call 'nova.service.Service.periodic_tasks' sleeping for 60.00 seconds {{(pid=96672) _run_loop /opt/stack/data/venv/lib/python3.12/site-packages/oslo_service/backend/_threading/loopingcall.py:125}}
Aug 25 00:22:51.714578 np0000008039 nova-scheduler[96669]: DEBUG oslo.service.backend._threading.loopingcall [None req-e386e017-db45-42af-b352-b4f6708fce53 None None] Dynamic interval looping call 'nova.service.Service.periodic_tasks' sleeping for 60.00 seconds {{(pid=96669) _run_loop /opt/stack/data/venv/lib/python3.12/site-packages/oslo_service/backend/_threading/loopingcall.py:125}}
Aug 25 00:23:29.737194 np0000008039 nova-scheduler[96674]: DEBUG oslo.service.backend._threading.loopingcall [None req-fff4f2ae-83dc-4eaa-b764-1c8c77327cb9 None None] Dynamic interval looping call 'nova.service.Service.periodic_tasks' sleeping for 60.00 seconds {{(pid=96674) _run_loop /opt/stack/data/venv/lib/python3.12/site-packages/oslo_service/backend/_threading/loopingcall.py:125}}
Aug 25 00:23:42.713060 np0000008039 nova-scheduler[96663]: DEBUG oslo.service.backend._threading.loopingcall [None req-d1f28690-e1fb-4c55-8727-9b3c2103d650 None None] Dynamic interval looping call 'nova.service.Service.periodic_tasks' sleeping for 60.00 seconds {{(pid=96663) _run_loop /opt/stack/data/venv/lib/python3.12/site-packages/oslo_service/backend/_threading/loopingcall.py:125}}
Aug 25 00:23:50.734044 np0000008039 nova-scheduler[96672]: DEBUG oslo.service.backend._threading.loopingcall [None req-dd2d2b8f-e380-430a-986a-592d7e1faa96 None None] Dynamic interval looping call 'nova.service.Service.periodic_tasks' sleeping for 60.00 seconds {{(pid=96672) _run_loop /opt/stack/data/venv/lib/python3.12/site-packages/oslo_service/backend/_threading/loopingcall.py:125}}
Aug 25 00:23:51.715129 np0000008039 nova-scheduler[96669]: DEBUG oslo.service.backend._threading.loopingcall [None req-e386e017-db45-42af-b352-b4f6708fce53 None None] Dynamic interval looping call 'nova.service.Service.periodic_tasks' sleeping for 60.00 seconds {{(pid=96669) _run_loop /opt/stack/data/venv/lib/python3.12/site-packages/oslo_service/backend/_threading/loopingcall.py:125}}
Aug 25 00:24:27.723695 np0000008039 nova-scheduler[96663]: DEBUG oslo.service.backend._threading.loopingcall [-] Fixed interval looping call 'nova.servicegroup.drivers.db.DbDriver._report_state' sleeping for 119.99 seconds {{(pid=96663) _run_loop /opt/stack/data/venv/lib/python3.12/site-packages/oslo_service/backend/_threading/loopingcall.py:125}}
Aug 25 00:24:27.724292 np0000008039 nova-scheduler[96669]: DEBUG oslo.service.backend._threading.loopingcall [-] Fixed interval looping call 'nova.servicegroup.drivers.db.DbDriver._report_state' sleeping for 119.99 seconds {{(pid=96669) _run_loop /opt/stack/data/venv/lib/python3.12/site-packages/oslo_service/backend/_threading/loopingcall.py:125}}
Aug 25 00:24:27.736758 np0000008039 nova-scheduler[96672]: DEBUG oslo.service.backend._threading.loopingcall [-] Fixed interval looping call 'nova.servicegroup.drivers.db.DbDriver._report_state' sleeping for 120.00 seconds {{(pid=96672) _run_loop /opt/stack/data/venv/lib/python3.12/site-packages/oslo_service/backend/_threading/loopingcall.py:125}}
Aug 25 00:24:27.739596 np0000008039 nova-scheduler[96674]: DEBUG oslo.service.backend._threading.loopingcall [-] Fixed interval looping call 'nova.servicegroup.drivers.db.DbDriver._report_state' sleeping for 120.00 seconds {{(pid=96674) _run_loop /opt/stack/data/venv/lib/python3.12/site-packages/oslo_service/backend/_threading/loopingcall.py:125}}
Aug 25 00:24:29.737731 np0000008039 nova-scheduler[96674]: DEBUG oslo.service.backend._threading.loopingcall [None req-fff4f2ae-83dc-4eaa-b764-1c8c77327cb9 None None] Dynamic interval looping call 'nova.service.Service.periodic_tasks' sleeping for 60.00 seconds {{(pid=96674) _run_loop /opt/stack/data/venv/lib/python3.12/site-packages/oslo_service/backend/_threading/loopingcall.py:125}}
Aug 25 00:24:37.720383 np0000008039 nova-scheduler[96663]: DEBUG dbcounter [-] [96663] Writing DB stats nova_cell0:SELECT=1,nova_cell0:UPDATE=1 {{(pid=96663) stat_writer /opt/stack/data/venv/lib/python3.12/site-packages/dbcounter.py:115}}
Aug 25 00:24:37.721538 np0000008039 nova-scheduler[96669]: DEBUG dbcounter [-] [96669] Writing DB stats nova_cell0:SELECT=1,nova_cell0:UPDATE=1 {{(pid=96669) stat_writer /opt/stack/data/venv/lib/python3.12/site-packages/dbcounter.py:115}}
Aug 25 00:24:37.734887 np0000008039 nova-scheduler[96672]: DEBUG dbcounter [-] [96672] Writing DB stats nova_cell0:SELECT=1 {{(pid=96672) stat_writer /opt/stack/data/venv/lib/python3.12/site-packages/dbcounter.py:115}}
Aug 25 00:24:37.739321 np0000008039 nova-scheduler[96674]: DEBUG dbcounter [-] [96674] Writing DB stats nova_cell0:SELECT=1 {{(pid=96674) stat_writer /opt/stack/data/venv/lib/python3.12/site-packages/dbcounter.py:115}}
Aug 25 00:24:42.713756 np0000008039 nova-scheduler[96663]: DEBUG oslo.service.backend._threading.loopingcall [None req-d1f28690-e1fb-4c55-8727-9b3c2103d650 None None] Dynamic interval looping call 'nova.service.Service.periodic_tasks' sleeping for 60.00 seconds {{(pid=96663) _run_loop /opt/stack/data/venv/lib/python3.12/site-packages/oslo_service/backend/_threading/loopingcall.py:125}}
Aug 25 00:24:50.388290 np0000008039 nova-scheduler[96663]: DEBUG nova.scheduler.manager [None req-63882f63-3c9d-4ef2-9a47-4a511ebd488d tempest-ServersNegativeTestJSON-1534044276 tempest-ServersNegativeTestJSON-1534044276-project-member] Starting to schedule for instances: ['ab23979a-3ffe-4490-9ff1-9ce8da22a6e4'] {{(pid=96663) select_destinations /opt/stack/nova/nova/scheduler/manager.py:197}}
Aug 25 00:24:50.389545 np0000008039 nova-scheduler[96663]: DEBUG nova.scheduler.request_filter [None req-63882f63-3c9d-4ef2-9a47-4a511ebd488d tempest-ServersNegativeTestJSON-1534044276 tempest-ServersNegativeTestJSON-1534044276-project-member] compute_status_filter request filter added forbidden trait COMPUTE_STATUS_DISABLED {{(pid=96663) compute_status_filter /opt/stack/nova/nova/scheduler/request_filter.py:258}}
Aug 25 00:24:50.389545 np0000008039 nova-scheduler[96663]: DEBUG nova.scheduler.request_filter [None req-63882f63-3c9d-4ef2-9a47-4a511ebd488d tempest-ServersNegativeTestJSON-1534044276 tempest-ServersNegativeTestJSON-1534044276-project-member] Request filter 'compute_status_filter' took 0.0 seconds {{(pid=96663) wrapper /opt/stack/nova/nova/scheduler/request_filter.py:51}}
Aug 25 00:24:50.389545 np0000008039 nova-scheduler[96663]: DEBUG nova.scheduler.request_filter [None req-63882f63-3c9d-4ef2-9a47-4a511ebd488d tempest-ServersNegativeTestJSON-1534044276 tempest-ServersNegativeTestJSON-1534044276-project-member] Request filter 'accelerators_filter' took 0.0 seconds {{(pid=96663) wrapper /opt/stack/nova/nova/scheduler/request_filter.py:51}}
Aug 25 00:24:50.389545 np0000008039 nova-scheduler[96663]: DEBUG nova.scheduler.request_filter [None req-63882f63-3c9d-4ef2-9a47-4a511ebd488d tempest-ServersNegativeTestJSON-1534044276 tempest-ServersNegativeTestJSON-1534044276-project-member] Request filter 'packed_virtqueue_filter' took 0.0 seconds {{(pid=96663) wrapper /opt/stack/nova/nova/scheduler/request_filter.py:51}}
Aug 25 00:24:50.390075 np0000008039 nova-scheduler[96663]: DEBUG nova.scheduler.request_filter [None req-63882f63-3c9d-4ef2-9a47-4a511ebd488d tempest-ServersNegativeTestJSON-1534044276 tempest-ServersNegativeTestJSON-1534044276-project-member] Request filter 'remote_managed_ports_filter' took 0.0 seconds {{(pid=96663) wrapper /opt/stack/nova/nova/scheduler/request_filter.py:51}}
Aug 25 00:24:50.390242 np0000008039 nova-scheduler[96663]: DEBUG nova.scheduler.request_filter [None req-63882f63-3c9d-4ef2-9a47-4a511ebd488d tempest-ServersNegativeTestJSON-1534044276 tempest-ServersNegativeTestJSON-1534044276-project-member] ephemeral_encryption_filter skipped {{(pid=96663) ephemeral_encryption_filter /opt/stack/nova/nova/scheduler/request_filter.py:431}}
Aug 25 00:24:50.390402 np0000008039 nova-scheduler[96663]: DEBUG nova.scheduler.request_filter [None req-63882f63-3c9d-4ef2-9a47-4a511ebd488d tempest-ServersNegativeTestJSON-1534044276 tempest-ServersNegativeTestJSON-1534044276-project-member] virtio_sound_filter skipped {{(pid=96663) virtio_sound_filter /opt/stack/nova/nova/scheduler/request_filter.py:465}}
Aug 25 00:24:50.390524 np0000008039 nova-scheduler[96663]: DEBUG nova.scheduler.request_filter [None req-63882f63-3c9d-4ef2-9a47-4a511ebd488d tempest-ServersNegativeTestJSON-1534044276 tempest-ServersNegativeTestJSON-1534044276-project-member] tpm_secret_security_filter skipped {{(pid=96663) tpm_secret_security_filter /opt/stack/nova/nova/scheduler/request_filter.py:482}}
Aug 25 00:24:50.392773 np0000008039 nova-scheduler[96663]: DEBUG oslo_concurrency.lockutils [None req-63882f63-3c9d-4ef2-9a47-4a511ebd488d tempest-ServersNegativeTestJSON-1534044276 tempest-ServersNegativeTestJSON-1534044276-project-member] Acquiring lock "00000000-0000-0000-0000-000000000000" by "nova.context.set_target_cell..get_or_set_cached_cell_and_set_connections" {{(pid=96663) inner /opt/stack/data/venv/lib/python3.12/site-packages/oslo_concurrency/lockutils.py:512}}
Aug 25 00:24:50.392773 np0000008039 nova-scheduler[96663]: DEBUG oslo_concurrency.lockutils [None req-63882f63-3c9d-4ef2-9a47-4a511ebd488d tempest-ServersNegativeTestJSON-1534044276 tempest-ServersNegativeTestJSON-1534044276-project-member] Lock "00000000-0000-0000-0000-000000000000" acquired by "nova.context.set_target_cell..get_or_set_cached_cell_and_set_connections" :: waited 0.001s {{(pid=96663) inner /opt/stack/data/venv/lib/python3.12/site-packages/oslo_concurrency/lockutils.py:525}}
Aug 25 00:24:50.392773 np0000008039 nova-scheduler[96663]: DEBUG oslo_concurrency.lockutils [None req-63882f63-3c9d-4ef2-9a47-4a511ebd488d tempest-ServersNegativeTestJSON-1534044276 tempest-ServersNegativeTestJSON-1534044276-project-member] Lock "00000000-0000-0000-0000-000000000000" "released" by "nova.context.set_target_cell..get_or_set_cached_cell_and_set_connections" :: held 0.001s {{(pid=96663) inner /opt/stack/data/venv/lib/python3.12/site-packages/oslo_concurrency/lockutils.py:544}}
Aug 25 00:24:50.392773 np0000008039 nova-scheduler[96663]: INFO nova.thread_pool_factory [None req-63882f63-3c9d-4ef2-9a47-4a511ebd488d tempest-ServersNegativeTestJSON-1534044276 tempest-ServersNegativeTestJSON-1534044276-project-member] The cell_worker thread pool ForkProcess-1.cell_worker is initialized
Aug 25 00:24:50.394250 np0000008039 nova-scheduler[96663]: DEBUG oslo_concurrency.lockutils [None req-63882f63-3c9d-4ef2-9a47-4a511ebd488d tempest-ServersNegativeTestJSON-1534044276 tempest-ServersNegativeTestJSON-1534044276-project-member] Acquiring lock "fc2ca145-cb3e-4147-b887-bda37531d99b" by "nova.context.set_target_cell..get_or_set_cached_cell_and_set_connections" {{(pid=96663) inner /opt/stack/data/venv/lib/python3.12/site-packages/oslo_concurrency/lockutils.py:512}}
Aug 25 00:24:50.394340 np0000008039 nova-scheduler[96663]: DEBUG oslo_concurrency.lockutils [None req-63882f63-3c9d-4ef2-9a47-4a511ebd488d tempest-ServersNegativeTestJSON-1534044276 tempest-ServersNegativeTestJSON-1534044276-project-member] Lock "fc2ca145-cb3e-4147-b887-bda37531d99b" acquired by "nova.context.set_target_cell..get_or_set_cached_cell_and_set_connections" :: waited 0.000s {{(pid=96663) inner /opt/stack/data/venv/lib/python3.12/site-packages/oslo_concurrency/lockutils.py:525}}
