Jul 30 17:07:46.538618 np0000006155 devstack@g-api.service[103089]: DEBUG glance_store.location [None req-598b635c-1c44-46ab-9217-63c6b36baa38 tempest-TestImageHashVerification-1802293149 tempest-TestImageHashVerification-1802293149-project-member] Registering scheme swift+https with {'store': , 'location_class': , 'store_entry': 'swift'} {{(pid=103089) register_scheme_map /opt/stack/data/venv/lib/python3.12/site-packages/glance_store/location.py:146}}
Jul 30 17:07:46.538717 np0000006155 devstack@g-api.service[103089]: DEBUG glance_store.location [None req-598b635c-1c44-46ab-9217-63c6b36baa38 tempest-TestImageHashVerification-1802293149 tempest-TestImageHashVerification-1802293149-project-member] Registering scheme swift with {'store': , 'location_class': , 'store_entry': 'swift'} {{(pid=103089) register_scheme_map /opt/stack/data/venv/lib/python3.12/site-packages/glance_store/location.py:146}}
Jul 30 17:07:46.538830 np0000006155 devstack@g-api.service[103089]: DEBUG glance_store.location [None req-598b635c-1c44-46ab-9217-63c6b36baa38 tempest-TestImageHashVerification-1802293149 tempest-TestImageHashVerification-1802293149-project-member] Registering scheme swift+http with {'store': , 'location_class': , 'store_entry': 'swift'} {{(pid=103089) register_scheme_map /opt/stack/data/venv/lib/python3.12/site-packages/glance_store/location.py:146}}
Jul 30 17:07:46.538936 np0000006155 devstack@g-api.service[103089]: DEBUG glance_store.location [None req-598b635c-1c44-46ab-9217-63c6b36baa38 tempest-TestImageHashVerification-1802293149 tempest-TestImageHashVerification-1802293149-project-member] Registering scheme swift+config with {'store': , 'location_class': , 'store_entry': 'swift'} {{(pid=103089) register_scheme_map /opt/stack/data/venv/lib/python3.12/site-packages/glance_store/location.py:146}}
Jul 30 17:07:46.734632 np0000006155 devstack@g-api.service[103089]: DEBUG swiftclient [None req-598b635c-1c44-46ab-9217-63c6b36baa38 tempest-TestImageHashVerification-1802293149 tempest-TestImageHashVerification-1802293149-project-member] REQ: curl -i https://10.4.3.34:8080/v1/AUTH_d7fa874ca2b3477e9bbb21f3db389cc9/glance -I -H "X-Auth-Token: gAAAAABqa4TiG1pM..." {{(pid=103089) http_log /opt/stack/data/venv/lib/python3.12/site-packages/swiftclient/client.py:160}}
Jul 30 17:07:46.735016 np0000006155 devstack@g-api.service[103089]: DEBUG swiftclient [None req-598b635c-1c44-46ab-9217-63c6b36baa38 tempest-TestImageHashVerification-1802293149 tempest-TestImageHashVerification-1802293149-project-member] RESP STATUS: 204 No Content {{(pid=103089) http_log /opt/stack/data/venv/lib/python3.12/site-packages/swiftclient/client.py:161}}
Jul 30 17:07:46.735016 np0000006155 devstack@g-api.service[103089]: DEBUG swiftclient [None req-598b635c-1c44-46ab-9217-63c6b36baa38 tempest-TestImageHashVerification-1802293149 tempest-TestImageHashVerification-1802293149-project-member] RESP HEADERS: {'Date': 'Thu, 30 Jul 2026 17:07:46 GMT', 'Server': 'Apache/2.4.58 (Ubuntu)', 'Content-Type': 'text/plain; charset=utf-8', 'X-Container-Object-Count': '3', 'X-Container-Bytes-Used': '64356352', 'X-Timestamp': '1785430830.50989', 'Last-Modified': 'Thu, 30 Jul 2026 17:00:31 GMT', 'Accept-Ranges': 'bytes', 'X-Storage-Policy': 'Policy-0', 'X-Container-Sharding': 'False', 'Vary': 'Accept', 'X-Trans-Id': 'tx2dc6f4e8c42842248f701-006a6b84e2', 'X-Openstack-Request-Id': 'tx2dc6f4e8c42842248f701-006a6b84e2', 'Connection': 'close'} {{(pid=103089) http_log /opt/stack/data/venv/lib/python3.12/site-packages/swiftclient/client.py:162}}
Jul 30 17:07:46.735103 np0000006155 devstack@g-api.service[103089]: DEBUG glance_store._drivers.swift.store [None req-598b635c-1c44-46ab-9217-63c6b36baa38 tempest-TestImageHashVerification-1802293149 tempest-TestImageHashVerification-1802293149-project-member] Adding image object '9f9c7d78-a616-4b1e-9c84-33888bbdf632' to Swift {{(pid=103089) add /opt/stack/data/venv/lib/python3.12/site-packages/glance_store/_drivers/swift/store.py:970}}
Jul 30 17:07:46.735131 np0000006155 devstack@g-api.service[103089]: DEBUG glance_store._drivers.swift.store [None req-598b635c-1c44-46ab-9217-63c6b36baa38 tempest-TestImageHashVerification-1802293149 tempest-TestImageHashVerification-1802293149-project-member] Cannot determine image size because it is either not provided in the request or chunked-transfer encoding is used. Adding image as a segmented object to Swift. {{(pid=103089) add /opt/stack/data/venv/lib/python3.12/site-packages/glance_store/_drivers/swift/store.py:994}}
Jul 30 17:07:46.740087 np0000006155 devstack@g-api.service[103089]: DEBUG oslo_utils.imageutils.format_inspector [None req-598b635c-1c44-46ab-9217-63c6b36baa38 tempest-TestImageHashVerification-1802293149 tempest-TestImageHashVerification-1802293149-project-member] Format inspector for vmdk does not match, excluding from consideration (Signature KDMV not found: b'\x00\x00\x00\x00') {{(pid=103089) _process_chunk /opt/stack/data/venv/lib/python3.12/site-packages/oslo_utils/imageutils/format_inspector.py:1758}}
Jul 30 17:07:46.742102 np0000006155 devstack@g-api.service[103089]: DEBUG oslo_utils.imageutils.format_inspector [None req-598b635c-1c44-46ab-9217-63c6b36baa38 tempest-TestImageHashVerification-1802293149 tempest-TestImageHashVerification-1802293149-project-member] Format inspector for vhdx does not match, excluding from consideration (Region signature not found at 30000) {{(pid=103089) _process_chunk /opt/stack/data/venv/lib/python3.12/site-packages/oslo_utils/imageutils/format_inspector.py:1758}}
Jul 30 17:07:47.314200 np0000006155 devstack@g-api.service[103090]: DEBUG glance.api.middleware.version_negotiation [None req-5a7ed024-cae5-4fd3-9118-0a852844ee3d tempest-TestImageHashVerification-1802293149 tempest-TestImageHashVerification-1802293149-project-member] Determining version of request: GET /v2/images/9f9c7d78-a616-4b1e-9c84-33888bbdf632 Accept: application/json {{(pid=103090) process_request /opt/stack/glance/glance/api/middleware/version_negotiation.py:44}}
Jul 30 17:07:47.314504 np0000006155 devstack@g-api.service[103090]: DEBUG glance.api.middleware.version_negotiation [None req-5a7ed024-cae5-4fd3-9118-0a852844ee3d tempest-TestImageHashVerification-1802293149 tempest-TestImageHashVerification-1802293149-project-member] Using url versioning {{(pid=103090) process_request /opt/stack/glance/glance/api/middleware/version_negotiation.py:57}}
Jul 30 17:07:47.314504 np0000006155 devstack@g-api.service[103090]: DEBUG glance.api.middleware.version_negotiation [None req-5a7ed024-cae5-4fd3-9118-0a852844ee3d tempest-TestImageHashVerification-1802293149 tempest-TestImageHashVerification-1802293149-project-member] Matched version: v2 {{(pid=103090) process_request /opt/stack/glance/glance/api/middleware/version_negotiation.py:69}}
Jul 30 17:07:47.314601 np0000006155 devstack@g-api.service[103090]: DEBUG glance.api.middleware.version_negotiation [None req-5a7ed024-cae5-4fd3-9118-0a852844ee3d tempest-TestImageHashVerification-1802293149 tempest-TestImageHashVerification-1802293149-project-member] new path /v2/images/9f9c7d78-a616-4b1e-9c84-33888bbdf632 {{(pid=103090) process_request /opt/stack/glance/glance/api/middleware/version_negotiation.py:70}}
Jul 30 17:07:47.329422 np0000006155 devstack@g-api.service[103090]: [pid: 103090|app: 0|req: 100/396] 127.0.0.1 () {40 vars in 834 bytes} [Thu Jul 30 17:07:47 2026] GET /v2/images/9f9c7d78-a616-4b1e-9c84-33888bbdf632 => generated 649 bytes in 15 msecs (HTTP/1.1 200) 4 headers in 157 bytes (1 switches on core 0)
Jul 30 17:07:48.345093 np0000006155 devstack@g-api.service[103088]: DEBUG glance.api.middleware.version_negotiation [None req-b5688e8f-3445-451a-aea0-e42d1cb21c88 tempest-TestImageHashVerification-1802293149 tempest-TestImageHashVerification-1802293149-project-member] Determining version of request: GET /v2/images/9f9c7d78-a616-4b1e-9c84-33888bbdf632 Accept: application/json {{(pid=103088) process_request /opt/stack/glance/glance/api/middleware/version_negotiation.py:44}}
Jul 30 17:07:48.345431 np0000006155 devstack@g-api.service[103088]: DEBUG glance.api.middleware.version_negotiation [None req-b5688e8f-3445-451a-aea0-e42d1cb21c88 tempest-TestImageHashVerification-1802293149 tempest-TestImageHashVerification-1802293149-project-member] Using url versioning {{(pid=103088) process_request /opt/stack/glance/glance/api/middleware/version_negotiation.py:57}}
Jul 30 17:07:48.345431 np0000006155 devstack@g-api.service[103088]: DEBUG glance.api.middleware.version_negotiation [None req-b5688e8f-3445-451a-aea0-e42d1cb21c88 tempest-TestImageHashVerification-1802293149 tempest-TestImageHashVerification-1802293149-project-member] Matched version: v2 {{(pid=103088) process_request /opt/stack/glance/glance/api/middleware/version_negotiation.py:69}}
Jul 30 17:07:48.345431 np0000006155 devstack@g-api.service[103088]: DEBUG glance.api.middleware.version_negotiation [None req-b5688e8f-3445-451a-aea0-e42d1cb21c88 tempest-TestImageHashVerification-1802293149 tempest-TestImageHashVerification-1802293149-project-member] new path /v2/images/9f9c7d78-a616-4b1e-9c84-33888bbdf632 {{(pid=103088) process_request /opt/stack/glance/glance/api/middleware/version_negotiation.py:70}}
Jul 30 17:07:48.352072 np0000006155 devstack@g-api.service[103088]: [pid: 103088|app: 0|req: 97/397] 127.0.0.1 () {40 vars in 834 bytes} [Thu Jul 30 17:07:48 2026] GET /v2/images/9f9c7d78-a616-4b1e-9c84-33888bbdf632 => generated 649 bytes in 7 msecs (HTTP/1.1 200) 4 headers in 157 bytes (1 switches on core 0)
Jul 30 17:07:48.508764 np0000006155 devstack@g-api.service[103089]: DEBUG swiftclient [None req-598b635c-1c44-46ab-9217-63c6b36baa38 tempest-TestImageHashVerification-1802293149 tempest-TestImageHashVerification-1802293149-project-member] REQ: curl -i https://10.4.3.34:8080/v1/AUTH_d7fa874ca2b3477e9bbb21f3db389cc9/glance/9f9c7d78-a616-4b1e-9c84-33888bbdf632-00001 -X PUT -H "X-Auth-Token: gAAAAABqa4TiG1pM..." {{(pid=103089) http_log /opt/stack/data/venv/lib/python3.12/site-packages/swiftclient/client.py:160}}
Jul 30 17:07:48.509019 np0000006155 devstack@g-api.service[103089]: DEBUG swiftclient [None req-598b635c-1c44-46ab-9217-63c6b36baa38 tempest-TestImageHashVerification-1802293149 tempest-TestImageHashVerification-1802293149-project-member] RESP STATUS: 201 Created {{(pid=103089) http_log /opt/stack/data/venv/lib/python3.12/site-packages/swiftclient/client.py:161}}
Jul 30 17:07:48.509127 np0000006155 devstack@g-api.service[103089]: DEBUG swiftclient [None req-598b635c-1c44-46ab-9217-63c6b36baa38 tempest-TestImageHashVerification-1802293149 tempest-TestImageHashVerification-1802293149-project-member] RESP HEADERS: {'Date': 'Thu, 30 Jul 2026 17:07:48 GMT', 'Server': 'Apache/2.4.58 (Ubuntu)', 'Content-Type': 'text/html; charset=UTF-8', 'Content-Length': '0', 'Etag': 'eda9a9889837ac4bc81d6387d92c1bec', 'Last-Modified': 'Thu, 30 Jul 2026 17:07:47 GMT', 'X-Trans-Id': 'tx83c41f5b8ed34e658a8ed-006a6b84e2', 'X-Openstack-Request-Id': 'tx83c41f5b8ed34e658a8ed-006a6b84e2', 'Connection': 'close'} {{(pid=103089) http_log /opt/stack/data/venv/lib/python3.12/site-packages/swiftclient/client.py:162}}
Jul 30 17:07:48.509268 np0000006155 devstack@g-api.service[103089]: DEBUG glance_store._drivers.swift.store [None req-598b635c-1c44-46ab-9217-63c6b36baa38 tempest-TestImageHashVerification-1802293149 tempest-TestImageHashVerification-1802293149-project-member] Wrote chunk 9f9c7d78-a616-4b1e-9c84-33888bbdf632-00001 (1/?) of length 204800000 to Swift returning MD5 of content: eda9a9889837ac4bc81d6387d92c1bec {{(pid=103089) add /opt/stack/data/venv/lib/python3.12/site-packages/glance_store/_drivers/swift/store.py:1059}}
Jul 30 17:07:49.365017 np0000006155 devstack@g-api.service[103087]: DEBUG glance.api.middleware.version_negotiation [None req-b93aa4c0-aae8-4f4d-8d84-756af381548b tempest-TestImageHashVerification-1802293149 tempest-TestImageHashVerification-1802293149-project-member] Determining version of request: GET /v2/images/9f9c7d78-a616-4b1e-9c84-33888bbdf632 Accept: application/json {{(pid=103087) process_request /opt/stack/glance/glance/api/middleware/version_negotiation.py:44}}
Jul 30 17:07:49.365466 np0000006155 devstack@g-api.service[103087]: DEBUG glance.api.middleware.version_negotiation [None req-b93aa4c0-aae8-4f4d-8d84-756af381548b tempest-TestImageHashVerification-1802293149 tempest-TestImageHashVerification-1802293149-project-member] Using url versioning {{(pid=103087) process_request /opt/stack/glance/glance/api/middleware/version_negotiation.py:57}}
Jul 30 17:07:49.365466 np0000006155 devstack@g-api.service[103087]: DEBUG glance.api.middleware.version_negotiation [None req-b93aa4c0-aae8-4f4d-8d84-756af381548b tempest-TestImageHashVerification-1802293149 tempest-TestImageHashVerification-1802293149-project-member] Matched version: v2 {{(pid=103087) process_request /opt/stack/glance/glance/api/middleware/version_negotiation.py:69}}
Jul 30 17:07:49.365563 np0000006155 devstack@g-api.service[103087]: DEBUG glance.api.middleware.version_negotiation [None req-b93aa4c0-aae8-4f4d-8d84-756af381548b tempest-TestImageHashVerification-1802293149 tempest-TestImageHashVerification-1802293149-project-member] new path /v2/images/9f9c7d78-a616-4b1e-9c84-33888bbdf632 {{(pid=103087) process_request /opt/stack/glance/glance/api/middleware/version_negotiation.py:70}}
Jul 30 17:07:49.381087 np0000006155 devstack@g-api.service[103087]: [pid: 103087|app: 0|req: 101/398] 127.0.0.1 () {40 vars in 834 bytes} [Thu Jul 30 17:07:49 2026] GET /v2/images/9f9c7d78-a616-4b1e-9c84-33888bbdf632 => generated 649 bytes in 16 msecs (HTTP/1.1 200) 4 headers in 157 bytes (1 switches on core 0)
Jul 30 17:07:50.492888 np0000006155 devstack@g-api.service[103090]: DEBUG glance.api.middleware.version_negotiation [None req-c1826dd7-9337-44f4-802d-3699acb68d8d tempest-TestImageHashVerification-1802293149 tempest-TestImageHashVerification-1802293149-project-member] Determining version of request: GET /v2/images/9f9c7d78-a616-4b1e-9c84-33888bbdf632 Accept: application/json {{(pid=103090) process_request /opt/stack/glance/glance/api/middleware/version_negotiation.py:44}}
Jul 30 17:07:50.492888 np0000006155 devstack@g-api.service[103090]: DEBUG glance.api.middleware.version_negotiation [None req-c1826dd7-9337-44f4-802d-3699acb68d8d tempest-TestImageHashVerification-1802293149 tempest-TestImageHashVerification-1802293149-project-member] Using url versioning {{(pid=103090) process_request /opt/stack/glance/glance/api/middleware/version_negotiation.py:57}}
Jul 30 17:07:50.492888 np0000006155 devstack@g-api.service[103090]: DEBUG glance.api.middleware.version_negotiation [None req-c1826dd7-9337-44f4-802d-3699acb68d8d tempest-TestImageHashVerification-1802293149 tempest-TestImageHashVerification-1802293149-project-member] Matched version: v2 {{(pid=103090) process_request /opt/stack/glance/glance/api/middleware/version_negotiation.py:69}}
Jul 30 17:07:50.492888 np0000006155 devstack@g-api.service[103090]: DEBUG glance.api.middleware.version_negotiation [None req-c1826dd7-9337-44f4-802d-3699acb68d8d tempest-TestImageHashVerification-1802293149 tempest-TestImageHashVerification-1802293149-project-member] new path /v2/images/9f9c7d78-a616-4b1e-9c84-33888bbdf632 {{(pid=103090) process_request /opt/stack/glance/glance/api/middleware/version_negotiation.py:70}}
Jul 30 17:07:50.492888 np0000006155 devstack@g-api.service[103090]: [pid: 103090|app: 0|req: 101/399] 127.0.0.1 () {40 vars in 834 bytes} [Thu Jul 30 17:07:50 2026] GET /v2/images/9f9c7d78-a616-4b1e-9c84-33888bbdf632 => generated 649 bytes in 13 msecs (HTTP/1.1 200) 4 headers in 157 bytes (1 switches on core 0)
Jul 30 17:07:50.501080 np0000006155 devstack@g-api.service[103089]: DEBUG swiftclient [None req-598b635c-1c44-46ab-9217-63c6b36baa38 tempest-TestImageHashVerification-1802293149 tempest-TestImageHashVerification-1802293149-project-member] REQ: curl -i https://10.4.3.34:8080/v1/AUTH_d7fa874ca2b3477e9bbb21f3db389cc9/glance/9f9c7d78-a616-4b1e-9c84-33888bbdf632-00002 -X PUT -H "X-Auth-Token: gAAAAABqa4TiG1pM..." {{(pid=103089) http_log /opt/stack/data/venv/lib/python3.12/site-packages/swiftclient/client.py:160}}
Jul 30 17:07:50.501080 np0000006155 devstack@g-api.service[103089]: DEBUG swiftclient [None req-598b635c-1c44-46ab-9217-63c6b36baa38 tempest-TestImageHashVerification-1802293149 tempest-TestImageHashVerification-1802293149-project-member] RESP STATUS: 201 Created {{(pid=103089) http_log /opt/stack/data/venv/lib/python3.12/site-packages/swiftclient/client.py:161}}
Jul 30 17:07:50.501080 np0000006155 devstack@g-api.service[103089]: DEBUG swiftclient [None req-598b635c-1c44-46ab-9217-63c6b36baa38 tempest-TestImageHashVerification-1802293149 tempest-TestImageHashVerification-1802293149-project-member] RESP HEADERS: {'Date': 'Thu, 30 Jul 2026 17:07:50 GMT', 'Server': 'Apache/2.4.58 (Ubuntu)', 'Content-Type': 'text/html; charset=UTF-8', 'Content-Length': '0', 'Etag': 'eda9a9889837ac4bc81d6387d92c1bec', 'Last-Modified': 'Thu, 30 Jul 2026 17:07:49 GMT', 'X-Trans-Id': 'tx62f1f02a006d4db484d8c-006a6b84e4', 'X-Openstack-Request-Id': 'tx62f1f02a006d4db484d8c-006a6b84e4', 'Connection': 'close'} {{(pid=103089) http_log /opt/stack/data/venv/lib/python3.12/site-packages/swiftclient/client.py:162}}
Jul 30 17:07:50.501080 np0000006155 devstack@g-api.service[103089]: DEBUG glance_store._drivers.swift.store [None req-598b635c-1c44-46ab-9217-63c6b36baa38 tempest-TestImageHashVerification-1802293149 tempest-TestImageHashVerification-1802293149-project-member] Wrote chunk 9f9c7d78-a616-4b1e-9c84-33888bbdf632-00002 (2/?) of length 204800000 to Swift returning MD5 of content: eda9a9889837ac4bc81d6387d92c1bec {{(pid=103089) add /opt/stack/data/venv/lib/python3.12/site-packages/glance_store/_drivers/swift/store.py:1059}}
Jul 30 17:07:51.433371 np0000006155 devstack@g-api.service[103088]: DEBUG glance.api.middleware.version_negotiation [None req-7e4dfdf1-3800-4fb1-9c0e-d106ddd4ee1f tempest-TestImageHashVerification-1802293149 tempest-TestImageHashVerification-1802293149-project-member] Determining version of request: GET /v2/images/9f9c7d78-a616-4b1e-9c84-33888bbdf632 Accept: application/json {{(pid=103088) process_request /opt/stack/glance/glance/api/middleware/version_negotiation.py:44}}
Jul 30 17:07:51.433801 np0000006155 devstack@g-api.service[103088]: DEBUG glance.api.middleware.version_negotiation [None req-7e4dfdf1-3800-4fb1-9c0e-d106ddd4ee1f tempest-TestImageHashVerification-1802293149 tempest-TestImageHashVerification-1802293149-project-member] Using url versioning {{(pid=103088) process_request /opt/stack/glance/glance/api/middleware/version_negotiation.py:57}}
Jul 30 17:07:51.433801 np0000006155 devstack@g-api.service[103088]: DEBUG glance.api.middleware.version_negotiation [None req-7e4dfdf1-3800-4fb1-9c0e-d106ddd4ee1f tempest-TestImageHashVerification-1802293149 tempest-TestImageHashVerification-1802293149-project-member] Matched version: v2 {{(pid=103088) process_request /opt/stack/glance/glance/api/middleware/version_negotiation.py:69}}
Jul 30 17:07:51.433801 np0000006155 devstack@g-api.service[103088]: DEBUG glance.api.middleware.version_negotiation [None req-7e4dfdf1-3800-4fb1-9c0e-d106ddd4ee1f tempest-TestImageHashVerification-1802293149 tempest-TestImageHashVerification-1802293149-project-member] new path /v2/images/9f9c7d78-a616-4b1e-9c84-33888bbdf632 {{(pid=103088) process_request /opt/stack/glance/glance/api/middleware/version_negotiation.py:70}}
Jul 30 17:07:51.447277 np0000006155 devstack@g-api.service[103088]: [pid: 103088|app: 0|req: 98/400] 127.0.0.1 () {40 vars in 834 bytes} [Thu Jul 30 17:07:51 2026] GET /v2/images/9f9c7d78-a616-4b1e-9c84-33888bbdf632 => generated 649 bytes in 14 msecs (HTTP/1.1 200) 4 headers in 157 bytes (1 switches on core 0)
Jul 30 17:07:52.454625 np0000006155 devstack@g-api.service[103087]: DEBUG glance.api.middleware.version_negotiation [None req-d1551f9a-7dcf-45d1-b290-35f487d6f258 tempest-TestImageHashVerification-1802293149 tempest-TestImageHashVerification-1802293149-project-member] Determining version of request: GET /v2/images/9f9c7d78-a616-4b1e-9c84-33888bbdf632 Accept: application/json {{(pid=103087) process_request /opt/stack/glance/glance/api/middleware/version_negotiation.py:44}}
Jul 30 17:07:52.456054 np0000006155 devstack@g-api.service[103087]: DEBUG glance.api.middleware.version_negotiation [None req-d1551f9a-7dcf-45d1-b290-35f487d6f258 tempest-TestImageHashVerification-1802293149 tempest-TestImageHashVerification-1802293149-project-member] Using url versioning {{(pid=103087) process_request /opt/stack/glance/glance/api/middleware/version_negotiation.py:57}}
Jul 30 17:07:52.456054 np0000006155 devstack@g-api.service[103087]: DEBUG glance.api.middleware.version_negotiation [None req-d1551f9a-7dcf-45d1-b290-35f487d6f258 tempest-TestImageHashVerification-1802293149 tempest-TestImageHashVerification-1802293149-project-member] Matched version: v2 {{(pid=103087) process_request /opt/stack/glance/glance/api/middleware/version_negotiation.py:69}}
Jul 30 17:07:52.456054 np0000006155 devstack@g-api.service[103087]: DEBUG glance.api.middleware.version_negotiation [None req-d1551f9a-7dcf-45d1-b290-35f487d6f258 tempest-TestImageHashVerification-1802293149 tempest-TestImageHashVerification-1802293149-project-member] new path /v2/images/9f9c7d78-a616-4b1e-9c84-33888bbdf632 {{(pid=103087) process_request /opt/stack/glance/glance/api/middleware/version_negotiation.py:70}}
Jul 30 17:07:52.468146 np0000006155 devstack@g-api.service[103087]: [pid: 103087|app: 0|req: 102/401] 127.0.0.1 () {40 vars in 834 bytes} [Thu Jul 30 17:07:52 2026] GET /v2/images/9f9c7d78-a616-4b1e-9c84-33888bbdf632 => generated 649 bytes in 14 msecs (HTTP/1.1 200) 4 headers in 157 bytes (1 switches on core 0)
Jul 30 17:07:52.472096 np0000006155 devstack@g-api.service[103089]: DEBUG swiftclient [None req-598b635c-1c44-46ab-9217-63c6b36baa38 tempest-TestImageHashVerification-1802293149 tempest-TestImageHashVerification-1802293149-project-member] REQ: curl -i https://10.4.3.34:8080/v1/AUTH_d7fa874ca2b3477e9bbb21f3db389cc9/glance/9f9c7d78-a616-4b1e-9c84-33888bbdf632-00003 -X PUT -H "X-Auth-Token: gAAAAABqa4TiG1pM..." {{(pid=103089) http_log /opt/stack/data/venv/lib/python3.12/site-packages/swiftclient/client.py:160}}
Jul 30 17:07:52.472466 np0000006155 devstack@g-api.service[103089]: DEBUG swiftclient [None req-598b635c-1c44-46ab-9217-63c6b36baa38 tempest-TestImageHashVerification-1802293149 tempest-TestImageHashVerification-1802293149-project-member] RESP STATUS: 201 Created {{(pid=103089) http_log /opt/stack/data/venv/lib/python3.12/site-packages/swiftclient/client.py:161}}
Jul 30 17:07:52.472466 np0000006155 devstack@g-api.service[103089]: DEBUG swiftclient [None req-598b635c-1c44-46ab-9217-63c6b36baa38 tempest-TestImageHashVerification-1802293149 tempest-TestImageHashVerification-1802293149-project-member] RESP HEADERS: {'Date': 'Thu, 30 Jul 2026 17:07:52 GMT', 'Server': 'Apache/2.4.58 (Ubuntu)', 'Content-Type': 'text/html; charset=UTF-8', 'Content-Length': '0', 'Etag': 'eda9a9889837ac4bc81d6387d92c1bec', 'Last-Modified': 'Thu, 30 Jul 2026 17:07:51 GMT', 'X-Trans-Id': 'txfc2551a6afd143bcaa4c0-006a6b84e6', 'X-Openstack-Request-Id': 'txfc2551a6afd143bcaa4c0-006a6b84e6', 'Connection': 'close'} {{(pid=103089) http_log /opt/stack/data/venv/lib/python3.12/site-packages/swiftclient/client.py:162}}
Jul 30 17:07:52.472634 np0000006155 devstack@g-api.service[103089]: DEBUG glance_store._drivers.swift.store [None req-598b635c-1c44-46ab-9217-63c6b36baa38 tempest-TestImageHashVerification-1802293149 tempest-TestImageHashVerification-1802293149-project-member] Wrote chunk 9f9c7d78-a616-4b1e-9c84-33888bbdf632-00003 (3/?) of length 204800000 to Swift returning MD5 of content: eda9a9889837ac4bc81d6387d92c1bec {{(pid=103089) add /opt/stack/data/venv/lib/python3.12/site-packages/glance_store/_drivers/swift/store.py:1059}}
Jul 30 17:07:53.482269 np0000006155 devstack@g-api.service[103090]: DEBUG glance.api.middleware.version_negotiation [None req-28b16d2e-18fb-481d-b351-0eb5b0b41b8e tempest-TestImageHashVerification-1802293149 tempest-TestImageHashVerification-1802293149-project-member] Determining version of request: GET /v2/images/9f9c7d78-a616-4b1e-9c84-33888bbdf632 Accept: application/json {{(pid=103090) process_request /opt/stack/glance/glance/api/middleware/version_negotiation.py:44}}
Jul 30 17:07:53.482632 np0000006155 devstack@g-api.service[103090]: DEBUG glance.api.middleware.version_negotiation [None req-28b16d2e-18fb-481d-b351-0eb5b0b41b8e tempest-TestImageHashVerification-1802293149 tempest-TestImageHashVerification-1802293149-project-member] Using url versioning {{(pid=103090) process_request /opt/stack/glance/glance/api/middleware/version_negotiation.py:57}}
Jul 30 17:07:53.482632 np0000006155 devstack@g-api.service[103090]: DEBUG glance.api.middleware.version_negotiation [None req-28b16d2e-18fb-481d-b351-0eb5b0b41b8e tempest-TestImageHashVerification-1802293149 tempest-TestImageHashVerification-1802293149-project-member] Matched version: v2 {{(pid=103090) process_request /opt/stack/glance/glance/api/middleware/version_negotiation.py:69}}
Jul 30 17:07:53.482632 np0000006155 devstack@g-api.service[103090]: DEBUG glance.api.middleware.version_negotiation [None req-28b16d2e-18fb-481d-b351-0eb5b0b41b8e tempest-TestImageHashVerification-1802293149 tempest-TestImageHashVerification-1802293149-project-member] new path /v2/images/9f9c7d78-a616-4b1e-9c84-33888bbdf632 {{(pid=103090) process_request /opt/stack/glance/glance/api/middleware/version_negotiation.py:70}}
Jul 30 17:07:53.496395 np0000006155 devstack@g-api.service[103090]: [pid: 103090|app: 0|req: 102/402] 127.0.0.1 () {40 vars in 834 bytes} [Thu Jul 30 17:07:53 2026] GET /v2/images/9f9c7d78-a616-4b1e-9c84-33888bbdf632 => generated 649 bytes in 14 msecs (HTTP/1.1 200) 4 headers in 157 bytes (1 switches on core 0)
Jul 30 17:07:54.504653 np0000006155 devstack@g-api.service[103088]: DEBUG glance.api.middleware.version_negotiation [None req-d7f3477f-f26e-4187-8f4c-eb49802562ec tempest-TestImageHashVerification-1802293149 tempest-TestImageHashVerification-1802293149-project-member] Determining version of request: GET /v2/images/9f9c7d78-a616-4b1e-9c84-33888bbdf632 Accept: application/json {{(pid=103088) process_request /opt/stack/glance/glance/api/middleware/version_negotiation.py:44}}
Jul 30 17:07:54.505139 np0000006155 devstack@g-api.service[103088]: DEBUG glance.api.middleware.version_negotiation [None req-d7f3477f-f26e-4187-8f4c-eb49802562ec tempest-TestImageHashVerification-1802293149 tempest-TestImageHashVerification-1802293149-project-member] Using url versioning {{(pid=103088) process_request /opt/stack/glance/glance/api/middleware/version_negotiation.py:57}}
Jul 30 17:07:54.505139 np0000006155 devstack@g-api.service[103088]: DEBUG glance.api.middleware.version_negotiation [None req-d7f3477f-f26e-4187-8f4c-eb49802562ec tempest-TestImageHashVerification-1802293149 tempest-TestImageHashVerification-1802293149-project-member] Matched version: v2 {{(pid=103088) process_request /opt/stack/glance/glance/api/middleware/version_negotiation.py:69}}
Jul 30 17:07:54.505231 np0000006155 devstack@g-api.service[103088]: DEBUG glance.api.middleware.version_negotiation [None req-d7f3477f-f26e-4187-8f4c-eb49802562ec tempest-TestImageHashVerification-1802293149 tempest-TestImageHashVerification-1802293149-project-member] new path /v2/images/9f9c7d78-a616-4b1e-9c84-33888bbdf632 {{(pid=103088) process_request /opt/stack/glance/glance/api/middleware/version_negotiation.py:70}}
Jul 30 17:07:54.515010 np0000006155 devstack@g-api.service[103088]: [pid: 103088|app: 0|req: 99/403] 127.0.0.1 () {40 vars in 834 bytes} [Thu Jul 30 17:07:54 2026] GET /v2/images/9f9c7d78-a616-4b1e-9c84-33888bbdf632 => generated 649 bytes in 10 msecs (HTTP/1.1 200) 4 headers in 157 bytes (1 switches on core 0)
Jul 30 17:07:54.619251 np0000006155 devstack@g-api.service[103089]: DEBUG swiftclient [None req-598b635c-1c44-46ab-9217-63c6b36baa38 tempest-TestImageHashVerification-1802293149 tempest-TestImageHashVerification-1802293149-project-member] REQ: curl -i https://10.4.3.34:8080/v1/AUTH_d7fa874ca2b3477e9bbb21f3db389cc9/glance/9f9c7d78-a616-4b1e-9c84-33888bbdf632-00004 -X PUT -H "X-Auth-Token: gAAAAABqa4TiG1pM..." {{(pid=103089) http_log /opt/stack/data/venv/lib/python3.12/site-packages/swiftclient/client.py:160}}
Jul 30 17:07:54.619501 np0000006155 devstack@g-api.service[103089]: DEBUG swiftclient [None req-598b635c-1c44-46ab-9217-63c6b36baa38 tempest-TestImageHashVerification-1802293149 tempest-TestImageHashVerification-1802293149-project-member] RESP STATUS: 201 Created {{(pid=103089) http_log /opt/stack/data/venv/lib/python3.12/site-packages/swiftclient/client.py:161}}
Jul 30 17:07:54.619501 np0000006155 devstack@g-api.service[103089]: DEBUG swiftclient [None req-598b635c-1c44-46ab-9217-63c6b36baa38 tempest-TestImageHashVerification-1802293149 tempest-TestImageHashVerification-1802293149-project-member] RESP HEADERS: {'Date': 'Thu, 30 Jul 2026 17:07:54 GMT', 'Server': 'Apache/2.4.58 (Ubuntu)', 'Content-Type': 'text/html; charset=UTF-8', 'Content-Length': '0', 'Etag': 'eda9a9889837ac4bc81d6387d92c1bec', 'Last-Modified': 'Thu, 30 Jul 2026 17:07:53 GMT', 'X-Trans-Id': 'txff428701727042af9a621-006a6b84e8', 'X-Openstack-Request-Id': 'txff428701727042af9a621-006a6b84e8', 'Connection': 'close'} {{(pid=103089) http_log /opt/stack/data/venv/lib/python3.12/site-packages/swiftclient/client.py:162}}
Jul 30 17:07:54.621074 np0000006155 devstack@g-api.service[103089]: DEBUG glance_store._drivers.swift.store [None req-598b635c-1c44-46ab-9217-63c6b36baa38 tempest-TestImageHashVerification-1802293149 tempest-TestImageHashVerification-1802293149-project-member] Wrote chunk 9f9c7d78-a616-4b1e-9c84-33888bbdf632-00004 (4/?) of length 204800000 to Swift returning MD5 of content: eda9a9889837ac4bc81d6387d92c1bec {{(pid=103089) add /opt/stack/data/venv/lib/python3.12/site-packages/glance_store/_drivers/swift/store.py:1059}}
Jul 30 17:07:54.683126 np0000006155 devstack@g-api.service[103087]: DEBUG glance.api.middleware.version_negotiation [None req-7b2eb5cb-9239-477b-b3fe-c914fee00081 tempest-TestImageHashVerification-1802293149 tempest-TestImageHashVerification-1802293149-project-member] Determining version of request: GET /v2/images/c32d31dc-2e96-40b0-96af-77945105a863 Accept: application/json {{(pid=103087) process_request /opt/stack/glance/glance/api/middleware/version_negotiation.py:44}}
Jul 30 17:07:54.683555 np0000006155 devstack@g-api.service[103087]: DEBUG glance.api.middleware.version_negotiation [None req-7b2eb5cb-9239-477b-b3fe-c914fee00081 tempest-TestImageHashVerification-1802293149 tempest-TestImageHashVerification-1802293149-project-member] Using url versioning {{(pid=103087) process_request /opt/stack/glance/glance/api/middleware/version_negotiation.py:57}}
Jul 30 17:07:54.683555 np0000006155 devstack@g-api.service[103087]: DEBUG glance.api.middleware.version_negotiation [None req-7b2eb5cb-9239-477b-b3fe-c914fee00081 tempest-TestImageHashVerification-1802293149 tempest-TestImageHashVerification-1802293149-project-member] Matched version: v2 {{(pid=103087) process_request /opt/stack/glance/glance/api/middleware/version_negotiation.py:69}}
Jul 30 17:07:54.683729 np0000006155 devstack@g-api.service[103087]: DEBUG glance.api.middleware.version_negotiation [None req-7b2eb5cb-9239-477b-b3fe-c914fee00081 tempest-TestImageHashVerification-1802293149 tempest-TestImageHashVerification-1802293149-project-member] new path /v2/images/c32d31dc-2e96-40b0-96af-77945105a863 {{(pid=103087) process_request /opt/stack/glance/glance/api/middleware/version_negotiation.py:70}}
Jul 30 17:07:54.698372 np0000006155 devstack@g-api.service[103087]: [pid: 103087|app: 0|req: 103/404] 127.0.0.1 () {40 vars in 834 bytes} [Thu Jul 30 17:07:54 2026] GET /v2/images/c32d31dc-2e96-40b0-96af-77945105a863 => generated 1044 bytes in 15 msecs (HTTP/1.1 200) 4 headers in 158 bytes (1 switches on core 0)
Jul 30 17:07:54.707608 np0000006155 devstack@g-api.service[103090]: DEBUG glance.api.middleware.version_negotiation [None req-498f6cf4-a349-4632-ae09-c2ffccf72755 tempest-TestImageHashVerification-1802293149 tempest-TestImageHashVerification-1802293149-project-member] Determining version of request: GET /v2/images/c32d31dc-2e96-40b0-96af-77945105a863 Accept: application/json {{(pid=103090) process_request /opt/stack/glance/glance/api/middleware/version_negotiation.py:44}}
Jul 30 17:07:54.707929 np0000006155 devstack@g-api.service[103090]: DEBUG glance.api.middleware.version_negotiation [None req-498f6cf4-a349-4632-ae09-c2ffccf72755 tempest-TestImageHashVerification-1802293149 tempest-TestImageHashVerification-1802293149-project-member] Using url versioning {{(pid=103090) process_request /opt/stack/glance/glance/api/middleware/version_negotiation.py:57}}
Jul 30 17:07:54.707929 np0000006155 devstack@g-api.service[103090]: DEBUG glance.api.middleware.version_negotiation [None req-498f6cf4-a349-4632-ae09-c2ffccf72755 tempest-TestImageHashVerification-1802293149 tempest-TestImageHashVerification-1802293149-project-member] Matched version: v2 {{(pid=103090) process_request /opt/stack/glance/glance/api/middleware/version_negotiation.py:69}}
Jul 30 17:07:54.707929 np0000006155 devstack@g-api.service[103090]: DEBUG glance.api.middleware.version_negotiation [None req-498f6cf4-a349-4632-ae09-c2ffccf72755 tempest-TestImageHashVerification-1802293149 tempest-TestImageHashVerification-1802293149-project-member] new path /v2/images/c32d31dc-2e96-40b0-96af-77945105a863 {{(pid=103090) process_request /opt/stack/glance/glance/api/middleware/version_negotiation.py:70}}
Jul 30 17:07:54.726055 np0000006155 devstack@g-api.service[103090]: [pid: 103090|app: 0|req: 103/405] 127.0.0.1 () {40 vars in 834 bytes} [Thu Jul 30 17:07:54 2026] GET /v2/images/c32d31dc-2e96-40b0-96af-77945105a863 => generated 1044 bytes in 18 msecs (HTTP/1.1 200) 4 headers in 158 bytes (1 switches on core 0)
Jul 30 17:07:55.526578 np0000006155 devstack@g-api.service[103088]: DEBUG glance.api.middleware.version_negotiation [None req-ef8c17be-af92-462a-a93a-519f88e07ed5 tempest-TestImageHashVerification-1802293149 tempest-TestImageHashVerification-1802293149-project-member] Determining version of request: GET /v2/images/9f9c7d78-a616-4b1e-9c84-33888bbdf632 Accept: application/json {{(pid=103088) process_request /opt/stack/glance/glance/api/middleware/version_negotiation.py:44}}
Jul 30 17:07:55.526578 np0000006155 devstack@g-api.service[103088]: DEBUG glance.api.middleware.version_negotiation [None req-ef8c17be-af92-462a-a93a-519f88e07ed5 tempest-TestImageHashVerification-1802293149 tempest-TestImageHashVerification-1802293149-project-member] Using url versioning {{(pid=103088) process_request /opt/stack/glance/glance/api/middleware/version_negotiation.py:57}}
Jul 30 17:07:55.526578 np0000006155 devstack@g-api.service[103088]: DEBUG glance.api.middleware.version_negotiation [None req-ef8c17be-af92-462a-a93a-519f88e07ed5 tempest-TestImageHashVerification-1802293149 tempest-TestImageHashVerification-1802293149-project-member] Matched version: v2 {{(pid=103088) process_request /opt/stack/glance/glance/api/middleware/version_negotiation.py:69}}
Jul 30 17:07:55.527133 np0000006155 devstack@g-api.service[103088]: DEBUG glance.api.middleware.version_negotiation [None req-ef8c17be-af92-462a-a93a-519f88e07ed5 tempest-TestImageHashVerification-1802293149 tempest-TestImageHashVerification-1802293149-project-member] new path /v2/images/9f9c7d78-a616-4b1e-9c84-33888bbdf632 {{(pid=103088) process_request /opt/stack/glance/glance/api/middleware/version_negotiation.py:70}}
Jul 30 17:07:55.535545 np0000006155 devstack@g-api.service[103088]: [pid: 103088|app: 0|req: 100/406] 127.0.0.1 () {40 vars in 834 bytes} [Thu Jul 30 17:07:55 2026] GET /v2/images/9f9c7d78-a616-4b1e-9c84-33888bbdf632 => generated 649 bytes in 9 msecs (HTTP/1.1 200) 4 headers in 157 bytes (1 switches on core 0)
Jul 30 17:07:56.148692 np0000006155 devstack@g-api.service[103087]: DEBUG glance.api.middleware.version_negotiation [None req-c79e135f-42ed-4eda-a921-0039b7acb40d tempest-AttachVolumeMultiAttachTest-213735803 tempest-AttachVolumeMultiAttachTest-213735803-project-member] Determining version of request: GET /v2/images/c32d31dc-2e96-40b0-96af-77945105a863 Accept: */* {{(pid=103087) process_request /opt/stack/glance/glance/api/middleware/version_negotiation.py:44}}
Jul 30 17:07:56.148975 np0000006155 devstack@g-api.service[103087]: DEBUG glance.api.middleware.version_negotiation [None req-c79e135f-42ed-4eda-a921-0039b7acb40d tempest-AttachVolumeMultiAttachTest-213735803 tempest-AttachVolumeMultiAttachTest-213735803-project-member] Using url versioning {{(pid=103087) process_request /opt/stack/glance/glance/api/middleware/version_negotiation.py:57}}
Jul 30 17:07:56.149195 np0000006155 devstack@g-api.service[103087]: DEBUG glance.api.middleware.version_negotiation [None req-c79e135f-42ed-4eda-a921-0039b7acb40d tempest-AttachVolumeMultiAttachTest-213735803 tempest-AttachVolumeMultiAttachTest-213735803-project-member] Matched version: v2 {{(pid=103087) process_request /opt/stack/glance/glance/api/middleware/version_negotiation.py:69}}
Jul 30 17:07:56.149426 np0000006155 devstack@g-api.service[103087]: DEBUG glance.api.middleware.version_negotiation [None req-c79e135f-42ed-4eda-a921-0039b7acb40d tempest-AttachVolumeMultiAttachTest-213735803 tempest-AttachVolumeMultiAttachTest-213735803-project-member] new path /v2/images/c32d31dc-2e96-40b0-96af-77945105a863 {{(pid=103087) process_request /opt/stack/glance/glance/api/middleware/version_negotiation.py:70}}
Jul 30 17:07:56.179854 np0000006155 devstack@g-api.service[103087]: [pid: 103087|app: 0|req: 104/407] 127.0.0.1 () {44 vars in 1111 bytes} [Thu Jul 30 17:07:56 2026] GET /v2/images/c32d31dc-2e96-40b0-96af-77945105a863 => generated 1044 bytes in 31 msecs (HTTP/1.1 200) 4 headers in 158 bytes (1 switches on core 0)
Jul 30 17:07:56.236512 np0000006155 devstack@g-api.service[103090]: DEBUG glance.api.middleware.version_negotiation [None req-44847326-b085-46c7-88ab-0cd952875347 tempest-AttachVolumeMultiAttachTest-213735803 tempest-AttachVolumeMultiAttachTest-213735803-project-member] Determining version of request: GET /v2/schemas/image Accept: */* {{(pid=103090) process_request /opt/stack/glance/glance/api/middleware/version_negotiation.py:44}}
Jul 30 17:07:56.238842 np0000006155 devstack@g-api.service[103090]: DEBUG glance.api.middleware.version_negotiation [None req-44847326-b085-46c7-88ab-0cd952875347 tempest-AttachVolumeMultiAttachTest-213735803 tempest-AttachVolumeMultiAttachTest-213735803-project-member] Using url versioning {{(pid=103090) process_request /opt/stack/glance/glance/api/middleware/version_negotiation.py:57}}
Jul 30 17:07:56.238842 np0000006155 devstack@g-api.service[103090]: DEBUG glance.api.middleware.version_negotiation [None req-44847326-b085-46c7-88ab-0cd952875347 tempest-AttachVolumeMultiAttachTest-213735803 tempest-AttachVolumeMultiAttachTest-213735803-project-member] Matched version: v2 {{(pid=103090) process_request /opt/stack/glance/glance/api/middleware/version_negotiation.py:69}}
Jul 30 17:07:56.238842 np0000006155 devstack@g-api.service[103090]: DEBUG glance.api.middleware.version_negotiation [None req-44847326-b085-46c7-88ab-0cd952875347 tempest-AttachVolumeMultiAttachTest-213735803 tempest-AttachVolumeMultiAttachTest-213735803-project-member] new path /v2/schemas/image {{(pid=103090) process_request /opt/stack/glance/glance/api/middleware/version_negotiation.py:70}}
Jul 30 17:07:56.243090 np0000006155 devstack@g-api.service[103090]: [pid: 103090|app: 0|req: 104/408] 127.0.0.1 () {44 vars in 1051 bytes} [Thu Jul 30 17:07:56 2026] GET /v2/schemas/image => generated 6083 bytes in 6 msecs (HTTP/1.1 200) 4 headers in 158 bytes (1 switches on core 0)
Jul 30 17:07:56.534818 np0000006155 devstack@g-api.service[103089]: DEBUG dbcounter [-] [103089] Writing DB stats glance:SELECT=29,glance:INSERT=1,glance:UPDATE=1 {{(pid=103089) stat_writer /opt/stack/data/venv/lib/python3.12/site-packages/dbcounter.py:115}}
Jul 30 17:07:56.544597 np0000006155 devstack@g-api.service[103088]: DEBUG glance.api.middleware.version_negotiation [None req-881c62a0-fc65-4883-9c10-e5bfbb5cdc9f tempest-TestImageHashVerification-1802293149 tempest-TestImageHashVerification-1802293149-project-member] Determining version of request: GET /v2/images/9f9c7d78-a616-4b1e-9c84-33888bbdf632 Accept: application/json {{(pid=103088) process_request /opt/stack/glance/glance/api/middleware/version_negotiation.py:44}}
Jul 30 17:07:56.544597 np0000006155 devstack@g-api.service[103088]: DEBUG glance.api.middleware.version_negotiation [None req-881c62a0-fc65-4883-9c10-e5bfbb5cdc9f tempest-TestImageHashVerification-1802293149 tempest-TestImageHashVerification-1802293149-project-member] Using url versioning {{(pid=103088) process_request /opt/stack/glance/glance/api/middleware/version_negotiation.py:57}}
Jul 30 17:07:56.544597 np0000006155 devstack@g-api.service[103088]: DEBUG glance.api.middleware.version_negotiation [None req-881c62a0-fc65-4883-9c10-e5bfbb5cdc9f tempest-TestImageHashVerification-1802293149 tempest-TestImageHashVerification-1802293149-project-member] Matched version: v2 {{(pid=103088) process_request /opt/stack/glance/glance/api/middleware/version_negotiation.py:69}}
Jul 30 17:07:56.544597 np0000006155 devstack@g-api.service[103088]: DEBUG glance.api.middleware.version_negotiation [None req-881c62a0-fc65-4883-9c10-e5bfbb5cdc9f tempest-TestImageHashVerification-1802293149 tempest-TestImageHashVerification-1802293149-project-member] new path /v2/images/9f9c7d78-a616-4b1e-9c84-33888bbdf632 {{(pid=103088) process_request /opt/stack/glance/glance/api/middleware/version_negotiation.py:70}}
Jul 30 17:07:56.556796 np0000006155 devstack@g-api.service[103088]: [pid: 103088|app: 0|req: 101/409] 127.0.0.1 () {40 vars in 834 bytes} [Thu Jul 30 17:07:56 2026] GET /v2/images/9f9c7d78-a616-4b1e-9c84-33888bbdf632 => generated 649 bytes in 12 msecs (HTTP/1.1 200) 4 headers in 157 bytes (1 switches on core 0)
Jul 30 17:07:56.684011 np0000006155 devstack@g-api.service[103089]: DEBUG swiftclient [None req-598b635c-1c44-46ab-9217-63c6b36baa38 tempest-TestImageHashVerification-1802293149 tempest-TestImageHashVerification-1802293149-project-member] REQ: curl -i https://10.4.3.34:8080/v1/AUTH_d7fa874ca2b3477e9bbb21f3db389cc9/glance/9f9c7d78-a616-4b1e-9c84-33888bbdf632-00005 -X PUT -H "X-Auth-Token: gAAAAABqa4TiG1pM..." {{(pid=103089) http_log /opt/stack/data/venv/lib/python3.12/site-packages/swiftclient/client.py:160}}
Jul 30 17:07:56.684011 np0000006155 devstack@g-api.service[103089]: DEBUG swiftclient [None req-598b635c-1c44-46ab-9217-63c6b36baa38 tempest-TestImageHashVerification-1802293149 tempest-TestImageHashVerification-1802293149-project-member] RESP STATUS: 201 Created {{(pid=103089) http_log /opt/stack/data/venv/lib/python3.12/site-packages/swiftclient/client.py:161}}
Jul 30 17:07:56.684246 np0000006155 devstack@g-api.service[103089]: DEBUG swiftclient [None req-598b635c-1c44-46ab-9217-63c6b36baa38 tempest-TestImageHashVerification-1802293149 tempest-TestImageHashVerification-1802293149-project-member] RESP HEADERS: {'Date': 'Thu, 30 Jul 2026 17:07:56 GMT', 'Server': 'Apache/2.4.58 (Ubuntu)', 'Content-Type': 'text/html; charset=UTF-8', 'Content-Length': '0', 'Etag': 'eda9a9889837ac4bc81d6387d92c1bec', 'Last-Modified': 'Thu, 30 Jul 2026 17:07:55 GMT', 'X-Trans-Id': 'txf522f30a9c64464c90ca5-006a6b84ea', 'X-Openstack-Request-Id': 'txf522f30a9c64464c90ca5-006a6b84ea', 'Connection': 'close'} {{(pid=103089) http_log /opt/stack/data/venv/lib/python3.12/site-packages/swiftclient/client.py:162}}
Jul 30 17:07:56.684350 np0000006155 devstack@g-api.service[103089]: DEBUG glance_store._drivers.swift.store [None req-598b635c-1c44-46ab-9217-63c6b36baa38 tempest-TestImageHashVerification-1802293149 tempest-TestImageHashVerification-1802293149-project-member] Wrote chunk 9f9c7d78-a616-4b1e-9c84-33888bbdf632-00005 (5/?) of length 204800000 to Swift returning MD5 of content: eda9a9889837ac4bc81d6387d92c1bec {{(pid=103089) add /opt/stack/data/venv/lib/python3.12/site-packages/glance_store/_drivers/swift/store.py:1059}}
Jul 30 17:07:57.142164 np0000006155 devstack@g-api.service[103089]: DEBUG swiftclient [None req-598b635c-1c44-46ab-9217-63c6b36baa38 tempest-TestImageHashVerification-1802293149 tempest-TestImageHashVerification-1802293149-project-member] REQ: curl -i https://10.4.3.34:8080/v1/AUTH_d7fa874ca2b3477e9bbb21f3db389cc9/glance/9f9c7d78-a616-4b1e-9c84-33888bbdf632-00006 -X PUT -H "X-Auth-Token: gAAAAABqa4TiG1pM..." {{(pid=103089) http_log /opt/stack/data/venv/lib/python3.12/site-packages/swiftclient/client.py:160}}
Jul 30 17:07:57.142285 np0000006155 devstack@g-api.service[103089]: DEBUG swiftclient [None req-598b635c-1c44-46ab-9217-63c6b36baa38 tempest-TestImageHashVerification-1802293149 tempest-TestImageHashVerification-1802293149-project-member] RESP STATUS: 201 Created {{(pid=103089) http_log /opt/stack/data/venv/lib/python3.12/site-packages/swiftclient/client.py:161}}
Jul 30 17:07:57.142467 np0000006155 devstack@g-api.service[103089]: DEBUG swiftclient [None req-598b635c-1c44-46ab-9217-63c6b36baa38 tempest-TestImageHashVerification-1802293149 tempest-TestImageHashVerification-1802293149-project-member] RESP HEADERS: {'Date': 'Thu, 30 Jul 2026 17:07:57 GMT', 'Server': 'Apache/2.4.58 (Ubuntu)', 'Content-Type': 'text/html; charset=UTF-8', 'Content-Length': '0', 'Etag': '708761f3b8777ec77058e63da08eeeb6', 'Last-Modified': 'Thu, 30 Jul 2026 17:07:57 GMT', 'X-Trans-Id': 'tx6beef982213544a5b73b5-006a6b84ec', 'X-Openstack-Request-Id': 'tx6beef982213544a5b73b5-006a6b84ec', 'Connection': 'close'} {{(pid=103089) http_log /opt/stack/data/venv/lib/python3.12/site-packages/swiftclient/client.py:162}}
Jul 30 17:07:57.142593 np0000006155 devstack@g-api.service[103089]: DEBUG glance_store._drivers.swift.store [None req-598b635c-1c44-46ab-9217-63c6b36baa38 tempest-TestImageHashVerification-1802293149 tempest-TestImageHashVerification-1802293149-project-member] Wrote chunk 9f9c7d78-a616-4b1e-9c84-33888bbdf632-00006 (6/?) of length 49741824 to Swift returning MD5 of content: 708761f3b8777ec77058e63da08eeeb6 {{(pid=103089) add /opt/stack/data/venv/lib/python3.12/site-packages/glance_store/_drivers/swift/store.py:1059}}
Jul 30 17:07:57.142900 np0000006155 devstack@g-api.service[103089]: DEBUG glance_store._drivers.swift.store [None req-598b635c-1c44-46ab-9217-63c6b36baa38 tempest-TestImageHashVerification-1802293149 tempest-TestImageHashVerification-1802293149-project-member] Not writing zero-length chunk. {{(pid=103089) add /opt/stack/data/venv/lib/python3.12/site-packages/glance_store/_drivers/swift/store.py:1028}}
Jul 30 17:07:57.166366 np0000006155 devstack@g-api.service[103089]: DEBUG swiftclient [None req-598b635c-1c44-46ab-9217-63c6b36baa38 tempest-TestImageHashVerification-1802293149 tempest-TestImageHashVerification-1802293149-project-member] REQ: curl -i https://10.4.3.34:8080/v1/AUTH_d7fa874ca2b3477e9bbb21f3db389cc9/glance/9f9c7d78-a616-4b1e-9c84-33888bbdf632 -X PUT -H "X-Object-Manifest: glance/9f9c7d78-a616-4b1e-9c84-33888bbdf632-" -H "X-Auth-Token: gAAAAABqa4TiG1pM..." -H "Content-Length: 0" {{(pid=103089) http_log /opt/stack/data/venv/lib/python3.12/site-packages/swiftclient/client.py:160}}
Jul 30 17:07:57.166366 np0000006155 devstack@g-api.service[103089]: DEBUG swiftclient [None req-598b635c-1c44-46ab-9217-63c6b36baa38 tempest-TestImageHashVerification-1802293149 tempest-TestImageHashVerification-1802293149-project-member] RESP STATUS: 201 Created {{(pid=103089) http_log /opt/stack/data/venv/lib/python3.12/site-packages/swiftclient/client.py:161}}
Jul 30 17:07:57.166480 np0000006155 devstack@g-api.service[103089]: DEBUG swiftclient [None req-598b635c-1c44-46ab-9217-63c6b36baa38 tempest-TestImageHashVerification-1802293149 tempest-TestImageHashVerification-1802293149-project-member] RESP HEADERS: {'Date': 'Thu, 30 Jul 2026 17:07:57 GMT', 'Server': 'Apache/2.4.58 (Ubuntu)', 'Content-Type': 'text/html; charset=UTF-8', 'Content-Length': '0', 'Etag': 'd41d8cd98f00b204e9800998ecf8427e', 'Last-Modified': 'Thu, 30 Jul 2026 17:07:58 GMT', 'X-Trans-Id': 'tx8b5179ffda9c48c48baf4-006a6b84ed', 'X-Openstack-Request-Id': 'tx8b5179ffda9c48c48baf4-006a6b84ed', 'Connection': 'close'} {{(pid=103089) http_log /opt/stack/data/venv/lib/python3.12/site-packages/swiftclient/client.py:162}}
Jul 30 17:07:57.166850 np0000006155 devstack@g-api.service[103089]: INFO glance.location [None req-598b635c-1c44-46ab-9217-63c6b36baa38 tempest-TestImageHashVerification-1802293149 tempest-TestImageHashVerification-1802293149-project-member] Image format matched and virtual size computed: 1073741824
Jul 30 17:07:57.193777 np0000006155 devstack@g-api.service[103089]: DEBUG glance_store.backend [None req-598b635c-1c44-46ab-9217-63c6b36baa38 tempest-TestImageHashVerification-1802293149 tempest-TestImageHashVerification-1802293149-project-member] Attempting to import store swift {{(pid=103089) _load_store /opt/stack/data/venv/lib/python3.12/site-packages/glance_store/backend.py:215}}
Jul 30 17:07:57.195711 np0000006155 devstack@g-api.service[103089]: DEBUG glance_store.capabilities [None req-598b635c-1c44-46ab-9217-63c6b36baa38 tempest-TestImageHashVerification-1802293149 tempest-TestImageHashVerification-1802293149-project-member] Store glance_store._drivers.swift.store.SingleTenantStore doesn't support updating dynamic storage capabilities. Please overwrite 'update_capabilities' method of the store to implement updating logics if needed. {{(pid=103089) update_capabilities /opt/stack/data/venv/lib/python3.12/site-packages/glance_store/capabilities.py:91}}
