Jul 19 23:39:37.288362 np0000005480 devstack@g-api.service[102857]: DEBUG glance.api.middleware.version_negotiation [None req-8a0d3318-9377-426e-a0f0-0507c4bdc86b tempest-ServerBootFromVolumeStableRescueTest-1546036928 tempest-ServerBootFromVolumeStableRescueTest-1546036928-project-member] Determining version of request: GET /v2/images/6111660b-3fd4-4533-a441-6a0c61df166d/locations Accept: */* {{(pid=102857) process_request /opt/stack/glance/glance/api/middleware/version_negotiation.py:44}}
Jul 19 23:39:37.288362 np0000005480 devstack@g-api.service[102857]: DEBUG glance.api.middleware.version_negotiation [None req-8a0d3318-9377-426e-a0f0-0507c4bdc86b tempest-ServerBootFromVolumeStableRescueTest-1546036928 tempest-ServerBootFromVolumeStableRescueTest-1546036928-project-member] Using url versioning {{(pid=102857) process_request /opt/stack/glance/glance/api/middleware/version_negotiation.py:57}}
Jul 19 23:39:37.288520 np0000005480 devstack@g-api.service[102857]: DEBUG glance.api.middleware.version_negotiation [None req-8a0d3318-9377-426e-a0f0-0507c4bdc86b tempest-ServerBootFromVolumeStableRescueTest-1546036928 tempest-ServerBootFromVolumeStableRescueTest-1546036928-project-member] Matched version: v2 {{(pid=102857) process_request /opt/stack/glance/glance/api/middleware/version_negotiation.py:69}}
Jul 19 23:39:37.288748 np0000005480 devstack@g-api.service[102857]: DEBUG glance.api.middleware.version_negotiation [None req-8a0d3318-9377-426e-a0f0-0507c4bdc86b tempest-ServerBootFromVolumeStableRescueTest-1546036928 tempest-ServerBootFromVolumeStableRescueTest-1546036928-project-member] new path /v2/images/6111660b-3fd4-4533-a441-6a0c61df166d/locations {{(pid=102857) process_request /opt/stack/glance/glance/api/middleware/version_negotiation.py:70}}
Jul 19 23:39:37.372253 np0000005480 devstack@g-api.service[102857]: [pid: 102857|app: 0|req: 63/258] 127.0.0.1 () {44 vars in 1135 bytes} [Sun Jul 19 23:39:37 2026] GET /v2/images/6111660b-3fd4-4533-a441-6a0c61df166d/locations => generated 92 bytes in 84 msecs (HTTP/1.1 200) 4 headers in 156 bytes (1 switches on core 0)
Jul 19 23:39:37.385389 np0000005480 devstack@g-api.service[102859]: DEBUG glance.api.middleware.version_negotiation [None req-8a0d3318-9377-426e-a0f0-0507c4bdc86b tempest-ServerBootFromVolumeStableRescueTest-1546036928 tempest-ServerBootFromVolumeStableRescueTest-1546036928-project-member] Determining version of request: GET /v2/images/6111660b-3fd4-4533-a441-6a0c61df166d Accept: */* {{(pid=102859) process_request /opt/stack/glance/glance/api/middleware/version_negotiation.py:44}}
Jul 19 23:39:37.385849 np0000005480 devstack@g-api.service[102859]: DEBUG glance.api.middleware.version_negotiation [None req-8a0d3318-9377-426e-a0f0-0507c4bdc86b tempest-ServerBootFromVolumeStableRescueTest-1546036928 tempest-ServerBootFromVolumeStableRescueTest-1546036928-project-member] Using url versioning {{(pid=102859) process_request /opt/stack/glance/glance/api/middleware/version_negotiation.py:57}}
Jul 19 23:39:37.386157 np0000005480 devstack@g-api.service[102859]: DEBUG glance.api.middleware.version_negotiation [None req-8a0d3318-9377-426e-a0f0-0507c4bdc86b tempest-ServerBootFromVolumeStableRescueTest-1546036928 tempest-ServerBootFromVolumeStableRescueTest-1546036928-project-member] Matched version: v2 {{(pid=102859) process_request /opt/stack/glance/glance/api/middleware/version_negotiation.py:69}}
Jul 19 23:39:37.386688 np0000005480 devstack@g-api.service[102859]: DEBUG glance.api.middleware.version_negotiation [None req-8a0d3318-9377-426e-a0f0-0507c4bdc86b tempest-ServerBootFromVolumeStableRescueTest-1546036928 tempest-ServerBootFromVolumeStableRescueTest-1546036928-project-member] new path /v2/images/6111660b-3fd4-4533-a441-6a0c61df166d {{(pid=102859) process_request /opt/stack/glance/glance/api/middleware/version_negotiation.py:70}}
Jul 19 23:39:37.403735 np0000005480 devstack@g-api.service[102859]: [pid: 102859|app: 0|req: 66/259] 127.0.0.1 () {44 vars in 1115 bytes} [Sun Jul 19 23:39:37 2026] GET /v2/images/6111660b-3fd4-4533-a441-6a0c61df166d => generated 1044 bytes in 18 msecs (HTTP/1.1 200) 4 headers in 158 bytes (1 switches on core 0)
Jul 19 23:39:37.413683 np0000005480 devstack@g-api.service[102856]: DEBUG glance.api.middleware.version_negotiation [None req-8a0d3318-9377-426e-a0f0-0507c4bdc86b tempest-ServerBootFromVolumeStableRescueTest-1546036928 tempest-ServerBootFromVolumeStableRescueTest-1546036928-project-member] Determining version of request: GET /v2/schemas/image Accept: */* {{(pid=102856) process_request /opt/stack/glance/glance/api/middleware/version_negotiation.py:44}}
Jul 19 23:39:37.413683 np0000005480 devstack@g-api.service[102856]: DEBUG glance.api.middleware.version_negotiation [None req-8a0d3318-9377-426e-a0f0-0507c4bdc86b tempest-ServerBootFromVolumeStableRescueTest-1546036928 tempest-ServerBootFromVolumeStableRescueTest-1546036928-project-member] Using url versioning {{(pid=102856) process_request /opt/stack/glance/glance/api/middleware/version_negotiation.py:57}}
Jul 19 23:39:37.413683 np0000005480 devstack@g-api.service[102856]: DEBUG glance.api.middleware.version_negotiation [None req-8a0d3318-9377-426e-a0f0-0507c4bdc86b tempest-ServerBootFromVolumeStableRescueTest-1546036928 tempest-ServerBootFromVolumeStableRescueTest-1546036928-project-member] Matched version: v2 {{(pid=102856) process_request /opt/stack/glance/glance/api/middleware/version_negotiation.py:69}}
Jul 19 23:39:37.413683 np0000005480 devstack@g-api.service[102856]: DEBUG glance.api.middleware.version_negotiation [None req-8a0d3318-9377-426e-a0f0-0507c4bdc86b tempest-ServerBootFromVolumeStableRescueTest-1546036928 tempest-ServerBootFromVolumeStableRescueTest-1546036928-project-member] new path /v2/schemas/image {{(pid=102856) process_request /opt/stack/glance/glance/api/middleware/version_negotiation.py:70}}
Jul 19 23:39:37.417573 np0000005480 devstack@g-api.service[102856]: [pid: 102856|app: 0|req: 66/260] 127.0.0.1 () {44 vars in 1055 bytes} [Sun Jul 19 23:39:37 2026] GET /v2/schemas/image => generated 6083 bytes in 5 msecs (HTTP/1.1 200) 4 headers in 158 bytes (1 switches on core 0)
Jul 19 23:39:37.425862 np0000005480 devstack@g-api.service[102858]: DEBUG glance.api.middleware.version_negotiation [None req-8a0d3318-9377-426e-a0f0-0507c4bdc86b tempest-ServerBootFromVolumeStableRescueTest-1546036928 tempest-ServerBootFromVolumeStableRescueTest-1546036928-project-member] Determining version of request: GET /v2/schemas/image Accept: */* {{(pid=102858) process_request /opt/stack/glance/glance/api/middleware/version_negotiation.py:44}}
Jul 19 23:39:37.426095 np0000005480 devstack@g-api.service[102858]: DEBUG glance.api.middleware.version_negotiation [None req-8a0d3318-9377-426e-a0f0-0507c4bdc86b tempest-ServerBootFromVolumeStableRescueTest-1546036928 tempest-ServerBootFromVolumeStableRescueTest-1546036928-project-member] Using url versioning {{(pid=102858) process_request /opt/stack/glance/glance/api/middleware/version_negotiation.py:57}}
Jul 19 23:39:37.426201 np0000005480 devstack@g-api.service[102858]: DEBUG glance.api.middleware.version_negotiation [None req-8a0d3318-9377-426e-a0f0-0507c4bdc86b tempest-ServerBootFromVolumeStableRescueTest-1546036928 tempest-ServerBootFromVolumeStableRescueTest-1546036928-project-member] Matched version: v2 {{(pid=102858) process_request /opt/stack/glance/glance/api/middleware/version_negotiation.py:69}}
Jul 19 23:39:37.426304 np0000005480 devstack@g-api.service[102858]: DEBUG glance.api.middleware.version_negotiation [None req-8a0d3318-9377-426e-a0f0-0507c4bdc86b tempest-ServerBootFromVolumeStableRescueTest-1546036928 tempest-ServerBootFromVolumeStableRescueTest-1546036928-project-member] new path /v2/schemas/image {{(pid=102858) process_request /opt/stack/glance/glance/api/middleware/version_negotiation.py:70}}
Jul 19 23:39:37.428902 np0000005480 devstack@g-api.service[102858]: [pid: 102858|app: 0|req: 66/261] 127.0.0.1 () {44 vars in 1055 bytes} [Sun Jul 19 23:39:37 2026] GET /v2/schemas/image => generated 6083 bytes in 3 msecs (HTTP/1.1 200) 4 headers in 158 bytes (1 switches on core 0)
Jul 19 23:39:40.121086 np0000005480 devstack@g-api.service[102857]: DEBUG glance.api.middleware.version_negotiation [None req-8a0d3318-9377-426e-a0f0-0507c4bdc86b service glance] Determining version of request: GET /v2/images/6111660b-3fd4-4533-a441-6a0c61df166d Accept: application/json {{(pid=102857) process_request /opt/stack/glance/glance/api/middleware/version_negotiation.py:44}}
Jul 19 23:39:40.121760 np0000005480 devstack@g-api.service[102857]: DEBUG glance.api.middleware.version_negotiation [None req-8a0d3318-9377-426e-a0f0-0507c4bdc86b service glance] Using url versioning {{(pid=102857) process_request /opt/stack/glance/glance/api/middleware/version_negotiation.py:57}}
Jul 19 23:39:40.121760 np0000005480 devstack@g-api.service[102857]: DEBUG glance.api.middleware.version_negotiation [None req-8a0d3318-9377-426e-a0f0-0507c4bdc86b service glance] Matched version: v2 {{(pid=102857) process_request /opt/stack/glance/glance/api/middleware/version_negotiation.py:69}}
Jul 19 23:39:40.121876 np0000005480 devstack@g-api.service[102857]: DEBUG glance.api.middleware.version_negotiation [None req-8a0d3318-9377-426e-a0f0-0507c4bdc86b service glance] new path /v2/images/6111660b-3fd4-4533-a441-6a0c61df166d {{(pid=102857) process_request /opt/stack/glance/glance/api/middleware/version_negotiation.py:70}}
Jul 19 23:39:40.138364 np0000005480 devstack@g-api.service[102857]: [pid: 102857|app: 0|req: 64/262] 127.0.0.1 () {40 vars in 838 bytes} [Sun Jul 19 23:39:40 2026] GET /v2/images/6111660b-3fd4-4533-a441-6a0c61df166d => generated 1044 bytes in 18 msecs (HTTP/1.1 200) 4 headers in 158 bytes (1 switches on core 0)
Jul 19 23:39:40.149489 np0000005480 devstack@g-api.service[102859]: DEBUG glance.api.middleware.version_negotiation [None req-8a0d3318-9377-426e-a0f0-0507c4bdc86b tempest-ServerBootFromVolumeStableRescueTest-1546036928 tempest-ServerBootFromVolumeStableRescueTest-1546036928-project-member] Determining version of request: GET /v2/images/6111660b-3fd4-4533-a441-6a0c61df166d Accept: application/json {{(pid=102859) process_request /opt/stack/glance/glance/api/middleware/version_negotiation.py:44}}
Jul 19 23:39:40.149908 np0000005480 devstack@g-api.service[102859]: DEBUG glance.api.middleware.version_negotiation [None req-8a0d3318-9377-426e-a0f0-0507c4bdc86b tempest-ServerBootFromVolumeStableRescueTest-1546036928 tempest-ServerBootFromVolumeStableRescueTest-1546036928-project-member] Using url versioning {{(pid=102859) process_request /opt/stack/glance/glance/api/middleware/version_negotiation.py:57}}
Jul 19 23:39:40.149908 np0000005480 devstack@g-api.service[102859]: DEBUG glance.api.middleware.version_negotiation [None req-8a0d3318-9377-426e-a0f0-0507c4bdc86b tempest-ServerBootFromVolumeStableRescueTest-1546036928 tempest-ServerBootFromVolumeStableRescueTest-1546036928-project-member] Matched version: v2 {{(pid=102859) process_request /opt/stack/glance/glance/api/middleware/version_negotiation.py:69}}
Jul 19 23:39:40.149908 np0000005480 devstack@g-api.service[102859]: DEBUG glance.api.middleware.version_negotiation [None req-8a0d3318-9377-426e-a0f0-0507c4bdc86b tempest-ServerBootFromVolumeStableRescueTest-1546036928 tempest-ServerBootFromVolumeStableRescueTest-1546036928-project-member] new path /v2/images/6111660b-3fd4-4533-a441-6a0c61df166d {{(pid=102859) process_request /opt/stack/glance/glance/api/middleware/version_negotiation.py:70}}
Jul 19 23:39:40.168796 np0000005480 devstack@g-api.service[102859]: [pid: 102859|app: 0|req: 67/263] 127.0.0.1 () {40 vars in 838 bytes} [Sun Jul 19 23:39:40 2026] GET /v2/images/6111660b-3fd4-4533-a441-6a0c61df166d => generated 1044 bytes in 19 msecs (HTTP/1.1 200) 4 headers in 158 bytes (1 switches on core 0)
Jul 19 23:39:40.310867 np0000005480 devstack@g-api.service[102856]: DEBUG glance.api.middleware.version_negotiation [None req-8a0d3318-9377-426e-a0f0-0507c4bdc86b tempest-ServerBootFromVolumeStableRescueTest-1546036928 tempest-ServerBootFromVolumeStableRescueTest-1546036928-project-member] Determining version of request: GET /v2/images/6111660b-3fd4-4533-a441-6a0c61df166d Accept: */* {{(pid=102856) process_request /opt/stack/glance/glance/api/middleware/version_negotiation.py:44}}
Jul 19 23:39:40.311343 np0000005480 devstack@g-api.service[102856]: DEBUG glance.api.middleware.version_negotiation [None req-8a0d3318-9377-426e-a0f0-0507c4bdc86b tempest-ServerBootFromVolumeStableRescueTest-1546036928 tempest-ServerBootFromVolumeStableRescueTest-1546036928-project-member] Using url versioning {{(pid=102856) process_request /opt/stack/glance/glance/api/middleware/version_negotiation.py:57}}
Jul 19 23:39:40.311343 np0000005480 devstack@g-api.service[102856]: DEBUG glance.api.middleware.version_negotiation [None req-8a0d3318-9377-426e-a0f0-0507c4bdc86b tempest-ServerBootFromVolumeStableRescueTest-1546036928 tempest-ServerBootFromVolumeStableRescueTest-1546036928-project-member] Matched version: v2 {{(pid=102856) process_request /opt/stack/glance/glance/api/middleware/version_negotiation.py:69}}
Jul 19 23:39:40.312178 np0000005480 devstack@g-api.service[102856]: DEBUG glance.api.middleware.version_negotiation [None req-8a0d3318-9377-426e-a0f0-0507c4bdc86b tempest-ServerBootFromVolumeStableRescueTest-1546036928 tempest-ServerBootFromVolumeStableRescueTest-1546036928-project-member] new path /v2/images/6111660b-3fd4-4533-a441-6a0c61df166d {{(pid=102856) process_request /opt/stack/glance/glance/api/middleware/version_negotiation.py:70}}
Jul 19 23:39:40.391534 np0000005480 devstack@g-api.service[102856]: [pid: 102856|app: 0|req: 67/264] 127.0.0.1 () {44 vars in 1115 bytes} [Sun Jul 19 23:39:40 2026] GET /v2/images/6111660b-3fd4-4533-a441-6a0c61df166d => generated 1044 bytes in 81 msecs (HTTP/1.1 200) 4 headers in 158 bytes (1 switches on core 0)
Jul 19 23:39:40.402967 np0000005480 devstack@g-api.service[102858]: DEBUG glance.api.middleware.version_negotiation [None req-8a0d3318-9377-426e-a0f0-0507c4bdc86b tempest-ServerBootFromVolumeStableRescueTest-1546036928 tempest-ServerBootFromVolumeStableRescueTest-1546036928-project-member] Determining version of request: GET /v2/schemas/image Accept: */* {{(pid=102858) process_request /opt/stack/glance/glance/api/middleware/version_negotiation.py:44}}
Jul 19 23:39:40.402967 np0000005480 devstack@g-api.service[102858]: DEBUG glance.api.middleware.version_negotiation [None req-8a0d3318-9377-426e-a0f0-0507c4bdc86b tempest-ServerBootFromVolumeStableRescueTest-1546036928 tempest-ServerBootFromVolumeStableRescueTest-1546036928-project-member] Using url versioning {{(pid=102858) process_request /opt/stack/glance/glance/api/middleware/version_negotiation.py:57}}
Jul 19 23:39:40.402967 np0000005480 devstack@g-api.service[102858]: DEBUG glance.api.middleware.version_negotiation [None req-8a0d3318-9377-426e-a0f0-0507c4bdc86b tempest-ServerBootFromVolumeStableRescueTest-1546036928 tempest-ServerBootFromVolumeStableRescueTest-1546036928-project-member] Matched version: v2 {{(pid=102858) process_request /opt/stack/glance/glance/api/middleware/version_negotiation.py:69}}
Jul 19 23:39:40.402967 np0000005480 devstack@g-api.service[102858]: DEBUG glance.api.middleware.version_negotiation [None req-8a0d3318-9377-426e-a0f0-0507c4bdc86b tempest-ServerBootFromVolumeStableRescueTest-1546036928 tempest-ServerBootFromVolumeStableRescueTest-1546036928-project-member] new path /v2/schemas/image {{(pid=102858) process_request /opt/stack/glance/glance/api/middleware/version_negotiation.py:70}}
Jul 19 23:39:40.407664 np0000005480 devstack@g-api.service[102858]: [pid: 102858|app: 0|req: 67/265] 127.0.0.1 () {44 vars in 1055 bytes} [Sun Jul 19 23:39:40 2026] GET /v2/schemas/image => generated 6083 bytes in 6 msecs (HTTP/1.1 200) 4 headers in 158 bytes (1 switches on core 0)
Jul 19 23:39:40.422907 np0000005480 devstack@g-api.service[102857]: DEBUG glance.api.middleware.version_negotiation [None req-09c1270e-2f3e-490d-b5de-245c56ea83d1 tempest-VolumesGetTest-76538073 tempest-VolumesGetTest-76538073-project-member] Determining version of request: GET /v2/schemas/image Accept: */* {{(pid=102857) process_request /opt/stack/glance/glance/api/middleware/version_negotiation.py:44}}
Jul 19 23:39:40.422907 np0000005480 devstack@g-api.service[102857]: DEBUG glance.api.middleware.version_negotiation [None req-09c1270e-2f3e-490d-b5de-245c56ea83d1 tempest-VolumesGetTest-76538073 tempest-VolumesGetTest-76538073-project-member] Using url versioning {{(pid=102857) process_request /opt/stack/glance/glance/api/middleware/version_negotiation.py:57}}
Jul 19 23:39:40.422907 np0000005480 devstack@g-api.service[102857]: DEBUG glance.api.middleware.version_negotiation [None req-09c1270e-2f3e-490d-b5de-245c56ea83d1 tempest-VolumesGetTest-76538073 tempest-VolumesGetTest-76538073-project-member] Matched version: v2 {{(pid=102857) process_request /opt/stack/glance/glance/api/middleware/version_negotiation.py:69}}
Jul 19 23:39:40.422907 np0000005480 devstack@g-api.service[102857]: DEBUG glance.api.middleware.version_negotiation [None req-09c1270e-2f3e-490d-b5de-245c56ea83d1 tempest-VolumesGetTest-76538073 tempest-VolumesGetTest-76538073-project-member] new path /v2/schemas/image {{(pid=102857) process_request /opt/stack/glance/glance/api/middleware/version_negotiation.py:70}}
Jul 19 23:39:40.424891 np0000005480 devstack@g-api.service[102857]: [pid: 102857|app: 0|req: 65/266] 127.0.0.1 () {44 vars in 1055 bytes} [Sun Jul 19 23:39:40 2026] GET /v2/schemas/image => generated 6083 bytes in 3 msecs (HTTP/1.1 200) 4 headers in 158 bytes (1 switches on core 0)
Jul 19 23:39:40.439369 np0000005480 devstack@g-api.service[102859]: DEBUG glance.api.middleware.version_negotiation [None req-d4db7a62-f716-4f9a-ac62-7616d489f730 tempest-VolumesGetTest-76538073 tempest-VolumesGetTest-76538073-project-member] Determining version of request: GET /v2/images/6111660b-3fd4-4533-a441-6a0c61df166d Accept: */* {{(pid=102859) process_request /opt/stack/glance/glance/api/middleware/version_negotiation.py:44}}
Jul 19 23:39:40.439705 np0000005480 devstack@g-api.service[102859]: DEBUG glance.api.middleware.version_negotiation [None req-d4db7a62-f716-4f9a-ac62-7616d489f730 tempest-VolumesGetTest-76538073 tempest-VolumesGetTest-76538073-project-member] Using url versioning {{(pid=102859) process_request /opt/stack/glance/glance/api/middleware/version_negotiation.py:57}}
Jul 19 23:39:40.439792 np0000005480 devstack@g-api.service[102859]: DEBUG glance.api.middleware.version_negotiation [None req-d4db7a62-f716-4f9a-ac62-7616d489f730 tempest-VolumesGetTest-76538073 tempest-VolumesGetTest-76538073-project-member] Matched version: v2 {{(pid=102859) process_request /opt/stack/glance/glance/api/middleware/version_negotiation.py:69}}
Jul 19 23:39:40.442789 np0000005480 devstack@g-api.service[102859]: DEBUG glance.api.middleware.version_negotiation [None req-d4db7a62-f716-4f9a-ac62-7616d489f730 tempest-VolumesGetTest-76538073 tempest-VolumesGetTest-76538073-project-member] new path /v2/images/6111660b-3fd4-4533-a441-6a0c61df166d {{(pid=102859) process_request /opt/stack/glance/glance/api/middleware/version_negotiation.py:70}}
Jul 19 23:39:40.460582 np0000005480 devstack@g-api.service[102859]: [pid: 102859|app: 0|req: 68/267] 127.0.0.1 () {44 vars in 1115 bytes} [Sun Jul 19 23:39:40 2026] GET /v2/images/6111660b-3fd4-4533-a441-6a0c61df166d => generated 1044 bytes in 22 msecs (HTTP/1.1 200) 4 headers in 158 bytes (1 switches on core 0)
Jul 19 23:39:40.473512 np0000005480 devstack@g-api.service[102856]: DEBUG glance.api.middleware.version_negotiation [None req-a4dc5251-ee39-4dcd-8b32-669e5e618e27 tempest-VolumesGetTest-76538073 tempest-VolumesGetTest-76538073-project-member] Determining version of request: GET /v2/schemas/image Accept: */* {{(pid=102856) process_request /opt/stack/glance/glance/api/middleware/version_negotiation.py:44}}
Jul 19 23:39:40.473694 np0000005480 devstack@g-api.service[102856]: DEBUG glance.api.middleware.version_negotiation [None req-a4dc5251-ee39-4dcd-8b32-669e5e618e27 tempest-VolumesGetTest-76538073 tempest-VolumesGetTest-76538073-project-member] Using url versioning {{(pid=102856) process_request /opt/stack/glance/glance/api/middleware/version_negotiation.py:57}}
Jul 19 23:39:40.473944 np0000005480 devstack@g-api.service[102856]: DEBUG glance.api.middleware.version_negotiation [None req-a4dc5251-ee39-4dcd-8b32-669e5e618e27 tempest-VolumesGetTest-76538073 tempest-VolumesGetTest-76538073-project-member] Matched version: v2 {{(pid=102856) process_request /opt/stack/glance/glance/api/middleware/version_negotiation.py:69}}
Jul 19 23:39:40.474050 np0000005480 devstack@g-api.service[102856]: DEBUG glance.api.middleware.version_negotiation [None req-a4dc5251-ee39-4dcd-8b32-669e5e618e27 tempest-VolumesGetTest-76538073 tempest-VolumesGetTest-76538073-project-member] new path /v2/schemas/image {{(pid=102856) process_request /opt/stack/glance/glance/api/middleware/version_negotiation.py:70}}
Jul 19 23:39:40.480589 np0000005480 devstack@g-api.service[102856]: [pid: 102856|app: 0|req: 68/268] 127.0.0.1 () {44 vars in 1055 bytes} [Sun Jul 19 23:39:40 2026] GET /v2/schemas/image => generated 6083 bytes in 7 msecs (HTTP/1.1 200) 4 headers in 158 bytes (1 switches on core 0)
Jul 19 23:39:40.497321 np0000005480 devstack@g-api.service[102858]: DEBUG glance.api.middleware.version_negotiation [None req-a4dc5251-ee39-4dcd-8b32-669e5e618e27 tempest-VolumesGetTest-76538073 tempest-VolumesGetTest-76538073-project-member] Determining version of request: GET /v2/schemas/image Accept: */* {{(pid=102858) process_request /opt/stack/glance/glance/api/middleware/version_negotiation.py:44}}
Jul 19 23:39:40.497558 np0000005480 devstack@g-api.service[102858]: DEBUG glance.api.middleware.version_negotiation [None req-a4dc5251-ee39-4dcd-8b32-669e5e618e27 tempest-VolumesGetTest-76538073 tempest-VolumesGetTest-76538073-project-member] Using url versioning {{(pid=102858) process_request /opt/stack/glance/glance/api/middleware/version_negotiation.py:57}}
Jul 19 23:39:40.497771 np0000005480 devstack@g-api.service[102858]: DEBUG glance.api.middleware.version_negotiation [None req-a4dc5251-ee39-4dcd-8b32-669e5e618e27 tempest-VolumesGetTest-76538073 tempest-VolumesGetTest-76538073-project-member] Matched version: v2 {{(pid=102858) process_request /opt/stack/glance/glance/api/middleware/version_negotiation.py:69}}
Jul 19 23:39:40.497881 np0000005480 devstack@g-api.service[102858]: DEBUG glance.api.middleware.version_negotiation [None req-a4dc5251-ee39-4dcd-8b32-669e5e618e27 tempest-VolumesGetTest-76538073 tempest-VolumesGetTest-76538073-project-member] new path /v2/schemas/image {{(pid=102858) process_request /opt/stack/glance/glance/api/middleware/version_negotiation.py:70}}
Jul 19 23:39:40.501560 np0000005480 devstack@g-api.service[102858]: [pid: 102858|app: 0|req: 68/269] 127.0.0.1 () {44 vars in 1055 bytes} [Sun Jul 19 23:39:40 2026] GET /v2/schemas/image => generated 6083 bytes in 4 msecs (HTTP/1.1 200) 4 headers in 158 bytes (1 switches on core 0)
Jul 19 23:39:40.528418 np0000005480 devstack@g-api.service[102857]: DEBUG glance.api.middleware.version_negotiation [None req-a4dc5251-ee39-4dcd-8b32-669e5e618e27 tempest-VolumesGetTest-76538073 tempest-VolumesGetTest-76538073-project-member] Determining version of request: DELETE /v2/images/9db5714a-b410-420b-9ff6-9b1cfcbdf5df Accept: */* {{(pid=102857) process_request /opt/stack/glance/glance/api/middleware/version_negotiation.py:44}}
Jul 19 23:39:40.528418 np0000005480 devstack@g-api.service[102857]: DEBUG glance.api.middleware.version_negotiation [None req-a4dc5251-ee39-4dcd-8b32-669e5e618e27 tempest-VolumesGetTest-76538073 tempest-VolumesGetTest-76538073-project-member] Using url versioning {{(pid=102857) process_request /opt/stack/glance/glance/api/middleware/version_negotiation.py:57}}
Jul 19 23:39:40.528665 np0000005480 devstack@g-api.service[102857]: DEBUG glance.api.middleware.version_negotiation [None req-a4dc5251-ee39-4dcd-8b32-669e5e618e27 tempest-VolumesGetTest-76538073 tempest-VolumesGetTest-76538073-project-member] Matched version: v2 {{(pid=102857) process_request /opt/stack/glance/glance/api/middleware/version_negotiation.py:69}}
Jul 19 23:39:40.528665 np0000005480 devstack@g-api.service[102857]: DEBUG glance.api.middleware.version_negotiation [None req-a4dc5251-ee39-4dcd-8b32-669e5e618e27 tempest-VolumesGetTest-76538073 tempest-VolumesGetTest-76538073-project-member] new path /v2/images/9db5714a-b410-420b-9ff6-9b1cfcbdf5df {{(pid=102857) process_request /opt/stack/glance/glance/api/middleware/version_negotiation.py:70}}
Jul 19 23:39:40.539844 np0000005480 devstack@g-api.service[102859]: DEBUG glance.api.middleware.version_negotiation [None req-a4dc5251-ee39-4dcd-8b32-669e5e618e27 tempest-VolumesGetTest-76538073 tempest-VolumesGetTest-76538073-project-member] Determining version of request: GET /v2/images/6111660b-3fd4-4533-a441-6a0c61df166d Accept: */* {{(pid=102859) process_request /opt/stack/glance/glance/api/middleware/version_negotiation.py:44}}
Jul 19 23:39:40.539844 np0000005480 devstack@g-api.service[102859]: DEBUG glance.api.middleware.version_negotiation [None req-a4dc5251-ee39-4dcd-8b32-669e5e618e27 tempest-VolumesGetTest-76538073 tempest-VolumesGetTest-76538073-project-member] Using url versioning {{(pid=102859) process_request /opt/stack/glance/glance/api/middleware/version_negotiation.py:57}}
Jul 19 23:39:40.540413 np0000005480 devstack@g-api.service[102859]: DEBUG glance.api.middleware.version_negotiation [None req-a4dc5251-ee39-4dcd-8b32-669e5e618e27 tempest-VolumesGetTest-76538073 tempest-VolumesGetTest-76538073-project-member] Matched version: v2 {{(pid=102859) process_request /opt/stack/glance/glance/api/middleware/version_negotiation.py:69}}
Jul 19 23:39:40.540708 np0000005480 devstack@g-api.service[102859]: DEBUG glance.api.middleware.version_negotiation [None req-a4dc5251-ee39-4dcd-8b32-669e5e618e27 tempest-VolumesGetTest-76538073 tempest-VolumesGetTest-76538073-project-member] new path /v2/images/6111660b-3fd4-4533-a441-6a0c61df166d {{(pid=102859) process_request /opt/stack/glance/glance/api/middleware/version_negotiation.py:70}}
Jul 19 23:39:40.554577 np0000005480 devstack@g-api.service[102857]: WARNING glance.api.v2.images [None req-3b16fc26-b4af-4c49-94ef-cb52d297d491 tempest-AttachVolumeShelveTestJSON-1574145301 tempest-AttachVolumeShelveTestJSON-1574145301-project-member] After upload to backend, deletion of staged image data has failed because it cannot be found at /tmp/staging//9db5714a-b410-420b-9ff6-9b1cfcbdf5df
Jul 19 23:39:40.555764 np0000005480 devstack@g-api.service[102857]: DEBUG glance_store.backend [None req-3b16fc26-b4af-4c49-94ef-cb52d297d491 tempest-AttachVolumeShelveTestJSON-1574145301 tempest-AttachVolumeShelveTestJSON-1574145301-project-member] Attempting to import store swift {{(pid=102857) _load_store /opt/stack/data/venv/lib/python3.12/site-packages/glance_store/backend.py:215}}
Jul 19 23:39:40.557837 np0000005480 devstack@g-api.service[102857]: DEBUG glance_store.capabilities [None req-3b16fc26-b4af-4c49-94ef-cb52d297d491 tempest-AttachVolumeShelveTestJSON-1574145301 tempest-AttachVolumeShelveTestJSON-1574145301-project-member] Store glance_store._drivers.swift.store.SingleTenantStore doesn't support updating dynamic storage capabilities. Please overwrite 'update_capabilities' method of the store to implement updating logics if needed. {{(pid=102857) update_capabilities /opt/stack/data/venv/lib/python3.12/site-packages/glance_store/capabilities.py:91}}
Jul 19 23:39:40.557837 np0000005480 devstack@g-api.service[102857]: DEBUG glance_store.driver [None req-3b16fc26-b4af-4c49-94ef-cb52d297d491 tempest-AttachVolumeShelveTestJSON-1574145301 tempest-AttachVolumeShelveTestJSON-1574145301-project-member] Late loading location class glance_store._drivers.swift.store.StoreLocation {{(pid=102857) get_store_location_class /opt/stack/data/venv/lib/python3.12/site-packages/glance_store/driver.py:134}}
Jul 19 23:39:40.558077 np0000005480 devstack@g-api.service[102857]: DEBUG glance_store.location [None req-3b16fc26-b4af-4c49-94ef-cb52d297d491 tempest-AttachVolumeShelveTestJSON-1574145301 tempest-AttachVolumeShelveTestJSON-1574145301-project-member] Registering scheme swift+https with {'store': , 'location_class': , 'store_entry': 'swift'} {{(pid=102857) register_scheme_map /opt/stack/data/venv/lib/python3.12/site-packages/glance_store/location.py:146}}
Jul 19 23:39:40.558077 np0000005480 devstack@g-api.service[102857]: DEBUG glance_store.location [None req-3b16fc26-b4af-4c49-94ef-cb52d297d491 tempest-AttachVolumeShelveTestJSON-1574145301 tempest-AttachVolumeShelveTestJSON-1574145301-project-member] Registering scheme swift+https with {'store': , 'location_class': , 'store_entry': 'swift'} {{(pid=102857) register_scheme_map /opt/stack/data/venv/lib/python3.12/site-packages/glance_store/location.py:146}}
Jul 19 23:39:40.558077 np0000005480 devstack@g-api.service[102857]: DEBUG glance_store.location [None req-3b16fc26-b4af-4c49-94ef-cb52d297d491 tempest-AttachVolumeShelveTestJSON-1574145301 tempest-AttachVolumeShelveTestJSON-1574145301-project-member] Registering scheme swift with {'store': , 'location_class': , 'store_entry': 'swift'} {{(pid=102857) register_scheme_map /opt/stack/data/venv/lib/python3.12/site-packages/glance_store/location.py:146}}
Jul 19 23:39:40.558421 np0000005480 devstack@g-api.service[102857]: DEBUG glance_store.location [None req-3b16fc26-b4af-4c49-94ef-cb52d297d491 tempest-AttachVolumeShelveTestJSON-1574145301 tempest-AttachVolumeShelveTestJSON-1574145301-project-member] Registering scheme swift+https with {'store': , 'location_class': , 'store_entry': 'swift'} {{(pid=102857) register_scheme_map /opt/stack/data/venv/lib/python3.12/site-packages/glance_store/location.py:146}}
Jul 19 23:39:40.558421 np0000005480 devstack@g-api.service[102857]: DEBUG glance_store.location [None req-3b16fc26-b4af-4c49-94ef-cb52d297d491 tempest-AttachVolumeShelveTestJSON-1574145301 tempest-AttachVolumeShelveTestJSON-1574145301-project-member] Registering scheme swift with {'store': , 'location_class': , 'store_entry': 'swift'} {{(pid=102857) register_scheme_map /opt/stack/data/venv/lib/python3.12/site-packages/glance_store/location.py:146}}
Jul 19 23:39:40.558536 np0000005480 devstack@g-api.service[102857]: DEBUG glance_store.location [None req-3b16fc26-b4af-4c49-94ef-cb52d297d491 tempest-AttachVolumeShelveTestJSON-1574145301 tempest-AttachVolumeShelveTestJSON-1574145301-project-member] Registering scheme swift+http with {'store': , 'location_class': , 'store_entry': 'swift'} {{(pid=102857) register_scheme_map /opt/stack/data/venv/lib/python3.12/site-packages/glance_store/location.py:146}}
Jul 19 23:39:40.558686 np0000005480 devstack@g-api.service[102857]: DEBUG glance_store.location [None req-3b16fc26-b4af-4c49-94ef-cb52d297d491 tempest-AttachVolumeShelveTestJSON-1574145301 tempest-AttachVolumeShelveTestJSON-1574145301-project-member] Registering scheme swift+https with {'store': , 'location_class': , 'store_entry': 'swift'} {{(pid=102857) register_scheme_map /opt/stack/data/venv/lib/python3.12/site-packages/glance_store/location.py:146}}
Jul 19 23:39:40.558801 np0000005480 devstack@g-api.service[102857]: DEBUG glance_store.location [None req-3b16fc26-b4af-4c49-94ef-cb52d297d491 tempest-AttachVolumeShelveTestJSON-1574145301 tempest-AttachVolumeShelveTestJSON-1574145301-project-member] Registering scheme swift with {'store': , 'location_class': , 'store_entry': 'swift'} {{(pid=102857) register_scheme_map /opt/stack/data/venv/lib/python3.12/site-packages/glance_store/location.py:146}}
Jul 19 23:39:40.559121 np0000005480 devstack@g-api.service[102857]: DEBUG glance_store.location [None req-3b16fc26-b4af-4c49-94ef-cb52d297d491 tempest-AttachVolumeShelveTestJSON-1574145301 tempest-AttachVolumeShelveTestJSON-1574145301-project-member] Registering scheme swift+http with {'store': , 'location_class': , 'store_entry': 'swift'} {{(pid=102857) register_scheme_map /opt/stack/data/venv/lib/python3.12/site-packages/glance_store/location.py:146}}
Jul 19 23:39:40.559121 np0000005480 devstack@g-api.service[102857]: DEBUG glance_store.location [None req-3b16fc26-b4af-4c49-94ef-cb52d297d491 tempest-AttachVolumeShelveTestJSON-1574145301 tempest-AttachVolumeShelveTestJSON-1574145301-project-member] Registering scheme swift+config with {'store': , 'location_class': , 'store_entry': 'swift'} {{(pid=102857) register_scheme_map /opt/stack/data/venv/lib/python3.12/site-packages/glance_store/location.py:146}}
Jul 19 23:39:40.559272 np0000005480 devstack@g-api.service[102859]: [pid: 102859|app: 0|req: 69/270] 127.0.0.1 () {44 vars in 1115 bytes} [Sun Jul 19 23:39:40 2026] GET /v2/images/6111660b-3fd4-4533-a441-6a0c61df166d => generated 1044 bytes in 21 msecs (HTTP/1.1 200) 4 headers in 158 bytes (1 switches on core 0)
Jul 19 23:39:40.559685 np0000005480 devstack@g-api.service[102857]: DEBUG keystoneclient.auth.identity.v3.base [None req-3b16fc26-b4af-4c49-94ef-cb52d297d491 tempest-AttachVolumeShelveTestJSON-1574145301 tempest-AttachVolumeShelveTestJSON-1574145301-project-member] Making authentication request to https://10.4.3.209/identity/v3/auth/tokens {{(pid=102857) get_auth_ref /opt/stack/data/venv/lib/python3.12/site-packages/keystoneclient/auth/identity/v3/base.py:185}}
Jul 19 23:39:40.582315 np0000005480 devstack@g-api.service[102856]: DEBUG glance.api.middleware.version_negotiation [None req-a4dc5251-ee39-4dcd-8b32-669e5e618e27 tempest-VolumesGetTest-76538073 tempest-VolumesGetTest-76538073-project-member] Determining version of request: GET /v2/schemas/image Accept: */* {{(pid=102856) process_request /opt/stack/glance/glance/api/middleware/version_negotiation.py:44}}
Jul 19 23:39:40.582315 np0000005480 devstack@g-api.service[102856]: DEBUG glance.api.middleware.version_negotiation [None req-a4dc5251-ee39-4dcd-8b32-669e5e618e27 tempest-VolumesGetTest-76538073 tempest-VolumesGetTest-76538073-project-member] Using url versioning {{(pid=102856) process_request /opt/stack/glance/glance/api/middleware/version_negotiation.py:57}}
Jul 19 23:39:40.582315 np0000005480 devstack@g-api.service[102856]: DEBUG glance.api.middleware.version_negotiation [None req-a4dc5251-ee39-4dcd-8b32-669e5e618e27 tempest-VolumesGetTest-76538073 tempest-VolumesGetTest-76538073-project-member] Matched version: v2 {{(pid=102856) process_request /opt/stack/glance/glance/api/middleware/version_negotiation.py:69}}
Jul 19 23:39:40.582315 np0000005480 devstack@g-api.service[102856]: DEBUG glance.api.middleware.version_negotiation [None req-a4dc5251-ee39-4dcd-8b32-669e5e618e27 tempest-VolumesGetTest-76538073 tempest-VolumesGetTest-76538073-project-member] new path /v2/schemas/image {{(pid=102856) process_request /opt/stack/glance/glance/api/middleware/version_negotiation.py:70}}
Jul 19 23:39:40.585056 np0000005480 devstack@g-api.service[102856]: [pid: 102856|app: 0|req: 69/271] 127.0.0.1 () {44 vars in 1055 bytes} [Sun Jul 19 23:39:40 2026] GET /v2/schemas/image => generated 6083 bytes in 8 msecs (HTTP/1.1 200) 4 headers in 158 bytes (1 switches on core 0)
Jul 19 23:39:40.602774 np0000005480 devstack@g-api.service[102858]: DEBUG glance.api.middleware.version_negotiation [None req-a4dc5251-ee39-4dcd-8b32-669e5e618e27 tempest-VolumesGetTest-76538073 tempest-VolumesGetTest-76538073-project-member] Determining version of request: GET /v2/schemas/image Accept: */* {{(pid=102858) process_request /opt/stack/glance/glance/api/middleware/version_negotiation.py:44}}
Jul 19 23:39:40.603049 np0000005480 devstack@g-api.service[102858]: DEBUG glance.api.middleware.version_negotiation [None req-a4dc5251-ee39-4dcd-8b32-669e5e618e27 tempest-VolumesGetTest-76538073 tempest-VolumesGetTest-76538073-project-member] Using url versioning {{(pid=102858) process_request /opt/stack/glance/glance/api/middleware/version_negotiation.py:57}}
Jul 19 23:39:40.603221 np0000005480 devstack@g-api.service[102858]: DEBUG glance.api.middleware.version_negotiation [None req-a4dc5251-ee39-4dcd-8b32-669e5e618e27 tempest-VolumesGetTest-76538073 tempest-VolumesGetTest-76538073-project-member] Matched version: v2 {{(pid=102858) process_request /opt/stack/glance/glance/api/middleware/version_negotiation.py:69}}
Jul 19 23:39:40.603400 np0000005480 devstack@g-api.service[102858]: DEBUG glance.api.middleware.version_negotiation [None req-a4dc5251-ee39-4dcd-8b32-669e5e618e27 tempest-VolumesGetTest-76538073 tempest-VolumesGetTest-76538073-project-member] new path /v2/schemas/image {{(pid=102858) process_request /opt/stack/glance/glance/api/middleware/version_negotiation.py:70}}
Jul 19 23:39:40.607449 np0000005480 devstack@g-api.service[102857]: DEBUG keystoneclient.auth.identity.v3.base [None req-3b16fc26-b4af-4c49-94ef-cb52d297d491 tempest-AttachVolumeShelveTestJSON-1574145301 tempest-AttachVolumeShelveTestJSON-1574145301-project-member] {"token": {"methods": ["password"], "user": {"domain": {"id": "default", "name": "Default"}, "id": "8e6e6c8872794db0b6715221f1ccee81", "name": "glance-swift", "password_expires_at": null}, "audit_ids": ["CM7ArwPfQGaqk7DLCsoWsw"], "expires_at": "2026-07-20T00:39:40.000000Z", "issued_at": "2026-07-19T23:39:40.000000Z", "project": {"domain": {"id": "default", "name": "Default"}, "id": "defd984e14184858a65f5f04c41c55ab", "name": "service"}, "is_domain": false, "roles": [{"id": "afa774247870438ab834247a11f76e93", "name": "service"}, {"id": "3a585feee92a44a39fc4b0005eacf665", "name": "ResellerAdmin"}], "catalog": [{"endpoints": [{"id": "7f70252192424c149c5cbb036c0dd03a", "interface": "public", "region_id": "RegionOne", "url": "https://10.4.3.209/networking", "region": "RegionOne"}], "id": "28acc0e8a65a45b183c24c9d88a0aca8", "type": "network", "name": "neutron"}, {"endpoints": [{"id": "617c73e2b3df4aefbc39fc94268e4fb5", "interface": "public", "region_id": "RegionOne", "url": "https://10.4.3.209/placement", "region": "RegionOne"}], "id": "29d26817888d4c189920615dd4045450", "type": "placement", "name": "placement"}, {"endpoints": [{"id": "69de8985394f4750873a82ec5aafc707", "interface": "public", "region_id": "RegionOne", "url": "https://10.4.3.209/image", "region": "RegionOne"}], "id": "33a1709880c34e60b72ba10e281beb5f", "type": "image", "name": "glance"}, {"endpoints": [{"id": "c18e2275443d47de90dbb7601b7097fe", "interface": "public", "region_id": "RegionOne", "url": "https://10.4.3.209/volume/v3", "region": "RegionOne"}], "id": "403d6a200d0d41a5b34a4a9399dbd53d", "type": "block-storage", "name": "cinder"}, {"endpoints": [{"id": "de4c6c9080614ac2a35565a54ef611a5", "interface": "public", "region_id": "RegionOne", "url": "https://10.4.3.209/compute/v2/defd984e14184858a65f5f04c41c55ab", "region": "RegionOne"}], "id": "75bbe5260a444c43b6bcf7da439bf1d4", "type": "compute_legacy", "name": "nova_legacy"}, {"endpoints": [{"id": "59a8104838354543b4b3450c8bdeacf1", "interface": "public", "region_id": "RegionOne", "url": "https://10.4.3.209/compute/v2.1", "region": "RegionOne"}], "id": "a9c9fd2e66894c3ea3c01163fbb5e597", "type": "compute", "name": "nova"}, {"endpoints": [{"id": "872cf822122a4cb0b19f8d18931acaf5", "interface": "public", "region_id": "RegionOne", "url": "https://10.4.3.209:8080/v1/AUTH_defd984e14184858a65f5f04c41c55ab", "region": "RegionOne"}, {"id": "0ee5108f7af34e7da9699bba390053a9", "interface": "admin", "region_id": "RegionOne", "url": "https://10.4.3.209:8080", "region": "RegionOne"}], "id": "d342310b5e25407d848b527d84bc9660", "type": "object-store", "name": "swift"}, {"endpoints": [{"id": "73aca306e1d9444e98d2ac47765fb790", "interface": "public", "region_id": "RegionOne", "url": "https://10.4.3.209/identity", "region": "RegionOne"}], "id": "dbd468773de940ecbbc5db7420d26276", "type": "identity", "name": "keystone"}]}} {{(pid=102857) get_auth_ref /opt/stack/data/venv/lib/python3.12/site-packages/keystoneclient/auth/identity/v3/base.py:190}}
Jul 19 23:39:40.608870 np0000005480 devstack@g-api.service[102857]: DEBUG keystoneclient.httpclient [None req-3b16fc26-b4af-4c49-94ef-cb52d297d491 tempest-AttachVolumeShelveTestJSON-1574145301 tempest-AttachVolumeShelveTestJSON-1574145301-project-member] Failed to find endpoint for management url admin endpoint for identity service not found {{(pid=102857) _process_management_url /opt/stack/data/venv/lib/python3.12/site-packages/keystoneclient/httpclient.py:670}}
Jul 19 23:39:40.609196 np0000005480 devstack@g-api.service[102858]: [pid: 102858|app: 0|req: 69/272] 127.0.0.1 () {44 vars in 1055 bytes} [Sun Jul 19 23:39:40 2026] GET /v2/schemas/image => generated 6083 bytes in 6 msecs (HTTP/1.1 200) 4 headers in 158 bytes (1 switches on core 0)
Jul 19 23:39:40.697677 np0000005480 devstack@g-api.service[102857]: DEBUG swiftclient [None req-3b16fc26-b4af-4c49-94ef-cb52d297d491 tempest-AttachVolumeShelveTestJSON-1574145301 tempest-AttachVolumeShelveTestJSON-1574145301-project-member] REQ: curl -i https://10.4.3.209:8080/v1/AUTH_defd984e14184858a65f5f04c41c55ab/glance/9db5714a-b410-420b-9ff6-9b1cfcbdf5df -I -H "X-Auth-Token: gAAAAABqXWA8zfTp..." {{(pid=102857) http_log /opt/stack/data/venv/lib/python3.12/site-packages/swiftclient/client.py:160}}
Jul 19 23:39:40.697677 np0000005480 devstack@g-api.service[102857]: DEBUG swiftclient [None req-3b16fc26-b4af-4c49-94ef-cb52d297d491 tempest-AttachVolumeShelveTestJSON-1574145301 tempest-AttachVolumeShelveTestJSON-1574145301-project-member] RESP STATUS: 200 OK {{(pid=102857) http_log /opt/stack/data/venv/lib/python3.12/site-packages/swiftclient/client.py:161}}
Jul 19 23:39:40.697873 np0000005480 devstack@g-api.service[102857]: DEBUG swiftclient [None req-3b16fc26-b4af-4c49-94ef-cb52d297d491 tempest-AttachVolumeShelveTestJSON-1574145301 tempest-AttachVolumeShelveTestJSON-1574145301-project-member] RESP HEADERS: {'Date': 'Sun, 19 Jul 2026 23:39:40 GMT', 'Server': 'Apache/2.4.58 (Ubuntu)', 'Content-Type': 'application/octet-stream', 'Content-Length': '53936128', 'X-Object-Manifest': 'glance/9db5714a-b410-420b-9ff6-9b1cfcbdf5df-', 'Last-Modified': 'Sun, 19 Jul 2026 23:39:24 GMT', 'X-Timestamp': '1784504363.91976', 'Accept-Ranges': 'bytes', 'Etag': '"df3857fd9c786f9cc937359ac5f9f961"', 'X-Trans-Id': 'txce61afe9bd6d4492b8cf2-006a5d603c', 'X-Openstack-Request-Id': 'txce61afe9bd6d4492b8cf2-006a5d603c', 'Connection': 'close'} {{(pid=102857) http_log /opt/stack/data/venv/lib/python3.12/site-packages/swiftclient/client.py:162}}
Jul 19 23:39:40.728918 np0000005480 devstack@g-api.service[102857]: DEBUG swiftclient [None req-3b16fc26-b4af-4c49-94ef-cb52d297d491 tempest-AttachVolumeShelveTestJSON-1574145301 tempest-AttachVolumeShelveTestJSON-1574145301-project-member] REQ: curl -i https://10.4.3.209:8080/v1/AUTH_defd984e14184858a65f5f04c41c55ab/glance?format=json&prefix=9db5714a-b410-420b-9ff6-9b1cfcbdf5df- -X GET -H "X-Auth-Token: gAAAAABqXWA8zfTp..." -H "Accept-Encoding: gzip" {{(pid=102857) http_log /opt/stack/data/venv/lib/python3.12/site-packages/swiftclient/client.py:160}}
Jul 19 23:39:40.729117 np0000005480 devstack@g-api.service[102857]: DEBUG swiftclient [None req-3b16fc26-b4af-4c49-94ef-cb52d297d491 tempest-AttachVolumeShelveTestJSON-1574145301 tempest-AttachVolumeShelveTestJSON-1574145301-project-member] RESP STATUS: 200 OK {{(pid=102857) http_log /opt/stack/data/venv/lib/python3.12/site-packages/swiftclient/client.py:161}}
Jul 19 23:39:40.731526 np0000005480 devstack@g-api.service[102857]: DEBUG swiftclient [None req-3b16fc26-b4af-4c49-94ef-cb52d297d491 tempest-AttachVolumeShelveTestJSON-1574145301 tempest-AttachVolumeShelveTestJSON-1574145301-project-member] RESP HEADERS: {'Date': 'Sun, 19 Jul 2026 23:39:40 GMT', 'Server': 'Apache/2.4.58 (Ubuntu)', 'Content-Type': 'application/json; charset=utf-8', 'Content-Length': '210', 'X-Container-Object-Count': '9', 'X-Container-Bytes-Used': '165347328', 'X-Timestamp': '1784504062.10944', 'Last-Modified': 'Sun, 19 Jul 2026 23:34:23 GMT', 'Accept-Ranges': 'bytes', 'X-Storage-Policy': 'Policy-0', 'X-Container-Sharding': 'False', 'X-Trans-Id': 'tx1b5deff7fb1c486a86266-006a5d603c', 'X-Openstack-Request-Id': 'tx1b5deff7fb1c486a86266-006a5d603c', 'Connection': 'close'} {{(pid=102857) http_log /opt/stack/data/venv/lib/python3.12/site-packages/swiftclient/client.py:162}}
Jul 19 23:39:40.731935 np0000005480 devstack@g-api.service[102857]: DEBUG swiftclient [None req-3b16fc26-b4af-4c49-94ef-cb52d297d491 tempest-AttachVolumeShelveTestJSON-1574145301 tempest-AttachVolumeShelveTestJSON-1574145301-project-member] RESP BODY: b'[{"bytes": 53936128, "hash": "e7cea4ce08619ecf603e72aecd3df1fa", "name": "9db5714a-b410-420b-9ff6-9b1cfcbdf5df-00001", "content_type": "application/octet-stream", "last_modified": "2026-07-19T23:39:23.230260"}]' {{(pid=102857) http_log /opt/stack/data/venv/lib/python3.12/site-packages/swiftclient/client.py:166}}
Jul 19 23:39:40.778458 np0000005480 devstack@g-api.service[102857]: DEBUG swiftclient [None req-3b16fc26-b4af-4c49-94ef-cb52d297d491 tempest-AttachVolumeShelveTestJSON-1574145301 tempest-AttachVolumeShelveTestJSON-1574145301-project-member] REQ: curl -i https://10.4.3.209:8080/v1/AUTH_defd984e14184858a65f5f04c41c55ab/glance/9db5714a-b410-420b-9ff6-9b1cfcbdf5df-00001 DELETE -H "X-Auth-Token: gAAAAABqXWA8zfTp..." {{(pid=102857) http_log /opt/stack/data/venv/lib/python3.12/site-packages/swiftclient/client.py:160}}
Jul 19 23:39:40.778691 np0000005480 devstack@g-api.service[102857]: DEBUG swiftclient [None req-3b16fc26-b4af-4c49-94ef-cb52d297d491 tempest-AttachVolumeShelveTestJSON-1574145301 tempest-AttachVolumeShelveTestJSON-1574145301-project-member] RESP STATUS: 204 No Content {{(pid=102857) http_log /opt/stack/data/venv/lib/python3.12/site-packages/swiftclient/client.py:161}}
Jul 19 23:39:40.778817 np0000005480 devstack@g-api.service[102857]: DEBUG swiftclient [None req-3b16fc26-b4af-4c49-94ef-cb52d297d491 tempest-AttachVolumeShelveTestJSON-1574145301 tempest-AttachVolumeShelveTestJSON-1574145301-project-member] RESP HEADERS: {'Date': 'Sun, 19 Jul 2026 23:39:40 GMT', 'Server': 'Apache/2.4.58 (Ubuntu)', 'Content-Type': 'text/html; charset=UTF-8', 'X-Trans-Id': 'txef3f1d0d1b6f4f529f26f-006a5d603c', 'X-Openstack-Request-Id': 'txef3f1d0d1b6f4f529f26f-006a5d603c', 'Connection': 'close'} {{(pid=102857) http_log /opt/stack/data/venv/lib/python3.12/site-packages/swiftclient/client.py:162}}
Jul 19 23:39:40.825247 np0000005480 devstack@g-api.service[102857]: DEBUG swiftclient [None req-3b16fc26-b4af-4c49-94ef-cb52d297d491 tempest-AttachVolumeShelveTestJSON-1574145301 tempest-AttachVolumeShelveTestJSON-1574145301-project-member] REQ: curl -i https://10.4.3.209:8080/v1/AUTH_defd984e14184858a65f5f04c41c55ab/glance/9db5714a-b410-420b-9ff6-9b1cfcbdf5df DELETE -H "X-Auth-Token: gAAAAABqXWA8zfTp..." {{(pid=102857) http_log /opt/stack/data/venv/lib/python3.12/site-packages/swiftclient/client.py:160}}
Jul 19 23:39:40.825247 np0000005480 devstack@g-api.service[102857]: DEBUG swiftclient [None req-3b16fc26-b4af-4c49-94ef-cb52d297d491 tempest-AttachVolumeShelveTestJSON-1574145301 tempest-AttachVolumeShelveTestJSON-1574145301-project-member] RESP STATUS: 204 No Content {{(pid=102857) http_log /opt/stack/data/venv/lib/python3.12/site-packages/swiftclient/client.py:161}}
Jul 19 23:39:40.825247 np0000005480 devstack@g-api.service[102857]: DEBUG swiftclient [None req-3b16fc26-b4af-4c49-94ef-cb52d297d491 tempest-AttachVolumeShelveTestJSON-1574145301 tempest-AttachVolumeShelveTestJSON-1574145301-project-member] RESP HEADERS: {'Date': 'Sun, 19 Jul 2026 23:39:40 GMT', 'Server': 'Apache/2.4.58 (Ubuntu)', 'Content-Type': 'text/html; charset=UTF-8', 'X-Trans-Id': 'txf188ff8701fb41c59555b-006a5d603c', 'X-Openstack-Request-Id': 'txf188ff8701fb41c59555b-006a5d603c', 'Connection': 'close'} {{(pid=102857) http_log /opt/stack/data/venv/lib/python3.12/site-packages/swiftclient/client.py:162}}
Jul 19 23:39:40.964563 np0000005480 devstack@g-api.service[102857]: DEBUG glance.api.middleware.cache [None req-3b16fc26-b4af-4c49-94ef-cb52d297d491 tempest-AttachVolumeShelveTestJSON-1574145301 tempest-AttachVolumeShelveTestJSON-1574145301-project-member] Removing image 9db5714a-b410-420b-9ff6-9b1cfcbdf5df from cache {{(pid=102857) _process_DELETE_response /opt/stack/glance/glance/api/middleware/cache.py:264}}
Jul 19 23:39:40.964837 np0000005480 devstack@g-api.service[102857]: DEBUG glance.image_cache.drivers.centralized_db [None req-3b16fc26-b4af-4c49-94ef-cb52d297d491 tempest-AttachVolumeShelveTestJSON-1574145301 tempest-AttachVolumeShelveTestJSON-1574145301-project-member] Deleting image cache file '/opt/stack/data/glance/cache/9db5714a-b410-420b-9ff6-9b1cfcbdf5df' {{(pid=102857) delete_cached_file /opt/stack/glance/glance/image_cache/drivers/centralized_db.py:400}}
Jul 19 23:39:40.985397 np0000005480 devstack@g-api.service[102857]: [pid: 102857|app: 0|req: 66/273] 127.0.0.1 () {46 vars in 1137 bytes} [Sun Jul 19 23:39:40 2026] DELETE /v2/images/9db5714a-b410-420b-9ff6-9b1cfcbdf5df => generated 0 bytes in 456 msecs (HTTP/1.1 204) 4 headers in 171 bytes (1 switches on core 0)
Jul 19 23:39:41.050305 np0000005480 devstack@g-api.service[102859]: DEBUG glance.api.middleware.version_negotiation [None req-a4dc5251-ee39-4dcd-8b32-669e5e618e27 tempest-VolumesGetTest-76538073 tempest-VolumesGetTest-76538073-project-member] Determining version of request: GET /versions Accept: */* {{(pid=102859) process_request /opt/stack/glance/glance/api/middleware/version_negotiation.py:44}}
Jul 19 23:39:41.051580 np0000005480 devstack@g-api.service[102859]: [pid: 102859|app: 0|req: 70/274] 127.0.0.1 () {44 vars in 1039 bytes} [Sun Jul 19 23:39:41 2026] GET /versions => generated 1515 bytes in 1 msecs (HTTP/1.1 200) 3 headers in 92 bytes (1 switches on core 0)
