Jul 19 23:33:47.013595 np0000005480 systemd[1]: Starting devstack@n-api-meta.service - Devstack devstack@n-api-meta.service...
Jul 19 23:33:47.019775 np0000005480 devstack@n-api-meta.service[95899]: [uWSGI] getting INI configuration from /etc/nova/nova-metadata-uwsgi.ini
Jul 19 23:33:47.022451 np0000005480 devstack@n-api-meta.service[95899]: *** Starting uWSGI 2.0.24-debian (64bit) on [Sun Jul 19 23:33:47 2026] ***
Jul 19 23:33:47.022451 np0000005480 devstack@n-api-meta.service[95899]: compiled with version: 13.2.0 on 17 April 2024 16:23:48
Jul 19 23:33:47.022451 np0000005480 devstack@n-api-meta.service[95899]: os: Linux-6.8.0-100-generic #100-Ubuntu SMP PREEMPT_DYNAMIC Tue Jan 13 16:40:06 UTC 2026
Jul 19 23:33:47.022451 np0000005480 devstack@n-api-meta.service[95899]: nodename: np0000005480
Jul 19 23:33:47.022451 np0000005480 devstack@n-api-meta.service[95899]: machine: x86_64
Jul 19 23:33:47.022451 np0000005480 devstack@n-api-meta.service[95899]: clock source: unix
Jul 19 23:33:47.022451 np0000005480 devstack@n-api-meta.service[95899]: pcre jit disabled
Jul 19 23:33:47.022451 np0000005480 devstack@n-api-meta.service[95899]: detected number of CPU cores: 16
Jul 19 23:33:47.022451 np0000005480 devstack@n-api-meta.service[95899]: current working directory: /
Jul 19 23:33:47.022451 np0000005480 devstack@n-api-meta.service[95899]: detected binary path: /usr/bin/uwsgi-core
Jul 19 23:33:47.022451 np0000005480 devstack@n-api-meta.service[95899]: your processes number limit is 257052
Jul 19 23:33:47.022451 np0000005480 devstack@n-api-meta.service[95899]: your memory page size is 4096 bytes
Jul 19 23:33:47.022451 np0000005480 devstack@n-api-meta.service[95899]: detected max file descriptor number: 2048
Jul 19 23:33:47.022451 np0000005480 devstack@n-api-meta.service[95899]: lock engine: pthread robust mutexes
Jul 19 23:33:47.022888 np0000005480 devstack@n-api-meta.service[95899]: thunder lock: enabled
Jul 19 23:33:47.022888 np0000005480 devstack@n-api-meta.service[95899]: uWSGI http bound on 0.0.0.0:8775 fd 5
Jul 19 23:33:47.022888 np0000005480 devstack@n-api-meta.service[95899]: uwsgi socket 0 bound to TCP address 127.0.0.1:44775 (port auto-assigned) fd 4
Jul 19 23:33:47.022888 np0000005480 devstack@n-api-meta.service[95899]: Python version: 3.12.3 (main, Jun 19 2026, 12:46:00) [GCC 13.3.0]
Jul 19 23:33:47.022888 np0000005480 devstack@n-api-meta.service[95899]: PEP 405 virtualenv detected: /opt/stack/data/venv
Jul 19 23:33:47.022888 np0000005480 devstack@n-api-meta.service[95899]: Set PythonHome to /opt/stack/data/venv
Jul 19 23:33:47.056571 np0000005480 devstack@n-api-meta.service[95899]: Python main interpreter initialized at 0x7c268f2a4668
Jul 19 23:33:47.056571 np0000005480 devstack@n-api-meta.service[95899]: python threads support enabled
Jul 19 23:33:47.056571 np0000005480 devstack@n-api-meta.service[95899]: your server socket listen backlog is limited to 100 connections
Jul 19 23:33:47.056571 np0000005480 devstack@n-api-meta.service[95899]: your mercy for graceful operations on workers is 80 seconds
Jul 19 23:33:47.057089 np0000005480 devstack@n-api-meta.service[95899]: mapped 671795 bytes (656 KB) for 4 cores
Jul 19 23:33:47.057227 np0000005480 devstack@n-api-meta.service[95899]: *** Operational MODE: preforking ***
Jul 19 23:33:47.057672 np0000005480 devstack@n-api-meta.service[95899]: *** uWSGI is running in multiple interpreter mode ***
Jul 19 23:33:47.057672 np0000005480 devstack@n-api-meta.service[95899]: spawned uWSGI master process (pid: 95899)
Jul 19 23:33:47.057856 np0000005480 systemd[1]: Started devstack@n-api-meta.service - Devstack devstack@n-api-meta.service.
Jul 19 23:33:47.058282 np0000005480 devstack@n-api-meta.service[95899]: spawned uWSGI worker 1 (pid: 95900, cores: 1)
Jul 19 23:33:47.058758 np0000005480 devstack@n-api-meta.service[95899]: spawned uWSGI worker 2 (pid: 95901, cores: 1)
Jul 19 23:33:47.059192 np0000005480 devstack@n-api-meta.service[95899]: spawned uWSGI worker 3 (pid: 95902, cores: 1)
Jul 19 23:33:47.059612 np0000005480 devstack@n-api-meta.service[95899]: spawned uWSGI worker 4 (pid: 95903, cores: 1)
Jul 19 23:33:47.060066 np0000005480 devstack@n-api-meta.service[95899]: spawned uWSGI http 1 (pid: 95904)
Jul 19 23:33:47.060066 np0000005480 devstack@n-api-meta.service[95899]: running "unix_signal:15 gracefully_kill_them_all" (master-start)...
Jul 19 23:33:48.951401 np0000005480 devstack@n-api-meta.service[95903]: INFO dbcounter [None req-d1c99196-7ec0-4f46-b4e6-a31369af3201 None None] Registered counter for database nova_api
Jul 19 23:33:48.991997 np0000005480 devstack@n-api-meta.service[95900]: INFO dbcounter [None req-36919dd9-057f-43f9-85f8-24c847844ce3 None None] Registered counter for database nova_api
Jul 19 23:33:49.012634 np0000005480 devstack@n-api-meta.service[95903]: DEBUG oslo_db.sqlalchemy.engines [None req-d1c99196-7ec0-4f46-b4e6-a31369af3201 None None] MySQL server mode set to STRICT_TRANS_TABLES,STRICT_ALL_TABLES,NO_ZERO_IN_DATE,NO_ZERO_DATE,ERROR_FOR_DIVISION_BY_ZERO,TRADITIONAL,NO_ENGINE_SUBSTITUTION {{(pid=95903) _check_effective_sql_mode /opt/stack/data/venv/lib/python3.12/site-packages/oslo_db/sqlalchemy/engines.py:325}}
Jul 19 23:33:49.048746 np0000005480 devstack@n-api-meta.service[95903]: DEBUG dbcounter [-] [95903] Writer thread running {{(pid=95903) stat_writer /opt/stack/data/venv/lib/python3.12/site-packages/dbcounter.py:102}}
Jul 19 23:33:49.051456 np0000005480 devstack@n-api-meta.service[95903]: DEBUG nova.context [None req-d1c99196-7ec0-4f46-b4e6-a31369af3201 None None] Found 2 cells: 00000000-0000-0000-0000-000000000000(cell0),82679864-7f24-41c3-971a-ecb9840a6baf(cell1) {{(pid=95903) load_cells /opt/stack/nova/nova/context.py:509}}
Jul 19 23:33:49.051887 np0000005480 devstack@n-api-meta.service[95903]: INFO nova.utils [None req-d1c99196-7ec0-4f46-b4e6-a31369af3201 None None] The cell worker thread pool MainProcess.cell_worker is initialized
Jul 19 23:33:49.053602 np0000005480 devstack@n-api-meta.service[95903]: DEBUG oslo_concurrency.lockutils [None req-d1c99196-7ec0-4f46-b4e6-a31369af3201 None None] Acquiring lock "00000000-0000-0000-0000-000000000000" by "nova.context.set_target_cell..get_or_set_cached_cell_and_set_connections" {{(pid=95903) inner /opt/stack/data/venv/lib/python3.12/site-packages/oslo_concurrency/lockutils.py:512}}
Jul 19 23:33:49.053751 np0000005480 devstack@n-api-meta.service[95903]: DEBUG oslo_concurrency.lockutils [None req-d1c99196-7ec0-4f46-b4e6-a31369af3201 None None] Lock "00000000-0000-0000-0000-000000000000" acquired by "nova.context.set_target_cell..get_or_set_cached_cell_and_set_connections" :: waited 0.000s {{(pid=95903) inner /opt/stack/data/venv/lib/python3.12/site-packages/oslo_concurrency/lockutils.py:525}}
Jul 19 23:33:49.054077 np0000005480 devstack@n-api-meta.service[95903]: DEBUG oslo_concurrency.lockutils [None req-d1c99196-7ec0-4f46-b4e6-a31369af3201 None None] Lock "00000000-0000-0000-0000-000000000000" "released" by "nova.context.set_target_cell..get_or_set_cached_cell_and_set_connections" :: held 0.000s {{(pid=95903) inner /opt/stack/data/venv/lib/python3.12/site-packages/oslo_concurrency/lockutils.py:544}}
Jul 19 23:33:49.054821 np0000005480 devstack@n-api-meta.service[95903]: DEBUG oslo_concurrency.lockutils [None req-d1c99196-7ec0-4f46-b4e6-a31369af3201 None None] Acquiring lock "82679864-7f24-41c3-971a-ecb9840a6baf" by "nova.context.set_target_cell..get_or_set_cached_cell_and_set_connections" {{(pid=95903) inner /opt/stack/data/venv/lib/python3.12/site-packages/oslo_concurrency/lockutils.py:512}}
Jul 19 23:33:49.054987 np0000005480 devstack@n-api-meta.service[95903]: DEBUG oslo_concurrency.lockutils [None req-d1c99196-7ec0-4f46-b4e6-a31369af3201 None None] Lock "82679864-7f24-41c3-971a-ecb9840a6baf" acquired by "nova.context.set_target_cell..get_or_set_cached_cell_and_set_connections" :: waited 0.000s {{(pid=95903) inner /opt/stack/data/venv/lib/python3.12/site-packages/oslo_concurrency/lockutils.py:525}}
Jul 19 23:33:49.055297 np0000005480 devstack@n-api-meta.service[95900]: DEBUG oslo_db.sqlalchemy.engines [None req-36919dd9-057f-43f9-85f8-24c847844ce3 None None] MySQL server mode set to STRICT_TRANS_TABLES,STRICT_ALL_TABLES,NO_ZERO_IN_DATE,NO_ZERO_DATE,ERROR_FOR_DIVISION_BY_ZERO,TRADITIONAL,NO_ENGINE_SUBSTITUTION {{(pid=95900) _check_effective_sql_mode /opt/stack/data/venv/lib/python3.12/site-packages/oslo_db/sqlalchemy/engines.py:325}}
Jul 19 23:33:49.055916 np0000005480 devstack@n-api-meta.service[95903]: DEBUG oslo_concurrency.lockutils [None req-d1c99196-7ec0-4f46-b4e6-a31369af3201 None None] Lock "82679864-7f24-41c3-971a-ecb9840a6baf" "released" by "nova.context.set_target_cell..get_or_set_cached_cell_and_set_connections" :: held 0.001s {{(pid=95903) inner /opt/stack/data/venv/lib/python3.12/site-packages/oslo_concurrency/lockutils.py:544}}
Jul 19 23:33:49.057888 np0000005480 devstack@n-api-meta.service[95903]: INFO dbcounter [None req-d1c99196-7ec0-4f46-b4e6-a31369af3201 None None] Registered counter for database nova_cell0
Jul 19 23:33:49.060724 np0000005480 devstack@n-api-meta.service[95903]: INFO dbcounter [None req-d1c99196-7ec0-4f46-b4e6-a31369af3201 None None] Registered counter for database nova_cell1
Jul 19 23:33:49.088365 np0000005480 devstack@n-api-meta.service[95901]: INFO dbcounter [None req-ee92155c-6228-4bc5-b617-6e38f7a9e66e None None] Registered counter for database nova_api
Jul 19 23:33:49.088861 np0000005480 devstack@n-api-meta.service[95900]: DEBUG dbcounter [-] [95900] Writer thread running {{(pid=95900) stat_writer /opt/stack/data/venv/lib/python3.12/site-packages/dbcounter.py:102}}
Jul 19 23:33:49.093961 np0000005480 devstack@n-api-meta.service[95900]: DEBUG nova.context [None req-36919dd9-057f-43f9-85f8-24c847844ce3 None None] Found 2 cells: 00000000-0000-0000-0000-000000000000(cell0),82679864-7f24-41c3-971a-ecb9840a6baf(cell1) {{(pid=95900) load_cells /opt/stack/nova/nova/context.py:509}}
Jul 19 23:33:49.094459 np0000005480 devstack@n-api-meta.service[95900]: INFO nova.utils [None req-36919dd9-057f-43f9-85f8-24c847844ce3 None None] The cell worker thread pool MainProcess.cell_worker is initialized
Jul 19 23:33:49.097119 np0000005480 devstack@n-api-meta.service[95900]: DEBUG oslo_concurrency.lockutils [None req-36919dd9-057f-43f9-85f8-24c847844ce3 None None] Acquiring lock "00000000-0000-0000-0000-000000000000" by "nova.context.set_target_cell..get_or_set_cached_cell_and_set_connections" {{(pid=95900) inner /opt/stack/data/venv/lib/python3.12/site-packages/oslo_concurrency/lockutils.py:512}}
Jul 19 23:33:49.097512 np0000005480 devstack@n-api-meta.service[95900]: DEBUG oslo_concurrency.lockutils [None req-36919dd9-057f-43f9-85f8-24c847844ce3 None None] Lock "00000000-0000-0000-0000-000000000000" acquired by "nova.context.set_target_cell..get_or_set_cached_cell_and_set_connections" :: waited 0.000s {{(pid=95900) inner /opt/stack/data/venv/lib/python3.12/site-packages/oslo_concurrency/lockutils.py:525}}
Jul 19 23:33:49.098291 np0000005480 devstack@n-api-meta.service[95900]: DEBUG oslo_concurrency.lockutils [None req-36919dd9-057f-43f9-85f8-24c847844ce3 None None] Lock "00000000-0000-0000-0000-000000000000" "released" by "nova.context.set_target_cell..get_or_set_cached_cell_and_set_connections" :: held 0.001s {{(pid=95900) inner /opt/stack/data/venv/lib/python3.12/site-packages/oslo_concurrency/lockutils.py:544}}
Jul 19 23:33:49.099562 np0000005480 devstack@n-api-meta.service[95900]: DEBUG oslo_concurrency.lockutils [None req-36919dd9-057f-43f9-85f8-24c847844ce3 None None] Acquiring lock "82679864-7f24-41c3-971a-ecb9840a6baf" by "nova.context.set_target_cell..get_or_set_cached_cell_and_set_connections" {{(pid=95900) inner /opt/stack/data/venv/lib/python3.12/site-packages/oslo_concurrency/lockutils.py:512}}
Jul 19 23:33:49.101996 np0000005480 devstack@n-api-meta.service[95900]: INFO dbcounter [None req-36919dd9-057f-43f9-85f8-24c847844ce3 None None] Registered counter for database nova_cell0
Jul 19 23:33:49.103881 np0000005480 devstack@n-api-meta.service[95900]: DEBUG oslo_concurrency.lockutils [None req-36919dd9-057f-43f9-85f8-24c847844ce3 None None] Lock "82679864-7f24-41c3-971a-ecb9840a6baf" acquired by "nova.context.set_target_cell..get_or_set_cached_cell_and_set_connections" :: waited 0.002s {{(pid=95900) inner /opt/stack/data/venv/lib/python3.12/site-packages/oslo_concurrency/lockutils.py:525}}
Jul 19 23:33:49.106134 np0000005480 devstack@n-api-meta.service[95900]: DEBUG oslo_concurrency.lockutils [None req-36919dd9-057f-43f9-85f8-24c847844ce3 None None] Lock "82679864-7f24-41c3-971a-ecb9840a6baf" "released" by "nova.context.set_target_cell..get_or_set_cached_cell_and_set_connections" :: held 0.004s {{(pid=95900) inner /opt/stack/data/venv/lib/python3.12/site-packages/oslo_concurrency/lockutils.py:544}}
Jul 19 23:33:49.110256 np0000005480 devstack@n-api-meta.service[95900]: INFO dbcounter [None req-36919dd9-057f-43f9-85f8-24c847844ce3 None None] Registered counter for database nova_cell1
Jul 19 23:33:49.120240 np0000005480 devstack@n-api-meta.service[95903]: DEBUG oslo_db.sqlalchemy.engines [None req-d1c99196-7ec0-4f46-b4e6-a31369af3201 None None] MySQL server mode set to STRICT_TRANS_TABLES,STRICT_ALL_TABLES,NO_ZERO_IN_DATE,NO_ZERO_DATE,ERROR_FOR_DIVISION_BY_ZERO,TRADITIONAL,NO_ENGINE_SUBSTITUTION {{(pid=95903) _check_effective_sql_mode /opt/stack/data/venv/lib/python3.12/site-packages/oslo_db/sqlalchemy/engines.py:325}}
Jul 19 23:33:49.124075 np0000005480 devstack@n-api-meta.service[95903]: DEBUG oslo_db.sqlalchemy.engines [None req-d1c99196-7ec0-4f46-b4e6-a31369af3201 None None] MySQL server mode set to STRICT_TRANS_TABLES,STRICT_ALL_TABLES,NO_ZERO_IN_DATE,NO_ZERO_DATE,ERROR_FOR_DIVISION_BY_ZERO,TRADITIONAL,NO_ENGINE_SUBSTITUTION {{(pid=95903) _check_effective_sql_mode /opt/stack/data/venv/lib/python3.12/site-packages/oslo_db/sqlalchemy/engines.py:325}}
Jul 19 23:33:49.156837 np0000005480 devstack@n-api-meta.service[95901]: DEBUG oslo_db.sqlalchemy.engines [None req-ee92155c-6228-4bc5-b617-6e38f7a9e66e None None] MySQL server mode set to STRICT_TRANS_TABLES,STRICT_ALL_TABLES,NO_ZERO_IN_DATE,NO_ZERO_DATE,ERROR_FOR_DIVISION_BY_ZERO,TRADITIONAL,NO_ENGINE_SUBSTITUTION {{(pid=95901) _check_effective_sql_mode /opt/stack/data/venv/lib/python3.12/site-packages/oslo_db/sqlalchemy/engines.py:325}}
Jul 19 23:33:49.161205 np0000005480 devstack@n-api-meta.service[95902]: INFO dbcounter [None req-9268b694-efed-43a9-a55d-d277b73cee27 None None] Registered counter for database nova_api
Jul 19 23:33:49.169041 np0000005480 devstack@n-api-meta.service[95900]: DEBUG oslo_db.sqlalchemy.engines [None req-36919dd9-057f-43f9-85f8-24c847844ce3 None None] MySQL server mode set to STRICT_TRANS_TABLES,STRICT_ALL_TABLES,NO_ZERO_IN_DATE,NO_ZERO_DATE,ERROR_FOR_DIVISION_BY_ZERO,TRADITIONAL,NO_ENGINE_SUBSTITUTION {{(pid=95900) _check_effective_sql_mode /opt/stack/data/venv/lib/python3.12/site-packages/oslo_db/sqlalchemy/engines.py:325}}
Jul 19 23:33:49.174977 np0000005480 devstack@n-api-meta.service[95900]: DEBUG oslo_db.sqlalchemy.engines [None req-36919dd9-057f-43f9-85f8-24c847844ce3 None None] MySQL server mode set to STRICT_TRANS_TABLES,STRICT_ALL_TABLES,NO_ZERO_IN_DATE,NO_ZERO_DATE,ERROR_FOR_DIVISION_BY_ZERO,TRADITIONAL,NO_ENGINE_SUBSTITUTION {{(pid=95900) _check_effective_sql_mode /opt/stack/data/venv/lib/python3.12/site-packages/oslo_db/sqlalchemy/engines.py:325}}
Jul 19 23:33:49.204655 np0000005480 devstack@n-api-meta.service[95901]: DEBUG dbcounter [-] [95901] Writer thread running {{(pid=95901) stat_writer /opt/stack/data/venv/lib/python3.12/site-packages/dbcounter.py:102}}
Jul 19 23:33:49.208259 np0000005480 devstack@n-api-meta.service[95901]: DEBUG nova.context [None req-ee92155c-6228-4bc5-b617-6e38f7a9e66e None None] Found 2 cells: 00000000-0000-0000-0000-000000000000(cell0),82679864-7f24-41c3-971a-ecb9840a6baf(cell1) {{(pid=95901) load_cells /opt/stack/nova/nova/context.py:509}}
Jul 19 23:33:49.209284 np0000005480 devstack@n-api-meta.service[95901]: INFO nova.utils [None req-ee92155c-6228-4bc5-b617-6e38f7a9e66e None None] The cell worker thread pool MainProcess.cell_worker is initialized
Jul 19 23:33:49.211094 np0000005480 devstack@n-api-meta.service[95901]: DEBUG oslo_concurrency.lockutils [None req-ee92155c-6228-4bc5-b617-6e38f7a9e66e None None] Acquiring lock "00000000-0000-0000-0000-000000000000" by "nova.context.set_target_cell..get_or_set_cached_cell_and_set_connections" {{(pid=95901) inner /opt/stack/data/venv/lib/python3.12/site-packages/oslo_concurrency/lockutils.py:512}}
Jul 19 23:33:49.211347 np0000005480 devstack@n-api-meta.service[95901]: DEBUG oslo_concurrency.lockutils [None req-ee92155c-6228-4bc5-b617-6e38f7a9e66e None None] Lock "00000000-0000-0000-0000-000000000000" acquired by "nova.context.set_target_cell..get_or_set_cached_cell_and_set_connections" :: waited 0.000s {{(pid=95901) inner /opt/stack/data/venv/lib/python3.12/site-packages/oslo_concurrency/lockutils.py:525}}
Jul 19 23:33:49.211860 np0000005480 devstack@n-api-meta.service[95901]: DEBUG oslo_concurrency.lockutils [None req-ee92155c-6228-4bc5-b617-6e38f7a9e66e None None] Lock "00000000-0000-0000-0000-000000000000" "released" by "nova.context.set_target_cell..get_or_set_cached_cell_and_set_connections" :: held 0.001s {{(pid=95901) inner /opt/stack/data/venv/lib/python3.12/site-packages/oslo_concurrency/lockutils.py:544}}
Jul 19 23:33:49.213463 np0000005480 devstack@n-api-meta.service[95901]: DEBUG oslo_concurrency.lockutils [None req-ee92155c-6228-4bc5-b617-6e38f7a9e66e None None] Acquiring lock "82679864-7f24-41c3-971a-ecb9840a6baf" by "nova.context.set_target_cell..get_or_set_cached_cell_and_set_connections" {{(pid=95901) inner /opt/stack/data/venv/lib/python3.12/site-packages/oslo_concurrency/lockutils.py:512}}
Jul 19 23:33:49.213463 np0000005480 devstack@n-api-meta.service[95901]: DEBUG oslo_concurrency.lockutils [None req-ee92155c-6228-4bc5-b617-6e38f7a9e66e None None] Lock "82679864-7f24-41c3-971a-ecb9840a6baf" acquired by "nova.context.set_target_cell..get_or_set_cached_cell_and_set_connections" :: waited 0.000s {{(pid=95901) inner /opt/stack/data/venv/lib/python3.12/site-packages/oslo_concurrency/lockutils.py:525}}
Jul 19 23:33:49.214354 np0000005480 devstack@n-api-meta.service[95901]: DEBUG oslo_concurrency.lockutils [None req-ee92155c-6228-4bc5-b617-6e38f7a9e66e None None] Lock "82679864-7f24-41c3-971a-ecb9840a6baf" "released" by "nova.context.set_target_cell..get_or_set_cached_cell_and_set_connections" :: held 0.001s {{(pid=95901) inner /opt/stack/data/venv/lib/python3.12/site-packages/oslo_concurrency/lockutils.py:544}}
Jul 19 23:33:49.216575 np0000005480 devstack@n-api-meta.service[95901]: INFO dbcounter [None req-ee92155c-6228-4bc5-b617-6e38f7a9e66e None None] Registered counter for database nova_cell0
Jul 19 23:33:49.221263 np0000005480 devstack@n-api-meta.service[95901]: INFO dbcounter [None req-ee92155c-6228-4bc5-b617-6e38f7a9e66e None None] Registered counter for database nova_cell1
Jul 19 23:33:49.232921 np0000005480 devstack@n-api-meta.service[95902]: DEBUG oslo_db.sqlalchemy.engines [None req-9268b694-efed-43a9-a55d-d277b73cee27 None None] MySQL server mode set to STRICT_TRANS_TABLES,STRICT_ALL_TABLES,NO_ZERO_IN_DATE,NO_ZERO_DATE,ERROR_FOR_DIVISION_BY_ZERO,TRADITIONAL,NO_ENGINE_SUBSTITUTION {{(pid=95902) _check_effective_sql_mode /opt/stack/data/venv/lib/python3.12/site-packages/oslo_db/sqlalchemy/engines.py:325}}
Jul 19 23:33:49.253258 np0000005480 devstack@n-api-meta.service[95903]: DEBUG dbcounter [-] [95903] Writer thread running {{(pid=95903) stat_writer /opt/stack/data/venv/lib/python3.12/site-packages/dbcounter.py:102}}
Jul 19 23:33:49.253721 np0000005480 devstack@n-api-meta.service[95903]: DEBUG dbcounter [-] [95903] Writer thread running {{(pid=95903) stat_writer /opt/stack/data/venv/lib/python3.12/site-packages/dbcounter.py:102}}
Jul 19 23:33:49.258907 np0000005480 devstack@n-api-meta.service[95903]: INFO dbcounter [None req-d1c99196-7ec0-4f46-b4e6-a31369af3201 None None] Registered counter for database nova_cell0
Jul 19 23:33:49.272025 np0000005480 devstack@n-api-meta.service[95902]: DEBUG dbcounter [-] [95902] Writer thread running {{(pid=95902) stat_writer /opt/stack/data/venv/lib/python3.12/site-packages/dbcounter.py:102}}
Jul 19 23:33:49.275764 np0000005480 devstack@n-api-meta.service[95902]: DEBUG nova.context [None req-9268b694-efed-43a9-a55d-d277b73cee27 None None] Found 2 cells: 00000000-0000-0000-0000-000000000000(cell0),82679864-7f24-41c3-971a-ecb9840a6baf(cell1) {{(pid=95902) load_cells /opt/stack/nova/nova/context.py:509}}
Jul 19 23:33:49.276120 np0000005480 devstack@n-api-meta.service[95902]: INFO nova.utils [None req-9268b694-efed-43a9-a55d-d277b73cee27 None None] The cell worker thread pool MainProcess.cell_worker is initialized
Jul 19 23:33:49.278302 np0000005480 devstack@n-api-meta.service[95902]: DEBUG oslo_concurrency.lockutils [None req-9268b694-efed-43a9-a55d-d277b73cee27 None None] Acquiring lock "00000000-0000-0000-0000-000000000000" by "nova.context.set_target_cell..get_or_set_cached_cell_and_set_connections" {{(pid=95902) inner /opt/stack/data/venv/lib/python3.12/site-packages/oslo_concurrency/lockutils.py:512}}
Jul 19 23:33:49.278510 np0000005480 devstack@n-api-meta.service[95902]: DEBUG oslo_concurrency.lockutils [None req-9268b694-efed-43a9-a55d-d277b73cee27 None None] Lock "00000000-0000-0000-0000-000000000000" acquired by "nova.context.set_target_cell..get_or_set_cached_cell_and_set_connections" :: waited 0.000s {{(pid=95902) inner /opt/stack/data/venv/lib/python3.12/site-packages/oslo_concurrency/lockutils.py:525}}
Jul 19 23:33:49.278900 np0000005480 devstack@n-api-meta.service[95901]: DEBUG oslo_db.sqlalchemy.engines [None req-ee92155c-6228-4bc5-b617-6e38f7a9e66e None None] MySQL server mode set to STRICT_TRANS_TABLES,STRICT_ALL_TABLES,NO_ZERO_IN_DATE,NO_ZERO_DATE,ERROR_FOR_DIVISION_BY_ZERO,TRADITIONAL,NO_ENGINE_SUBSTITUTION {{(pid=95901) _check_effective_sql_mode /opt/stack/data/venv/lib/python3.12/site-packages/oslo_db/sqlalchemy/engines.py:325}}
Jul 19 23:33:49.278966 np0000005480 devstack@n-api-meta.service[95902]: DEBUG oslo_concurrency.lockutils [None req-9268b694-efed-43a9-a55d-d277b73cee27 None None] Lock "00000000-0000-0000-0000-000000000000" "released" by "nova.context.set_target_cell..get_or_set_cached_cell_and_set_connections" :: held 0.000s {{(pid=95902) inner /opt/stack/data/venv/lib/python3.12/site-packages/oslo_concurrency/lockutils.py:544}}
Jul 19 23:33:49.279874 np0000005480 devstack@n-api-meta.service[95902]: DEBUG oslo_concurrency.lockutils [None req-9268b694-efed-43a9-a55d-d277b73cee27 None None] Acquiring lock "82679864-7f24-41c3-971a-ecb9840a6baf" by "nova.context.set_target_cell..get_or_set_cached_cell_and_set_connections" {{(pid=95902) inner /opt/stack/data/venv/lib/python3.12/site-packages/oslo_concurrency/lockutils.py:512}}
Jul 19 23:33:49.280107 np0000005480 devstack@n-api-meta.service[95902]: DEBUG oslo_concurrency.lockutils [None req-9268b694-efed-43a9-a55d-d277b73cee27 None None] Lock "82679864-7f24-41c3-971a-ecb9840a6baf" acquired by "nova.context.set_target_cell..get_or_set_cached_cell_and_set_connections" :: waited 0.000s {{(pid=95902) inner /opt/stack/data/venv/lib/python3.12/site-packages/oslo_concurrency/lockutils.py:525}}
Jul 19 23:33:49.281221 np0000005480 devstack@n-api-meta.service[95902]: DEBUG oslo_concurrency.lockutils [None req-9268b694-efed-43a9-a55d-d277b73cee27 None None] Lock "82679864-7f24-41c3-971a-ecb9840a6baf" "released" by "nova.context.set_target_cell..get_or_set_cached_cell_and_set_connections" :: held 0.001s {{(pid=95902) inner /opt/stack/data/venv/lib/python3.12/site-packages/oslo_concurrency/lockutils.py:544}}
Jul 19 23:33:49.282199 np0000005480 devstack@n-api-meta.service[95900]: DEBUG dbcounter [-] [95900] Writer thread running {{(pid=95900) stat_writer /opt/stack/data/venv/lib/python3.12/site-packages/dbcounter.py:102}}
Jul 19 23:33:49.283414 np0000005480 devstack@n-api-meta.service[95902]: INFO dbcounter [None req-9268b694-efed-43a9-a55d-d277b73cee27 None None] Registered counter for database nova_cell0
Jul 19 23:33:49.288261 np0000005480 devstack@n-api-meta.service[95900]: DEBUG dbcounter [-] [95900] Writer thread running {{(pid=95900) stat_writer /opt/stack/data/venv/lib/python3.12/site-packages/dbcounter.py:102}}
Jul 19 23:33:49.288382 np0000005480 devstack@n-api-meta.service[95902]: INFO dbcounter [None req-9268b694-efed-43a9-a55d-d277b73cee27 None None] Registered counter for database nova_cell1
Jul 19 23:33:49.289641 np0000005480 devstack@n-api-meta.service[95900]: INFO dbcounter [None req-36919dd9-057f-43f9-85f8-24c847844ce3 None None] Registered counter for database nova_cell0
Jul 19 23:33:49.303428 np0000005480 devstack@n-api-meta.service[95903]: DEBUG oslo_db.sqlalchemy.engines [None req-d1c99196-7ec0-4f46-b4e6-a31369af3201 None None] MySQL server mode set to STRICT_TRANS_TABLES,STRICT_ALL_TABLES,NO_ZERO_IN_DATE,NO_ZERO_DATE,ERROR_FOR_DIVISION_BY_ZERO,TRADITIONAL,NO_ENGINE_SUBSTITUTION {{(pid=95903) _check_effective_sql_mode /opt/stack/data/venv/lib/python3.12/site-packages/oslo_db/sqlalchemy/engines.py:325}}
Jul 19 23:33:49.313888 np0000005480 devstack@n-api-meta.service[95903]: DEBUG dbcounter [-] [95903] Writer thread running {{(pid=95903) stat_writer /opt/stack/data/venv/lib/python3.12/site-packages/dbcounter.py:102}}
Jul 19 23:33:49.338724 np0000005480 devstack@n-api-meta.service[95900]: DEBUG oslo_db.sqlalchemy.engines [None req-36919dd9-057f-43f9-85f8-24c847844ce3 None None] MySQL server mode set to STRICT_TRANS_TABLES,STRICT_ALL_TABLES,NO_ZERO_IN_DATE,NO_ZERO_DATE,ERROR_FOR_DIVISION_BY_ZERO,TRADITIONAL,NO_ENGINE_SUBSTITUTION {{(pid=95900) _check_effective_sql_mode /opt/stack/data/venv/lib/python3.12/site-packages/oslo_db/sqlalchemy/engines.py:325}}
Jul 19 23:33:49.346863 np0000005480 devstack@n-api-meta.service[95901]: DEBUG oslo_db.sqlalchemy.engines [None req-ee92155c-6228-4bc5-b617-6e38f7a9e66e None None] MySQL server mode set to STRICT_TRANS_TABLES,STRICT_ALL_TABLES,NO_ZERO_IN_DATE,NO_ZERO_DATE,ERROR_FOR_DIVISION_BY_ZERO,TRADITIONAL,NO_ENGINE_SUBSTITUTION {{(pid=95901) _check_effective_sql_mode /opt/stack/data/venv/lib/python3.12/site-packages/oslo_db/sqlalchemy/engines.py:325}}
Jul 19 23:33:49.347982 np0000005480 devstack@n-api-meta.service[95902]: DEBUG oslo_db.sqlalchemy.engines [None req-9268b694-efed-43a9-a55d-d277b73cee27 None None] MySQL server mode set to STRICT_TRANS_TABLES,STRICT_ALL_TABLES,NO_ZERO_IN_DATE,NO_ZERO_DATE,ERROR_FOR_DIVISION_BY_ZERO,TRADITIONAL,NO_ENGINE_SUBSTITUTION {{(pid=95902) _check_effective_sql_mode /opt/stack/data/venv/lib/python3.12/site-packages/oslo_db/sqlalchemy/engines.py:325}}
Jul 19 23:33:49.348821 np0000005480 devstack@n-api-meta.service[95900]: DEBUG dbcounter [-] [95900] Writer thread running {{(pid=95900) stat_writer /opt/stack/data/venv/lib/python3.12/site-packages/dbcounter.py:102}}
Jul 19 23:33:49.353263 np0000005480 devstack@n-api-meta.service[95902]: DEBUG oslo_db.sqlalchemy.engines [None req-9268b694-efed-43a9-a55d-d277b73cee27 None None] MySQL server mode set to STRICT_TRANS_TABLES,STRICT_ALL_TABLES,NO_ZERO_IN_DATE,NO_ZERO_DATE,ERROR_FOR_DIVISION_BY_ZERO,TRADITIONAL,NO_ENGINE_SUBSTITUTION {{(pid=95902) _check_effective_sql_mode /opt/stack/data/venv/lib/python3.12/site-packages/oslo_db/sqlalchemy/engines.py:325}}
Jul 19 23:33:49.370840 np0000005480 devstack@n-api-meta.service[95903]: WARNING nova.api.metadata.handler [None req-d1c99196-7ec0-4f46-b4e6-a31369af3201 None None] metadata_proxy_shared_secret is not configured, the metadata information returned by the proxy cannot be trusted
Jul 19 23:33:49.373696 np0000005480 devstack@n-api-meta.service[95903]: DEBUG nova.api.openstack.wsgi_app [None req-d1c99196-7ec0-4f46-b4e6-a31369af3201 None None] ******************************************************************************** {{(pid=95903) log_opt_values /opt/stack/data/venv/lib/python3.12/site-packages/oslo_config/cfg.py:3226}}
Jul 19 23:33:49.374338 np0000005480 devstack@n-api-meta.service[95903]: DEBUG nova.api.openstack.wsgi_app [None req-d1c99196-7ec0-4f46-b4e6-a31369af3201 None None] Configuration options gathered from: {{(pid=95903) log_opt_values /opt/stack/data/venv/lib/python3.12/site-packages/oslo_config/cfg.py:3227}}
Jul 19 23:33:49.374338 np0000005480 devstack@n-api-meta.service[95903]: DEBUG nova.api.openstack.wsgi_app [None req-d1c99196-7ec0-4f46-b4e6-a31369af3201 None None] command line args: [] {{(pid=95903) log_opt_values /opt/stack/data/venv/lib/python3.12/site-packages/oslo_config/cfg.py:3228}}
Jul 19 23:33:49.374338 np0000005480 devstack@n-api-meta.service[95903]: DEBUG nova.api.openstack.wsgi_app [None req-d1c99196-7ec0-4f46-b4e6-a31369af3201 None None] config files: ['/etc/nova/api-paste.ini', '/etc/nova/nova.conf'] {{(pid=95903) log_opt_values /opt/stack/data/venv/lib/python3.12/site-packages/oslo_config/cfg.py:3229}}
Jul 19 23:33:49.374338 np0000005480 devstack@n-api-meta.service[95903]: DEBUG nova.api.openstack.wsgi_app [None req-d1c99196-7ec0-4f46-b4e6-a31369af3201 None None] ================================================================================ {{(pid=95903) log_opt_values /opt/stack/data/venv/lib/python3.12/site-packages/oslo_config/cfg.py:3234}}
Jul 19 23:33:49.374338 np0000005480 devstack@n-api-meta.service[95903]: DEBUG nova.api.openstack.wsgi_app [None req-d1c99196-7ec0-4f46-b4e6-a31369af3201 None None] allow_resize_to_same_host = True {{(pid=95903) log_opt_values /opt/stack/data/venv/lib/python3.12/site-packages/oslo_config/cfg.py:3242}}
Jul 19 23:33:49.374532 np0000005480 devstack@n-api-meta.service[95903]: DEBUG nova.api.openstack.wsgi_app [None req-d1c99196-7ec0-4f46-b4e6-a31369af3201 None None] arq_binding_timeout = 300 {{(pid=95903) log_opt_values /opt/stack/data/venv/lib/python3.12/site-packages/oslo_config/cfg.py:3242}}
Jul 19 23:33:49.374846 np0000005480 devstack@n-api-meta.service[95903]: DEBUG nova.api.openstack.wsgi_app [None req-d1c99196-7ec0-4f46-b4e6-a31369af3201 None None] block_device_allocate_retries = 60 {{(pid=95903) log_opt_values /opt/stack/data/venv/lib/python3.12/site-packages/oslo_config/cfg.py:3242}}
Jul 19 23:33:49.374846 np0000005480 devstack@n-api-meta.service[95903]: DEBUG nova.api.openstack.wsgi_app [None req-d1c99196-7ec0-4f46-b4e6-a31369af3201 None None] block_device_allocate_retries_interval = 3 {{(pid=95903) log_opt_values /opt/stack/data/venv/lib/python3.12/site-packages/oslo_config/cfg.py:3242}}
Jul 19 23:33:49.375531 np0000005480 devstack@n-api-meta.service[95903]: DEBUG nova.api.openstack.wsgi_app [None req-d1c99196-7ec0-4f46-b4e6-a31369af3201 None None] cell_worker_thread_pool_size = 5 {{(pid=95903) log_opt_values /opt/stack/data/venv/lib/python3.12/site-packages/oslo_config/cfg.py:3242}}
Jul 19 23:33:49.375531 np0000005480 devstack@n-api-meta.service[95903]: DEBUG nova.api.openstack.wsgi_app [None req-d1c99196-7ec0-4f46-b4e6-a31369af3201 None None] cert = self.pem {{(pid=95903) log_opt_values /opt/stack/data/venv/lib/python3.12/site-packages/oslo_config/cfg.py:3242}}
Jul 19 23:33:49.375531 np0000005480 devstack@n-api-meta.service[95903]: DEBUG nova.api.openstack.wsgi_app [None req-d1c99196-7ec0-4f46-b4e6-a31369af3201 None None] compute_driver = libvirt.LibvirtDriver {{(pid=95903) log_opt_values /opt/stack/data/venv/lib/python3.12/site-packages/oslo_config/cfg.py:3242}}
Jul 19 23:33:49.375531 np0000005480 devstack@n-api-meta.service[95903]: DEBUG nova.api.openstack.wsgi_app [None req-d1c99196-7ec0-4f46-b4e6-a31369af3201 None None] compute_monitors = [] {{(pid=95903) log_opt_values /opt/stack/data/venv/lib/python3.12/site-packages/oslo_config/cfg.py:3242}}
Jul 19 23:33:49.375531 np0000005480 devstack@n-api-meta.service[95903]: DEBUG nova.api.openstack.wsgi_app [None req-d1c99196-7ec0-4f46-b4e6-a31369af3201 None None] concurrency_backend = auto {{(pid=95903) log_opt_values /opt/stack/data/venv/lib/python3.12/site-packages/oslo_config/cfg.py:3242}}
Jul 19 23:33:49.375752 np0000005480 devstack@n-api-meta.service[95903]: DEBUG nova.api.openstack.wsgi_app [None req-d1c99196-7ec0-4f46-b4e6-a31369af3201 None None] config_dir = [] {{(pid=95903) log_opt_values /opt/stack/data/venv/lib/python3.12/site-packages/oslo_config/cfg.py:3242}}
Jul 19 23:33:49.376129 np0000005480 devstack@n-api-meta.service[95903]: DEBUG nova.api.openstack.wsgi_app [None req-d1c99196-7ec0-4f46-b4e6-a31369af3201 None None] config_drive_format = iso9660 {{(pid=95903) log_opt_values /opt/stack/data/venv/lib/python3.12/site-packages/oslo_config/cfg.py:3242}}
Jul 19 23:33:49.376129 np0000005480 devstack@n-api-meta.service[95903]: DEBUG nova.api.openstack.wsgi_app [None req-d1c99196-7ec0-4f46-b4e6-a31369af3201 None None] config_file = ['/etc/nova/api-paste.ini', '/etc/nova/nova.conf'] {{(pid=95903) log_opt_values /opt/stack/data/venv/lib/python3.12/site-packages/oslo_config/cfg.py:3242}}
Jul 19 23:33:49.376129 np0000005480 devstack@n-api-meta.service[95903]: DEBUG nova.api.openstack.wsgi_app [None req-d1c99196-7ec0-4f46-b4e6-a31369af3201 None None] config_source = [] {{(pid=95903) log_opt_values /opt/stack/data/venv/lib/python3.12/site-packages/oslo_config/cfg.py:3242}}
Jul 19 23:33:49.376746 np0000005480 devstack@n-api-meta.service[95903]: DEBUG nova.api.openstack.wsgi_app [None req-d1c99196-7ec0-4f46-b4e6-a31369af3201 None None] console_host = np0000005480 {{(pid=95903) log_opt_values /opt/stack/data/venv/lib/python3.12/site-packages/oslo_config/cfg.py:3242}}
Jul 19 23:33:49.376746 np0000005480 devstack@n-api-meta.service[95903]: DEBUG nova.api.openstack.wsgi_app [None req-d1c99196-7ec0-4f46-b4e6-a31369af3201 None None] control_exchange = nova {{(pid=95903) log_opt_values /opt/stack/data/venv/lib/python3.12/site-packages/oslo_config/cfg.py:3242}}
Jul 19 23:33:49.376746 np0000005480 devstack@n-api-meta.service[95903]: DEBUG nova.api.openstack.wsgi_app [None req-d1c99196-7ec0-4f46-b4e6-a31369af3201 None None] cpu_allocation_ratio = None {{(pid=95903) log_opt_values /opt/stack/data/venv/lib/python3.12/site-packages/oslo_config/cfg.py:3242}}
Jul 19 23:33:49.376746 np0000005480 devstack@n-api-meta.service[95903]: DEBUG nova.api.openstack.wsgi_app [None req-d1c99196-7ec0-4f46-b4e6-a31369af3201 None None] daemon = False {{(pid=95903) log_opt_values /opt/stack/data/venv/lib/python3.12/site-packages/oslo_config/cfg.py:3242}}
Jul 19 23:33:49.376746 np0000005480 devstack@n-api-meta.service[95903]: DEBUG nova.api.openstack.wsgi_app [None req-d1c99196-7ec0-4f46-b4e6-a31369af3201 None None] debug = True {{(pid=95903) log_opt_values /opt/stack/data/venv/lib/python3.12/site-packages/oslo_config/cfg.py:3242}}
Jul 19 23:33:49.377053 np0000005480 devstack@n-api-meta.service[95903]: DEBUG nova.api.openstack.wsgi_app [None req-d1c99196-7ec0-4f46-b4e6-a31369af3201 None None] default_access_ip_network_name = None {{(pid=95903) log_opt_values /opt/stack/data/venv/lib/python3.12/site-packages/oslo_config/cfg.py:3242}}
Jul 19 23:33:49.377053 np0000005480 devstack@n-api-meta.service[95903]: DEBUG nova.api.openstack.wsgi_app [None req-d1c99196-7ec0-4f46-b4e6-a31369af3201 None None] default_availability_zone = nova {{(pid=95903) log_opt_values /opt/stack/data/venv/lib/python3.12/site-packages/oslo_config/cfg.py:3242}}
Jul 19 23:33:49.377124 np0000005480 devstack@n-api-meta.service[95903]: DEBUG nova.api.openstack.wsgi_app [None req-d1c99196-7ec0-4f46-b4e6-a31369af3201 None None] default_ephemeral_format = ext4 {{(pid=95903) log_opt_values /opt/stack/data/venv/lib/python3.12/site-packages/oslo_config/cfg.py:3242}}
Jul 19 23:33:49.377341 np0000005480 devstack@n-api-meta.service[95903]: DEBUG nova.api.openstack.wsgi_app [None req-d1c99196-7ec0-4f46-b4e6-a31369af3201 None None] default_green_pool_size = 1000 {{(pid=95903) log_opt_values /opt/stack/data/venv/lib/python3.12/site-packages/oslo_config/cfg.py:3242}}
Jul 19 23:33:49.377701 np0000005480 devstack@n-api-meta.service[95903]: DEBUG nova.api.openstack.wsgi_app [None req-d1c99196-7ec0-4f46-b4e6-a31369af3201 None None] default_log_levels = ['amqp=WARN', 'boto=WARN', 'sqlalchemy=WARN', 'suds=INFO', 'oslo.messaging=INFO', 'oslo_messaging=INFO', 'iso8601=WARN', 'requests.packages.urllib3.connectionpool=WARN', 'urllib3.connectionpool=WARN', 'websocket=WARN', 'requests.packages.urllib3.util.retry=WARN', 'urllib3.util.retry=WARN', 'keystonemiddleware=WARN', 'routes.middleware=WARN', 'stevedore=WARN', 'taskflow=WARN', 'keystoneauth=WARN', 'oslo.cache=INFO', 'oslo_policy=INFO', 'dogpile.core.dogpile=INFO', 'glanceclient=WARN', 'oslo.privsep.daemon=INFO'] {{(pid=95903) log_opt_values /opt/stack/data/venv/lib/python3.12/site-packages/oslo_config/cfg.py:3242}}
Jul 19 23:33:49.378360 np0000005480 devstack@n-api-meta.service[95903]: DEBUG nova.api.openstack.wsgi_app [None req-d1c99196-7ec0-4f46-b4e6-a31369af3201 None None] default_schedule_zone = None {{(pid=95903) log_opt_values /opt/stack/data/venv/lib/python3.12/site-packages/oslo_config/cfg.py:3242}}
Jul 19 23:33:49.378360 np0000005480 devstack@n-api-meta.service[95903]: DEBUG nova.api.openstack.wsgi_app [None req-d1c99196-7ec0-4f46-b4e6-a31369af3201 None None] default_thread_pool_size = 10 {{(pid=95903) log_opt_values /opt/stack/data/venv/lib/python3.12/site-packages/oslo_config/cfg.py:3242}}
Jul 19 23:33:49.378360 np0000005480 devstack@n-api-meta.service[95903]: DEBUG nova.api.openstack.wsgi_app [None req-d1c99196-7ec0-4f46-b4e6-a31369af3201 None None] disk_allocation_ratio = None {{(pid=95903) log_opt_values /opt/stack/data/venv/lib/python3.12/site-packages/oslo_config/cfg.py:3242}}
Jul 19 23:33:49.378506 np0000005480 devstack@n-api-meta.service[95903]: DEBUG nova.api.openstack.wsgi_app [None req-d1c99196-7ec0-4f46-b4e6-a31369af3201 None None] enable_new_services = True {{(pid=95903) log_opt_values /opt/stack/data/venv/lib/python3.12/site-packages/oslo_config/cfg.py:3242}}
Jul 19 23:33:49.378583 np0000005480 devstack@n-api-meta.service[95903]: DEBUG nova.api.openstack.wsgi_app [None req-d1c99196-7ec0-4f46-b4e6-a31369af3201 None None] flat_injected = False {{(pid=95903) log_opt_values /opt/stack/data/venv/lib/python3.12/site-packages/oslo_config/cfg.py:3242}}
Jul 19 23:33:49.378804 np0000005480 devstack@n-api-meta.service[95903]: DEBUG nova.api.openstack.wsgi_app [None req-d1c99196-7ec0-4f46-b4e6-a31369af3201 None None] force_config_drive = True {{(pid=95903) log_opt_values /opt/stack/data/venv/lib/python3.12/site-packages/oslo_config/cfg.py:3242}}
Jul 19 23:33:49.379079 np0000005480 devstack@n-api-meta.service[95903]: DEBUG nova.api.openstack.wsgi_app [None req-d1c99196-7ec0-4f46-b4e6-a31369af3201 None None] force_raw_images = True {{(pid=95903) log_opt_values /opt/stack/data/venv/lib/python3.12/site-packages/oslo_config/cfg.py:3242}}
Jul 19 23:33:49.379331 np0000005480 devstack@n-api-meta.service[95903]: DEBUG nova.api.openstack.wsgi_app [None req-d1c99196-7ec0-4f46-b4e6-a31369af3201 None None] graceful_shutdown_timeout = 5 {{(pid=95903) log_opt_values /opt/stack/data/venv/lib/python3.12/site-packages/oslo_config/cfg.py:3242}}
Jul 19 23:33:49.379548 np0000005480 devstack@n-api-meta.service[95903]: DEBUG nova.api.openstack.wsgi_app [None req-d1c99196-7ec0-4f46-b4e6-a31369af3201 None None] heal_instance_info_cache_interval = -1 {{(pid=95903) log_opt_values /opt/stack/data/venv/lib/python3.12/site-packages/oslo_config/cfg.py:3242}}
Jul 19 23:33:49.379858 np0000005480 devstack@n-api-meta.service[95903]: DEBUG nova.api.openstack.wsgi_app [None req-d1c99196-7ec0-4f46-b4e6-a31369af3201 None None] host = np0000005480 {{(pid=95903) log_opt_values /opt/stack/data/venv/lib/python3.12/site-packages/oslo_config/cfg.py:3242}}
Jul 19 23:33:49.380084 np0000005480 devstack@n-api-meta.service[95903]: DEBUG nova.api.openstack.wsgi_app [None req-d1c99196-7ec0-4f46-b4e6-a31369af3201 None None] initial_cpu_allocation_ratio = 4.0 {{(pid=95903) log_opt_values /opt/stack/data/venv/lib/python3.12/site-packages/oslo_config/cfg.py:3242}}
Jul 19 23:33:49.380321 np0000005480 devstack@n-api-meta.service[95903]: DEBUG nova.api.openstack.wsgi_app [None req-d1c99196-7ec0-4f46-b4e6-a31369af3201 None None] initial_disk_allocation_ratio = 1.0 {{(pid=95903) log_opt_values /opt/stack/data/venv/lib/python3.12/site-packages/oslo_config/cfg.py:3242}}
Jul 19 23:33:49.380490 np0000005480 devstack@n-api-meta.service[95903]: DEBUG nova.api.openstack.wsgi_app [None req-d1c99196-7ec0-4f46-b4e6-a31369af3201 None None] initial_ram_allocation_ratio = 1.0 {{(pid=95903) log_opt_values /opt/stack/data/venv/lib/python3.12/site-packages/oslo_config/cfg.py:3242}}
Jul 19 23:33:49.380744 np0000005480 devstack@n-api-meta.service[95903]: DEBUG nova.api.openstack.wsgi_app [None req-d1c99196-7ec0-4f46-b4e6-a31369af3201 None None] injected_network_template = /opt/stack/nova/nova/virt/interfaces.template {{(pid=95903) log_opt_values /opt/stack/data/venv/lib/python3.12/site-packages/oslo_config/cfg.py:3242}}
Jul 19 23:33:49.380942 np0000005480 devstack@n-api-meta.service[95903]: DEBUG nova.api.openstack.wsgi_app [None req-d1c99196-7ec0-4f46-b4e6-a31369af3201 None None] instance_build_timeout = 0 {{(pid=95903) log_opt_values /opt/stack/data/venv/lib/python3.12/site-packages/oslo_config/cfg.py:3242}}
Jul 19 23:33:49.381136 np0000005480 devstack@n-api-meta.service[95903]: DEBUG nova.api.openstack.wsgi_app [None req-d1c99196-7ec0-4f46-b4e6-a31369af3201 None None] instance_delete_interval = 300 {{(pid=95903) log_opt_values /opt/stack/data/venv/lib/python3.12/site-packages/oslo_config/cfg.py:3242}}
Jul 19 23:33:49.381380 np0000005480 devstack@n-api-meta.service[95903]: DEBUG nova.api.openstack.wsgi_app [None req-d1c99196-7ec0-4f46-b4e6-a31369af3201 None None] instance_format = [instance: %(uuid)s] {{(pid=95903) log_opt_values /opt/stack/data/venv/lib/python3.12/site-packages/oslo_config/cfg.py:3242}}
Jul 19 23:33:49.381759 np0000005480 devstack@n-api-meta.service[95903]: DEBUG nova.api.openstack.wsgi_app [None req-d1c99196-7ec0-4f46-b4e6-a31369af3201 None None] instance_name_template = instance-%08x {{(pid=95903) log_opt_values /opt/stack/data/venv/lib/python3.12/site-packages/oslo_config/cfg.py:3242}}
Jul 19 23:33:49.381969 np0000005480 devstack@n-api-meta.service[95903]: DEBUG nova.api.openstack.wsgi_app [None req-d1c99196-7ec0-4f46-b4e6-a31369af3201 None None] instance_usage_audit = False {{(pid=95903) log_opt_values /opt/stack/data/venv/lib/python3.12/site-packages/oslo_config/cfg.py:3242}}
Jul 19 23:33:49.382322 np0000005480 devstack@n-api-meta.service[95903]: DEBUG nova.api.openstack.wsgi_app [None req-d1c99196-7ec0-4f46-b4e6-a31369af3201 None None] instance_usage_audit_period = month {{(pid=95903) log_opt_values /opt/stack/data/venv/lib/python3.12/site-packages/oslo_config/cfg.py:3242}}
Jul 19 23:33:49.382402 np0000005480 devstack@n-api-meta.service[95903]: DEBUG nova.api.openstack.wsgi_app [None req-d1c99196-7ec0-4f46-b4e6-a31369af3201 None None] instance_uuid_format = [instance: %(uuid)s] {{(pid=95903) log_opt_values /opt/stack/data/venv/lib/python3.12/site-packages/oslo_config/cfg.py:3242}}
Jul 19 23:33:49.382606 np0000005480 devstack@n-api-meta.service[95903]: DEBUG nova.api.openstack.wsgi_app [None req-d1c99196-7ec0-4f46-b4e6-a31369af3201 None None] instances_path = /opt/stack/data/nova/instances {{(pid=95903) log_opt_values /opt/stack/data/venv/lib/python3.12/site-packages/oslo_config/cfg.py:3242}}
Jul 19 23:33:49.382803 np0000005480 devstack@n-api-meta.service[95903]: DEBUG nova.api.openstack.wsgi_app [None req-d1c99196-7ec0-4f46-b4e6-a31369af3201 None None] internal_service_availability_zone = internal {{(pid=95903) log_opt_values /opt/stack/data/venv/lib/python3.12/site-packages/oslo_config/cfg.py:3242}}
Jul 19 23:33:49.382993 np0000005480 devstack@n-api-meta.service[95903]: DEBUG nova.api.openstack.wsgi_app [None req-d1c99196-7ec0-4f46-b4e6-a31369af3201 None None] key = None {{(pid=95903) log_opt_values /opt/stack/data/venv/lib/python3.12/site-packages/oslo_config/cfg.py:3242}}
Jul 19 23:33:49.383203 np0000005480 devstack@n-api-meta.service[95903]: DEBUG nova.api.openstack.wsgi_app [None req-d1c99196-7ec0-4f46-b4e6-a31369af3201 None None] live_migration_retry_count = 30 {{(pid=95903) log_opt_values /opt/stack/data/venv/lib/python3.12/site-packages/oslo_config/cfg.py:3242}}
Jul 19 23:33:49.383466 np0000005480 devstack@n-api-meta.service[95903]: DEBUG nova.api.openstack.wsgi_app [None req-d1c99196-7ec0-4f46-b4e6-a31369af3201 None None] log_color = False {{(pid=95903) log_opt_values /opt/stack/data/venv/lib/python3.12/site-packages/oslo_config/cfg.py:3242}}
Jul 19 23:33:49.383694 np0000005480 devstack@n-api-meta.service[95903]: DEBUG nova.api.openstack.wsgi_app [None req-d1c99196-7ec0-4f46-b4e6-a31369af3201 None None] log_config_append = None {{(pid=95903) log_opt_values /opt/stack/data/venv/lib/python3.12/site-packages/oslo_config/cfg.py:3242}}
Jul 19 23:33:49.383866 np0000005480 devstack@n-api-meta.service[95903]: DEBUG nova.api.openstack.wsgi_app [None req-d1c99196-7ec0-4f46-b4e6-a31369af3201 None None] log_date_format = %Y-%m-%d %H:%M:%S {{(pid=95903) log_opt_values /opt/stack/data/venv/lib/python3.12/site-packages/oslo_config/cfg.py:3242}}
Jul 19 23:33:49.384450 np0000005480 devstack@n-api-meta.service[95903]: DEBUG nova.api.openstack.wsgi_app [None req-d1c99196-7ec0-4f46-b4e6-a31369af3201 None None] log_dir = None {{(pid=95903) log_opt_values /opt/stack/data/venv/lib/python3.12/site-packages/oslo_config/cfg.py:3242}}
Jul 19 23:33:49.384450 np0000005480 devstack@n-api-meta.service[95903]: DEBUG nova.api.openstack.wsgi_app [None req-d1c99196-7ec0-4f46-b4e6-a31369af3201 None None] log_file = None {{(pid=95903) log_opt_values /opt/stack/data/venv/lib/python3.12/site-packages/oslo_config/cfg.py:3242}}
Jul 19 23:33:49.384450 np0000005480 devstack@n-api-meta.service[95903]: DEBUG nova.api.openstack.wsgi_app [None req-d1c99196-7ec0-4f46-b4e6-a31369af3201 None None] log_options = True {{(pid=95903) log_opt_values /opt/stack/data/venv/lib/python3.12/site-packages/oslo_config/cfg.py:3242}}
Jul 19 23:33:49.384678 np0000005480 devstack@n-api-meta.service[95903]: DEBUG nova.api.openstack.wsgi_app [None req-d1c99196-7ec0-4f46-b4e6-a31369af3201 None None] log_rotate_interval = 1 {{(pid=95903) log_opt_values /opt/stack/data/venv/lib/python3.12/site-packages/oslo_config/cfg.py:3242}}
Jul 19 23:33:49.384897 np0000005480 devstack@n-api-meta.service[95903]: DEBUG nova.api.openstack.wsgi_app [None req-d1c99196-7ec0-4f46-b4e6-a31369af3201 None None] log_rotate_interval_type = days {{(pid=95903) log_opt_values /opt/stack/data/venv/lib/python3.12/site-packages/oslo_config/cfg.py:3242}}
Jul 19 23:33:49.385050 np0000005480 devstack@n-api-meta.service[95903]: DEBUG nova.api.openstack.wsgi_app [None req-d1c99196-7ec0-4f46-b4e6-a31369af3201 None None] log_rotation_type = none {{(pid=95903) log_opt_values /opt/stack/data/venv/lib/python3.12/site-packages/oslo_config/cfg.py:3242}}
Jul 19 23:33:49.385204 np0000005480 devstack@n-api-meta.service[95903]: DEBUG nova.api.openstack.wsgi_app [None req-d1c99196-7ec0-4f46-b4e6-a31369af3201 None None] logging_context_format_string = %(color)s%(levelname)s %(name)s [%(global_request_id)s %(request_id)s %(project_name)s %(user_name)s%(color)s] %(instance)s%(color)s%(message)s {{(pid=95903) log_opt_values /opt/stack/data/venv/lib/python3.12/site-packages/oslo_config/cfg.py:3242}}
Jul 19 23:33:49.385387 np0000005480 devstack@n-api-meta.service[95903]: DEBUG nova.api.openstack.wsgi_app [None req-d1c99196-7ec0-4f46-b4e6-a31369af3201 None None] logging_debug_format_suffix = {{(pid=%(process)d) %(funcName)s %(pathname)s:%(lineno)d}} {{(pid=95903) log_opt_values /opt/stack/data/venv/lib/python3.12/site-packages/oslo_config/cfg.py:3242}}
Jul 19 23:33:49.385987 np0000005480 devstack@n-api-meta.service[95903]: DEBUG nova.api.openstack.wsgi_app [None req-d1c99196-7ec0-4f46-b4e6-a31369af3201 None None] logging_default_format_string = %(color)s%(levelname)s %(name)s [-%(color)s] %(instance)s%(color)s%(message)s {{(pid=95903) log_opt_values /opt/stack/data/venv/lib/python3.12/site-packages/oslo_config/cfg.py:3242}}
Jul 19 23:33:49.385987 np0000005480 devstack@n-api-meta.service[95903]: DEBUG nova.api.openstack.wsgi_app [None req-d1c99196-7ec0-4f46-b4e6-a31369af3201 None None] logging_exception_prefix = ERROR %(name)s %(instance)s {{(pid=95903) log_opt_values /opt/stack/data/venv/lib/python3.12/site-packages/oslo_config/cfg.py:3242}}
Jul 19 23:33:49.385987 np0000005480 devstack@n-api-meta.service[95903]: DEBUG nova.api.openstack.wsgi_app [None req-d1c99196-7ec0-4f46-b4e6-a31369af3201 None None] logging_user_identity_format = %(user)s %(project)s %(domain)s %(system_scope)s %(user_domain)s %(project_domain)s {{(pid=95903) log_opt_values /opt/stack/data/venv/lib/python3.12/site-packages/oslo_config/cfg.py:3242}}
Jul 19 23:33:49.385987 np0000005480 devstack@n-api-meta.service[95903]: DEBUG nova.api.openstack.wsgi_app [None req-d1c99196-7ec0-4f46-b4e6-a31369af3201 None None] long_rpc_timeout = 1800 {{(pid=95903) log_opt_values /opt/stack/data/venv/lib/python3.12/site-packages/oslo_config/cfg.py:3242}}
Jul 19 23:33:49.386806 np0000005480 devstack@n-api-meta.service[95903]: DEBUG nova.api.openstack.wsgi_app [None req-d1c99196-7ec0-4f46-b4e6-a31369af3201 None None] manager_shutdown_timeout = 160 {{(pid=95903) log_opt_values /opt/stack/data/venv/lib/python3.12/site-packages/oslo_config/cfg.py:3242}}
Jul 19 23:33:49.386806 np0000005480 devstack@n-api-meta.service[95903]: DEBUG nova.api.openstack.wsgi_app [None req-d1c99196-7ec0-4f46-b4e6-a31369af3201 None None] max_concurrent_builds = 10 {{(pid=95903) log_opt_values /opt/stack/data/venv/lib/python3.12/site-packages/oslo_config/cfg.py:3242}}
Jul 19 23:33:49.386806 np0000005480 devstack@n-api-meta.service[95903]: DEBUG nova.api.openstack.wsgi_app [None req-d1c99196-7ec0-4f46-b4e6-a31369af3201 None None] max_concurrent_live_migrations = 1 {{(pid=95903) log_opt_values /opt/stack/data/venv/lib/python3.12/site-packages/oslo_config/cfg.py:3242}}
