Jul 19 23:33:48.640591 np0000005480 nova-scheduler[96478]: DEBUG cotyledon.oslo_config_glue [-] workarounds.libvirt_disable_apic = False {{(pid=96478) log_opt_values /opt/stack/data/venv/lib/python3.12/site-packages/oslo_config/cfg.py:3253}}
Jul 19 23:33:48.640591 np0000005480 nova-scheduler[96478]: DEBUG cotyledon.oslo_config_glue [-] workarounds.never_download_image_if_on_rbd = False {{(pid=96478) log_opt_values /opt/stack/data/venv/lib/python3.12/site-packages/oslo_config/cfg.py:3253}}
Jul 19 23:33:48.640591 np0000005480 nova-scheduler[96478]: DEBUG cotyledon.oslo_config_glue [-] workarounds.qemu_monitor_announce_self_count = 3 {{(pid=96478) log_opt_values /opt/stack/data/venv/lib/python3.12/site-packages/oslo_config/cfg.py:3253}}
Jul 19 23:33:48.640845 np0000005480 nova-scheduler[96478]: DEBUG cotyledon.oslo_config_glue [-] workarounds.qemu_monitor_announce_self_interval = 1 {{(pid=96478) log_opt_values /opt/stack/data/venv/lib/python3.12/site-packages/oslo_config/cfg.py:3253}}
Jul 19 23:33:48.640845 np0000005480 nova-scheduler[96478]: DEBUG cotyledon.oslo_config_glue [-] workarounds.reserve_disk_resource_for_image_cache = False {{(pid=96478) log_opt_values /opt/stack/data/venv/lib/python3.12/site-packages/oslo_config/cfg.py:3253}}
Jul 19 23:33:48.640845 np0000005480 nova-scheduler[96478]: DEBUG cotyledon.oslo_config_glue [-] workarounds.skip_cpu_compare_at_startup = False {{(pid=96478) log_opt_values /opt/stack/data/venv/lib/python3.12/site-packages/oslo_config/cfg.py:3253}}
Jul 19 23:33:48.640845 np0000005480 nova-scheduler[96478]: DEBUG cotyledon.oslo_config_glue [-] workarounds.skip_cpu_compare_on_dest = False {{(pid=96478) log_opt_values /opt/stack/data/venv/lib/python3.12/site-packages/oslo_config/cfg.py:3253}}
Jul 19 23:33:48.640845 np0000005480 nova-scheduler[96478]: DEBUG cotyledon.oslo_config_glue [-] workarounds.skip_hypervisor_version_check_on_lm = False {{(pid=96478) log_opt_values /opt/stack/data/venv/lib/python3.12/site-packages/oslo_config/cfg.py:3253}}
Jul 19 23:33:48.640845 np0000005480 nova-scheduler[96478]: DEBUG cotyledon.oslo_config_glue [-] workarounds.skip_reserve_in_use_ironic_nodes = False {{(pid=96478) log_opt_values /opt/stack/data/venv/lib/python3.12/site-packages/oslo_config/cfg.py:3253}}
Jul 19 23:33:48.640845 np0000005480 nova-scheduler[96478]: DEBUG cotyledon.oslo_config_glue [-] workarounds.unified_limits_count_pcpu_as_vcpu = False {{(pid=96478) log_opt_values /opt/stack/data/venv/lib/python3.12/site-packages/oslo_config/cfg.py:3253}}
Jul 19 23:33:48.640845 np0000005480 nova-scheduler[96478]: DEBUG cotyledon.oslo_config_glue [-] workarounds.wait_for_vif_plugged_event_during_hard_reboot = [] {{(pid=96478) log_opt_values /opt/stack/data/venv/lib/python3.12/site-packages/oslo_config/cfg.py:3253}}
Jul 19 23:33:48.641099 np0000005480 nova-scheduler[96478]: DEBUG cotyledon.oslo_config_glue [-] wsgi.api_paste_config = /etc/nova/api-paste.ini {{(pid=96478) log_opt_values /opt/stack/data/venv/lib/python3.12/site-packages/oslo_config/cfg.py:3253}}
Jul 19 23:33:48.641099 np0000005480 nova-scheduler[96478]: DEBUG cotyledon.oslo_config_glue [-] wsgi.secure_proxy_ssl_header = None {{(pid=96478) log_opt_values /opt/stack/data/venv/lib/python3.12/site-packages/oslo_config/cfg.py:3253}}
Jul 19 23:33:48.641099 np0000005480 nova-scheduler[96478]: DEBUG cotyledon.oslo_config_glue [-] zvm.ca_file = None {{(pid=96478) log_opt_values /opt/stack/data/venv/lib/python3.12/site-packages/oslo_config/cfg.py:3253}}
Jul 19 23:33:48.641099 np0000005480 nova-scheduler[96478]: DEBUG cotyledon.oslo_config_glue [-] zvm.cloud_connector_url = None {{(pid=96478) log_opt_values /opt/stack/data/venv/lib/python3.12/site-packages/oslo_config/cfg.py:3253}}
Jul 19 23:33:48.641099 np0000005480 nova-scheduler[96478]: DEBUG cotyledon.oslo_config_glue [-] zvm.image_tmp_path = /opt/stack/data/nova/images {{(pid=96478) log_opt_values /opt/stack/data/venv/lib/python3.12/site-packages/oslo_config/cfg.py:3253}}
Jul 19 23:33:48.641099 np0000005480 nova-scheduler[96478]: DEBUG cotyledon.oslo_config_glue [-] zvm.reachable_timeout = 300 {{(pid=96478) log_opt_values /opt/stack/data/venv/lib/python3.12/site-packages/oslo_config/cfg.py:3253}}
Jul 19 23:33:48.641099 np0000005480 nova-scheduler[96478]: DEBUG cotyledon.oslo_config_glue [-] oslo_versionedobjects.fatal_exception_format_errors = False {{(pid=96478) log_opt_values /opt/stack/data/venv/lib/python3.12/site-packages/oslo_config/cfg.py:3253}}
Jul 19 23:33:48.641099 np0000005480 nova-scheduler[96478]: DEBUG cotyledon.oslo_config_glue [-] oslo_middleware.http_basic_auth_user_file = /etc/htpasswd {{(pid=96478) log_opt_values /opt/stack/data/venv/lib/python3.12/site-packages/oslo_config/cfg.py:3253}}
Jul 19 23:33:48.641099 np0000005480 nova-scheduler[96478]: DEBUG cotyledon.oslo_config_glue [-] oslo_messaging_metrics.metrics_buffer_size = 1000 {{(pid=96478) log_opt_values /opt/stack/data/venv/lib/python3.12/site-packages/oslo_config/cfg.py:3253}}
Jul 19 23:33:48.641436 np0000005480 nova-scheduler[96478]: DEBUG cotyledon.oslo_config_glue [-] oslo_messaging_metrics.metrics_enabled = False {{(pid=96478) log_opt_values /opt/stack/data/venv/lib/python3.12/site-packages/oslo_config/cfg.py:3253}}
Jul 19 23:33:48.641436 np0000005480 nova-scheduler[96478]: DEBUG cotyledon.oslo_config_glue [-] oslo_messaging_metrics.metrics_process_name = {{(pid=96478) log_opt_values /opt/stack/data/venv/lib/python3.12/site-packages/oslo_config/cfg.py:3253}}
Jul 19 23:33:48.641436 np0000005480 nova-scheduler[96478]: DEBUG cotyledon.oslo_config_glue [-] oslo_messaging_metrics.metrics_socket_file = /var/tmp/metrics_collector.sock {{(pid=96478) log_opt_values /opt/stack/data/venv/lib/python3.12/site-packages/oslo_config/cfg.py:3253}}
Jul 19 23:33:48.641436 np0000005480 nova-scheduler[96478]: DEBUG cotyledon.oslo_config_glue [-] oslo_messaging_metrics.metrics_thread_stop_timeout = 10 {{(pid=96478) log_opt_values /opt/stack/data/venv/lib/python3.12/site-packages/oslo_config/cfg.py:3253}}
Jul 19 23:33:48.641436 np0000005480 nova-scheduler[96478]: DEBUG cotyledon.oslo_config_glue [-] profiler.connection_string = messaging:// {{(pid=96478) log_opt_values /opt/stack/data/venv/lib/python3.12/site-packages/oslo_config/cfg.py:3253}}
Jul 19 23:33:48.641436 np0000005480 nova-scheduler[96478]: DEBUG cotyledon.oslo_config_glue [-] profiler.enabled = False {{(pid=96478) log_opt_values /opt/stack/data/venv/lib/python3.12/site-packages/oslo_config/cfg.py:3253}}
Jul 19 23:33:48.641436 np0000005480 nova-scheduler[96478]: DEBUG cotyledon.oslo_config_glue [-] profiler.es_doc_type = notification {{(pid=96478) log_opt_values /opt/stack/data/venv/lib/python3.12/site-packages/oslo_config/cfg.py:3253}}
Jul 19 23:33:48.641436 np0000005480 nova-scheduler[96478]: DEBUG cotyledon.oslo_config_glue [-] profiler.es_scroll_size = 10000 {{(pid=96478) log_opt_values /opt/stack/data/venv/lib/python3.12/site-packages/oslo_config/cfg.py:3253}}
Jul 19 23:33:48.641436 np0000005480 nova-scheduler[96478]: DEBUG cotyledon.oslo_config_glue [-] profiler.es_scroll_time = 2m {{(pid=96478) log_opt_values /opt/stack/data/venv/lib/python3.12/site-packages/oslo_config/cfg.py:3253}}
Jul 19 23:33:48.641714 np0000005480 nova-scheduler[96478]: DEBUG cotyledon.oslo_config_glue [-] profiler.filter_error_trace = False {{(pid=96478) log_opt_values /opt/stack/data/venv/lib/python3.12/site-packages/oslo_config/cfg.py:3253}}
Jul 19 23:33:48.641714 np0000005480 nova-scheduler[96478]: DEBUG cotyledon.oslo_config_glue [-] profiler.hmac_keys = **** {{(pid=96478) log_opt_values /opt/stack/data/venv/lib/python3.12/site-packages/oslo_config/cfg.py:3253}}
Jul 19 23:33:48.641714 np0000005480 nova-scheduler[96478]: DEBUG cotyledon.oslo_config_glue [-] profiler.sentinel_service_name = mymaster {{(pid=96478) log_opt_values /opt/stack/data/venv/lib/python3.12/site-packages/oslo_config/cfg.py:3253}}
Jul 19 23:33:48.641714 np0000005480 nova-scheduler[96478]: DEBUG cotyledon.oslo_config_glue [-] profiler.socket_timeout = 0.1 {{(pid=96478) log_opt_values /opt/stack/data/venv/lib/python3.12/site-packages/oslo_config/cfg.py:3253}}
Jul 19 23:33:48.641714 np0000005480 nova-scheduler[96478]: DEBUG cotyledon.oslo_config_glue [-] profiler.trace_requests = False {{(pid=96478) log_opt_values /opt/stack/data/venv/lib/python3.12/site-packages/oslo_config/cfg.py:3253}}
Jul 19 23:33:48.641714 np0000005480 nova-scheduler[96478]: DEBUG cotyledon.oslo_config_glue [-] profiler.trace_sqlalchemy = False {{(pid=96478) log_opt_values /opt/stack/data/venv/lib/python3.12/site-packages/oslo_config/cfg.py:3253}}
Jul 19 23:33:48.641714 np0000005480 nova-scheduler[96478]: DEBUG cotyledon.oslo_config_glue [-] profiler_jaeger.process_tags = {} {{(pid=96478) log_opt_values /opt/stack/data/venv/lib/python3.12/site-packages/oslo_config/cfg.py:3253}}
Jul 19 23:33:48.641714 np0000005480 nova-scheduler[96478]: DEBUG cotyledon.oslo_config_glue [-] profiler_jaeger.service_name_prefix = None {{(pid=96478) log_opt_values /opt/stack/data/venv/lib/python3.12/site-packages/oslo_config/cfg.py:3253}}
Jul 19 23:33:48.641714 np0000005480 nova-scheduler[96478]: DEBUG cotyledon.oslo_config_glue [-] profiler_otlp.service_name_prefix = None {{(pid=96478) log_opt_values /opt/stack/data/venv/lib/python3.12/site-packages/oslo_config/cfg.py:3253}}
Jul 19 23:33:48.641980 np0000005480 nova-scheduler[96478]: DEBUG cotyledon.oslo_config_glue [-] oslo_messaging_rabbit.amqp_auto_delete = False {{(pid=96478) log_opt_values /opt/stack/data/venv/lib/python3.12/site-packages/oslo_config/cfg.py:3253}}
Jul 19 23:33:48.641980 np0000005480 nova-scheduler[96478]: DEBUG cotyledon.oslo_config_glue [-] oslo_messaging_rabbit.amqp_durable_queues = False {{(pid=96478) log_opt_values /opt/stack/data/venv/lib/python3.12/site-packages/oslo_config/cfg.py:3253}}
Jul 19 23:33:48.641980 np0000005480 nova-scheduler[96478]: DEBUG cotyledon.oslo_config_glue [-] oslo_messaging_rabbit.conn_pool_min_size = 2 {{(pid=96478) log_opt_values /opt/stack/data/venv/lib/python3.12/site-packages/oslo_config/cfg.py:3253}}
Jul 19 23:33:48.641980 np0000005480 nova-scheduler[96478]: DEBUG cotyledon.oslo_config_glue [-] oslo_messaging_rabbit.conn_pool_ttl = 1200 {{(pid=96478) log_opt_values /opt/stack/data/venv/lib/python3.12/site-packages/oslo_config/cfg.py:3253}}
Jul 19 23:33:48.641980 np0000005480 nova-scheduler[96478]: DEBUG cotyledon.oslo_config_glue [-] oslo_messaging_rabbit.direct_mandatory_flag = True {{(pid=96478) log_opt_values /opt/stack/data/venv/lib/python3.12/site-packages/oslo_config/cfg.py:3253}}
Jul 19 23:33:48.641980 np0000005480 nova-scheduler[96478]: DEBUG cotyledon.oslo_config_glue [-] oslo_messaging_rabbit.enable_cancel_on_failover = False {{(pid=96478) log_opt_values /opt/stack/data/venv/lib/python3.12/site-packages/oslo_config/cfg.py:3253}}
Jul 19 23:33:48.641980 np0000005480 nova-scheduler[96478]: DEBUG cotyledon.oslo_config_glue [-] oslo_messaging_rabbit.heartbeat_rate = 3 {{(pid=96478) log_opt_values /opt/stack/data/venv/lib/python3.12/site-packages/oslo_config/cfg.py:3253}}
Jul 19 23:33:48.641980 np0000005480 nova-scheduler[96478]: DEBUG cotyledon.oslo_config_glue [-] oslo_messaging_rabbit.heartbeat_timeout_threshold = 60 {{(pid=96478) log_opt_values /opt/stack/data/venv/lib/python3.12/site-packages/oslo_config/cfg.py:3253}}
Jul 19 23:33:48.641980 np0000005480 nova-scheduler[96478]: DEBUG cotyledon.oslo_config_glue [-] oslo_messaging_rabbit.hostname = np0000005480 {{(pid=96478) log_opt_values /opt/stack/data/venv/lib/python3.12/site-packages/oslo_config/cfg.py:3253}}
Jul 19 23:33:48.642298 np0000005480 nova-scheduler[96478]: DEBUG cotyledon.oslo_config_glue [-] oslo_messaging_rabbit.kombu_compression = None {{(pid=96478) log_opt_values /opt/stack/data/venv/lib/python3.12/site-packages/oslo_config/cfg.py:3253}}
Jul 19 23:33:48.642298 np0000005480 nova-scheduler[96478]: DEBUG cotyledon.oslo_config_glue [-] oslo_messaging_rabbit.kombu_failover_strategy = round-robin {{(pid=96478) log_opt_values /opt/stack/data/venv/lib/python3.12/site-packages/oslo_config/cfg.py:3253}}
Jul 19 23:33:48.642298 np0000005480 nova-scheduler[96478]: DEBUG cotyledon.oslo_config_glue [-] oslo_messaging_rabbit.kombu_missing_consumer_retry_timeout = 60 {{(pid=96478) log_opt_values /opt/stack/data/venv/lib/python3.12/site-packages/oslo_config/cfg.py:3253}}
Jul 19 23:33:48.642298 np0000005480 nova-scheduler[96478]: DEBUG cotyledon.oslo_config_glue [-] oslo_messaging_rabbit.kombu_reconnect_delay = 1.0 {{(pid=96478) log_opt_values /opt/stack/data/venv/lib/python3.12/site-packages/oslo_config/cfg.py:3253}}
Jul 19 23:33:48.642298 np0000005480 nova-scheduler[96478]: DEBUG cotyledon.oslo_config_glue [-] oslo_messaging_rabbit.kombu_reconnect_splay = 0.0 {{(pid=96478) log_opt_values /opt/stack/data/venv/lib/python3.12/site-packages/oslo_config/cfg.py:3253}}
Jul 19 23:33:48.642298 np0000005480 nova-scheduler[96478]: DEBUG cotyledon.oslo_config_glue [-] oslo_messaging_rabbit.processname = nova-scheduler {{(pid=96478) log_opt_values /opt/stack/data/venv/lib/python3.12/site-packages/oslo_config/cfg.py:3253}}
Jul 19 23:33:48.642298 np0000005480 nova-scheduler[96478]: DEBUG cotyledon.oslo_config_glue [-] oslo_messaging_rabbit.rabbit_ha_queues = False {{(pid=96478) log_opt_values /opt/stack/data/venv/lib/python3.12/site-packages/oslo_config/cfg.py:3253}}
Jul 19 23:33:48.642298 np0000005480 nova-scheduler[96478]: DEBUG cotyledon.oslo_config_glue [-] oslo_messaging_rabbit.rabbit_interval_max = 30 {{(pid=96478) log_opt_values /opt/stack/data/venv/lib/python3.12/site-packages/oslo_config/cfg.py:3253}}
Jul 19 23:33:48.642298 np0000005480 nova-scheduler[96478]: DEBUG cotyledon.oslo_config_glue [-] oslo_messaging_rabbit.rabbit_login_method = AMQPLAIN {{(pid=96478) log_opt_values /opt/stack/data/venv/lib/python3.12/site-packages/oslo_config/cfg.py:3253}}
Jul 19 23:33:48.642558 np0000005480 nova-scheduler[96478]: DEBUG cotyledon.oslo_config_glue [-] oslo_messaging_rabbit.rabbit_qos_prefetch_count = 0 {{(pid=96478) log_opt_values /opt/stack/data/venv/lib/python3.12/site-packages/oslo_config/cfg.py:3253}}
Jul 19 23:33:48.642558 np0000005480 nova-scheduler[96478]: DEBUG cotyledon.oslo_config_glue [-] oslo_messaging_rabbit.rabbit_quorum_delivery_limit = 0 {{(pid=96478) log_opt_values /opt/stack/data/venv/lib/python3.12/site-packages/oslo_config/cfg.py:3253}}
Jul 19 23:33:48.642558 np0000005480 nova-scheduler[96478]: DEBUG cotyledon.oslo_config_glue [-] oslo_messaging_rabbit.rabbit_quorum_max_memory_bytes = 0 {{(pid=96478) log_opt_values /opt/stack/data/venv/lib/python3.12/site-packages/oslo_config/cfg.py:3253}}
Jul 19 23:33:48.642558 np0000005480 nova-scheduler[96478]: DEBUG cotyledon.oslo_config_glue [-] oslo_messaging_rabbit.rabbit_quorum_max_memory_length = 0 {{(pid=96478) log_opt_values /opt/stack/data/venv/lib/python3.12/site-packages/oslo_config/cfg.py:3253}}
Jul 19 23:33:48.642558 np0000005480 nova-scheduler[96478]: DEBUG cotyledon.oslo_config_glue [-] oslo_messaging_rabbit.rabbit_quorum_queue = False {{(pid=96478) log_opt_values /opt/stack/data/venv/lib/python3.12/site-packages/oslo_config/cfg.py:3253}}
Jul 19 23:33:48.642558 np0000005480 nova-scheduler[96478]: DEBUG cotyledon.oslo_config_glue [-] oslo_messaging_rabbit.rabbit_retry_backoff = 2 {{(pid=96478) log_opt_values /opt/stack/data/venv/lib/python3.12/site-packages/oslo_config/cfg.py:3253}}
Jul 19 23:33:48.642558 np0000005480 nova-scheduler[96478]: DEBUG cotyledon.oslo_config_glue [-] oslo_messaging_rabbit.rabbit_retry_interval = 1 {{(pid=96478) log_opt_values /opt/stack/data/venv/lib/python3.12/site-packages/oslo_config/cfg.py:3253}}
Jul 19 23:33:48.642558 np0000005480 nova-scheduler[96478]: DEBUG cotyledon.oslo_config_glue [-] oslo_messaging_rabbit.rabbit_stream_fanout = False {{(pid=96478) log_opt_values /opt/stack/data/venv/lib/python3.12/site-packages/oslo_config/cfg.py:3253}}
Jul 19 23:33:48.642832 np0000005480 nova-scheduler[96478]: DEBUG cotyledon.oslo_config_glue [-] oslo_messaging_rabbit.rabbit_transient_queues_ttl = 1800 {{(pid=96478) log_opt_values /opt/stack/data/venv/lib/python3.12/site-packages/oslo_config/cfg.py:3253}}
Jul 19 23:33:48.642832 np0000005480 nova-scheduler[96478]: DEBUG cotyledon.oslo_config_glue [-] oslo_messaging_rabbit.rabbit_transient_quorum_queue = False {{(pid=96478) log_opt_values /opt/stack/data/venv/lib/python3.12/site-packages/oslo_config/cfg.py:3253}}
Jul 19 23:33:48.642832 np0000005480 nova-scheduler[96478]: DEBUG cotyledon.oslo_config_glue [-] oslo_messaging_rabbit.rpc_conn_pool_size = 30 {{(pid=96478) log_opt_values /opt/stack/data/venv/lib/python3.12/site-packages/oslo_config/cfg.py:3253}}
Jul 19 23:33:48.642832 np0000005480 nova-scheduler[96478]: DEBUG cotyledon.oslo_config_glue [-] oslo_messaging_rabbit.ssl = False {{(pid=96478) log_opt_values /opt/stack/data/venv/lib/python3.12/site-packages/oslo_config/cfg.py:3253}}
Jul 19 23:33:48.642832 np0000005480 nova-scheduler[96478]: DEBUG cotyledon.oslo_config_glue [-] oslo_messaging_rabbit.ssl_ca_file = {{(pid=96478) log_opt_values /opt/stack/data/venv/lib/python3.12/site-packages/oslo_config/cfg.py:3253}}
Jul 19 23:33:48.642832 np0000005480 nova-scheduler[96478]: DEBUG cotyledon.oslo_config_glue [-] oslo_messaging_rabbit.ssl_cert_file = {{(pid=96478) log_opt_values /opt/stack/data/venv/lib/python3.12/site-packages/oslo_config/cfg.py:3253}}
Jul 19 23:33:48.642832 np0000005480 nova-scheduler[96478]: DEBUG cotyledon.oslo_config_glue [-] oslo_messaging_rabbit.ssl_enforce_fips_mode = False {{(pid=96478) log_opt_values /opt/stack/data/venv/lib/python3.12/site-packages/oslo_config/cfg.py:3253}}
Jul 19 23:33:48.642832 np0000005480 nova-scheduler[96478]: DEBUG cotyledon.oslo_config_glue [-] oslo_messaging_rabbit.ssl_enforce_hostname_verification = True {{(pid=96478) log_opt_values /opt/stack/data/venv/lib/python3.12/site-packages/oslo_config/cfg.py:3253}}
Jul 19 23:33:48.642832 np0000005480 nova-scheduler[96478]: DEBUG cotyledon.oslo_config_glue [-] oslo_messaging_rabbit.ssl_key_file = {{(pid=96478) log_opt_values /opt/stack/data/venv/lib/python3.12/site-packages/oslo_config/cfg.py:3253}}
Jul 19 23:33:48.643188 np0000005480 nova-scheduler[96478]: DEBUG cotyledon.oslo_config_glue [-] oslo_messaging_rabbit.ssl_version = {{(pid=96478) log_opt_values /opt/stack/data/venv/lib/python3.12/site-packages/oslo_config/cfg.py:3253}}
Jul 19 23:33:48.643188 np0000005480 nova-scheduler[96478]: DEBUG cotyledon.oslo_config_glue [-] oslo_messaging_rabbit.use_queue_manager = False {{(pid=96478) log_opt_values /opt/stack/data/venv/lib/python3.12/site-packages/oslo_config/cfg.py:3253}}
Jul 19 23:33:48.643188 np0000005480 nova-scheduler[96478]: DEBUG cotyledon.oslo_config_glue [-] oslo_messaging_notifications.driver = ['messagingv2'] {{(pid=96478) log_opt_values /opt/stack/data/venv/lib/python3.12/site-packages/oslo_config/cfg.py:3253}}
Jul 19 23:33:48.643188 np0000005480 nova-scheduler[96478]: DEBUG cotyledon.oslo_config_glue [-] oslo_messaging_notifications.retry = -1 {{(pid=96478) log_opt_values /opt/stack/data/venv/lib/python3.12/site-packages/oslo_config/cfg.py:3253}}
Jul 19 23:33:48.643188 np0000005480 nova-scheduler[96478]: DEBUG cotyledon.oslo_config_glue [-] oslo_messaging_notifications.topics = ['notifications'] {{(pid=96478) log_opt_values /opt/stack/data/venv/lib/python3.12/site-packages/oslo_config/cfg.py:3253}}
Jul 19 23:33:48.643188 np0000005480 nova-scheduler[96478]: DEBUG cotyledon.oslo_config_glue [-] oslo_messaging_notifications.transport_url = **** {{(pid=96478) log_opt_values /opt/stack/data/venv/lib/python3.12/site-packages/oslo_config/cfg.py:3253}}
Jul 19 23:33:48.643188 np0000005480 nova-scheduler[96478]: DEBUG cotyledon.oslo_config_glue [-] oslo_limit.auth_section = None {{(pid=96478) log_opt_values /opt/stack/data/venv/lib/python3.12/site-packages/oslo_config/cfg.py:3253}}
Jul 19 23:33:48.643188 np0000005480 nova-scheduler[96478]: DEBUG cotyledon.oslo_config_glue [-] oslo_limit.auth_type = None {{(pid=96478) log_opt_values /opt/stack/data/venv/lib/python3.12/site-packages/oslo_config/cfg.py:3253}}
Jul 19 23:33:48.643188 np0000005480 nova-scheduler[96478]: DEBUG cotyledon.oslo_config_glue [-] oslo_limit.cafile = None {{(pid=96478) log_opt_values /opt/stack/data/venv/lib/python3.12/site-packages/oslo_config/cfg.py:3253}}
Jul 19 23:33:48.643514 np0000005480 nova-scheduler[96478]: DEBUG cotyledon.oslo_config_glue [-] oslo_limit.certfile = None {{(pid=96478) log_opt_values /opt/stack/data/venv/lib/python3.12/site-packages/oslo_config/cfg.py:3253}}
Jul 19 23:33:48.643514 np0000005480 nova-scheduler[96478]: DEBUG cotyledon.oslo_config_glue [-] oslo_limit.collect_timing = False {{(pid=96478) log_opt_values /opt/stack/data/venv/lib/python3.12/site-packages/oslo_config/cfg.py:3253}}
Jul 19 23:33:48.643514 np0000005480 nova-scheduler[96478]: DEBUG cotyledon.oslo_config_glue [-] oslo_limit.connect_retries = None {{(pid=96478) log_opt_values /opt/stack/data/venv/lib/python3.12/site-packages/oslo_config/cfg.py:3253}}
Jul 19 23:33:48.643514 np0000005480 nova-scheduler[96478]: DEBUG cotyledon.oslo_config_glue [-] oslo_limit.connect_retry_delay = None {{(pid=96478) log_opt_values /opt/stack/data/venv/lib/python3.12/site-packages/oslo_config/cfg.py:3253}}
Jul 19 23:33:48.643514 np0000005480 nova-scheduler[96478]: DEBUG cotyledon.oslo_config_glue [-] oslo_limit.endpoint_id = None {{(pid=96478) log_opt_values /opt/stack/data/venv/lib/python3.12/site-packages/oslo_config/cfg.py:3253}}
Jul 19 23:33:48.643514 np0000005480 nova-scheduler[96478]: DEBUG cotyledon.oslo_config_glue [-] oslo_limit.endpoint_interface = public {{(pid=96478) log_opt_values /opt/stack/data/venv/lib/python3.12/site-packages/oslo_config/cfg.py:3253}}
Jul 19 23:33:48.643514 np0000005480 nova-scheduler[96478]: DEBUG cotyledon.oslo_config_glue [-] oslo_limit.endpoint_override = None {{(pid=96478) log_opt_values /opt/stack/data/venv/lib/python3.12/site-packages/oslo_config/cfg.py:3253}}
Jul 19 23:33:48.643514 np0000005480 nova-scheduler[96478]: DEBUG cotyledon.oslo_config_glue [-] oslo_limit.endpoint_region_name = None {{(pid=96478) log_opt_values /opt/stack/data/venv/lib/python3.12/site-packages/oslo_config/cfg.py:3253}}
Jul 19 23:33:48.643514 np0000005480 nova-scheduler[96478]: DEBUG cotyledon.oslo_config_glue [-] oslo_limit.endpoint_service_name = None {{(pid=96478) log_opt_values /opt/stack/data/venv/lib/python3.12/site-packages/oslo_config/cfg.py:3253}}
Jul 19 23:33:48.643821 np0000005480 nova-scheduler[96478]: DEBUG cotyledon.oslo_config_glue [-] oslo_limit.endpoint_service_type = None {{(pid=96478) log_opt_values /opt/stack/data/venv/lib/python3.12/site-packages/oslo_config/cfg.py:3253}}
Jul 19 23:33:48.643821 np0000005480 nova-scheduler[96478]: DEBUG cotyledon.oslo_config_glue [-] oslo_limit.insecure = False {{(pid=96478) log_opt_values /opt/stack/data/venv/lib/python3.12/site-packages/oslo_config/cfg.py:3253}}
Jul 19 23:33:48.643821 np0000005480 nova-scheduler[96478]: DEBUG cotyledon.oslo_config_glue [-] oslo_limit.keyfile = None {{(pid=96478) log_opt_values /opt/stack/data/venv/lib/python3.12/site-packages/oslo_config/cfg.py:3253}}
Jul 19 23:33:48.643920 np0000005480 nova-scheduler[96472]: DEBUG oslo_db.sqlalchemy.engines [None req-745cdf34-86bb-4ad6-b646-640cc2d893a0 None None] MySQL server mode set to STRICT_TRANS_TABLES,STRICT_ALL_TABLES,NO_ZERO_IN_DATE,NO_ZERO_DATE,ERROR_FOR_DIVISION_BY_ZERO,TRADITIONAL,NO_ENGINE_SUBSTITUTION {{(pid=96472) _check_effective_sql_mode /opt/stack/data/venv/lib/python3.12/site-packages/oslo_db/sqlalchemy/engines.py:325}}
Jul 19 23:33:48.643970 np0000005480 nova-scheduler[96478]: DEBUG cotyledon.oslo_config_glue [-] oslo_limit.max_version = None {{(pid=96478) log_opt_values /opt/stack/data/venv/lib/python3.12/site-packages/oslo_config/cfg.py:3253}}
Jul 19 23:33:48.643970 np0000005480 nova-scheduler[96478]: DEBUG cotyledon.oslo_config_glue [-] oslo_limit.min_version = None {{(pid=96478) log_opt_values /opt/stack/data/venv/lib/python3.12/site-packages/oslo_config/cfg.py:3253}}
Jul 19 23:33:48.643970 np0000005480 nova-scheduler[96478]: DEBUG cotyledon.oslo_config_glue [-] oslo_limit.region_name = None {{(pid=96478) log_opt_values /opt/stack/data/venv/lib/python3.12/site-packages/oslo_config/cfg.py:3253}}
Jul 19 23:33:48.643970 np0000005480 nova-scheduler[96478]: DEBUG cotyledon.oslo_config_glue [-] oslo_limit.retriable_status_codes = None {{(pid=96478) log_opt_values /opt/stack/data/venv/lib/python3.12/site-packages/oslo_config/cfg.py:3253}}
Jul 19 23:33:48.643970 np0000005480 nova-scheduler[96478]: DEBUG cotyledon.oslo_config_glue [-] oslo_limit.service_name = None {{(pid=96478) log_opt_values /opt/stack/data/venv/lib/python3.12/site-packages/oslo_config/cfg.py:3253}}
Jul 19 23:33:48.643970 np0000005480 nova-scheduler[96478]: DEBUG cotyledon.oslo_config_glue [-] oslo_limit.service_type = None {{(pid=96478) log_opt_values /opt/stack/data/venv/lib/python3.12/site-packages/oslo_config/cfg.py:3253}}
Jul 19 23:33:48.643970 np0000005480 nova-scheduler[96478]: DEBUG cotyledon.oslo_config_glue [-] oslo_limit.split_loggers = False {{(pid=96478) log_opt_values /opt/stack/data/venv/lib/python3.12/site-packages/oslo_config/cfg.py:3253}}
Jul 19 23:33:48.643970 np0000005480 nova-scheduler[96478]: DEBUG cotyledon.oslo_config_glue [-] oslo_limit.status_code_retries = None {{(pid=96478) log_opt_values /opt/stack/data/venv/lib/python3.12/site-packages/oslo_config/cfg.py:3253}}
Jul 19 23:33:48.643970 np0000005480 nova-scheduler[96478]: DEBUG cotyledon.oslo_config_glue [-] oslo_limit.status_code_retry_delay = None {{(pid=96478) log_opt_values /opt/stack/data/venv/lib/python3.12/site-packages/oslo_config/cfg.py:3253}}
Jul 19 23:33:48.644428 np0000005480 nova-scheduler[96478]: DEBUG cotyledon.oslo_config_glue [-] oslo_limit.timeout = None {{(pid=96478) log_opt_values /opt/stack/data/venv/lib/python3.12/site-packages/oslo_config/cfg.py:3253}}
Jul 19 23:33:48.644428 np0000005480 nova-scheduler[96478]: DEBUG cotyledon.oslo_config_glue [-] oslo_limit.valid_interfaces = None {{(pid=96478) log_opt_values /opt/stack/data/venv/lib/python3.12/site-packages/oslo_config/cfg.py:3253}}
Jul 19 23:33:48.644428 np0000005480 nova-scheduler[96478]: DEBUG cotyledon.oslo_config_glue [-] oslo_limit.version = None {{(pid=96478) log_opt_values /opt/stack/data/venv/lib/python3.12/site-packages/oslo_config/cfg.py:3253}}
Jul 19 23:33:48.644428 np0000005480 nova-scheduler[96478]: DEBUG cotyledon.oslo_config_glue [-] oslo_reports.file_event_handler = None {{(pid=96478) log_opt_values /opt/stack/data/venv/lib/python3.12/site-packages/oslo_config/cfg.py:3253}}
Jul 19 23:33:48.644428 np0000005480 nova-scheduler[96478]: DEBUG cotyledon.oslo_config_glue [-] oslo_reports.file_event_handler_interval = 1 {{(pid=96478) log_opt_values /opt/stack/data/venv/lib/python3.12/site-packages/oslo_config/cfg.py:3253}}
Jul 19 23:33:48.644428 np0000005480 nova-scheduler[96478]: DEBUG cotyledon.oslo_config_glue [-] oslo_reports.log_dir = None {{(pid=96478) log_opt_values /opt/stack/data/venv/lib/python3.12/site-packages/oslo_config/cfg.py:3253}}
Jul 19 23:33:48.644428 np0000005480 nova-scheduler[96478]: DEBUG cotyledon.oslo_config_glue [-] ******************************************************************************** {{(pid=96478) log_opt_values /opt/stack/data/venv/lib/python3.12/site-packages/oslo_config/cfg.py:3260}}
Jul 19 23:33:48.644428 np0000005480 nova-scheduler[96478]: DEBUG cotyledon._service_worker [-] Run service ServiceWrapper(3) [96478] {{(pid=96478) wait_forever /opt/stack/data/venv/lib/python3.12/site-packages/cotyledon/_service_worker.py:218}}
Jul 19 23:33:48.644428 np0000005480 nova-scheduler[96478]: INFO nova.service [-] Starting scheduler node (version 33.1.0)
Jul 19 23:33:48.644428 np0000005480 nova-scheduler[96478]: INFO dbcounter [None req-fa8b9678-645a-4696-88a5-fa755c1ff629 None None] Registered counter for database nova_cell0
Jul 19 23:33:48.644706 np0000005480 nova-scheduler[96472]: DEBUG dbcounter [-] [96472] Writer thread running {{(pid=96472) stat_writer /opt/stack/data/venv/lib/python3.12/site-packages/dbcounter.py:102}}
Jul 19 23:33:48.644745 np0000005480 nova-scheduler[96474]: DEBUG oslo_db.sqlalchemy.engines [None req-39bcbd2d-596f-42d4-8c2c-f081432f36f7 None None] MySQL server mode set to STRICT_TRANS_TABLES,STRICT_ALL_TABLES,NO_ZERO_IN_DATE,NO_ZERO_DATE,ERROR_FOR_DIVISION_BY_ZERO,TRADITIONAL,NO_ENGINE_SUBSTITUTION {{(pid=96474) _check_effective_sql_mode /opt/stack/data/venv/lib/python3.12/site-packages/oslo_db/sqlalchemy/engines.py:325}}
Jul 19 23:33:48.644745 np0000005480 nova-scheduler[96474]: DEBUG dbcounter [-] [96474] Writer thread running {{(pid=96474) stat_writer /opt/stack/data/venv/lib/python3.12/site-packages/dbcounter.py:102}}
Jul 19 23:33:48.653729 np0000005480 nova-scheduler[96476]: DEBUG oslo_db.sqlalchemy.engines [None req-fb2cb67d-09f0-49ee-8d74-f30380d5260e None None] MySQL server mode set to STRICT_TRANS_TABLES,STRICT_ALL_TABLES,NO_ZERO_IN_DATE,NO_ZERO_DATE,ERROR_FOR_DIVISION_BY_ZERO,TRADITIONAL,NO_ENGINE_SUBSTITUTION {{(pid=96476) _check_effective_sql_mode /opt/stack/data/venv/lib/python3.12/site-packages/oslo_db/sqlalchemy/engines.py:325}}
Jul 19 23:33:48.657575 np0000005480 nova-scheduler[96472]: DEBUG nova.service [None req-745cdf34-86bb-4ad6-b646-640cc2d893a0 None None] Creating RPC server for service: nova-scheduler on topic: scheduler {{(pid=96472) start /opt/stack/nova/nova/service.py:196}}
Jul 19 23:33:48.666580 np0000005480 nova-scheduler[96476]: DEBUG dbcounter [-] [96476] Writer thread running {{(pid=96476) stat_writer /opt/stack/data/venv/lib/python3.12/site-packages/dbcounter.py:102}}
Jul 19 23:33:48.670611 np0000005480 nova-scheduler[96476]: DEBUG nova.service [None req-fb2cb67d-09f0-49ee-8d74-f30380d5260e None None] Creating RPC server for service: nova-scheduler on topic: scheduler {{(pid=96476) start /opt/stack/nova/nova/service.py:196}}
Jul 19 23:33:48.673320 np0000005480 nova-scheduler[96474]: DEBUG nova.service [None req-39bcbd2d-596f-42d4-8c2c-f081432f36f7 None None] Creating RPC server for service: nova-scheduler on topic: scheduler {{(pid=96474) start /opt/stack/nova/nova/service.py:196}}
Jul 19 23:33:48.678253 np0000005480 nova-scheduler[96478]: DEBUG oslo_db.sqlalchemy.engines [None req-fa8b9678-645a-4696-88a5-fa755c1ff629 None None] MySQL server mode set to STRICT_TRANS_TABLES,STRICT_ALL_TABLES,NO_ZERO_IN_DATE,NO_ZERO_DATE,ERROR_FOR_DIVISION_BY_ZERO,TRADITIONAL,NO_ENGINE_SUBSTITUTION {{(pid=96478) _check_effective_sql_mode /opt/stack/data/venv/lib/python3.12/site-packages/oslo_db/sqlalchemy/engines.py:325}}
Jul 19 23:33:48.694413 np0000005480 nova-scheduler[96472]: DEBUG nova.service [None req-745cdf34-86bb-4ad6-b646-640cc2d893a0 None None] Join ServiceGroup membership for this service scheduler {{(pid=96472) start /opt/stack/nova/nova/service.py:222}}
Jul 19 23:33:48.694803 np0000005480 nova-scheduler[96472]: DEBUG nova.servicegroup.drivers.db [None req-745cdf34-86bb-4ad6-b646-640cc2d893a0 None None] DB_Driver: join new ServiceGroup member np0000005480 to the scheduler group, service = {{(pid=96472) join /opt/stack/nova/nova/servicegroup/drivers/db.py:44}}
Jul 19 23:33:48.695147 np0000005480 nova-scheduler[96476]: DEBUG nova.service [None req-fb2cb67d-09f0-49ee-8d74-f30380d5260e None None] Join ServiceGroup membership for this service scheduler {{(pid=96476) start /opt/stack/nova/nova/service.py:222}}
Jul 19 23:33:48.695474 np0000005480 nova-scheduler[96476]: DEBUG nova.servicegroup.drivers.db [None req-fb2cb67d-09f0-49ee-8d74-f30380d5260e None None] DB_Driver: join new ServiceGroup member np0000005480 to the scheduler group, service = {{(pid=96476) join /opt/stack/nova/nova/servicegroup/drivers/db.py:44}}
Jul 19 23:33:48.695705 np0000005480 nova-scheduler[96478]: DEBUG dbcounter [-] [96478] Writer thread running {{(pid=96478) stat_writer /opt/stack/data/venv/lib/python3.12/site-packages/dbcounter.py:102}}
Jul 19 23:33:48.699707 np0000005480 nova-scheduler[96478]: DEBUG nova.service [None req-fa8b9678-645a-4696-88a5-fa755c1ff629 None None] Creating RPC server for service: nova-scheduler on topic: scheduler {{(pid=96478) start /opt/stack/nova/nova/service.py:196}}
Jul 19 23:33:48.708902 np0000005480 nova-scheduler[96474]: DEBUG nova.service [None req-39bcbd2d-596f-42d4-8c2c-f081432f36f7 None None] Join ServiceGroup membership for this service scheduler {{(pid=96474) start /opt/stack/nova/nova/service.py:222}}
Jul 19 23:33:48.709247 np0000005480 nova-scheduler[96474]: DEBUG nova.servicegroup.drivers.db [None req-39bcbd2d-596f-42d4-8c2c-f081432f36f7 None None] DB_Driver: join new ServiceGroup member np0000005480 to the scheduler group, service = {{(pid=96474) join /opt/stack/nova/nova/servicegroup/drivers/db.py:44}}
Jul 19 23:33:48.726397 np0000005480 nova-scheduler[96478]: DEBUG nova.service [None req-fa8b9678-645a-4696-88a5-fa755c1ff629 None None] Join ServiceGroup membership for this service scheduler {{(pid=96478) start /opt/stack/nova/nova/service.py:222}}
Jul 19 23:33:48.726954 np0000005480 nova-scheduler[96478]: DEBUG nova.servicegroup.drivers.db [None req-fa8b9678-645a-4696-88a5-fa755c1ff629 None None] DB_Driver: join new ServiceGroup member np0000005480 to the scheduler group, service = {{(pid=96478) join /opt/stack/nova/nova/servicegroup/drivers/db.py:44}}
Jul 19 23:33:49.729767 np0000005480 nova-scheduler[96478]: DEBUG oslo.service.backend._threading.loopingcall [None req-75bed6e7-07d4-445b-bcb3-91a2c1871158 None None] Dynamic interval looping call 'nova.service.Service.periodic_tasks' sleeping for 60.00 seconds {{(pid=96478) _run_loop /opt/stack/data/venv/lib/python3.12/site-packages/oslo_service/backend/_threading/loopingcall.py:125}}
Jul 19 23:33:53.711035 np0000005480 nova-scheduler[96472]: DEBUG oslo.service.backend._threading.loopingcall [-] Fixed interval looping call 'nova.servicegroup.drivers.db.DbDriver._report_state' sleeping for 119.99 seconds {{(pid=96472) _run_loop /opt/stack/data/venv/lib/python3.12/site-packages/oslo_service/backend/_threading/loopingcall.py:125}}
Jul 19 23:33:53.711991 np0000005480 nova-scheduler[96476]: DEBUG oslo.service.backend._threading.loopingcall [-] Fixed interval looping call 'nova.servicegroup.drivers.db.DbDriver._report_state' sleeping for 119.99 seconds {{(pid=96476) _run_loop /opt/stack/data/venv/lib/python3.12/site-packages/oslo_service/backend/_threading/loopingcall.py:125}}
Jul 19 23:33:53.719120 np0000005480 nova-scheduler[96474]: DEBUG oslo.service.backend._threading.loopingcall [-] Fixed interval looping call 'nova.servicegroup.drivers.db.DbDriver._report_state' sleeping for 119.99 seconds {{(pid=96474) _run_loop /opt/stack/data/venv/lib/python3.12/site-packages/oslo_service/backend/_threading/loopingcall.py:125}}
Jul 19 23:33:53.740991 np0000005480 nova-scheduler[96478]: DEBUG oslo.service.backend._threading.loopingcall [-] Fixed interval looping call 'nova.servicegroup.drivers.db.DbDriver._report_state' sleeping for 119.99 seconds {{(pid=96478) _run_loop /opt/stack/data/venv/lib/python3.12/site-packages/oslo_service/backend/_threading/loopingcall.py:125}}
Jul 19 23:33:56.711910 np0000005480 nova-scheduler[96474]: DEBUG oslo.service.backend._threading.loopingcall [None req-8ed94e38-52ac-4b40-94d8-ec55587a4c80 None None] Dynamic interval looping call 'nova.service.Service.periodic_tasks' sleeping for 60.00 seconds {{(pid=96474) _run_loop /opt/stack/data/venv/lib/python3.12/site-packages/oslo_service/backend/_threading/loopingcall.py:125}}
Jul 19 23:33:57.146476 np0000005480 nova-scheduler[95278]: DEBUG dbcounter [-] [95278] Writing DB stats nova_api:SELECT=3 {{(pid=95278) stat_writer /opt/stack/data/venv/lib/python3.12/site-packages/dbcounter.py:115}}
Jul 19 23:33:57.304854 np0000005480 nova-scheduler[95278]: DEBUG dbcounter [-] [95278] Writing DB stats nova_cell1:SELECT=1 {{(pid=95278) stat_writer /opt/stack/data/venv/lib/python3.12/site-packages/dbcounter.py:115}}
Jul 19 23:33:57.306316 np0000005480 nova-scheduler[95278]: DEBUG dbcounter [-] [95278] Writing DB stats nova_cell0:SELECT=1 {{(pid=95278) stat_writer /opt/stack/data/venv/lib/python3.12/site-packages/dbcounter.py:115}}
Jul 19 23:34:03.705166 np0000005480 nova-scheduler[96472]: DEBUG dbcounter [-] [96472] Writing DB stats nova_cell0:SELECT=4,nova_cell0:INSERT=1,nova_cell0:UPDATE=1 {{(pid=96472) stat_writer /opt/stack/data/venv/lib/python3.12/site-packages/dbcounter.py:115}}
Jul 19 23:34:03.710281 np0000005480 nova-scheduler[96476]: DEBUG dbcounter [-] [96476] Writing DB stats nova_cell0:SELECT=3,nova_cell0:UPDATE=1 {{(pid=96476) stat_writer /opt/stack/data/venv/lib/python3.12/site-packages/dbcounter.py:115}}
Jul 19 23:34:03.717777 np0000005480 nova-scheduler[96474]: DEBUG dbcounter [-] [96474] Writing DB stats nova_cell0:SELECT=5,nova_cell0:INSERT=1 {{(pid=96474) stat_writer /opt/stack/data/venv/lib/python3.12/site-packages/dbcounter.py:115}}
Jul 19 23:34:03.737041 np0000005480 nova-scheduler[96478]: DEBUG dbcounter [-] [96478] Writing DB stats nova_cell0:SELECT=3 {{(pid=96478) stat_writer /opt/stack/data/venv/lib/python3.12/site-packages/dbcounter.py:115}}
Jul 19 23:34:14.697678 np0000005480 nova-scheduler[96472]: DEBUG oslo.service.backend._threading.loopingcall [None req-f9169150-6492-4f98-965e-bf270c7d8ff1 None None] Dynamic interval looping call 'nova.service.Service.periodic_tasks' sleeping for 60.00 seconds {{(pid=96472) _run_loop /opt/stack/data/venv/lib/python3.12/site-packages/oslo_service/backend/_threading/loopingcall.py:125}}
Jul 19 23:34:16.698063 np0000005480 nova-scheduler[96476]: DEBUG oslo.service.backend._threading.loopingcall [None req-76d4336c-1368-48c4-b9fe-d25296889b18 None None] Dynamic interval looping call 'nova.service.Service.periodic_tasks' sleeping for 60.00 seconds {{(pid=96476) _run_loop /opt/stack/data/venv/lib/python3.12/site-packages/oslo_service/backend/_threading/loopingcall.py:125}}
Jul 19 23:34:49.730489 np0000005480 nova-scheduler[96478]: DEBUG oslo.service.backend._threading.loopingcall [None req-75bed6e7-07d4-445b-bcb3-91a2c1871158 None None] Dynamic interval looping call 'nova.service.Service.periodic_tasks' sleeping for 60.00 seconds {{(pid=96478) _run_loop /opt/stack/data/venv/lib/python3.12/site-packages/oslo_service/backend/_threading/loopingcall.py:125}}
Jul 19 23:34:56.712771 np0000005480 nova-scheduler[96474]: DEBUG oslo.service.backend._threading.loopingcall [None req-8ed94e38-52ac-4b40-94d8-ec55587a4c80 None None] Dynamic interval looping call 'nova.service.Service.periodic_tasks' sleeping for 60.00 seconds {{(pid=96474) _run_loop /opt/stack/data/venv/lib/python3.12/site-packages/oslo_service/backend/_threading/loopingcall.py:125}}
Jul 19 23:35:14.698197 np0000005480 nova-scheduler[96472]: DEBUG oslo.service.backend._threading.loopingcall [None req-f9169150-6492-4f98-965e-bf270c7d8ff1 None None] Dynamic interval looping call 'nova.service.Service.periodic_tasks' sleeping for 60.00 seconds {{(pid=96472) _run_loop /opt/stack/data/venv/lib/python3.12/site-packages/oslo_service/backend/_threading/loopingcall.py:125}}
Jul 19 23:35:16.698975 np0000005480 nova-scheduler[96476]: DEBUG oslo.service.backend._threading.loopingcall [None req-76d4336c-1368-48c4-b9fe-d25296889b18 None None] Dynamic interval looping call 'nova.service.Service.periodic_tasks' sleeping for 60.00 seconds {{(pid=96476) _run_loop /opt/stack/data/venv/lib/python3.12/site-packages/oslo_service/backend/_threading/loopingcall.py:125}}
Jul 19 23:35:49.730916 np0000005480 nova-scheduler[96478]: DEBUG oslo.service.backend._threading.loopingcall [None req-75bed6e7-07d4-445b-bcb3-91a2c1871158 None None] Dynamic interval looping call 'nova.service.Service.periodic_tasks' sleeping for 60.00 seconds {{(pid=96478) _run_loop /opt/stack/data/venv/lib/python3.12/site-packages/oslo_service/backend/_threading/loopingcall.py:125}}
Jul 19 23:35:53.710080 np0000005480 nova-scheduler[96472]: DEBUG oslo.service.backend._threading.loopingcall [-] Fixed interval looping call 'nova.servicegroup.drivers.db.DbDriver._report_state' sleeping for 119.99 seconds {{(pid=96472) _run_loop /opt/stack/data/venv/lib/python3.12/site-packages/oslo_service/backend/_threading/loopingcall.py:125}}
Jul 19 23:35:53.711506 np0000005480 nova-scheduler[96476]: DEBUG oslo.service.backend._threading.loopingcall [-] Fixed interval looping call 'nova.servicegroup.drivers.db.DbDriver._report_state' sleeping for 119.99 seconds {{(pid=96476) _run_loop /opt/stack/data/venv/lib/python3.12/site-packages/oslo_service/backend/_threading/loopingcall.py:125}}
Jul 19 23:35:53.712752 np0000005480 nova-scheduler[96474]: DEBUG oslo.service.backend._threading.loopingcall [-] Fixed interval looping call 'nova.servicegroup.drivers.db.DbDriver._report_state' sleeping for 120.00 seconds {{(pid=96474) _run_loop /opt/stack/data/venv/lib/python3.12/site-packages/oslo_service/backend/_threading/loopingcall.py:125}}
Jul 19 23:35:53.734288 np0000005480 nova-scheduler[96478]: DEBUG oslo.service.backend._threading.loopingcall [-] Fixed interval looping call 'nova.servicegroup.drivers.db.DbDriver._report_state' sleeping for 120.00 seconds {{(pid=96478) _run_loop /opt/stack/data/venv/lib/python3.12/site-packages/oslo_service/backend/_threading/loopingcall.py:125}}
Jul 19 23:35:56.713421 np0000005480 nova-scheduler[96474]: DEBUG oslo.service.backend._threading.loopingcall [None req-8ed94e38-52ac-4b40-94d8-ec55587a4c80 None None] Dynamic interval looping call 'nova.service.Service.periodic_tasks' sleeping for 60.00 seconds {{(pid=96474) _run_loop /opt/stack/data/venv/lib/python3.12/site-packages/oslo_service/backend/_threading/loopingcall.py:125}}
Jul 19 23:36:03.704878 np0000005480 nova-scheduler[96472]: DEBUG dbcounter [-] [96472] Writing DB stats nova_cell0:SELECT=1,nova_cell0:UPDATE=1 {{(pid=96472) stat_writer /opt/stack/data/venv/lib/python3.12/site-packages/dbcounter.py:115}}
Jul 19 23:36:03.705595 np0000005480 nova-scheduler[96476]: DEBUG dbcounter [-] [96476] Writing DB stats nova_cell0:SELECT=1,nova_cell0:UPDATE=1 {{(pid=96476) stat_writer /opt/stack/data/venv/lib/python3.12/site-packages/dbcounter.py:115}}
Jul 19 23:36:03.710918 np0000005480 nova-scheduler[96474]: DEBUG dbcounter [-] [96474] Writing DB stats nova_cell0:SELECT=1 {{(pid=96474) stat_writer /opt/stack/data/venv/lib/python3.12/site-packages/dbcounter.py:115}}
Jul 19 23:36:03.732851 np0000005480 nova-scheduler[96478]: DEBUG dbcounter [-] [96478] Writing DB stats nova_cell0:SELECT=1 {{(pid=96478) stat_writer /opt/stack/data/venv/lib/python3.12/site-packages/dbcounter.py:115}}
Jul 19 23:36:14.698663 np0000005480 nova-scheduler[96472]: DEBUG oslo.service.backend._threading.loopingcall [None req-f9169150-6492-4f98-965e-bf270c7d8ff1 None None] Dynamic interval looping call 'nova.service.Service.periodic_tasks' sleeping for 60.00 seconds {{(pid=96472) _run_loop /opt/stack/data/venv/lib/python3.12/site-packages/oslo_service/backend/_threading/loopingcall.py:125}}
Jul 19 23:36:16.699515 np0000005480 nova-scheduler[96476]: DEBUG oslo.service.backend._threading.loopingcall [None req-76d4336c-1368-48c4-b9fe-d25296889b18 None None] Dynamic interval looping call 'nova.service.Service.periodic_tasks' sleeping for 60.00 seconds {{(pid=96476) _run_loop /opt/stack/data/venv/lib/python3.12/site-packages/oslo_service/backend/_threading/loopingcall.py:125}}
Jul 19 23:36:28.080139 np0000005480 nova-scheduler[96472]: DEBUG nova.scheduler.manager [None req-cb8570b2-104e-4ed0-9cfd-a81a6a3776b7 tempest-ServerActionsTestOtherB-395958628 tempest-ServerActionsTestOtherB-395958628-project-member] Starting to schedule for instances: ['b47e568a-14fe-42a2-bbe9-269d26ce065f'] {{(pid=96472) select_destinations /opt/stack/nova/nova/scheduler/manager.py:209}}
Jul 19 23:36:28.080821 np0000005480 nova-scheduler[96472]: DEBUG nova.scheduler.request_filter [None req-cb8570b2-104e-4ed0-9cfd-a81a6a3776b7 tempest-ServerActionsTestOtherB-395958628 tempest-ServerActionsTestOtherB-395958628-project-member] compute_status_filter request filter added forbidden trait COMPUTE_STATUS_DISABLED {{(pid=96472) compute_status_filter /opt/stack/nova/nova/scheduler/request_filter.py:253}}
Jul 19 23:36:28.081256 np0000005480 nova-scheduler[96472]: DEBUG nova.scheduler.request_filter [None req-cb8570b2-104e-4ed0-9cfd-a81a6a3776b7 tempest-ServerActionsTestOtherB-395958628 tempest-ServerActionsTestOtherB-395958628-project-member] Request filter 'compute_status_filter' took 0.0 seconds {{(pid=96472) wrapper /opt/stack/nova/nova/scheduler/request_filter.py:46}}
Jul 19 23:36:28.081542 np0000005480 nova-scheduler[96472]: DEBUG nova.scheduler.request_filter [None req-cb8570b2-104e-4ed0-9cfd-a81a6a3776b7 tempest-ServerActionsTestOtherB-395958628 tempest-ServerActionsTestOtherB-395958628-project-member] Request filter 'accelerators_filter' took 0.0 seconds {{(pid=96472) wrapper /opt/stack/nova/nova/scheduler/request_filter.py:46}}
Jul 19 23:36:28.081875 np0000005480 nova-scheduler[96472]: DEBUG nova.scheduler.request_filter [None req-cb8570b2-104e-4ed0-9cfd-a81a6a3776b7 tempest-ServerActionsTestOtherB-395958628 tempest-ServerActionsTestOtherB-395958628-project-member] Request filter 'packed_virtqueue_filter' took 0.0 seconds {{(pid=96472) wrapper /opt/stack/nova/nova/scheduler/request_filter.py:46}}
Jul 19 23:36:28.082159 np0000005480 nova-scheduler[96472]: DEBUG nova.scheduler.request_filter [None req-cb8570b2-104e-4ed0-9cfd-a81a6a3776b7 tempest-ServerActionsTestOtherB-395958628 tempest-ServerActionsTestOtherB-395958628-project-member] Request filter 'remote_managed_ports_filter' took 0.0 seconds {{(pid=96472) wrapper /opt/stack/nova/nova/scheduler/request_filter.py:46}}
Jul 19 23:36:28.082377 np0000005480 nova-scheduler[96472]: DEBUG nova.scheduler.request_filter [None req-cb8570b2-104e-4ed0-9cfd-a81a6a3776b7 tempest-ServerActionsTestOtherB-395958628 tempest-ServerActionsTestOtherB-395958628-project-member] ephemeral_encryption_filter skipped {{(pid=96472) ephemeral_encryption_filter /opt/stack/nova/nova/scheduler/request_filter.py:426}}
Jul 19 23:36:28.082575 np0000005480 nova-scheduler[96472]: DEBUG nova.scheduler.request_filter [None req-cb8570b2-104e-4ed0-9cfd-a81a6a3776b7 tempest-ServerActionsTestOtherB-395958628 tempest-ServerActionsTestOtherB-395958628-project-member] virtio_sound_filter skipped {{(pid=96472) virtio_sound_filter /opt/stack/nova/nova/scheduler/request_filter.py:460}}
Jul 19 23:36:28.082744 np0000005480 nova-scheduler[96472]: DEBUG nova.scheduler.request_filter [None req-cb8570b2-104e-4ed0-9cfd-a81a6a3776b7 tempest-ServerActionsTestOtherB-395958628 tempest-ServerActionsTestOtherB-395958628-project-member] tpm_secret_security_filter skipped {{(pid=96472) tpm_secret_security_filter /opt/stack/nova/nova/scheduler/request_filter.py:477}}
Jul 19 23:36:28.861501 np0000005480 nova-scheduler[96472]: INFO nova.utils [None req-cb8570b2-104e-4ed0-9cfd-a81a6a3776b7 tempest-ServerActionsTestOtherB-395958628 tempest-ServerActionsTestOtherB-395958628-project-member] The cell worker thread pool ForkProcess-1.cell_worker is initialized
Jul 19 23:36:28.862076 np0000005480 nova-scheduler[96472]: DEBUG oslo_concurrency.lockutils [None req-cb8570b2-104e-4ed0-9cfd-a81a6a3776b7 tempest-ServerActionsTestOtherB-395958628 tempest-ServerActionsTestOtherB-395958628-project-member] Acquiring lock "82679864-7f24-41c3-971a-ecb9840a6baf" by "nova.context.set_target_cell..get_or_set_cached_cell_and_set_connections" {{(pid=96472) inner /opt/stack/data/venv/lib/python3.12/site-packages/oslo_concurrency/lockutils.py:512}}
Jul 19 23:36:28.862458 np0000005480 nova-scheduler[96472]: DEBUG oslo_concurrency.lockutils [None req-cb8570b2-104e-4ed0-9cfd-a81a6a3776b7 tempest-ServerActionsTestOtherB-395958628 tempest-ServerActionsTestOtherB-395958628-project-member] Lock "82679864-7f24-41c3-971a-ecb9840a6baf" acquired by "nova.context.set_target_cell..get_or_set_cached_cell_and_set_connections" :: waited 0.000s {{(pid=96472) inner /opt/stack/data/venv/lib/python3.12/site-packages/oslo_concurrency/lockutils.py:525}}
Jul 19 23:36:28.865494 np0000005480 nova-scheduler[96472]: DEBUG oslo_concurrency.lockutils [None req-cb8570b2-104e-4ed0-9cfd-a81a6a3776b7 tempest-ServerActionsTestOtherB-395958628 tempest-ServerActionsTestOtherB-395958628-project-member] Lock "82679864-7f24-41c3-971a-ecb9840a6baf" "released" by "nova.context.set_target_cell..get_or_set_cached_cell_and_set_connections" :: held 0.003s {{(pid=96472) inner /opt/stack/data/venv/lib/python3.12/site-packages/oslo_concurrency/lockutils.py:544}}
Jul 19 23:36:28.867357 np0000005480 nova-scheduler[96472]: INFO dbcounter [None req-cb8570b2-104e-4ed0-9cfd-a81a6a3776b7 tempest-ServerActionsTestOtherB-395958628 tempest-ServerActionsTestOtherB-395958628-project-member] Registered counter for database nova_cell1
Jul 19 23:36:28.930530 np0000005480 nova-scheduler[96472]: DEBUG oslo_db.sqlalchemy.engines [None req-cb8570b2-104e-4ed0-9cfd-a81a6a3776b7 tempest-ServerActionsTestOtherB-395958628 tempest-ServerActionsTestOtherB-395958628-project-member] MySQL server mode set to STRICT_TRANS_TABLES,STRICT_ALL_TABLES,NO_ZERO_IN_DATE,NO_ZERO_DATE,ERROR_FOR_DIVISION_BY_ZERO,TRADITIONAL,NO_ENGINE_SUBSTITUTION {{(pid=96472) _check_effective_sql_mode /opt/stack/data/venv/lib/python3.12/site-packages/oslo_db/sqlalchemy/engines.py:325}}
Jul 19 23:36:28.941255 np0000005480 nova-scheduler[96472]: DEBUG dbcounter [-] [96472] Writer thread running {{(pid=96472) stat_writer /opt/stack/data/venv/lib/python3.12/site-packages/dbcounter.py:102}}
Jul 19 23:36:28.958098 np0000005480 nova-scheduler[96472]: DEBUG oslo_db.sqlalchemy.engines [None req-cb8570b2-104e-4ed0-9cfd-a81a6a3776b7 tempest-ServerActionsTestOtherB-395958628 tempest-ServerActionsTestOtherB-395958628-project-member] Parent process 95278 forked (96472) with an open database connection, which is being discarded and recreated. {{(pid=96472) checkout /opt/stack/data/venv/lib/python3.12/site-packages/oslo_db/sqlalchemy/engines.py:402}}
