May 19 04:20:57.947311 np0000001022 neutron-periodic-workers[88756]: DEBUG cotyledon.oslo_config_glue [-] ovn.enable_distributed_floating_ip = False {{(pid=88756) log_opt_values /opt/stack/data/venv/lib/python3.12/site-packages/oslo_config/cfg.py:3006}}
May 19 04:20:57.947361 np0000001022 neutron-periodic-workers[88756]: DEBUG cotyledon.oslo_config_glue [-] ovn.fdb_age_threshold = 300 {{(pid=88756) log_opt_values /opt/stack/data/venv/lib/python3.12/site-packages/oslo_config/cfg.py:3006}}
May 19 04:20:57.947444 np0000001022 neutron-periodic-workers[88756]: DEBUG cotyledon.oslo_config_glue [-] ovn.ha_failover_strategy = normal {{(pid=88756) log_opt_values /opt/stack/data/venv/lib/python3.12/site-packages/oslo_config/cfg.py:3006}}
May 19 04:20:57.947500 np0000001022 neutron-periodic-workers[88756]: DEBUG cotyledon.oslo_config_glue [-] ovn.live_migration_activation_strategy = rarp {{(pid=88756) log_opt_values /opt/stack/data/venv/lib/python3.12/site-packages/oslo_config/cfg.py:3006}}
May 19 04:20:57.947553 np0000001022 neutron-periodic-workers[88756]: DEBUG cotyledon.oslo_config_glue [-] ovn.localnet_learn_fdb = False {{(pid=88756) log_opt_values /opt/stack/data/venv/lib/python3.12/site-packages/oslo_config/cfg.py:3006}}
May 19 04:20:57.947606 np0000001022 neutron-periodic-workers[88756]: DEBUG cotyledon.oslo_config_glue [-] ovn.mac_binding_age_threshold = 300 {{(pid=88756) log_opt_values /opt/stack/data/venv/lib/python3.12/site-packages/oslo_config/cfg.py:3006}}
May 19 04:20:57.947667 np0000001022 neutron-periodic-workers[88756]: DEBUG cotyledon.oslo_config_glue [-] ovn.neutron_sync_mode = log {{(pid=88756) log_opt_values /opt/stack/data/venv/lib/python3.12/site-packages/oslo_config/cfg.py:3006}}
May 19 04:20:57.947723 np0000001022 neutron-periodic-workers[88756]: DEBUG cotyledon.oslo_config_glue [-] ovn.ovn_dhcp4_global_options = {} {{(pid=88756) log_opt_values /opt/stack/data/venv/lib/python3.12/site-packages/oslo_config/cfg.py:3006}}
May 19 04:20:57.947784 np0000001022 neutron-periodic-workers[88756]: DEBUG cotyledon.oslo_config_glue [-] ovn.ovn_dhcp6_global_options = {} {{(pid=88756) log_opt_values /opt/stack/data/venv/lib/python3.12/site-packages/oslo_config/cfg.py:3006}}
May 19 04:20:57.947841 np0000001022 neutron-periodic-workers[88756]: DEBUG cotyledon.oslo_config_glue [-] ovn.ovn_l3_scheduler = leastloaded {{(pid=88756) log_opt_values /opt/stack/data/venv/lib/python3.12/site-packages/oslo_config/cfg.py:3006}}
May 19 04:20:57.947894 np0000001022 neutron-periodic-workers[88756]: DEBUG cotyledon.oslo_config_glue [-] ovn.ovn_metadata_enabled = True {{(pid=88756) log_opt_values /opt/stack/data/venv/lib/python3.12/site-packages/oslo_config/cfg.py:3006}}
May 19 04:20:57.947955 np0000001022 neutron-periodic-workers[88756]: DEBUG cotyledon.oslo_config_glue [-] ovn.ovn_nb_ca_cert = /opt/stack/data/CA/int-ca/ca-chain.pem {{(pid=88756) log_opt_values /opt/stack/data/venv/lib/python3.12/site-packages/oslo_config/cfg.py:3006}}
May 19 04:20:57.948024 np0000001022 neutron-periodic-workers[88756]: DEBUG cotyledon.oslo_config_glue [-] ovn.ovn_nb_certificate = /opt/stack/data/CA/int-ca/devstack-cert.crt {{(pid=88756) log_opt_values /opt/stack/data/venv/lib/python3.12/site-packages/oslo_config/cfg.py:3006}}
May 19 04:20:57.948072 np0000001022 neutron-periodic-workers[88756]: DEBUG cotyledon.oslo_config_glue [-] ovn.ovn_nb_connection = ['ssl:10.4.3.178:6641'] {{(pid=88756) log_opt_values /opt/stack/data/venv/lib/python3.12/site-packages/oslo_config/cfg.py:3006}}
May 19 04:20:57.948126 np0000001022 neutron-periodic-workers[88756]: DEBUG cotyledon.oslo_config_glue [-] ovn.ovn_nb_private_key = /opt/stack/data/CA/int-ca/private/devstack-cert.key {{(pid=88756) log_opt_values /opt/stack/data/venv/lib/python3.12/site-packages/oslo_config/cfg.py:3006}}
May 19 04:20:57.948178 np0000001022 neutron-periodic-workers[88756]: DEBUG cotyledon.oslo_config_glue [-] ovn.ovn_router_indirect_snat = False {{(pid=88756) log_opt_values /opt/stack/data/venv/lib/python3.12/site-packages/oslo_config/cfg.py:3006}}
May 19 04:20:57.948229 np0000001022 neutron-periodic-workers[88756]: DEBUG cotyledon.oslo_config_glue [-] ovn.ovn_sb_ca_cert = /opt/stack/data/CA/int-ca/ca-chain.pem {{(pid=88756) log_opt_values /opt/stack/data/venv/lib/python3.12/site-packages/oslo_config/cfg.py:3006}}
May 19 04:20:57.948280 np0000001022 neutron-periodic-workers[88756]: DEBUG cotyledon.oslo_config_glue [-] ovn.ovn_sb_certificate = /opt/stack/data/CA/int-ca/devstack-cert.crt {{(pid=88756) log_opt_values /opt/stack/data/venv/lib/python3.12/site-packages/oslo_config/cfg.py:3006}}
May 19 04:20:57.948332 np0000001022 neutron-periodic-workers[88756]: DEBUG cotyledon.oslo_config_glue [-] ovn.ovn_sb_connection = ['ssl:10.4.3.178:6642'] {{(pid=88756) log_opt_values /opt/stack/data/venv/lib/python3.12/site-packages/oslo_config/cfg.py:3006}}
May 19 04:20:57.948384 np0000001022 neutron-periodic-workers[88756]: DEBUG cotyledon.oslo_config_glue [-] ovn.ovn_sb_private_key = /opt/stack/data/CA/int-ca/private/devstack-cert.key {{(pid=88756) log_opt_values /opt/stack/data/venv/lib/python3.12/site-packages/oslo_config/cfg.py:3006}}
May 19 04:20:57.948462 np0000001022 neutron-periodic-workers[88756]: DEBUG cotyledon.oslo_config_glue [-] ovn.ovs_create_tap = False {{(pid=88756) log_opt_values /opt/stack/data/venv/lib/python3.12/site-packages/oslo_config/cfg.py:3006}}
May 19 04:20:57.948519 np0000001022 neutron-periodic-workers[88756]: DEBUG cotyledon.oslo_config_glue [-] ovn.ovsdb_connection_timeout = 180 {{(pid=88756) log_opt_values /opt/stack/data/venv/lib/python3.12/site-packages/oslo_config/cfg.py:3006}}
May 19 04:20:57.948558 np0000001022 neutron-periodic-workers[88756]: DEBUG cotyledon.oslo_config_glue [-] ovn.ovsdb_log_level = INFO {{(pid=88756) log_opt_values /opt/stack/data/venv/lib/python3.12/site-packages/oslo_config/cfg.py:3006}}
May 19 04:20:57.948614 np0000001022 neutron-periodic-workers[88756]: DEBUG cotyledon.oslo_config_glue [-] ovn.ovsdb_probe_interval = 60000 {{(pid=88756) log_opt_values /opt/stack/data/venv/lib/python3.12/site-packages/oslo_config/cfg.py:3006}}
May 19 04:20:57.948665 np0000001022 neutron-periodic-workers[88756]: DEBUG cotyledon.oslo_config_glue [-] ovn.ovsdb_retry_max_interval = 180 {{(pid=88756) log_opt_values /opt/stack/data/venv/lib/python3.12/site-packages/oslo_config/cfg.py:3006}}
May 19 04:20:57.948715 np0000001022 neutron-periodic-workers[88756]: DEBUG cotyledon.oslo_config_glue [-] ovn.stateless_nat_enabled = False {{(pid=88756) log_opt_values /opt/stack/data/venv/lib/python3.12/site-packages/oslo_config/cfg.py:3006}}
May 19 04:20:57.948778 np0000001022 neutron-periodic-workers[88756]: DEBUG cotyledon.oslo_config_glue [-] ovn.vhost_sock_dir = /var/run/openvswitch {{(pid=88756) log_opt_values /opt/stack/data/venv/lib/python3.12/site-packages/oslo_config/cfg.py:3006}}
May 19 04:20:57.948845 np0000001022 neutron-periodic-workers[88756]: DEBUG cotyledon.oslo_config_glue [-] OVS.bridge_mac_table_size = 50000 {{(pid=88756) log_opt_values /opt/stack/data/venv/lib/python3.12/site-packages/oslo_config/cfg.py:3006}}
May 19 04:20:57.948899 np0000001022 neutron-periodic-workers[88756]: DEBUG cotyledon.oslo_config_glue [-] OVS.igmp_flood = False {{(pid=88756) log_opt_values /opt/stack/data/venv/lib/python3.12/site-packages/oslo_config/cfg.py:3006}}
May 19 04:20:57.948960 np0000001022 neutron-periodic-workers[88756]: DEBUG cotyledon.oslo_config_glue [-] OVS.igmp_flood_reports = True {{(pid=88756) log_opt_values /opt/stack/data/venv/lib/python3.12/site-packages/oslo_config/cfg.py:3006}}
May 19 04:20:57.949020 np0000001022 neutron-periodic-workers[88756]: DEBUG cotyledon.oslo_config_glue [-] OVS.igmp_flood_unregistered = False {{(pid=88756) log_opt_values /opt/stack/data/venv/lib/python3.12/site-packages/oslo_config/cfg.py:3006}}
May 19 04:20:57.949081 np0000001022 neutron-periodic-workers[88756]: DEBUG cotyledon.oslo_config_glue [-] OVS.igmp_snooping_enable = False {{(pid=88756) log_opt_values /opt/stack/data/venv/lib/python3.12/site-packages/oslo_config/cfg.py:3006}}
May 19 04:20:57.949141 np0000001022 neutron-periodic-workers[88756]: DEBUG cotyledon.oslo_config_glue [-] OVS.ovsdb_timeout = 10 {{(pid=88756) log_opt_values /opt/stack/data/venv/lib/python3.12/site-packages/oslo_config/cfg.py:3006}}
May 19 04:20:57.949205 np0000001022 neutron-periodic-workers[88756]: DEBUG cotyledon.oslo_config_glue [-] ovn_nb_global.fdb_removal_limit = 0 {{(pid=88756) log_opt_values /opt/stack/data/venv/lib/python3.12/site-packages/oslo_config/cfg.py:3006}}
May 19 04:20:57.949266 np0000001022 neutron-periodic-workers[88756]: DEBUG cotyledon.oslo_config_glue [-] ovn_nb_global.ignore_lsp_down = False {{(pid=88756) log_opt_values /opt/stack/data/venv/lib/python3.12/site-packages/oslo_config/cfg.py:3006}}
May 19 04:20:57.949327 np0000001022 neutron-periodic-workers[88756]: DEBUG cotyledon.oslo_config_glue [-] ovn_nb_global.mac_binding_removal_limit = 0 {{(pid=88756) log_opt_values /opt/stack/data/venv/lib/python3.12/site-packages/oslo_config/cfg.py:3006}}
May 19 04:20:57.949378 np0000001022 neutron-periodic-workers[88756]: DEBUG cotyledon.oslo_config_glue [-] ******************************************************************************** {{(pid=88756) log_opt_values /opt/stack/data/venv/lib/python3.12/site-packages/oslo_config/cfg.py:3013}}
May 19 04:20:57.949609 np0000001022 neutron-periodic-workers[88756]: DEBUG cotyledon._service_worker [-] Run service ServiceWrapper(0) [88756] {{(pid=88756) wait_forever /opt/stack/data/venv/lib/python3.12/site-packages/cotyledon/_service_worker.py:218}}
May 19 04:21:07.562292 np0000001022 neutron-periodic-workers[87853]: DEBUG dbcounter [-] [87853] Writing DB stats neutron:SELECT=4 {{(pid=87853) stat_writer /opt/stack/data/venv/lib/python3.12/site-packages/dbcounter.py:115}}
May 19 04:21:38.935981 np0000001022 neutron-periodic-workers[88741]: DEBUG oslo_db.sqlalchemy.engines [None req-48c17ca9-ba2d-404f-92bb-e3f9bdb1ca44 None None] Parent process 87853 forked (88741) with an open database connection, which is being discarded and recreated. {{(pid=88741) checkout /opt/stack/data/venv/lib/python3.12/site-packages/oslo_db/sqlalchemy/engines.py:402}}
May 19 04:21:38.946412 np0000001022 neutron-periodic-workers[88741]: DEBUG dbcounter [-] [88741] Writer thread running {{(pid=88741) stat_writer /opt/stack/data/venv/lib/python3.12/site-packages/dbcounter.py:102}}
May 19 04:21:38.946850 np0000001022 neutron-periodic-workers[88741]: DEBUG neutron.db.agents_db [None req-48c17ca9-ba2d-404f-92bb-e3f9bdb1ca44 None None] Agent healthcheck: found 0 active agents {{(pid=88741) agent_health_check /opt/stack/neutron/neutron/db/agents_db.py:322}}
May 19 04:21:38.947277 np0000001022 neutron-periodic-workers[88741]: DEBUG oslo.service.backend._threading.loopingcall [None req-48c17ca9-ba2d-404f-92bb-e3f9bdb1ca44 None None] Fixed interval looping call 'neutron.plugins.ml2.plugin.AgentDbMixin.agent_health_check' sleeping for 36.98 seconds {{(pid=88741) _run_loop /opt/stack/data/venv/lib/python3.12/site-packages/oslo_service/backend/_threading/loopingcall.py:125}}
May 19 04:21:48.944244 np0000001022 neutron-periodic-workers[88741]: DEBUG dbcounter [-] [88741] Writing DB stats neutron:SELECT=1 {{(pid=88741) stat_writer /opt/stack/data/venv/lib/python3.12/site-packages/dbcounter.py:115}}
May 19 04:22:00.925792 np0000001022 neutron-periodic-workers[88735]: DEBUG dbcounter [-] [88735] Writer thread running {{(pid=88735) stat_writer /opt/stack/data/venv/lib/python3.12/site-packages/dbcounter.py:102}}
May 19 04:22:00.934269 np0000001022 neutron-periodic-workers[88735]: DEBUG oslo.service.backend._threading.loopingcall [None req-e082b585-d9dc-4606-9c68-862e35d2f80f None None] Fixed interval looping call 'neutron.plugins.ml2.plugin.DhcpAgentSchedulerDbMixin.remove_networks_from_down_agents' sleeping for 36.98 seconds {{(pid=88735) _run_loop /opt/stack/data/venv/lib/python3.12/site-packages/oslo_service/backend/_threading/loopingcall.py:125}}
May 19 04:22:10.933795 np0000001022 neutron-periodic-workers[88735]: DEBUG dbcounter [-] [88735] Writing DB stats neutron:SELECT=3 {{(pid=88735) stat_writer /opt/stack/data/venv/lib/python3.12/site-packages/dbcounter.py:115}}
May 19 04:22:15.930942 np0000001022 neutron-periodic-workers[88741]: DEBUG neutron.db.agents_db [None req-48c17ca9-ba2d-404f-92bb-e3f9bdb1ca44 None None] Agent healthcheck: found 0 active agents {{(pid=88741) agent_health_check /opt/stack/neutron/neutron/db/agents_db.py:322}}
May 19 04:22:15.931465 np0000001022 neutron-periodic-workers[88741]: DEBUG oslo.service.backend._threading.loopingcall [None req-48c17ca9-ba2d-404f-92bb-e3f9bdb1ca44 None None] Fixed interval looping call 'neutron.plugins.ml2.plugin.AgentDbMixin.agent_health_check' sleeping for 37.00 seconds {{(pid=88741) _run_loop /opt/stack/data/venv/lib/python3.12/site-packages/oslo_service/backend/_threading/loopingcall.py:125}}
May 19 04:22:25.929680 np0000001022 neutron-periodic-workers[88741]: DEBUG dbcounter [-] [88741] Writing DB stats neutron:SELECT=1 {{(pid=88741) stat_writer /opt/stack/data/venv/lib/python3.12/site-packages/dbcounter.py:115}}
May 19 04:22:37.919647 np0000001022 neutron-periodic-workers[88735]: DEBUG oslo.service.backend._threading.loopingcall [None req-e082b585-d9dc-4606-9c68-862e35d2f80f None None] Fixed interval looping call 'neutron.plugins.ml2.plugin.DhcpAgentSchedulerDbMixin.remove_networks_from_down_agents' sleeping for 36.99 seconds {{(pid=88735) _run_loop /opt/stack/data/venv/lib/python3.12/site-packages/oslo_service/backend/_threading/loopingcall.py:125}}
May 19 04:22:47.918884 np0000001022 neutron-periodic-workers[88735]: DEBUG dbcounter [-] [88735] Writing DB stats neutron:SELECT=3 {{(pid=88735) stat_writer /opt/stack/data/venv/lib/python3.12/site-packages/dbcounter.py:115}}
May 19 04:22:52.934198 np0000001022 neutron-periodic-workers[88741]: DEBUG neutron.db.agents_db [None req-48c17ca9-ba2d-404f-92bb-e3f9bdb1ca44 None None] Agent healthcheck: found 0 active agents {{(pid=88741) agent_health_check /opt/stack/neutron/neutron/db/agents_db.py:322}}
May 19 04:22:52.934788 np0000001022 neutron-periodic-workers[88741]: DEBUG oslo.service.backend._threading.loopingcall [None req-48c17ca9-ba2d-404f-92bb-e3f9bdb1ca44 None None] Fixed interval looping call 'neutron.plugins.ml2.plugin.AgentDbMixin.agent_health_check' sleeping for 37.00 seconds {{(pid=88741) _run_loop /opt/stack/data/venv/lib/python3.12/site-packages/oslo_service/backend/_threading/loopingcall.py:125}}
May 19 04:22:57.960645 np0000001022 neutron-periodic-workers[88756]: DEBUG dbcounter [-] [88756] Writer thread running {{(pid=88756) stat_writer /opt/stack/data/venv/lib/python3.12/site-packages/dbcounter.py:102}}
May 19 04:22:57.962035 np0000001022 neutron-periodic-workers[88756]: DEBUG oslo.service.backend._threading.loopingcall [None req-9fbf1a88-6dd7-479f-bb37-15ba072ab374 None None] Fixed interval looping call 'neutron.db.quota.driver_nolock.DbQuotaNoLockDriver._remove_expired_reservations' sleeping for 119.99 seconds {{(pid=88756) _run_loop /opt/stack/data/venv/lib/python3.12/site-packages/oslo_service/backend/_threading/loopingcall.py:125}}
May 19 04:23:02.933225 np0000001022 neutron-periodic-workers[88741]: DEBUG dbcounter [-] [88741] Writing DB stats neutron:SELECT=1 {{(pid=88741) stat_writer /opt/stack/data/venv/lib/python3.12/site-packages/dbcounter.py:115}}
May 19 04:23:07.961090 np0000001022 neutron-periodic-workers[88756]: DEBUG dbcounter [-] [88756] Writing DB stats neutron:DELETE=1 {{(pid=88756) stat_writer /opt/stack/data/venv/lib/python3.12/site-packages/dbcounter.py:115}}
May 19 04:23:14.915771 np0000001022 neutron-periodic-workers[88735]: DEBUG oslo.service.backend._threading.loopingcall [None req-e082b585-d9dc-4606-9c68-862e35d2f80f None None] Fixed interval looping call 'neutron.plugins.ml2.plugin.DhcpAgentSchedulerDbMixin.remove_networks_from_down_agents' sleeping for 36.99 seconds {{(pid=88735) _run_loop /opt/stack/data/venv/lib/python3.12/site-packages/oslo_service/backend/_threading/loopingcall.py:125}}
May 19 04:23:24.914861 np0000001022 neutron-periodic-workers[88735]: DEBUG dbcounter [-] [88735] Writing DB stats neutron:SELECT=3 {{(pid=88735) stat_writer /opt/stack/data/venv/lib/python3.12/site-packages/dbcounter.py:115}}
May 19 04:23:29.937892 np0000001022 neutron-periodic-workers[88741]: DEBUG neutron.db.agents_db [None req-48c17ca9-ba2d-404f-92bb-e3f9bdb1ca44 None None] Agent healthcheck: found 0 active agents {{(pid=88741) agent_health_check /opt/stack/neutron/neutron/db/agents_db.py:322}}
May 19 04:23:29.938370 np0000001022 neutron-periodic-workers[88741]: DEBUG oslo.service.backend._threading.loopingcall [None req-48c17ca9-ba2d-404f-92bb-e3f9bdb1ca44 None None] Fixed interval looping call 'neutron.plugins.ml2.plugin.AgentDbMixin.agent_health_check' sleeping for 37.00 seconds {{(pid=88741) _run_loop /opt/stack/data/venv/lib/python3.12/site-packages/oslo_service/backend/_threading/loopingcall.py:125}}
May 19 04:23:39.936758 np0000001022 neutron-periodic-workers[88741]: DEBUG dbcounter [-] [88741] Writing DB stats neutron:SELECT=1 {{(pid=88741) stat_writer /opt/stack/data/venv/lib/python3.12/site-packages/dbcounter.py:115}}
May 19 04:23:51.911056 np0000001022 neutron-periodic-workers[88735]: DEBUG oslo.service.backend._threading.loopingcall [None req-e082b585-d9dc-4606-9c68-862e35d2f80f None None] Fixed interval looping call 'neutron.plugins.ml2.plugin.DhcpAgentSchedulerDbMixin.remove_networks_from_down_agents' sleeping for 37.00 seconds {{(pid=88735) _run_loop /opt/stack/data/venv/lib/python3.12/site-packages/oslo_service/backend/_threading/loopingcall.py:125}}
May 19 04:23:55.932973 np0000001022 neutron-periodic-workers[88728]: DEBUG dbcounter [-] [88728] Writer thread running {{(pid=88728) stat_writer /opt/stack/data/venv/lib/python3.12/site-packages/dbcounter.py:102}}
May 19 04:23:55.948945 np0000001022 neutron-periodic-workers[88728]: DEBUG oslo.service.backend._threading.loopingcall [None req-789192e6-14ed-479b-bd00-8e7b78dc1b89 None None] Fixed interval looping call 'neutron.services.ovn_l3.plugin.L3_NAT_dbonly_mixin._clean_garbage' sleeping for 299.95 seconds {{(pid=88728) _run_loop /opt/stack/data/venv/lib/python3.12/site-packages/oslo_service/backend/_threading/loopingcall.py:125}}
May 19 04:24:01.910422 np0000001022 neutron-periodic-workers[88735]: DEBUG dbcounter [-] [88735] Writing DB stats neutron:SELECT=3 {{(pid=88735) stat_writer /opt/stack/data/venv/lib/python3.12/site-packages/dbcounter.py:115}}
May 19 04:24:05.933890 np0000001022 neutron-periodic-workers[88728]: DEBUG dbcounter [-] [88728] Writing DB stats neutron:SELECT=1 {{(pid=88728) stat_writer /opt/stack/data/venv/lib/python3.12/site-packages/dbcounter.py:115}}
May 19 04:24:06.941801 np0000001022 neutron-periodic-workers[88741]: DEBUG neutron.db.agents_db [None req-48c17ca9-ba2d-404f-92bb-e3f9bdb1ca44 None None] Agent healthcheck: found 0 active agents {{(pid=88741) agent_health_check /opt/stack/neutron/neutron/db/agents_db.py:322}}
May 19 04:24:06.942315 np0000001022 neutron-periodic-workers[88741]: DEBUG oslo.service.backend._threading.loopingcall [None req-48c17ca9-ba2d-404f-92bb-e3f9bdb1ca44 None None] Fixed interval looping call 'neutron.plugins.ml2.plugin.AgentDbMixin.agent_health_check' sleeping for 37.00 seconds {{(pid=88741) _run_loop /opt/stack/data/venv/lib/python3.12/site-packages/oslo_service/backend/_threading/loopingcall.py:125}}
May 19 04:24:16.940988 np0000001022 neutron-periodic-workers[88741]: DEBUG dbcounter [-] [88741] Writing DB stats neutron:SELECT=1 {{(pid=88741) stat_writer /opt/stack/data/venv/lib/python3.12/site-packages/dbcounter.py:115}}
May 19 04:24:28.919477 np0000001022 neutron-periodic-workers[88735]: DEBUG oslo.service.backend._threading.loopingcall [None req-e082b585-d9dc-4606-9c68-862e35d2f80f None None] Fixed interval looping call 'neutron.plugins.ml2.plugin.DhcpAgentSchedulerDbMixin.remove_networks_from_down_agents' sleeping for 36.99 seconds {{(pid=88735) _run_loop /opt/stack/data/venv/lib/python3.12/site-packages/oslo_service/backend/_threading/loopingcall.py:125}}
May 19 04:24:38.920346 np0000001022 neutron-periodic-workers[88735]: DEBUG dbcounter [-] [88735] Writing DB stats neutron:SELECT=3 {{(pid=88735) stat_writer /opt/stack/data/venv/lib/python3.12/site-packages/dbcounter.py:115}}
May 19 04:24:43.949977 np0000001022 neutron-periodic-workers[88741]: DEBUG neutron.db.agents_db [None req-48c17ca9-ba2d-404f-92bb-e3f9bdb1ca44 None None] Agent healthcheck: found 0 active agents {{(pid=88741) agent_health_check /opt/stack/neutron/neutron/db/agents_db.py:322}}
May 19 04:24:43.950437 np0000001022 neutron-periodic-workers[88741]: DEBUG oslo.service.backend._threading.loopingcall [None req-48c17ca9-ba2d-404f-92bb-e3f9bdb1ca44 None None] Fixed interval looping call 'neutron.plugins.ml2.plugin.AgentDbMixin.agent_health_check' sleeping for 36.99 seconds {{(pid=88741) _run_loop /opt/stack/data/venv/lib/python3.12/site-packages/oslo_service/backend/_threading/loopingcall.py:125}}
May 19 04:24:53.948805 np0000001022 neutron-periodic-workers[88741]: DEBUG dbcounter [-] [88741] Writing DB stats neutron:SELECT=1 {{(pid=88741) stat_writer /opt/stack/data/venv/lib/python3.12/site-packages/dbcounter.py:115}}
May 19 04:24:57.961272 np0000001022 neutron-periodic-workers[88756]: DEBUG oslo.service.backend._threading.loopingcall [None req-9fbf1a88-6dd7-479f-bb37-15ba072ab374 None None] Fixed interval looping call 'neutron.db.quota.driver_nolock.DbQuotaNoLockDriver._remove_expired_reservations' sleeping for 119.99 seconds {{(pid=88756) _run_loop /opt/stack/data/venv/lib/python3.12/site-packages/oslo_service/backend/_threading/loopingcall.py:125}}
May 19 04:25:05.914994 np0000001022 neutron-periodic-workers[88735]: DEBUG oslo.service.backend._threading.loopingcall [None req-e082b585-d9dc-4606-9c68-862e35d2f80f None None] Fixed interval looping call 'neutron.plugins.ml2.plugin.DhcpAgentSchedulerDbMixin.remove_networks_from_down_agents' sleeping for 36.99 seconds {{(pid=88735) _run_loop /opt/stack/data/venv/lib/python3.12/site-packages/oslo_service/backend/_threading/loopingcall.py:125}}
May 19 04:25:07.959878 np0000001022 neutron-periodic-workers[88756]: DEBUG dbcounter [-] [88756] Writing DB stats neutron:DELETE=1 {{(pid=88756) stat_writer /opt/stack/data/venv/lib/python3.12/site-packages/dbcounter.py:115}}
May 19 04:25:15.914404 np0000001022 neutron-periodic-workers[88735]: DEBUG dbcounter [-] [88735] Writing DB stats neutron:SELECT=3 {{(pid=88735) stat_writer /opt/stack/data/venv/lib/python3.12/site-packages/dbcounter.py:115}}
May 19 04:25:20.948714 np0000001022 neutron-periodic-workers[88741]: DEBUG neutron.db.agents_db [None req-48c17ca9-ba2d-404f-92bb-e3f9bdb1ca44 None None] Agent healthcheck: found 0 active agents {{(pid=88741) agent_health_check /opt/stack/neutron/neutron/db/agents_db.py:322}}
May 19 04:25:20.949084 np0000001022 neutron-periodic-workers[88741]: DEBUG oslo.service.backend._threading.loopingcall [None req-48c17ca9-ba2d-404f-92bb-e3f9bdb1ca44 None None] Fixed interval looping call 'neutron.plugins.ml2.plugin.AgentDbMixin.agent_health_check' sleeping for 36.99 seconds {{(pid=88741) _run_loop /opt/stack/data/venv/lib/python3.12/site-packages/oslo_service/backend/_threading/loopingcall.py:125}}
May 19 04:25:30.946551 np0000001022 neutron-periodic-workers[88741]: DEBUG dbcounter [-] [88741] Writing DB stats neutron:SELECT=1 {{(pid=88741) stat_writer /opt/stack/data/venv/lib/python3.12/site-packages/dbcounter.py:115}}
May 19 04:25:42.921087 np0000001022 neutron-periodic-workers[88735]: DEBUG oslo.service.backend._threading.loopingcall [None req-e082b585-d9dc-4606-9c68-862e35d2f80f None None] Fixed interval looping call 'neutron.plugins.ml2.plugin.DhcpAgentSchedulerDbMixin.remove_networks_from_down_agents' sleeping for 36.98 seconds {{(pid=88735) _run_loop /opt/stack/data/venv/lib/python3.12/site-packages/oslo_service/backend/_threading/loopingcall.py:125}}
May 19 04:25:52.920975 np0000001022 neutron-periodic-workers[88735]: DEBUG dbcounter [-] [88735] Writing DB stats neutron:SELECT=3 {{(pid=88735) stat_writer /opt/stack/data/venv/lib/python3.12/site-packages/dbcounter.py:115}}
May 19 04:25:57.942620 np0000001022 neutron-periodic-workers[88741]: DEBUG neutron.db.agents_db [None req-48c17ca9-ba2d-404f-92bb-e3f9bdb1ca44 None None] Agent healthcheck: found 0 active agents {{(pid=88741) agent_health_check /opt/stack/neutron/neutron/db/agents_db.py:322}}
May 19 04:25:57.942620 np0000001022 neutron-periodic-workers[88741]: DEBUG oslo.service.backend._threading.loopingcall [None req-48c17ca9-ba2d-404f-92bb-e3f9bdb1ca44 None None] Fixed interval looping call 'neutron.plugins.ml2.plugin.AgentDbMixin.agent_health_check' sleeping for 37.00 seconds {{(pid=88741) _run_loop /opt/stack/data/venv/lib/python3.12/site-packages/oslo_service/backend/_threading/loopingcall.py:125}}
May 19 04:26:07.947022 np0000001022 neutron-periodic-workers[88741]: DEBUG dbcounter [-] [88741] Writing DB stats neutron:SELECT=1 {{(pid=88741) stat_writer /opt/stack/data/venv/lib/python3.12/site-packages/dbcounter.py:115}}
May 19 04:26:19.910830 np0000001022 neutron-periodic-workers[88735]: DEBUG oslo.service.backend._threading.loopingcall [None req-e082b585-d9dc-4606-9c68-862e35d2f80f None None] Fixed interval looping call 'neutron.plugins.ml2.plugin.DhcpAgentSchedulerDbMixin.remove_networks_from_down_agents' sleeping for 36.99 seconds {{(pid=88735) _run_loop /opt/stack/data/venv/lib/python3.12/site-packages/oslo_service/backend/_threading/loopingcall.py:125}}
May 19 04:26:29.911646 np0000001022 neutron-periodic-workers[88735]: DEBUG dbcounter [-] [88735] Writing DB stats neutron:SELECT=3 {{(pid=88735) stat_writer /opt/stack/data/venv/lib/python3.12/site-packages/dbcounter.py:115}}
May 19 04:26:34.946905 np0000001022 neutron-periodic-workers[88741]: DEBUG neutron.db.agents_db [None req-48c17ca9-ba2d-404f-92bb-e3f9bdb1ca44 None None] Agent healthcheck: found 0 active agents {{(pid=88741) agent_health_check /opt/stack/neutron/neutron/db/agents_db.py:322}}
May 19 04:26:34.947306 np0000001022 neutron-periodic-workers[88741]: DEBUG oslo.service.backend._threading.loopingcall [None req-48c17ca9-ba2d-404f-92bb-e3f9bdb1ca44 None None] Fixed interval looping call 'neutron.plugins.ml2.plugin.AgentDbMixin.agent_health_check' sleeping for 37.00 seconds {{(pid=88741) _run_loop /opt/stack/data/venv/lib/python3.12/site-packages/oslo_service/backend/_threading/loopingcall.py:125}}
May 19 04:26:44.944803 np0000001022 neutron-periodic-workers[88741]: DEBUG dbcounter [-] [88741] Writing DB stats neutron:SELECT=1 {{(pid=88741) stat_writer /opt/stack/data/venv/lib/python3.12/site-packages/dbcounter.py:115}}
May 19 04:26:56.906905 np0000001022 neutron-periodic-workers[88735]: DEBUG oslo.service.backend._threading.loopingcall [None req-e082b585-d9dc-4606-9c68-862e35d2f80f None None] Fixed interval looping call 'neutron.plugins.ml2.plugin.DhcpAgentSchedulerDbMixin.remove_networks_from_down_agents' sleeping for 36.99 seconds {{(pid=88735) _run_loop /opt/stack/data/venv/lib/python3.12/site-packages/oslo_service/backend/_threading/loopingcall.py:125}}
May 19 04:26:57.966404 np0000001022 neutron-periodic-workers[88756]: DEBUG oslo.service.backend._threading.loopingcall [None req-9fbf1a88-6dd7-479f-bb37-15ba072ab374 None None] Fixed interval looping call 'neutron.db.quota.driver_nolock.DbQuotaNoLockDriver._remove_expired_reservations' sleeping for 119.99 seconds {{(pid=88756) _run_loop /opt/stack/data/venv/lib/python3.12/site-packages/oslo_service/backend/_threading/loopingcall.py:125}}
May 19 04:27:06.907418 np0000001022 neutron-periodic-workers[88735]: DEBUG dbcounter [-] [88735] Writing DB stats neutron:SELECT=3 {{(pid=88735) stat_writer /opt/stack/data/venv/lib/python3.12/site-packages/dbcounter.py:115}}
May 19 04:27:07.959858 np0000001022 neutron-periodic-workers[88756]: DEBUG dbcounter [-] [88756] Writing DB stats neutron:DELETE=1 {{(pid=88756) stat_writer /opt/stack/data/venv/lib/python3.12/site-packages/dbcounter.py:115}}
May 19 04:27:11.952473 np0000001022 neutron-periodic-workers[88741]: DEBUG neutron.db.agents_db [None req-48c17ca9-ba2d-404f-92bb-e3f9bdb1ca44 None None] Agent healthcheck: found 0 active agents {{(pid=88741) agent_health_check /opt/stack/neutron/neutron/db/agents_db.py:322}}
May 19 04:27:11.953007 np0000001022 neutron-periodic-workers[88741]: DEBUG oslo.service.backend._threading.loopingcall [None req-48c17ca9-ba2d-404f-92bb-e3f9bdb1ca44 None None] Fixed interval looping call 'neutron.plugins.ml2.plugin.AgentDbMixin.agent_health_check' sleeping for 37.00 seconds {{(pid=88741) _run_loop /opt/stack/data/venv/lib/python3.12/site-packages/oslo_service/backend/_threading/loopingcall.py:125}}
May 19 04:27:21.950952 np0000001022 neutron-periodic-workers[88741]: DEBUG dbcounter [-] [88741] Writing DB stats neutron:SELECT=1 {{(pid=88741) stat_writer /opt/stack/data/venv/lib/python3.12/site-packages/dbcounter.py:115}}
May 19 04:27:33.906693 np0000001022 neutron-periodic-workers[88735]: DEBUG oslo.service.backend._threading.loopingcall [None req-e082b585-d9dc-4606-9c68-862e35d2f80f None None] Fixed interval looping call 'neutron.plugins.ml2.plugin.DhcpAgentSchedulerDbMixin.remove_networks_from_down_agents' sleeping for 36.99 seconds {{(pid=88735) _run_loop /opt/stack/data/venv/lib/python3.12/site-packages/oslo_service/backend/_threading/loopingcall.py:125}}
May 19 04:27:43.905579 np0000001022 neutron-periodic-workers[88735]: DEBUG dbcounter [-] [88735] Writing DB stats neutron:SELECT=3 {{(pid=88735) stat_writer /opt/stack/data/venv/lib/python3.12/site-packages/dbcounter.py:115}}
May 19 04:27:48.959199 np0000001022 neutron-periodic-workers[88741]: DEBUG neutron.db.agents_db [None req-48c17ca9-ba2d-404f-92bb-e3f9bdb1ca44 None None] Agent healthcheck: found 0 active agents {{(pid=88741) agent_health_check /opt/stack/neutron/neutron/db/agents_db.py:322}}
May 19 04:27:48.959664 np0000001022 neutron-periodic-workers[88741]: DEBUG oslo.service.backend._threading.loopingcall [None req-48c17ca9-ba2d-404f-92bb-e3f9bdb1ca44 None None] Fixed interval looping call 'neutron.plugins.ml2.plugin.AgentDbMixin.agent_health_check' sleeping for 36.99 seconds {{(pid=88741) _run_loop /opt/stack/data/venv/lib/python3.12/site-packages/oslo_service/backend/_threading/loopingcall.py:125}}
May 19 04:27:58.959010 np0000001022 neutron-periodic-workers[88741]: DEBUG dbcounter [-] [88741] Writing DB stats neutron:SELECT=1 {{(pid=88741) stat_writer /opt/stack/data/venv/lib/python3.12/site-packages/dbcounter.py:115}}
May 19 04:28:10.903246 np0000001022 neutron-periodic-workers[88735]: DEBUG oslo.service.backend._threading.loopingcall [None req-e082b585-d9dc-4606-9c68-862e35d2f80f None None] Fixed interval looping call 'neutron.plugins.ml2.plugin.DhcpAgentSchedulerDbMixin.remove_networks_from_down_agents' sleeping for 36.99 seconds {{(pid=88735) _run_loop /opt/stack/data/venv/lib/python3.12/site-packages/oslo_service/backend/_threading/loopingcall.py:125}}
May 19 04:28:20.902074 np0000001022 neutron-periodic-workers[88735]: DEBUG dbcounter [-] [88735] Writing DB stats neutron:SELECT=3 {{(pid=88735) stat_writer /opt/stack/data/venv/lib/python3.12/site-packages/dbcounter.py:115}}
May 19 04:28:25.952306 np0000001022 neutron-periodic-workers[88741]: DEBUG neutron.db.agents_db [None req-48c17ca9-ba2d-404f-92bb-e3f9bdb1ca44 None None] Agent healthcheck: found 0 active agents {{(pid=88741) agent_health_check /opt/stack/neutron/neutron/db/agents_db.py:322}}
May 19 04:28:25.952689 np0000001022 neutron-periodic-workers[88741]: DEBUG oslo.service.backend._threading.loopingcall [None req-48c17ca9-ba2d-404f-92bb-e3f9bdb1ca44 None None] Fixed interval looping call 'neutron.plugins.ml2.plugin.AgentDbMixin.agent_health_check' sleeping for 37.00 seconds {{(pid=88741) _run_loop /opt/stack/data/venv/lib/python3.12/site-packages/oslo_service/backend/_threading/loopingcall.py:125}}
May 19 04:28:35.953616 np0000001022 neutron-periodic-workers[88741]: DEBUG dbcounter [-] [88741] Writing DB stats neutron:SELECT=1 {{(pid=88741) stat_writer /opt/stack/data/venv/lib/python3.12/site-packages/dbcounter.py:115}}
May 19 04:28:47.900551 np0000001022 neutron-periodic-workers[88735]: DEBUG oslo.service.backend._threading.loopingcall [None req-e082b585-d9dc-4606-9c68-862e35d2f80f None None] Fixed interval looping call 'neutron.plugins.ml2.plugin.DhcpAgentSchedulerDbMixin.remove_networks_from_down_agents' sleeping for 36.99 seconds {{(pid=88735) _run_loop /opt/stack/data/venv/lib/python3.12/site-packages/oslo_service/backend/_threading/loopingcall.py:125}}
May 19 04:28:55.913380 np0000001022 neutron-periodic-workers[88728]: DEBUG oslo.service.backend._threading.loopingcall [None req-789192e6-14ed-479b-bd00-8e7b78dc1b89 None None] Fixed interval looping call 'neutron.services.ovn_l3.plugin.L3_NAT_dbonly_mixin._clean_garbage' sleeping for 299.99 seconds {{(pid=88728) _run_loop /opt/stack/data/venv/lib/python3.12/site-packages/oslo_service/backend/_threading/loopingcall.py:125}}
May 19 04:28:57.899711 np0000001022 neutron-periodic-workers[88735]: DEBUG dbcounter [-] [88735] Writing DB stats neutron:SELECT=3 {{(pid=88735) stat_writer /opt/stack/data/venv/lib/python3.12/site-packages/dbcounter.py:115}}
May 19 04:28:57.959848 np0000001022 neutron-periodic-workers[88756]: DEBUG oslo.service.backend._threading.loopingcall [None req-9fbf1a88-6dd7-479f-bb37-15ba072ab374 None None] Fixed interval looping call 'neutron.db.quota.driver_nolock.DbQuotaNoLockDriver._remove_expired_reservations' sleeping for 120.00 seconds {{(pid=88756) _run_loop /opt/stack/data/venv/lib/python3.12/site-packages/oslo_service/backend/_threading/loopingcall.py:125}}
May 19 04:29:02.960088 np0000001022 neutron-periodic-workers[88741]: DEBUG neutron.db.agents_db [None req-48c17ca9-ba2d-404f-92bb-e3f9bdb1ca44 None None] Agent healthcheck: found 0 active agents {{(pid=88741) agent_health_check /opt/stack/neutron/neutron/db/agents_db.py:322}}
May 19 04:29:02.960566 np0000001022 neutron-periodic-workers[88741]: DEBUG oslo.service.backend._threading.loopingcall [None req-48c17ca9-ba2d-404f-92bb-e3f9bdb1ca44 None None] Fixed interval looping call 'neutron.plugins.ml2.plugin.AgentDbMixin.agent_health_check' sleeping for 36.99 seconds {{(pid=88741) _run_loop /opt/stack/data/venv/lib/python3.12/site-packages/oslo_service/backend/_threading/loopingcall.py:125}}
May 19 04:29:05.907446 np0000001022 neutron-periodic-workers[88728]: DEBUG dbcounter [-] [88728] Writing DB stats neutron:SELECT=1 {{(pid=88728) stat_writer /opt/stack/data/venv/lib/python3.12/site-packages/dbcounter.py:115}}
May 19 04:29:07.959623 np0000001022 neutron-periodic-workers[88756]: DEBUG dbcounter [-] [88756] Writing DB stats neutron:DELETE=1 {{(pid=88756) stat_writer /opt/stack/data/venv/lib/python3.12/site-packages/dbcounter.py:115}}
May 19 04:29:12.958701 np0000001022 neutron-periodic-workers[88741]: DEBUG dbcounter [-] [88741] Writing DB stats neutron:SELECT=1 {{(pid=88741) stat_writer /opt/stack/data/venv/lib/python3.12/site-packages/dbcounter.py:115}}
May 19 04:29:24.896169 np0000001022 neutron-periodic-workers[88735]: DEBUG oslo.service.backend._threading.loopingcall [None req-e082b585-d9dc-4606-9c68-862e35d2f80f None None] Fixed interval looping call 'neutron.plugins.ml2.plugin.DhcpAgentSchedulerDbMixin.remove_networks_from_down_agents' sleeping for 36.99 seconds {{(pid=88735) _run_loop /opt/stack/data/venv/lib/python3.12/site-packages/oslo_service/backend/_threading/loopingcall.py:125}}
May 19 04:29:34.895593 np0000001022 neutron-periodic-workers[88735]: DEBUG dbcounter [-] [88735] Writing DB stats neutron:SELECT=3 {{(pid=88735) stat_writer /opt/stack/data/venv/lib/python3.12/site-packages/dbcounter.py:115}}
May 19 04:29:39.955882 np0000001022 neutron-periodic-workers[88741]: DEBUG neutron.db.agents_db [None req-48c17ca9-ba2d-404f-92bb-e3f9bdb1ca44 None None] Agent healthcheck: found 0 active agents {{(pid=88741) agent_health_check /opt/stack/neutron/neutron/db/agents_db.py:322}}
May 19 04:29:39.956359 np0000001022 neutron-periodic-workers[88741]: DEBUG oslo.service.backend._threading.loopingcall [None req-48c17ca9-ba2d-404f-92bb-e3f9bdb1ca44 None None] Fixed interval looping call 'neutron.plugins.ml2.plugin.AgentDbMixin.agent_health_check' sleeping for 37.00 seconds {{(pid=88741) _run_loop /opt/stack/data/venv/lib/python3.12/site-packages/oslo_service/backend/_threading/loopingcall.py:125}}
May 19 04:29:49.957794 np0000001022 neutron-periodic-workers[88741]: DEBUG dbcounter [-] [88741] Writing DB stats neutron:SELECT=1 {{(pid=88741) stat_writer /opt/stack/data/venv/lib/python3.12/site-packages/dbcounter.py:115}}
May 19 04:30:01.899567 np0000001022 neutron-periodic-workers[88735]: DEBUG oslo.service.backend._threading.loopingcall [None req-e082b585-d9dc-4606-9c68-862e35d2f80f None None] Fixed interval looping call 'neutron.plugins.ml2.plugin.DhcpAgentSchedulerDbMixin.remove_networks_from_down_agents' sleeping for 36.99 seconds {{(pid=88735) _run_loop /opt/stack/data/venv/lib/python3.12/site-packages/oslo_service/backend/_threading/loopingcall.py:125}}
May 19 04:30:11.897681 np0000001022 neutron-periodic-workers[88735]: DEBUG dbcounter [-] [88735] Writing DB stats neutron:SELECT=3 {{(pid=88735) stat_writer /opt/stack/data/venv/lib/python3.12/site-packages/dbcounter.py:115}}
May 19 04:30:16.964362 np0000001022 neutron-periodic-workers[88741]: DEBUG neutron.db.agents_db [None req-48c17ca9-ba2d-404f-92bb-e3f9bdb1ca44 None None] Agent healthcheck: found 0 active agents {{(pid=88741) agent_health_check /opt/stack/neutron/neutron/db/agents_db.py:322}}
May 19 04:30:16.964362 np0000001022 neutron-periodic-workers[88741]: DEBUG oslo.service.backend._threading.loopingcall [None req-48c17ca9-ba2d-404f-92bb-e3f9bdb1ca44 None None] Fixed interval looping call 'neutron.plugins.ml2.plugin.AgentDbMixin.agent_health_check' sleeping for 36.99 seconds {{(pid=88741) _run_loop /opt/stack/data/venv/lib/python3.12/site-packages/oslo_service/backend/_threading/loopingcall.py:125}}
May 19 04:30:26.961294 np0000001022 neutron-periodic-workers[88741]: DEBUG dbcounter [-] [88741] Writing DB stats neutron:SELECT=1 {{(pid=88741) stat_writer /opt/stack/data/venv/lib/python3.12/site-packages/dbcounter.py:115}}
May 19 04:30:38.897793 np0000001022 neutron-periodic-workers[88735]: DEBUG oslo.service.backend._threading.loopingcall [None req-e082b585-d9dc-4606-9c68-862e35d2f80f None None] Fixed interval looping call 'neutron.plugins.ml2.plugin.DhcpAgentSchedulerDbMixin.remove_networks_from_down_agents' sleeping for 36.99 seconds {{(pid=88735) _run_loop /opt/stack/data/venv/lib/python3.12/site-packages/oslo_service/backend/_threading/loopingcall.py:125}}
May 19 04:30:48.897478 np0000001022 neutron-periodic-workers[88735]: DEBUG dbcounter [-] [88735] Writing DB stats neutron:SELECT=3 {{(pid=88735) stat_writer /opt/stack/data/venv/lib/python3.12/site-packages/dbcounter.py:115}}
May 19 04:30:53.959018 np0000001022 neutron-periodic-workers[88741]: DEBUG neutron.db.agents_db [None req-48c17ca9-ba2d-404f-92bb-e3f9bdb1ca44 None None] Agent healthcheck: found 0 active agents {{(pid=88741) agent_health_check /opt/stack/neutron/neutron/db/agents_db.py:322}}
May 19 04:30:53.959330 np0000001022 neutron-periodic-workers[88741]: DEBUG oslo.service.backend._threading.loopingcall [None req-48c17ca9-ba2d-404f-92bb-e3f9bdb1ca44 None None] Fixed interval looping call 'neutron.plugins.ml2.plugin.AgentDbMixin.agent_health_check' sleeping for 37.00 seconds {{(pid=88741) _run_loop /opt/stack/data/venv/lib/python3.12/site-packages/oslo_service/backend/_threading/loopingcall.py:125}}
May 19 04:30:57.968311 np0000001022 neutron-periodic-workers[88756]: DEBUG oslo.service.backend._threading.loopingcall [None req-9fbf1a88-6dd7-479f-bb37-15ba072ab374 None None] Fixed interval looping call 'neutron.db.quota.driver_nolock.DbQuotaNoLockDriver._remove_expired_reservations' sleeping for 119.99 seconds {{(pid=88756) _run_loop /opt/stack/data/venv/lib/python3.12/site-packages/oslo_service/backend/_threading/loopingcall.py:125}}
May 19 04:31:03.957101 np0000001022 neutron-periodic-workers[88741]: DEBUG dbcounter [-] [88741] Writing DB stats neutron:SELECT=1 {{(pid=88741) stat_writer /opt/stack/data/venv/lib/python3.12/site-packages/dbcounter.py:115}}
May 19 04:31:07.963294 np0000001022 neutron-periodic-workers[88756]: DEBUG dbcounter [-] [88756] Writing DB stats neutron:DELETE=1 {{(pid=88756) stat_writer /opt/stack/data/venv/lib/python3.12/site-packages/dbcounter.py:115}}
May 19 04:31:15.893193 np0000001022 neutron-periodic-workers[88735]: DEBUG oslo.service.backend._threading.loopingcall [None req-e082b585-d9dc-4606-9c68-862e35d2f80f None None] Fixed interval looping call 'neutron.plugins.ml2.plugin.DhcpAgentSchedulerDbMixin.remove_networks_from_down_agents' sleeping for 36.99 seconds {{(pid=88735) _run_loop /opt/stack/data/venv/lib/python3.12/site-packages/oslo_service/backend/_threading/loopingcall.py:125}}
May 19 04:31:25.892330 np0000001022 neutron-periodic-workers[88735]: DEBUG dbcounter [-] [88735] Writing DB stats neutron:SELECT=3 {{(pid=88735) stat_writer /opt/stack/data/venv/lib/python3.12/site-packages/dbcounter.py:115}}
May 19 04:31:30.963800 np0000001022 neutron-periodic-workers[88741]: DEBUG neutron.db.agents_db [None req-48c17ca9-ba2d-404f-92bb-e3f9bdb1ca44 None None] Agent healthcheck: found 0 active agents {{(pid=88741) agent_health_check /opt/stack/neutron/neutron/db/agents_db.py:322}}
May 19 04:31:30.964298 np0000001022 neutron-periodic-workers[88741]: DEBUG oslo.service.backend._threading.loopingcall [None req-48c17ca9-ba2d-404f-92bb-e3f9bdb1ca44 None None] Fixed interval looping call 'neutron.plugins.ml2.plugin.AgentDbMixin.agent_health_check' sleeping for 37.00 seconds {{(pid=88741) _run_loop /opt/stack/data/venv/lib/python3.12/site-packages/oslo_service/backend/_threading/loopingcall.py:125}}
May 19 04:31:40.961873 np0000001022 neutron-periodic-workers[88741]: DEBUG dbcounter [-] [88741] Writing DB stats neutron:SELECT=1 {{(pid=88741) stat_writer /opt/stack/data/venv/lib/python3.12/site-packages/dbcounter.py:115}}
May 19 04:31:52.889486 np0000001022 neutron-periodic-workers[88735]: DEBUG oslo.service.backend._threading.loopingcall [None req-e082b585-d9dc-4606-9c68-862e35d2f80f None None] Fixed interval looping call 'neutron.plugins.ml2.plugin.DhcpAgentSchedulerDbMixin.remove_networks_from_down_agents' sleeping for 36.99 seconds {{(pid=88735) _run_loop /opt/stack/data/venv/lib/python3.12/site-packages/oslo_service/backend/_threading/loopingcall.py:125}}
May 19 04:32:02.890228 np0000001022 neutron-periodic-workers[88735]: DEBUG dbcounter [-] [88735] Writing DB stats neutron:SELECT=3 {{(pid=88735) stat_writer /opt/stack/data/venv/lib/python3.12/site-packages/dbcounter.py:115}}
May 19 04:32:07.968491 np0000001022 neutron-periodic-workers[88741]: DEBUG neutron.db.agents_db [None req-48c17ca9-ba2d-404f-92bb-e3f9bdb1ca44 None None] Agent healthcheck: found 0 active agents {{(pid=88741) agent_health_check /opt/stack/neutron/neutron/db/agents_db.py:322}}
May 19 04:32:07.968996 np0000001022 neutron-periodic-workers[88741]: DEBUG oslo.service.backend._threading.loopingcall [None req-48c17ca9-ba2d-404f-92bb-e3f9bdb1ca44 None None] Fixed interval looping call 'neutron.plugins.ml2.plugin.AgentDbMixin.agent_health_check' sleeping for 37.00 seconds {{(pid=88741) _run_loop /opt/stack/data/venv/lib/python3.12/site-packages/oslo_service/backend/_threading/loopingcall.py:125}}
May 19 04:32:17.967231 np0000001022 neutron-periodic-workers[88741]: DEBUG dbcounter [-] [88741] Writing DB stats neutron:SELECT=1 {{(pid=88741) stat_writer /opt/stack/data/venv/lib/python3.12/site-packages/dbcounter.py:115}}
May 19 04:32:29.887489 np0000001022 neutron-periodic-workers[88735]: DEBUG oslo.service.backend._threading.loopingcall [None req-e082b585-d9dc-4606-9c68-862e35d2f80f None None] Fixed interval looping call 'neutron.plugins.ml2.plugin.DhcpAgentSchedulerDbMixin.remove_networks_from_down_agents' sleeping for 36.99 seconds {{(pid=88735) _run_loop /opt/stack/data/venv/lib/python3.12/site-packages/oslo_service/backend/_threading/loopingcall.py:125}}
May 19 04:32:39.886851 np0000001022 neutron-periodic-workers[88735]: DEBUG dbcounter [-] [88735] Writing DB stats neutron:SELECT=3 {{(pid=88735) stat_writer /opt/stack/data/venv/lib/python3.12/site-packages/dbcounter.py:115}}
May 19 04:32:44.971885 np0000001022 neutron-periodic-workers[88741]: DEBUG neutron.db.agents_db [None req-48c17ca9-ba2d-404f-92bb-e3f9bdb1ca44 None None] Agent healthcheck: found 0 active agents {{(pid=88741) agent_health_check /opt/stack/neutron/neutron/db/agents_db.py:322}}
May 19 04:32:44.972410 np0000001022 neutron-periodic-workers[88741]: DEBUG oslo.service.backend._threading.loopingcall [None req-48c17ca9-ba2d-404f-92bb-e3f9bdb1ca44 None None] Fixed interval looping call 'neutron.plugins.ml2.plugin.AgentDbMixin.agent_health_check' sleeping for 37.00 seconds {{(pid=88741) _run_loop /opt/stack/data/venv/lib/python3.12/site-packages/oslo_service/backend/_threading/loopingcall.py:125}}
May 19 04:32:54.972036 np0000001022 neutron-periodic-workers[88741]: DEBUG dbcounter [-] [88741] Writing DB stats neutron:SELECT=1 {{(pid=88741) stat_writer /opt/stack/data/venv/lib/python3.12/site-packages/dbcounter.py:115}}
May 19 04:32:57.961286 np0000001022 neutron-periodic-workers[88756]: DEBUG oslo.service.backend._threading.loopingcall [None req-9fbf1a88-6dd7-479f-bb37-15ba072ab374 None None] Fixed interval looping call 'neutron.db.quota.driver_nolock.DbQuotaNoLockDriver._remove_expired_reservations' sleeping for 120.00 seconds {{(pid=88756) _run_loop /opt/stack/data/venv/lib/python3.12/site-packages/oslo_service/backend/_threading/loopingcall.py:125}}
May 19 04:33:06.889026 np0000001022 neutron-periodic-workers[88735]: DEBUG oslo.service.backend._threading.loopingcall [None req-e082b585-d9dc-4606-9c68-862e35d2f80f None None] Fixed interval looping call 'neutron.plugins.ml2.plugin.DhcpAgentSchedulerDbMixin.remove_networks_from_down_agents' sleeping for 36.99 seconds {{(pid=88735) _run_loop /opt/stack/data/venv/lib/python3.12/site-packages/oslo_service/backend/_threading/loopingcall.py:125}}
May 19 04:33:07.960705 np0000001022 neutron-periodic-workers[88756]: DEBUG dbcounter [-] [88756] Writing DB stats neutron:DELETE=1 {{(pid=88756) stat_writer /opt/stack/data/venv/lib/python3.12/site-packages/dbcounter.py:115}}
May 19 04:33:16.887721 np0000001022 neutron-periodic-workers[88735]: DEBUG dbcounter [-] [88735] Writing DB stats neutron:SELECT=3 {{(pid=88735) stat_writer /opt/stack/data/venv/lib/python3.12/site-packages/dbcounter.py:115}}
May 19 04:33:21.979012 np0000001022 neutron-periodic-workers[88741]: DEBUG neutron.db.agents_db [None req-48c17ca9-ba2d-404f-92bb-e3f9bdb1ca44 None None] Agent healthcheck: found 0 active agents {{(pid=88741) agent_health_check /opt/stack/neutron/neutron/db/agents_db.py:322}}
May 19 04:33:21.979012 np0000001022 neutron-periodic-workers[88741]: DEBUG oslo.service.backend._threading.loopingcall [None req-48c17ca9-ba2d-404f-92bb-e3f9bdb1ca44 None None] Fixed interval looping call 'neutron.plugins.ml2.plugin.AgentDbMixin.agent_health_check' sleeping for 36.99 seconds {{(pid=88741) _run_loop /opt/stack/data/venv/lib/python3.12/site-packages/oslo_service/backend/_threading/loopingcall.py:125}}
May 19 04:33:31.976181 np0000001022 neutron-periodic-workers[88741]: DEBUG dbcounter [-] [88741] Writing DB stats neutron:SELECT=1 {{(pid=88741) stat_writer /opt/stack/data/venv/lib/python3.12/site-packages/dbcounter.py:115}}
May 19 04:33:43.889146 np0000001022 neutron-periodic-workers[88735]: DEBUG oslo.service.backend._threading.loopingcall [None req-e082b585-d9dc-4606-9c68-862e35d2f80f None None] Fixed interval looping call 'neutron.plugins.ml2.plugin.DhcpAgentSchedulerDbMixin.remove_networks_from_down_agents' sleeping for 36.99 seconds {{(pid=88735) _run_loop /opt/stack/data/venv/lib/python3.12/site-packages/oslo_service/backend/_threading/loopingcall.py:125}}
May 19 04:33:53.887838 np0000001022 neutron-periodic-workers[88735]: DEBUG dbcounter [-] [88735] Writing DB stats neutron:SELECT=3 {{(pid=88735) stat_writer /opt/stack/data/venv/lib/python3.12/site-packages/dbcounter.py:115}}
May 19 04:33:55.916019 np0000001022 neutron-periodic-workers[88728]: DEBUG oslo.service.backend._threading.loopingcall [None req-789192e6-14ed-479b-bd00-8e7b78dc1b89 None None] Fixed interval looping call 'neutron.services.ovn_l3.plugin.L3_NAT_dbonly_mixin._clean_garbage' sleeping for 299.99 seconds {{(pid=88728) _run_loop /opt/stack/data/venv/lib/python3.12/site-packages/oslo_service/backend/_threading/loopingcall.py:125}}
May 19 04:33:58.977107 np0000001022 neutron-periodic-workers[88741]: DEBUG neutron.db.agents_db [None req-48c17ca9-ba2d-404f-92bb-e3f9bdb1ca44 None None] Agent healthcheck: found 0 active agents {{(pid=88741) agent_health_check /opt/stack/neutron/neutron/db/agents_db.py:322}}
May 19 04:33:58.977448 np0000001022 neutron-periodic-workers[88741]: DEBUG oslo.service.backend._threading.loopingcall [None req-48c17ca9-ba2d-404f-92bb-e3f9bdb1ca44 None None] Fixed interval looping call 'neutron.plugins.ml2.plugin.AgentDbMixin.agent_health_check' sleeping for 36.99 seconds {{(pid=88741) _run_loop /opt/stack/data/venv/lib/python3.12/site-packages/oslo_service/backend/_threading/loopingcall.py:125}}
May 19 04:34:05.910561 np0000001022 neutron-periodic-workers[88728]: DEBUG dbcounter [-] [88728] Writing DB stats neutron:SELECT=1 {{(pid=88728) stat_writer /opt/stack/data/venv/lib/python3.12/site-packages/dbcounter.py:115}}
May 19 04:34:08.973895 np0000001022 neutron-periodic-workers[88741]: DEBUG dbcounter [-] [88741] Writing DB stats neutron:SELECT=1 {{(pid=88741) stat_writer /opt/stack/data/venv/lib/python3.12/site-packages/dbcounter.py:115}}
