May 19 04:47:32.866288 np0000001022 devstack@placement-api.service[89138]: [pid: 89138|app: 0|req: 732/1462] 10.4.3.178 () {68 vars in 1499 bytes} [Tue May 19 04:47:32 2026] GET /placement/allocations/1ea27785-baa4-497c-97f2-a452434a5f0b => generated 244 bytes in 13 msecs (HTTP/1.1 200) 8 headers in 296 bytes (1 switches on core 0)
May 19 04:47:32.903126 np0000001022 devstack@placement-api.service[89139]: DEBUG placement.requestlog [req-e631f63a-f200-45a4-b405-6dc06ce853ec req-7f31583b-d710-4dc0-a84d-be6452808ea4 None None] Starting request: 10.4.3.178 "GET /placement/allocations/12d95436-66f9-4d04-ad36-b7b4595f5aab" {{(pid=89139) __call__ /opt/stack/placement/placement/requestlog.py:55}}
May 19 04:47:32.909841 np0000001022 devstack@placement-api.service[89139]: INFO placement.requestlog [req-e631f63a-f200-45a4-b405-6dc06ce853ec req-7f31583b-d710-4dc0-a84d-be6452808ea4 service nova] 10.4.3.178 "GET /placement/allocations/12d95436-66f9-4d04-ad36-b7b4595f5aab" status: 200 len: 258 microversion: 1.28
May 19 04:47:32.910065 np0000001022 devstack@placement-api.service[89139]: [pid: 89139|app: 0|req: 731/1463] 10.4.3.178 () {68 vars in 1499 bytes} [Tue May 19 04:47:32 2026] GET /placement/allocations/12d95436-66f9-4d04-ad36-b7b4595f5aab => generated 258 bytes in 7 msecs (HTTP/1.1 200) 8 headers in 296 bytes (1 switches on core 0)
May 19 04:47:33.973211 np0000001022 devstack@placement-api.service[89138]: DEBUG placement.requestlog [req-e631f63a-f200-45a4-b405-6dc06ce853ec req-7792a8e9-71ff-4e34-83e0-e6ac77a743c8 None None] Starting request: 10.4.3.178 "DELETE /placement/allocations/12d95436-66f9-4d04-ad36-b7b4595f5aab" {{(pid=89138) __call__ /opt/stack/placement/placement/requestlog.py:55}}
May 19 04:47:34.134417 np0000001022 devstack@placement-api.service[89138]: DEBUG placement.handlers.allocation [req-e631f63a-f200-45a4-b405-6dc06ce853ec req-7792a8e9-71ff-4e34-83e0-e6ac77a743c8 service nova] Successfully deleted allocations [, , ] {{(pid=89138) delete_allocations /opt/stack/placement/placement/handlers/allocation.py:627}}
May 19 04:47:34.135599 np0000001022 devstack@placement-api.service[89138]: INFO placement.requestlog [req-e631f63a-f200-45a4-b405-6dc06ce853ec req-7792a8e9-71ff-4e34-83e0-e6ac77a743c8 service nova] 10.4.3.178 "DELETE /placement/allocations/12d95436-66f9-4d04-ad36-b7b4595f5aab" status: 204 len: 0 microversion: 1.0
May 19 04:47:34.135599 np0000001022 devstack@placement-api.service[89138]: [pid: 89138|app: 0|req: 733/1464] 10.4.3.178 () {68 vars in 1477 bytes} [Tue May 19 04:47:33 2026] DELETE /placement/allocations/12d95436-66f9-4d04-ad36-b7b4595f5aab => generated 0 bytes in 162 msecs (HTTP/1.1 204) 5 headers in 198 bytes (1 switches on core 0)
May 19 04:47:38.510188 np0000001022 devstack@placement-api.service[89139]: DEBUG placement.requestlog [None req-2d98d981-fd2c-41ee-ba08-342815ad9a90 None None] Starting request: 10.4.3.178 "GET /placement/resource_providers/c3f0cbfd-55e3-4438-ad0d-305aef95feec/aggregates" {{(pid=89139) __call__ /opt/stack/placement/placement/requestlog.py:55}}
May 19 04:47:38.516348 np0000001022 devstack@placement-api.service[89139]: INFO placement.requestlog [None req-2d98d981-fd2c-41ee-ba08-342815ad9a90 service placement] 10.4.3.178 "GET /placement/resource_providers/c3f0cbfd-55e3-4438-ad0d-305aef95feec/aggregates" status: 404 len: 235 microversion: 1.1
May 19 04:47:38.516348 np0000001022 devstack@placement-api.service[89139]: [pid: 89139|app: 0|req: 732/1465] 10.4.3.178 () {66 vars in 1474 bytes} [Tue May 19 04:47:38 2026] GET /placement/resource_providers/c3f0cbfd-55e3-4438-ad0d-305aef95feec/aggregates => generated 235 bytes in 6 msecs (HTTP/1.1 404) 5 headers in 202 bytes (1 switches on core 0)
May 19 04:47:38.551364 np0000001022 devstack@placement-api.service[89138]: DEBUG placement.requestlog [None req-2eb47666-4389-438b-8b6b-87b9106acb57 None None] Starting request: 10.4.3.178 "DELETE /placement/resource_providers/c3f0cbfd-55e3-4438-ad0d-305aef95feec" {{(pid=89138) __call__ /opt/stack/placement/placement/requestlog.py:55}}
May 19 04:47:38.558500 np0000001022 devstack@placement-api.service[89138]: DEBUG placement.wsgi_wrapper [None req-2eb47666-4389-438b-8b6b-87b9106acb57 service placement] Placement API returning an error response: No resource provider with uuid c3f0cbfd-55e3-4438-ad0d-305aef95feec found for delete {{(pid=89138) call_func /opt/stack/placement/placement/wsgi_wrapper.py:31}}
May 19 04:47:38.559049 np0000001022 devstack@placement-api.service[89138]: INFO placement.requestlog [None req-2eb47666-4389-438b-8b6b-87b9106acb57 service placement] 10.4.3.178 "DELETE /placement/resource_providers/c3f0cbfd-55e3-4438-ad0d-305aef95feec" status: 404 len: 246 microversion: 1.1
May 19 04:47:38.559373 np0000001022 devstack@placement-api.service[89138]: [pid: 89138|app: 0|req: 734/1466] 10.4.3.178 () {68 vars in 1463 bytes} [Tue May 19 04:47:38 2026] DELETE /placement/resource_providers/c3f0cbfd-55e3-4438-ad0d-305aef95feec => generated 246 bytes in 8 msecs (HTTP/1.1 404) 6 headers in 231 bytes (1 switches on core 0)
May 19 04:47:40.161092 np0000001022 devstack@placement-api.service[89139]: DEBUG placement.requestlog [req-3272249f-9af7-46fa-9181-2566fc0058c3 req-80dfee39-f4a9-4450-b071-940a7aeff90d None None] Starting request: 10.4.3.178 "GET /placement/resource_providers?in_tree=1e76fec7-fa84-47b0-a067-051c80967736" {{(pid=89139) __call__ /opt/stack/placement/placement/requestlog.py:55}}
May 19 04:47:40.172774 np0000001022 devstack@placement-api.service[89139]: INFO placement.requestlog [req-3272249f-9af7-46fa-9181-2566fc0058c3 req-80dfee39-f4a9-4450-b071-940a7aeff90d service nova] 10.4.3.178 "GET /placement/resource_providers?in_tree=1e76fec7-fa84-47b0-a067-051c80967736" status: 200 len: 862 microversion: 1.14
May 19 04:47:40.173014 np0000001022 devstack@placement-api.service[89139]: [pid: 89139|app: 0|req: 733/1467] 10.4.3.178 () {68 vars in 1498 bytes} [Tue May 19 04:47:40 2026] GET /placement/resource_providers?in_tree=1e76fec7-fa84-47b0-a067-051c80967736 => generated 862 bytes in 12 msecs (HTTP/1.1 200) 6 headers in 225 bytes (1 switches on core 0)
May 19 04:47:40.205571 np0000001022 devstack@placement-api.service[89138]: DEBUG placement.requestlog [req-3272249f-9af7-46fa-9181-2566fc0058c3 req-6b070434-adf1-499f-91e9-2768239de61d None None] Starting request: 10.4.3.178 "GET /placement/resource_providers/1e76fec7-fa84-47b0-a067-051c80967736/inventories" {{(pid=89138) __call__ /opt/stack/placement/placement/requestlog.py:55}}
May 19 04:47:40.215412 np0000001022 devstack@placement-api.service[89138]: INFO placement.requestlog [req-3272249f-9af7-46fa-9181-2566fc0058c3 req-6b070434-adf1-499f-91e9-2768239de61d service nova] 10.4.3.178 "GET /placement/resource_providers/1e76fec7-fa84-47b0-a067-051c80967736/inventories" status: 200 len: 399 microversion: 1.0
May 19 04:47:40.215811 np0000001022 devstack@placement-api.service[89138]: [pid: 89138|app: 0|req: 735/1468] 10.4.3.178 () {66 vars in 1512 bytes} [Tue May 19 04:47:40 2026] GET /placement/resource_providers/1e76fec7-fa84-47b0-a067-051c80967736/inventories => generated 399 bytes in 10 msecs (HTTP/1.1 200) 6 headers in 224 bytes (1 switches on core 0)
May 19 04:47:40.248701 np0000001022 devstack@placement-api.service[89139]: DEBUG placement.requestlog [req-3272249f-9af7-46fa-9181-2566fc0058c3 req-05514f08-bd20-454e-a350-7e0302639eb5 None None] Starting request: 10.4.3.178 "GET /placement/resource_providers/1e76fec7-fa84-47b0-a067-051c80967736/aggregates" {{(pid=89139) __call__ /opt/stack/placement/placement/requestlog.py:55}}
May 19 04:47:40.256743 np0000001022 devstack@placement-api.service[89139]: INFO placement.requestlog [req-3272249f-9af7-46fa-9181-2566fc0058c3 req-05514f08-bd20-454e-a350-7e0302639eb5 service nova] 10.4.3.178 "GET /placement/resource_providers/1e76fec7-fa84-47b0-a067-051c80967736/aggregates" status: 200 len: 54 microversion: 1.19
May 19 04:47:40.257095 np0000001022 devstack@placement-api.service[89139]: [pid: 89139|app: 0|req: 734/1469] 10.4.3.178 () {68 vars in 1553 bytes} [Tue May 19 04:47:40 2026] GET /placement/resource_providers/1e76fec7-fa84-47b0-a067-051c80967736/aggregates => generated 54 bytes in 8 msecs (HTTP/1.1 200) 8 headers in 295 bytes (1 switches on core 0)
May 19 04:47:40.285984 np0000001022 devstack@placement-api.service[89138]: DEBUG placement.requestlog [req-3272249f-9af7-46fa-9181-2566fc0058c3 req-ca691484-4b73-40fc-b363-0c8172f8638d None None] Starting request: 10.4.3.178 "GET /placement/resource_providers/1e76fec7-fa84-47b0-a067-051c80967736/traits" {{(pid=89138) __call__ /opt/stack/placement/placement/requestlog.py:55}}
May 19 04:47:40.300539 np0000001022 devstack@placement-api.service[89138]: INFO placement.requestlog [req-3272249f-9af7-46fa-9181-2566fc0058c3 req-ca691484-4b73-40fc-b363-0c8172f8638d service nova] 10.4.3.178 "GET /placement/resource_providers/1e76fec7-fa84-47b0-a067-051c80967736/traits" status: 200 len: 2027 microversion: 1.6
May 19 04:47:40.300666 np0000001022 devstack@placement-api.service[89138]: [pid: 89138|app: 0|req: 736/1470] 10.4.3.178 () {68 vars in 1540 bytes} [Tue May 19 04:47:40 2026] GET /placement/resource_providers/1e76fec7-fa84-47b0-a067-051c80967736/traits => generated 2027 bytes in 15 msecs (HTTP/1.1 200) 6 headers in 225 bytes (1 switches on core 0)
May 19 04:47:40.333238 np0000001022 devstack@placement-api.service[89139]: DEBUG placement.requestlog [req-3272249f-9af7-46fa-9181-2566fc0058c3 req-158ba361-b5a8-4aaa-a97b-e2033bb689f4 None None] Starting request: 10.4.3.178 "GET /placement/resource_providers/1e76fec7-fa84-47b0-a067-051c80967736/allocations" {{(pid=89139) __call__ /opt/stack/placement/placement/requestlog.py:55}}
May 19 04:47:40.343343 np0000001022 devstack@placement-api.service[89139]: INFO placement.requestlog [req-3272249f-9af7-46fa-9181-2566fc0058c3 req-158ba361-b5a8-4aaa-a97b-e2033bb689f4 service nova] 10.4.3.178 "GET /placement/resource_providers/1e76fec7-fa84-47b0-a067-051c80967736/allocations" status: 200 len: 139 microversion: 1.0
May 19 04:47:40.343628 np0000001022 devstack@placement-api.service[89139]: [pid: 89139|app: 0|req: 735/1471] 10.4.3.178 () {66 vars in 1512 bytes} [Tue May 19 04:47:40 2026] GET /placement/resource_providers/1e76fec7-fa84-47b0-a067-051c80967736/allocations => generated 139 bytes in 11 msecs (HTTP/1.1 200) 6 headers in 224 bytes (1 switches on core 0)
May 19 04:47:40.374790 np0000001022 devstack@placement-api.service[89138]: DEBUG placement.requestlog [req-3272249f-9af7-46fa-9181-2566fc0058c3 req-661d8681-c8d7-4537-8242-d6fbacd4dafb None None] Starting request: 10.4.3.178 "GET /placement/allocations/1ea27785-baa4-497c-97f2-a452434a5f0b" {{(pid=89138) __call__ /opt/stack/placement/placement/requestlog.py:55}}
May 19 04:47:40.381899 np0000001022 devstack@placement-api.service[89138]: INFO placement.requestlog [req-3272249f-9af7-46fa-9181-2566fc0058c3 req-661d8681-c8d7-4537-8242-d6fbacd4dafb service nova] 10.4.3.178 "GET /placement/allocations/1ea27785-baa4-497c-97f2-a452434a5f0b" status: 200 len: 244 microversion: 1.28
May 19 04:47:40.382127 np0000001022 devstack@placement-api.service[89138]: [pid: 89138|app: 0|req: 737/1472] 10.4.3.178 () {68 vars in 1499 bytes} [Tue May 19 04:47:40 2026] GET /placement/allocations/1ea27785-baa4-497c-97f2-a452434a5f0b => generated 244 bytes in 7 msecs (HTTP/1.1 200) 8 headers in 296 bytes (1 switches on core 0)
May 19 04:47:40.597092 np0000001022 devstack@placement-api.service[89139]: DEBUG placement.requestlog [None req-7a4c7638-c393-493f-bc07-5f1b20939206 None None] Starting request: 10.4.3.178 "GET /placement/resource_providers/e627bc63-77f2-4ee2-89f4-2b0dbc1d9a8d/aggregates" {{(pid=89139) __call__ /opt/stack/placement/placement/requestlog.py:55}}
May 19 04:47:40.689403 np0000001022 devstack@placement-api.service[89139]: INFO placement.requestlog [None req-7a4c7638-c393-493f-bc07-5f1b20939206 service placement] 10.4.3.178 "GET /placement/resource_providers/e627bc63-77f2-4ee2-89f4-2b0dbc1d9a8d/aggregates" status: 404 len: 235 microversion: 1.1
May 19 04:47:40.691646 np0000001022 devstack@placement-api.service[89139]: [pid: 89139|app: 0|req: 736/1473] 10.4.3.178 () {66 vars in 1474 bytes} [Tue May 19 04:47:40 2026] GET /placement/resource_providers/e627bc63-77f2-4ee2-89f4-2b0dbc1d9a8d/aggregates => generated 235 bytes in 92 msecs (HTTP/1.1 404) 5 headers in 202 bytes (1 switches on core 0)
May 19 04:47:40.722872 np0000001022 devstack@placement-api.service[89138]: DEBUG placement.requestlog [None req-21e0881d-341f-4fc9-8f8a-52f889a78f47 None None] Starting request: 10.4.3.178 "DELETE /placement/resource_providers/e627bc63-77f2-4ee2-89f4-2b0dbc1d9a8d" {{(pid=89138) __call__ /opt/stack/placement/placement/requestlog.py:55}}
May 19 04:47:40.732485 np0000001022 devstack@placement-api.service[89138]: DEBUG placement.wsgi_wrapper [None req-21e0881d-341f-4fc9-8f8a-52f889a78f47 service placement] Placement API returning an error response: No resource provider with uuid e627bc63-77f2-4ee2-89f4-2b0dbc1d9a8d found for delete {{(pid=89138) call_func /opt/stack/placement/placement/wsgi_wrapper.py:31}}
May 19 04:47:40.733550 np0000001022 devstack@placement-api.service[89138]: INFO placement.requestlog [None req-21e0881d-341f-4fc9-8f8a-52f889a78f47 service placement] 10.4.3.178 "DELETE /placement/resource_providers/e627bc63-77f2-4ee2-89f4-2b0dbc1d9a8d" status: 404 len: 246 microversion: 1.1
May 19 04:47:40.733550 np0000001022 devstack@placement-api.service[89138]: [pid: 89138|app: 0|req: 738/1474] 10.4.3.178 () {68 vars in 1463 bytes} [Tue May 19 04:47:40 2026] DELETE /placement/resource_providers/e627bc63-77f2-4ee2-89f4-2b0dbc1d9a8d => generated 246 bytes in 10 msecs (HTTP/1.1 404) 6 headers in 231 bytes (1 switches on core 0)
May 19 04:47:41.427065 np0000001022 devstack@placement-api.service[89139]: DEBUG placement.requestlog [req-3272249f-9af7-46fa-9181-2566fc0058c3 req-3b4a08dd-a63a-40a2-8ccc-1df7c7c77145 None None] Starting request: 10.4.3.178 "DELETE /placement/allocations/1ea27785-baa4-497c-97f2-a452434a5f0b" {{(pid=89139) __call__ /opt/stack/placement/placement/requestlog.py:55}}
May 19 04:47:41.447256 np0000001022 devstack@placement-api.service[89139]: DEBUG placement.handlers.allocation [req-3272249f-9af7-46fa-9181-2566fc0058c3 req-3b4a08dd-a63a-40a2-8ccc-1df7c7c77145 service nova] Successfully deleted allocations [, ] {{(pid=89139) delete_allocations /opt/stack/placement/placement/handlers/allocation.py:627}}
May 19 04:47:41.447629 np0000001022 devstack@placement-api.service[89139]: INFO placement.requestlog [req-3272249f-9af7-46fa-9181-2566fc0058c3 req-3b4a08dd-a63a-40a2-8ccc-1df7c7c77145 service nova] 10.4.3.178 "DELETE /placement/allocations/1ea27785-baa4-497c-97f2-a452434a5f0b" status: 204 len: 0 microversion: 1.0
May 19 04:47:41.448003 np0000001022 devstack@placement-api.service[89139]: [pid: 89139|app: 0|req: 737/1475] 10.4.3.178 () {68 vars in 1477 bytes} [Tue May 19 04:47:41 2026] DELETE /placement/allocations/1ea27785-baa4-497c-97f2-a452434a5f0b => generated 0 bytes in 21 msecs (HTTP/1.1 204) 5 headers in 198 bytes (1 switches on core 0)
May 19 04:47:46.795942 np0000001022 devstack@placement-api.service[89138]: DEBUG placement.requestlog [req-d6f674ce-bbf4-43d5-9c9c-854da970d210 req-75aff8e8-823f-42f8-8048-b19f5b173bdd None None] Starting request: 10.4.3.178 "GET /placement/allocation_candidates?limit=1000&resources=MEMORY_MB%3A192%2CVCPU%3A1&root_required=%21COMPUTE_STATUS_DISABLED" {{(pid=89138) __call__ /opt/stack/placement/placement/requestlog.py:55}}
May 19 04:47:46.822466 np0000001022 devstack@placement-api.service[89138]: DEBUG placement.objects.research_context [req-d6f674ce-bbf4-43d5-9c9c-854da970d210 req-75aff8e8-823f-42f8-8048-b19f5b173bdd service nova] getting providers with 192 MEMORY_MB {{(pid=89138) __init__ /opt/stack/placement/placement/objects/research_context.py:137}}
May 19 04:47:46.825460 np0000001022 devstack@placement-api.service[89138]: DEBUG placement.objects.research_context [req-d6f674ce-bbf4-43d5-9c9c-854da970d210 req-75aff8e8-823f-42f8-8048-b19f5b173bdd service nova] getting providers with 1 VCPU {{(pid=89138) __init__ /opt/stack/placement/placement/objects/research_context.py:137}}
May 19 04:47:46.830411 np0000001022 devstack@placement-api.service[89138]: DEBUG placement.objects.research_context [req-d6f674ce-bbf4-43d5-9c9c-854da970d210 req-75aff8e8-823f-42f8-8048-b19f5b173bdd service nova] found 1 providers with available 192 MEMORY_MB {{(pid=89138) get_provider_ids_matching /opt/stack/placement/placement/objects/research_context.py:563}}
May 19 04:47:46.830411 np0000001022 devstack@placement-api.service[89138]: DEBUG placement.objects.research_context [req-d6f674ce-bbf4-43d5-9c9c-854da970d210 req-75aff8e8-823f-42f8-8048-b19f5b173bdd service nova] found 1 providers with available 1 VCPU {{(pid=89138) get_provider_ids_matching /opt/stack/placement/placement/objects/research_context.py:563}}
May 19 04:47:46.830411 np0000001022 devstack@placement-api.service[89138]: DEBUG placement.objects.research_context [req-d6f674ce-bbf4-43d5-9c9c-854da970d210 req-75aff8e8-823f-42f8-8048-b19f5b173bdd service nova] found 1 providers after filtering by previous result {{(pid=89138) get_provider_ids_matching /opt/stack/placement/placement/objects/research_context.py:594}}
May 19 04:47:46.834202 np0000001022 devstack@placement-api.service[89138]: DEBUG placement.objects.allocation_candidate [req-d6f674ce-bbf4-43d5-9c9c-854da970d210 req-75aff8e8-823f-42f8-8048-b19f5b173bdd service nova] RequestGroup(use_same_provider=False, resources={MEMORY_MB:192, VCPU:1}, traits=(), aggregates=[]) (suffix '') returned 1 matches {{(pid=89138) _get_by_requests /opt/stack/placement/placement/objects/allocation_candidate.py:158}}
May 19 04:47:46.834379 np0000001022 devstack@placement-api.service[89138]: DEBUG placement.objects.allocation_candidate [req-d6f674ce-bbf4-43d5-9c9c-854da970d210 req-75aff8e8-823f-42f8-8048-b19f5b173bdd service nova] Merging candidates yields 1 allocation requests and 1 provider summaries {{(pid=89138) _merge_candidates /opt/stack/placement/placement/objects/allocation_candidate.py:908}}
May 19 04:47:46.835555 np0000001022 devstack@placement-api.service[89138]: INFO placement.requestlog [req-d6f674ce-bbf4-43d5-9c9c-854da970d210 req-75aff8e8-823f-42f8-8048-b19f5b173bdd service nova] 10.4.3.178 "GET /placement/allocation_candidates?limit=1000&resources=MEMORY_MB%3A192%2CVCPU%3A1&root_required=%21COMPUTE_STATUS_DISABLED" status: 200 len: 2476 microversion: 1.36
May 19 04:47:46.835555 np0000001022 devstack@placement-api.service[89138]: [pid: 89138|app: 0|req: 739/1476] 10.4.3.178 () {68 vars in 1597 bytes} [Tue May 19 04:47:46 2026] GET /placement/allocation_candidates?limit=1000&resources=MEMORY_MB%3A192%2CVCPU%3A1&root_required=%21COMPUTE_STATUS_DISABLED => generated 2476 bytes in 40 msecs (HTTP/1.1 200) 8 headers in 297 bytes (1 switches on core 0)
May 19 04:47:46.894200 np0000001022 devstack@placement-api.service[89139]: DEBUG placement.requestlog [req-d6f674ce-bbf4-43d5-9c9c-854da970d210 req-2df73c1c-ea37-499d-a129-ea88cbd7561e None None] Starting request: 10.4.3.178 "GET /placement/allocations/cc242195-40f6-4c68-af5c-8629d0d13af9" {{(pid=89139) __call__ /opt/stack/placement/placement/requestlog.py:55}}
May 19 04:47:46.900932 np0000001022 devstack@placement-api.service[89139]: INFO placement.requestlog [req-d6f674ce-bbf4-43d5-9c9c-854da970d210 req-2df73c1c-ea37-499d-a129-ea88cbd7561e service nova] 10.4.3.178 "GET /placement/allocations/cc242195-40f6-4c68-af5c-8629d0d13af9" status: 200 len: 19 microversion: 1.28
May 19 04:47:46.901618 np0000001022 devstack@placement-api.service[89139]: [pid: 89139|app: 0|req: 738/1477] 10.4.3.178 () {68 vars in 1501 bytes} [Tue May 19 04:47:46 2026] GET /placement/allocations/cc242195-40f6-4c68-af5c-8629d0d13af9 => generated 19 bytes in 7 msecs (HTTP/1.1 200) 8 headers in 295 bytes (1 switches on core 0)
May 19 04:47:46.933925 np0000001022 devstack@placement-api.service[89138]: DEBUG placement.requestlog [req-d6f674ce-bbf4-43d5-9c9c-854da970d210 req-b759b84e-a50b-4a83-9375-50dcc92708c3 None None] Starting request: 10.4.3.178 "PUT /placement/allocations/cc242195-40f6-4c68-af5c-8629d0d13af9" {{(pid=89138) __call__ /opt/stack/placement/placement/requestlog.py:55}}
May 19 04:47:46.963198 np0000001022 devstack@placement-api.service[89138]: DEBUG placement.handlers.allocation [req-d6f674ce-bbf4-43d5-9c9c-854da970d210 req-b759b84e-a50b-4a83-9375-50dcc92708c3 service nova] Successfully wrote allocations [, ] {{(pid=89138) _update_consumers_and_create_allocations /opt/stack/placement/placement/handlers/allocation.py:462}}
May 19 04:47:46.965187 np0000001022 devstack@placement-api.service[89138]: INFO placement.requestlog [req-d6f674ce-bbf4-43d5-9c9c-854da970d210 req-b759b84e-a50b-4a83-9375-50dcc92708c3 service nova] 10.4.3.178 "PUT /placement/allocations/cc242195-40f6-4c68-af5c-8629d0d13af9" status: 204 len: 0 microversion: 1.36
May 19 04:47:46.965415 np0000001022 devstack@placement-api.service[89138]: [pid: 89138|app: 0|req: 740/1478] 10.4.3.178 () {72 vars in 1554 bytes} [Tue May 19 04:47:46 2026] PUT /placement/allocations/cc242195-40f6-4c68-af5c-8629d0d13af9 => generated 0 bytes in 31 msecs (HTTP/1.1 204) 5 headers in 199 bytes (1 switches on core 0)
May 19 04:47:48.384258 np0000001022 devstack@placement-api.service[89139]: DEBUG placement.requestlog [req-d6f674ce-bbf4-43d5-9c9c-854da970d210 req-ba64a83b-6332-4056-961d-0aa95c5721c4 None None] Starting request: 10.4.3.178 "GET /placement/allocations/cc242195-40f6-4c68-af5c-8629d0d13af9" {{(pid=89139) __call__ /opt/stack/placement/placement/requestlog.py:55}}
May 19 04:47:48.392649 np0000001022 devstack@placement-api.service[89139]: INFO placement.requestlog [req-d6f674ce-bbf4-43d5-9c9c-854da970d210 req-ba64a83b-6332-4056-961d-0aa95c5721c4 service nova] 10.4.3.178 "GET /placement/allocations/cc242195-40f6-4c68-af5c-8629d0d13af9" status: 200 len: 244 microversion: 1.28
May 19 04:47:48.392875 np0000001022 devstack@placement-api.service[89139]: [pid: 89139|app: 0|req: 739/1479] 10.4.3.178 () {68 vars in 1499 bytes} [Tue May 19 04:47:48 2026] GET /placement/allocations/cc242195-40f6-4c68-af5c-8629d0d13af9 => generated 244 bytes in 9 msecs (HTTP/1.1 200) 8 headers in 296 bytes (1 switches on core 0)
May 19 04:47:49.437600 np0000001022 devstack@placement-api.service[89138]: DEBUG placement.requestlog [req-d6f674ce-bbf4-43d5-9c9c-854da970d210 req-ef1463c0-5835-48da-852e-12eb09010255 None None] Starting request: 10.4.3.178 "GET /placement/resource_providers/1e76fec7-fa84-47b0-a067-051c80967736/allocations" {{(pid=89138) __call__ /opt/stack/placement/placement/requestlog.py:55}}
May 19 04:47:49.446248 np0000001022 devstack@placement-api.service[89138]: INFO placement.requestlog [req-d6f674ce-bbf4-43d5-9c9c-854da970d210 req-ef1463c0-5835-48da-852e-12eb09010255 service nova] 10.4.3.178 "GET /placement/resource_providers/1e76fec7-fa84-47b0-a067-051c80967736/allocations" status: 200 len: 139 microversion: 1.0
May 19 04:47:49.446462 np0000001022 devstack@placement-api.service[89138]: [pid: 89138|app: 0|req: 741/1480] 10.4.3.178 () {66 vars in 1512 bytes} [Tue May 19 04:47:49 2026] GET /placement/resource_providers/1e76fec7-fa84-47b0-a067-051c80967736/allocations => generated 139 bytes in 9 msecs (HTTP/1.1 200) 6 headers in 224 bytes (1 switches on core 0)
May 19 04:47:49.478010 np0000001022 devstack@placement-api.service[89139]: DEBUG placement.requestlog [req-d6f674ce-bbf4-43d5-9c9c-854da970d210 req-9556280b-9ce1-4d20-9161-48111b700d81 None None] Starting request: 10.4.3.178 "GET /placement/allocations/cc242195-40f6-4c68-af5c-8629d0d13af9" {{(pid=89139) __call__ /opt/stack/placement/placement/requestlog.py:55}}
May 19 04:47:49.487059 np0000001022 devstack@placement-api.service[89139]: INFO placement.requestlog [req-d6f674ce-bbf4-43d5-9c9c-854da970d210 req-9556280b-9ce1-4d20-9161-48111b700d81 service nova] 10.4.3.178 "GET /placement/allocations/cc242195-40f6-4c68-af5c-8629d0d13af9" status: 200 len: 244 microversion: 1.28
May 19 04:47:49.487297 np0000001022 devstack@placement-api.service[89139]: [pid: 89139|app: 0|req: 740/1481] 10.4.3.178 () {68 vars in 1499 bytes} [Tue May 19 04:47:49 2026] GET /placement/allocations/cc242195-40f6-4c68-af5c-8629d0d13af9 => generated 244 bytes in 9 msecs (HTTP/1.1 200) 8 headers in 296 bytes (1 switches on core 0)
May 19 04:47:59.446899 np0000001022 devstack@placement-api.service[89138]: DEBUG dbcounter [-] [89138] Writing DB stats placement:SELECT=78,placement:INSERT=6,placement:DELETE=8,placement:UPDATE=4 {{(pid=89138) stat_writer /opt/stack/data/venv/lib/python3.12/site-packages/dbcounter.py:115}}
May 19 04:47:59.486190 np0000001022 devstack@placement-api.service[89139]: DEBUG dbcounter [-] [89139] Writing DB stats placement:SELECT=22,placement:DELETE=2 {{(pid=89139) stat_writer /opt/stack/data/venv/lib/python3.12/site-packages/dbcounter.py:115}}
May 19 04:47:59.801301 np0000001022 devstack@placement-api.service[89138]: DEBUG placement.requestlog [req-2e73764f-4d28-4776-9c59-d4a7d993ca1d req-30c93bc2-1615-4aac-95e1-a64bcd0ae9c0 None None] Starting request: 10.4.3.178 "GET /placement/resource_providers/1e76fec7-fa84-47b0-a067-051c80967736/allocations" {{(pid=89138) __call__ /opt/stack/placement/placement/requestlog.py:55}}
May 19 04:47:59.813741 np0000001022 devstack@placement-api.service[89138]: INFO placement.requestlog [req-2e73764f-4d28-4776-9c59-d4a7d993ca1d req-30c93bc2-1615-4aac-95e1-a64bcd0ae9c0 service nova] 10.4.3.178 "GET /placement/resource_providers/1e76fec7-fa84-47b0-a067-051c80967736/allocations" status: 200 len: 139 microversion: 1.0
May 19 04:47:59.814022 np0000001022 devstack@placement-api.service[89138]: [pid: 89138|app: 0|req: 742/1482] 10.4.3.178 () {66 vars in 1512 bytes} [Tue May 19 04:47:59 2026] GET /placement/resource_providers/1e76fec7-fa84-47b0-a067-051c80967736/allocations => generated 139 bytes in 13 msecs (HTTP/1.1 200) 6 headers in 224 bytes (1 switches on core 0)
May 19 04:47:59.857088 np0000001022 devstack@placement-api.service[89139]: DEBUG placement.requestlog [req-2e73764f-4d28-4776-9c59-d4a7d993ca1d req-b7eea300-0359-4765-a78d-74992e6e6d04 None None] Starting request: 10.4.3.178 "GET /placement/resource_providers/1e76fec7-fa84-47b0-a067-051c80967736/allocations" {{(pid=89139) __call__ /opt/stack/placement/placement/requestlog.py:55}}
May 19 04:47:59.869058 np0000001022 devstack@placement-api.service[89139]: INFO placement.requestlog [req-2e73764f-4d28-4776-9c59-d4a7d993ca1d req-b7eea300-0359-4765-a78d-74992e6e6d04 service nova] 10.4.3.178 "GET /placement/resource_providers/1e76fec7-fa84-47b0-a067-051c80967736/allocations" status: 200 len: 139 microversion: 1.0
May 19 04:47:59.869058 np0000001022 devstack@placement-api.service[89139]: [pid: 89139|app: 0|req: 741/1483] 10.4.3.178 () {66 vars in 1512 bytes} [Tue May 19 04:47:59 2026] GET /placement/resource_providers/1e76fec7-fa84-47b0-a067-051c80967736/allocations => generated 139 bytes in 12 msecs (HTTP/1.1 200) 6 headers in 224 bytes (1 switches on core 0)
May 19 04:47:59.909680 np0000001022 devstack@placement-api.service[89138]: DEBUG placement.requestlog [req-2e73764f-4d28-4776-9c59-d4a7d993ca1d req-06445354-ce7c-4dec-8abd-fa5bb5c7598e None None] Starting request: 10.4.3.178 "GET /placement/allocations/cc242195-40f6-4c68-af5c-8629d0d13af9" {{(pid=89138) __call__ /opt/stack/placement/placement/requestlog.py:55}}
May 19 04:47:59.920703 np0000001022 devstack@placement-api.service[89138]: INFO placement.requestlog [req-2e73764f-4d28-4776-9c59-d4a7d993ca1d req-06445354-ce7c-4dec-8abd-fa5bb5c7598e service nova] 10.4.3.178 "GET /placement/allocations/cc242195-40f6-4c68-af5c-8629d0d13af9" status: 200 len: 244 microversion: 1.28
May 19 04:47:59.920938 np0000001022 devstack@placement-api.service[89138]: [pid: 89138|app: 0|req: 743/1484] 10.4.3.178 () {68 vars in 1499 bytes} [Tue May 19 04:47:59 2026] GET /placement/allocations/cc242195-40f6-4c68-af5c-8629d0d13af9 => generated 244 bytes in 12 msecs (HTTP/1.1 200) 8 headers in 296 bytes (1 switches on core 0)
May 19 04:48:09.868199 np0000001022 devstack@placement-api.service[89139]: DEBUG dbcounter [-] [89139] Writing DB stats placement:SELECT=3 {{(pid=89139) stat_writer /opt/stack/data/venv/lib/python3.12/site-packages/dbcounter.py:115}}
May 19 04:48:09.919069 np0000001022 devstack@placement-api.service[89138]: DEBUG dbcounter [-] [89138] Writing DB stats placement:SELECT=5 {{(pid=89138) stat_writer /opt/stack/data/venv/lib/python3.12/site-packages/dbcounter.py:115}}
May 19 04:48:52.842816 np0000001022 devstack@placement-api.service[89139]: DEBUG placement.requestlog [req-95410deb-b657-4508-a983-bee2789af3c3 req-8deb8190-4c6f-4009-9ff4-89a5c6dfed24 None None] Starting request: 10.4.3.178 "GET /placement/resource_providers/1e76fec7-fa84-47b0-a067-051c80967736/allocations" {{(pid=89139) __call__ /opt/stack/placement/placement/requestlog.py:55}}
May 19 04:48:52.852883 np0000001022 devstack@placement-api.service[89139]: INFO placement.requestlog [req-95410deb-b657-4508-a983-bee2789af3c3 req-8deb8190-4c6f-4009-9ff4-89a5c6dfed24 service nova] 10.4.3.178 "GET /placement/resource_providers/1e76fec7-fa84-47b0-a067-051c80967736/allocations" status: 200 len: 139 microversion: 1.0
May 19 04:48:52.853117 np0000001022 devstack@placement-api.service[89139]: [pid: 89139|app: 0|req: 742/1485] 10.4.3.178 () {66 vars in 1512 bytes} [Tue May 19 04:48:52 2026] GET /placement/resource_providers/1e76fec7-fa84-47b0-a067-051c80967736/allocations => generated 139 bytes in 10 msecs (HTTP/1.1 200) 6 headers in 224 bytes (1 switches on core 0)
May 19 04:48:52.884933 np0000001022 devstack@placement-api.service[89138]: DEBUG placement.requestlog [req-95410deb-b657-4508-a983-bee2789af3c3 req-19690f60-8471-4e55-aeef-fc26369ffd78 None None] Starting request: 10.4.3.178 "GET /placement/allocations/cc242195-40f6-4c68-af5c-8629d0d13af9" {{(pid=89138) __call__ /opt/stack/placement/placement/requestlog.py:55}}
May 19 04:48:52.892096 np0000001022 devstack@placement-api.service[89138]: INFO placement.requestlog [req-95410deb-b657-4508-a983-bee2789af3c3 req-19690f60-8471-4e55-aeef-fc26369ffd78 service nova] 10.4.3.178 "GET /placement/allocations/cc242195-40f6-4c68-af5c-8629d0d13af9" status: 200 len: 244 microversion: 1.28
May 19 04:48:52.892267 np0000001022 devstack@placement-api.service[89138]: [pid: 89138|app: 0|req: 744/1486] 10.4.3.178 () {68 vars in 1499 bytes} [Tue May 19 04:48:52 2026] GET /placement/allocations/cc242195-40f6-4c68-af5c-8629d0d13af9 => generated 244 bytes in 7 msecs (HTTP/1.1 200) 8 headers in 296 bytes (1 switches on core 0)
May 19 04:48:53.952964 np0000001022 devstack@placement-api.service[89139]: DEBUG placement.requestlog [req-95410deb-b657-4508-a983-bee2789af3c3 req-2fb6fe22-e86e-4682-ab36-269dfd55c87f None None] Starting request: 10.4.3.178 "DELETE /placement/allocations/cc242195-40f6-4c68-af5c-8629d0d13af9" {{(pid=89139) __call__ /opt/stack/placement/placement/requestlog.py:55}}
May 19 04:48:53.966730 np0000001022 devstack@placement-api.service[89139]: DEBUG placement.handlers.allocation [req-95410deb-b657-4508-a983-bee2789af3c3 req-2fb6fe22-e86e-4682-ab36-269dfd55c87f service nova] Successfully deleted allocations [, ] {{(pid=89139) delete_allocations /opt/stack/placement/placement/handlers/allocation.py:627}}
May 19 04:48:53.966730 np0000001022 devstack@placement-api.service[89139]: INFO placement.requestlog [req-95410deb-b657-4508-a983-bee2789af3c3 req-2fb6fe22-e86e-4682-ab36-269dfd55c87f service nova] 10.4.3.178 "DELETE /placement/allocations/cc242195-40f6-4c68-af5c-8629d0d13af9" status: 204 len: 0 microversion: 1.0
May 19 04:48:53.966730 np0000001022 devstack@placement-api.service[89139]: [pid: 89139|app: 0|req: 743/1487] 10.4.3.178 () {68 vars in 1477 bytes} [Tue May 19 04:48:53 2026] DELETE /placement/allocations/cc242195-40f6-4c68-af5c-8629d0d13af9 => generated 0 bytes in 14 msecs (HTTP/1.1 204) 5 headers in 198 bytes (1 switches on core 0)
May 19 04:48:59.404978 np0000001022 devstack@placement-api.service[89138]: DEBUG placement.requestlog [req-8c01b952-a806-466b-93b8-15e6acc14b2b req-d2f872f5-e841-4e2a-803e-892394b25b2c None None] Starting request: 10.4.3.178 "GET /placement/allocation_candidates?limit=1000&resources=MEMORY_MB%3A192%2CVCPU%3A1&root_required=%21COMPUTE_STATUS_DISABLED" {{(pid=89138) __call__ /opt/stack/placement/placement/requestlog.py:55}}
May 19 04:48:59.421190 np0000001022 devstack@placement-api.service[89138]: DEBUG placement.objects.research_context [req-8c01b952-a806-466b-93b8-15e6acc14b2b req-d2f872f5-e841-4e2a-803e-892394b25b2c service nova] getting providers with 192 MEMORY_MB {{(pid=89138) __init__ /opt/stack/placement/placement/objects/research_context.py:137}}
May 19 04:48:59.423854 np0000001022 devstack@placement-api.service[89138]: DEBUG placement.objects.research_context [req-8c01b952-a806-466b-93b8-15e6acc14b2b req-d2f872f5-e841-4e2a-803e-892394b25b2c service nova] getting providers with 1 VCPU {{(pid=89138) __init__ /opt/stack/placement/placement/objects/research_context.py:137}}
May 19 04:48:59.425970 np0000001022 devstack@placement-api.service[89138]: DEBUG placement.objects.research_context [req-8c01b952-a806-466b-93b8-15e6acc14b2b req-d2f872f5-e841-4e2a-803e-892394b25b2c service nova] found 1 providers with available 192 MEMORY_MB {{(pid=89138) get_provider_ids_matching /opt/stack/placement/placement/objects/research_context.py:563}}
May 19 04:48:59.426069 np0000001022 devstack@placement-api.service[89138]: DEBUG placement.objects.research_context [req-8c01b952-a806-466b-93b8-15e6acc14b2b req-d2f872f5-e841-4e2a-803e-892394b25b2c service nova] found 1 providers with available 1 VCPU {{(pid=89138) get_provider_ids_matching /opt/stack/placement/placement/objects/research_context.py:563}}
May 19 04:48:59.426158 np0000001022 devstack@placement-api.service[89138]: DEBUG placement.objects.research_context [req-8c01b952-a806-466b-93b8-15e6acc14b2b req-d2f872f5-e841-4e2a-803e-892394b25b2c service nova] found 1 providers after filtering by previous result {{(pid=89138) get_provider_ids_matching /opt/stack/placement/placement/objects/research_context.py:594}}
May 19 04:48:59.430997 np0000001022 devstack@placement-api.service[89138]: DEBUG placement.objects.allocation_candidate [req-8c01b952-a806-466b-93b8-15e6acc14b2b req-d2f872f5-e841-4e2a-803e-892394b25b2c service nova] RequestGroup(use_same_provider=False, resources={MEMORY_MB:192, VCPU:1}, traits=(), aggregates=[]) (suffix '') returned 1 matches {{(pid=89138) _get_by_requests /opt/stack/placement/placement/objects/allocation_candidate.py:158}}
May 19 04:48:59.431160 np0000001022 devstack@placement-api.service[89138]: DEBUG placement.objects.allocation_candidate [req-8c01b952-a806-466b-93b8-15e6acc14b2b req-d2f872f5-e841-4e2a-803e-892394b25b2c service nova] Merging candidates yields 1 allocation requests and 1 provider summaries {{(pid=89138) _merge_candidates /opt/stack/placement/placement/objects/allocation_candidate.py:908}}
May 19 04:48:59.431985 np0000001022 devstack@placement-api.service[89138]: INFO placement.requestlog [req-8c01b952-a806-466b-93b8-15e6acc14b2b req-d2f872f5-e841-4e2a-803e-892394b25b2c service nova] 10.4.3.178 "GET /placement/allocation_candidates?limit=1000&resources=MEMORY_MB%3A192%2CVCPU%3A1&root_required=%21COMPUTE_STATUS_DISABLED" status: 200 len: 2476 microversion: 1.36
May 19 04:48:59.432225 np0000001022 devstack@placement-api.service[89138]: [pid: 89138|app: 0|req: 745/1488] 10.4.3.178 () {68 vars in 1597 bytes} [Tue May 19 04:48:59 2026] GET /placement/allocation_candidates?limit=1000&resources=MEMORY_MB%3A192%2CVCPU%3A1&root_required=%21COMPUTE_STATUS_DISABLED => generated 2476 bytes in 27 msecs (HTTP/1.1 200) 8 headers in 297 bytes (1 switches on core 0)
May 19 04:48:59.488679 np0000001022 devstack@placement-api.service[89139]: DEBUG placement.requestlog [req-8c01b952-a806-466b-93b8-15e6acc14b2b req-6d5b0543-9d7b-442f-8a89-b956dd8a9dd1 None None] Starting request: 10.4.3.178 "GET /placement/allocations/c9c303eb-176a-4d07-be79-942563154d2f" {{(pid=89139) __call__ /opt/stack/placement/placement/requestlog.py:55}}
May 19 04:48:59.496271 np0000001022 devstack@placement-api.service[89139]: INFO placement.requestlog [req-8c01b952-a806-466b-93b8-15e6acc14b2b req-6d5b0543-9d7b-442f-8a89-b956dd8a9dd1 service nova] 10.4.3.178 "GET /placement/allocations/c9c303eb-176a-4d07-be79-942563154d2f" status: 200 len: 19 microversion: 1.28
May 19 04:48:59.496513 np0000001022 devstack@placement-api.service[89139]: [pid: 89139|app: 0|req: 744/1489] 10.4.3.178 () {68 vars in 1501 bytes} [Tue May 19 04:48:59 2026] GET /placement/allocations/c9c303eb-176a-4d07-be79-942563154d2f => generated 19 bytes in 8 msecs (HTTP/1.1 200) 8 headers in 295 bytes (1 switches on core 0)
May 19 04:48:59.526972 np0000001022 devstack@placement-api.service[89138]: DEBUG placement.requestlog [req-8c01b952-a806-466b-93b8-15e6acc14b2b req-1e494e61-30d6-4f1a-bbf1-8e57062130a6 None None] Starting request: 10.4.3.178 "PUT /placement/allocations/c9c303eb-176a-4d07-be79-942563154d2f" {{(pid=89138) __call__ /opt/stack/placement/placement/requestlog.py:55}}
May 19 04:48:59.563406 np0000001022 devstack@placement-api.service[89138]: DEBUG placement.handlers.allocation [req-8c01b952-a806-466b-93b8-15e6acc14b2b req-1e494e61-30d6-4f1a-bbf1-8e57062130a6 service nova] Successfully wrote allocations [, ] {{(pid=89138) _update_consumers_and_create_allocations /opt/stack/placement/placement/handlers/allocation.py:462}}
May 19 04:48:59.565913 np0000001022 devstack@placement-api.service[89138]: INFO placement.requestlog [req-8c01b952-a806-466b-93b8-15e6acc14b2b req-1e494e61-30d6-4f1a-bbf1-8e57062130a6 service nova] 10.4.3.178 "PUT /placement/allocations/c9c303eb-176a-4d07-be79-942563154d2f" status: 204 len: 0 microversion: 1.36
May 19 04:48:59.566182 np0000001022 devstack@placement-api.service[89138]: [pid: 89138|app: 0|req: 746/1490] 10.4.3.178 () {72 vars in 1554 bytes} [Tue May 19 04:48:59 2026] PUT /placement/allocations/c9c303eb-176a-4d07-be79-942563154d2f => generated 0 bytes in 39 msecs (HTTP/1.1 204) 5 headers in 199 bytes (1 switches on core 0)
May 19 04:49:00.764049 np0000001022 devstack@placement-api.service[89139]: DEBUG placement.requestlog [req-2624cb54-792d-49a3-8426-07fd4abad57f req-f913135a-b12c-4b89-b62a-0064147f21d2 None None] Starting request: 10.4.3.178 "GET /placement/resource_providers/1e76fec7-fa84-47b0-a067-051c80967736/allocations" {{(pid=89139) __call__ /opt/stack/placement/placement/requestlog.py:55}}
May 19 04:49:00.772444 np0000001022 devstack@placement-api.service[89139]: INFO placement.requestlog [req-2624cb54-792d-49a3-8426-07fd4abad57f req-f913135a-b12c-4b89-b62a-0064147f21d2 service nova] 10.4.3.178 "GET /placement/resource_providers/1e76fec7-fa84-47b0-a067-051c80967736/allocations" status: 200 len: 139 microversion: 1.0
May 19 04:49:00.772819 np0000001022 devstack@placement-api.service[89139]: [pid: 89139|app: 0|req: 745/1491] 10.4.3.178 () {66 vars in 1512 bytes} [Tue May 19 04:49:00 2026] GET /placement/resource_providers/1e76fec7-fa84-47b0-a067-051c80967736/allocations => generated 139 bytes in 9 msecs (HTTP/1.1 200) 6 headers in 224 bytes (1 switches on core 0)
May 19 04:49:00.981601 np0000001022 devstack@placement-api.service[89138]: DEBUG placement.requestlog [req-8c01b952-a806-466b-93b8-15e6acc14b2b req-94a5e1f7-cb58-4cee-ab22-ab5838d68a70 None None] Starting request: 10.4.3.178 "GET /placement/allocations/c9c303eb-176a-4d07-be79-942563154d2f" {{(pid=89138) __call__ /opt/stack/placement/placement/requestlog.py:55}}
May 19 04:49:00.988067 np0000001022 devstack@placement-api.service[89138]: INFO placement.requestlog [req-8c01b952-a806-466b-93b8-15e6acc14b2b req-94a5e1f7-cb58-4cee-ab22-ab5838d68a70 service nova] 10.4.3.178 "GET /placement/allocations/c9c303eb-176a-4d07-be79-942563154d2f" status: 200 len: 244 microversion: 1.28
May 19 04:49:00.988285 np0000001022 devstack@placement-api.service[89138]: [pid: 89138|app: 0|req: 747/1492] 10.4.3.178 () {68 vars in 1499 bytes} [Tue May 19 04:49:00 2026] GET /placement/allocations/c9c303eb-176a-4d07-be79-942563154d2f => generated 244 bytes in 7 msecs (HTTP/1.1 200) 8 headers in 296 bytes (1 switches on core 0)
May 19 04:49:01.305165 np0000001022 devstack@placement-api.service[89139]: DEBUG placement.requestlog [req-2624cb54-792d-49a3-8426-07fd4abad57f req-3c80b4d8-59f6-403c-aedb-b7279549248b None None] Starting request: 10.4.3.178 "GET /placement/resource_providers/1e76fec7-fa84-47b0-a067-051c80967736/allocations" {{(pid=89139) __call__ /opt/stack/placement/placement/requestlog.py:55}}
May 19 04:49:01.313792 np0000001022 devstack@placement-api.service[89139]: INFO placement.requestlog [req-2624cb54-792d-49a3-8426-07fd4abad57f req-3c80b4d8-59f6-403c-aedb-b7279549248b service nova] 10.4.3.178 "GET /placement/resource_providers/1e76fec7-fa84-47b0-a067-051c80967736/allocations" status: 200 len: 139 microversion: 1.0
May 19 04:49:01.313976 np0000001022 devstack@placement-api.service[89139]: [pid: 89139|app: 0|req: 746/1493] 10.4.3.178 () {66 vars in 1512 bytes} [Tue May 19 04:49:01 2026] GET /placement/resource_providers/1e76fec7-fa84-47b0-a067-051c80967736/allocations => generated 139 bytes in 9 msecs (HTTP/1.1 200) 6 headers in 224 bytes (1 switches on core 0)
May 19 04:49:01.358174 np0000001022 devstack@placement-api.service[89138]: DEBUG placement.requestlog [req-2624cb54-792d-49a3-8426-07fd4abad57f req-99298fce-118e-470e-b38e-87b75178f3d7 None None] Starting request: 10.4.3.178 "GET /placement/allocations/c9c303eb-176a-4d07-be79-942563154d2f" {{(pid=89138) __call__ /opt/stack/placement/placement/requestlog.py:55}}
May 19 04:49:01.365215 np0000001022 devstack@placement-api.service[89138]: INFO placement.requestlog [req-2624cb54-792d-49a3-8426-07fd4abad57f req-99298fce-118e-470e-b38e-87b75178f3d7 service nova] 10.4.3.178 "GET /placement/allocations/c9c303eb-176a-4d07-be79-942563154d2f" status: 200 len: 244 microversion: 1.28
May 19 04:49:01.365457 np0000001022 devstack@placement-api.service[89138]: [pid: 89138|app: 0|req: 748/1494] 10.4.3.178 () {68 vars in 1499 bytes} [Tue May 19 04:49:01 2026] GET /placement/allocations/c9c303eb-176a-4d07-be79-942563154d2f => generated 244 bytes in 7 msecs (HTTP/1.1 200) 8 headers in 296 bytes (1 switches on core 0)
May 19 04:49:03.422120 np0000001022 devstack@placement-api.service[89139]: DEBUG placement.requestlog [req-8c01b952-a806-466b-93b8-15e6acc14b2b req-320bd48d-d16a-40c2-a80e-172a19866b4d None None] Starting request: 10.4.3.178 "GET /placement/resource_providers/1e76fec7-fa84-47b0-a067-051c80967736/allocations" {{(pid=89139) __call__ /opt/stack/placement/placement/requestlog.py:55}}
May 19 04:49:03.432657 np0000001022 devstack@placement-api.service[89139]: INFO placement.requestlog [req-8c01b952-a806-466b-93b8-15e6acc14b2b req-320bd48d-d16a-40c2-a80e-172a19866b4d service nova] 10.4.3.178 "GET /placement/resource_providers/1e76fec7-fa84-47b0-a067-051c80967736/allocations" status: 200 len: 139 microversion: 1.0
May 19 04:49:03.433243 np0000001022 devstack@placement-api.service[89139]: [pid: 89139|app: 0|req: 747/1495] 10.4.3.178 () {66 vars in 1512 bytes} [Tue May 19 04:49:03 2026] GET /placement/resource_providers/1e76fec7-fa84-47b0-a067-051c80967736/allocations => generated 139 bytes in 11 msecs (HTTP/1.1 200) 6 headers in 224 bytes (2 switches on core 0)
May 19 04:49:03.467915 np0000001022 devstack@placement-api.service[89138]: DEBUG placement.requestlog [req-8c01b952-a806-466b-93b8-15e6acc14b2b req-bb59e20d-0984-4c89-a622-56bf05e1ce95 None None] Starting request: 10.4.3.178 "GET /placement/allocations/c9c303eb-176a-4d07-be79-942563154d2f" {{(pid=89138) __call__ /opt/stack/placement/placement/requestlog.py:55}}
May 19 04:49:03.474249 np0000001022 devstack@placement-api.service[89138]: INFO placement.requestlog [req-8c01b952-a806-466b-93b8-15e6acc14b2b req-bb59e20d-0984-4c89-a622-56bf05e1ce95 service nova] 10.4.3.178 "GET /placement/allocations/c9c303eb-176a-4d07-be79-942563154d2f" status: 200 len: 244 microversion: 1.28
May 19 04:49:03.474453 np0000001022 devstack@placement-api.service[89138]: [pid: 89138|app: 0|req: 749/1496] 10.4.3.178 () {68 vars in 1499 bytes} [Tue May 19 04:49:03 2026] GET /placement/allocations/c9c303eb-176a-4d07-be79-942563154d2f => generated 244 bytes in 7 msecs (HTTP/1.1 200) 8 headers in 296 bytes (1 switches on core 0)
May 19 04:49:13.431708 np0000001022 devstack@placement-api.service[89139]: DEBUG dbcounter [-] [89139] Writing DB stats placement:SELECT=16,placement:DELETE=2 {{(pid=89139) stat_writer /opt/stack/data/venv/lib/python3.12/site-packages/dbcounter.py:115}}
May 19 04:49:13.473178 np0000001022 devstack@placement-api.service[89138]: DEBUG dbcounter [-] [89138] Writing DB stats placement:SELECT=26,placement:INSERT=3,placement:DELETE=2,placement:UPDATE=2 {{(pid=89138) stat_writer /opt/stack/data/venv/lib/python3.12/site-packages/dbcounter.py:115}}
May 19 04:50:02.786857 np0000001022 devstack@placement-api.service[89139]: DEBUG placement.requestlog [req-4cc270e2-d74f-4b25-aa1b-ca9c18af3247 req-185d6c9e-abe2-495e-83c3-4da66cb33071 None None] Starting request: 10.4.3.178 "GET /placement/resource_providers/1e76fec7-fa84-47b0-a067-051c80967736/allocations" {{(pid=89139) __call__ /opt/stack/placement/placement/requestlog.py:55}}
May 19 04:50:02.796459 np0000001022 devstack@placement-api.service[89139]: INFO placement.requestlog [req-4cc270e2-d74f-4b25-aa1b-ca9c18af3247 req-185d6c9e-abe2-495e-83c3-4da66cb33071 service nova] 10.4.3.178 "GET /placement/resource_providers/1e76fec7-fa84-47b0-a067-051c80967736/allocations" status: 200 len: 139 microversion: 1.0
May 19 04:50:02.796871 np0000001022 devstack@placement-api.service[89139]: [pid: 89139|app: 0|req: 748/1497] 10.4.3.178 () {66 vars in 1512 bytes} [Tue May 19 04:50:02 2026] GET /placement/resource_providers/1e76fec7-fa84-47b0-a067-051c80967736/allocations => generated 139 bytes in 10 msecs (HTTP/1.1 200) 6 headers in 224 bytes (1 switches on core 0)
May 19 04:50:02.828243 np0000001022 devstack@placement-api.service[89138]: DEBUG placement.requestlog [req-4cc270e2-d74f-4b25-aa1b-ca9c18af3247 req-64f35740-2857-4ac2-9cbf-a5def15bde06 None None] Starting request: 10.4.3.178 "GET /placement/resource_providers/1e76fec7-fa84-47b0-a067-051c80967736/allocations" {{(pid=89138) __call__ /opt/stack/placement/placement/requestlog.py:55}}
May 19 04:50:02.837502 np0000001022 devstack@placement-api.service[89138]: INFO placement.requestlog [req-4cc270e2-d74f-4b25-aa1b-ca9c18af3247 req-64f35740-2857-4ac2-9cbf-a5def15bde06 service nova] 10.4.3.178 "GET /placement/resource_providers/1e76fec7-fa84-47b0-a067-051c80967736/allocations" status: 200 len: 139 microversion: 1.0
May 19 04:50:02.837765 np0000001022 devstack@placement-api.service[89138]: [pid: 89138|app: 0|req: 750/1498] 10.4.3.178 () {66 vars in 1512 bytes} [Tue May 19 04:50:02 2026] GET /placement/resource_providers/1e76fec7-fa84-47b0-a067-051c80967736/allocations => generated 139 bytes in 10 msecs (HTTP/1.1 200) 6 headers in 224 bytes (1 switches on core 0)
May 19 04:50:02.865669 np0000001022 devstack@placement-api.service[89139]: DEBUG placement.requestlog [req-4cc270e2-d74f-4b25-aa1b-ca9c18af3247 req-9703b267-e5a5-44e5-8e4f-797a703eb3cd None None] Starting request: 10.4.3.178 "GET /placement/allocations/c9c303eb-176a-4d07-be79-942563154d2f" {{(pid=89139) __call__ /opt/stack/placement/placement/requestlog.py:55}}
May 19 04:50:02.874078 np0000001022 devstack@placement-api.service[89139]: INFO placement.requestlog [req-4cc270e2-d74f-4b25-aa1b-ca9c18af3247 req-9703b267-e5a5-44e5-8e4f-797a703eb3cd service nova] 10.4.3.178 "GET /placement/allocations/c9c303eb-176a-4d07-be79-942563154d2f" status: 200 len: 244 microversion: 1.28
May 19 04:50:02.874374 np0000001022 devstack@placement-api.service[89139]: [pid: 89139|app: 0|req: 749/1499] 10.4.3.178 () {68 vars in 1499 bytes} [Tue May 19 04:50:02 2026] GET /placement/allocations/c9c303eb-176a-4d07-be79-942563154d2f => generated 244 bytes in 9 msecs (HTTP/1.1 200) 8 headers in 296 bytes (1 switches on core 0)
May 19 04:50:12.242222 np0000001022 devstack@placement-api.service[89138]: DEBUG placement.requestlog [req-24c9f0d2-59e3-4608-aa29-7133b03aaa42 req-ca1d5628-19dc-447d-8f7b-37deaef72a32 None None] Starting request: 10.4.3.178 "GET /placement/resource_providers/1e76fec7-fa84-47b0-a067-051c80967736/allocations" {{(pid=89138) __call__ /opt/stack/placement/placement/requestlog.py:55}}
May 19 04:50:12.251197 np0000001022 devstack@placement-api.service[89138]: INFO placement.requestlog [req-24c9f0d2-59e3-4608-aa29-7133b03aaa42 req-ca1d5628-19dc-447d-8f7b-37deaef72a32 service nova] 10.4.3.178 "GET /placement/resource_providers/1e76fec7-fa84-47b0-a067-051c80967736/allocations" status: 200 len: 139 microversion: 1.0
May 19 04:50:12.251320 np0000001022 devstack@placement-api.service[89138]: [pid: 89138|app: 0|req: 751/1500] 10.4.3.178 () {66 vars in 1512 bytes} [Tue May 19 04:50:12 2026] GET /placement/resource_providers/1e76fec7-fa84-47b0-a067-051c80967736/allocations => generated 139 bytes in 9 msecs (HTTP/1.1 200) 6 headers in 224 bytes (1 switches on core 0)
May 19 04:50:12.280163 np0000001022 devstack@placement-api.service[89139]: DEBUG placement.requestlog [req-24c9f0d2-59e3-4608-aa29-7133b03aaa42 req-63cd660c-e127-4867-8b79-bb28e6c1b8af None None] Starting request: 10.4.3.178 "GET /placement/allocations/c9c303eb-176a-4d07-be79-942563154d2f" {{(pid=89139) __call__ /opt/stack/placement/placement/requestlog.py:55}}
May 19 04:50:12.286680 np0000001022 devstack@placement-api.service[89139]: INFO placement.requestlog [req-24c9f0d2-59e3-4608-aa29-7133b03aaa42 req-63cd660c-e127-4867-8b79-bb28e6c1b8af service nova] 10.4.3.178 "GET /placement/allocations/c9c303eb-176a-4d07-be79-942563154d2f" status: 200 len: 244 microversion: 1.28
