Aug 17 07:53:11.006291 np0000007466 devstack@c-api.service[97044]: DEBUG cinder.api.openstack.wsgi [req-f01d7e4d-d2b9-4055-874d-68add51d2112 req-02656c83-70a3-444d-9f4b-21a12e84cdf9 tempest-AttachSCSIVolumeTestJSON-1070047282 tempest-AttachSCSIVolumeTestJSON-1070047282-project-member] Empty body provided in request {{(pid=97044) get_body /opt/stack/cinder/cinder/api/openstack/wsgi.py:725}}
Aug 17 07:53:11.006559 np0000007466 devstack@c-api.service[97044]: DEBUG cinder.api.openstack.wsgi [req-f01d7e4d-d2b9-4055-874d-68add51d2112 req-02656c83-70a3-444d-9f4b-21a12e84cdf9 tempest-AttachSCSIVolumeTestJSON-1070047282 tempest-AttachSCSIVolumeTestJSON-1070047282-project-member] Calling method 'version_select' {{(pid=97044) _process_stack /opt/stack/cinder/cinder/api/openstack/wsgi.py:878}}
Aug 17 07:53:11.014831 np0000007466 devstack@c-api.service[97044]: /opt/stack/data/venv/lib/python3.12/site-packages/oslo_context/context.py:102: DeprecationWarning: Policy enforcement is depending on the value of is_admin. This key is deprecated. Please update your policy file to use the standard policy values.
Aug 17 07:53:11.014831 np0000007466 devstack@c-api.service[97044]: warnings.warn(
Aug 17 07:53:11.071129 np0000007466 devstack@c-api.service[97044]: INFO cinder.api.openstack.wsgi [req-f01d7e4d-d2b9-4055-874d-68add51d2112 req-02656c83-70a3-444d-9f4b-21a12e84cdf9 tempest-AttachSCSIVolumeTestJSON-1070047282 tempest-AttachSCSIVolumeTestJSON-1070047282-project-member] https://10.4.3.112/volume/v3/attachments/4a20ff59-1789-4ddd-a591-73bbf7565c8e returned with HTTP 200
Aug 17 07:53:11.071645 np0000007466 devstack@c-api.service[97044]: [pid: 97044|app: 0|req: 102/304] 10.4.3.112 () {72 vars in 1673 bytes} [Mon Aug 17 07:53:11 2026] DELETE /volume/v3/attachments/4a20ff59-1789-4ddd-a591-73bbf7565c8e => generated 19 bytes in 69 msecs (HTTP/1.1 200) 7 headers in 285 bytes (1 switches on core 0)
Aug 17 07:53:11.622566 np0000007466 devstack@c-api.service[97043]: DEBUG cinder.api.middleware.request_id [None req-419b996f-b0df-4043-98c3-2090fed02654 None None] RequestId filter calling following filter/app {{(pid=97043) _context_setter /opt/stack/cinder/cinder/api/middleware/request_id.py:62}}
Aug 17 07:53:11.625604 np0000007466 devstack@c-api.service[97043]: INFO cinder.api.openstack.wsgi [None req-419b996f-b0df-4043-98c3-2090fed02654 tempest-DeleteServersTestJSON-1027906256 tempest-DeleteServersTestJSON-1027906256-project-member] GET https://10.4.3.112/volume/v3/volumes/cbabde58-0507-481d-b5a6-161da16927e2
Aug 17 07:53:11.628185 np0000007466 devstack@c-api.service[97043]: DEBUG cinder.api.openstack.wsgi [None req-419b996f-b0df-4043-98c3-2090fed02654 tempest-DeleteServersTestJSON-1027906256 tempest-DeleteServersTestJSON-1027906256-project-member] Empty body provided in request {{(pid=97043) get_body /opt/stack/cinder/cinder/api/openstack/wsgi.py:725}}
Aug 17 07:53:11.628185 np0000007466 devstack@c-api.service[97043]: DEBUG cinder.api.openstack.wsgi [None req-419b996f-b0df-4043-98c3-2090fed02654 tempest-DeleteServersTestJSON-1027906256 tempest-DeleteServersTestJSON-1027906256-project-member] Calling method 'show' {{(pid=97043) _process_stack /opt/stack/cinder/cinder/api/openstack/wsgi.py:878}}
Aug 17 07:53:11.644190 np0000007466 devstack@c-api.service[97043]: INFO cinder.api.openstack.wsgi [None req-419b996f-b0df-4043-98c3-2090fed02654 tempest-DeleteServersTestJSON-1027906256 tempest-DeleteServersTestJSON-1027906256-project-member] https://10.4.3.112/volume/v3/volumes/cbabde58-0507-481d-b5a6-161da16927e2 returned with HTTP 404
Aug 17 07:53:11.644190 np0000007466 devstack@c-api.service[97043]: [pid: 97043|app: 0|req: 104/305] 10.4.3.112 () {66 vars in 1348 bytes} [Mon Aug 17 07:53:11 2026] GET /volume/v3/volumes/cbabde58-0507-481d-b5a6-161da16927e2 => generated 109 bytes in 21 msecs (HTTP/1.1 404) 7 headers in 292 bytes (1 switches on core 0)
Aug 17 07:53:11.719297 np0000007466 devstack@c-api.service[97042]: DEBUG cinder.api.middleware.request_id [None req-b58fba0f-4444-4b51-8311-97b5f5e29c8b None None] RequestId filter calling following filter/app {{(pid=97042) _context_setter /opt/stack/cinder/cinder/api/middleware/request_id.py:62}}
Aug 17 07:53:11.721001 np0000007466 devstack@c-api.service[97042]: INFO cinder.api.openstack.wsgi [None req-b58fba0f-4444-4b51-8311-97b5f5e29c8b tempest-AttachSCSIVolumeTestJSON-1070047282 tempest-AttachSCSIVolumeTestJSON-1070047282-project-reader] GET https://10.4.3.112/volume/v3/volumes/eb133b23-2d9f-46cf-826c-f07469dde231
Aug 17 07:53:11.721265 np0000007466 devstack@c-api.service[97042]: DEBUG cinder.api.openstack.wsgi [None req-b58fba0f-4444-4b51-8311-97b5f5e29c8b tempest-AttachSCSIVolumeTestJSON-1070047282 tempest-AttachSCSIVolumeTestJSON-1070047282-project-reader] Empty body provided in request {{(pid=97042) get_body /opt/stack/cinder/cinder/api/openstack/wsgi.py:725}}
Aug 17 07:53:11.721452 np0000007466 devstack@c-api.service[97042]: DEBUG cinder.api.openstack.wsgi [None req-b58fba0f-4444-4b51-8311-97b5f5e29c8b tempest-AttachSCSIVolumeTestJSON-1070047282 tempest-AttachSCSIVolumeTestJSON-1070047282-project-reader] Calling method 'show' {{(pid=97042) _process_stack /opt/stack/cinder/cinder/api/openstack/wsgi.py:878}}
Aug 17 07:53:11.729985 np0000007466 devstack@c-api.service[97042]: /opt/stack/data/venv/lib/python3.12/site-packages/oslo_context/context.py:102: DeprecationWarning: Policy enforcement is depending on the value of is_admin. This key is deprecated. Please update your policy file to use the standard policy values.
Aug 17 07:53:11.729985 np0000007466 devstack@c-api.service[97042]: warnings.warn(
Aug 17 07:53:11.739128 np0000007466 devstack@c-api.service[97042]: INFO cinder.volume.api [None req-b58fba0f-4444-4b51-8311-97b5f5e29c8b tempest-AttachSCSIVolumeTestJSON-1070047282 tempest-AttachSCSIVolumeTestJSON-1070047282-project-reader] Volume info retrieved successfully.
Aug 17 07:53:11.747533 np0000007466 devstack@c-api.service[97042]: INFO cinder.api.openstack.wsgi [None req-b58fba0f-4444-4b51-8311-97b5f5e29c8b tempest-AttachSCSIVolumeTestJSON-1070047282 tempest-AttachSCSIVolumeTestJSON-1070047282-project-reader] https://10.4.3.112/volume/v3/volumes/eb133b23-2d9f-46cf-826c-f07469dde231 returned with HTTP 200
Aug 17 07:53:11.747897 np0000007466 devstack@c-api.service[97042]: [pid: 97042|app: 0|req: 100/306] 10.4.3.112 () {66 vars in 1348 bytes} [Mon Aug 17 07:53:11 2026] GET /volume/v3/volumes/eb133b23-2d9f-46cf-826c-f07469dde231 => generated 848 bytes in 29 msecs (HTTP/1.1 200) 7 headers in 285 bytes (1 switches on core 0)
Aug 17 07:53:11.820630 np0000007466 devstack@c-api.service[97044]: DEBUG cinder.api.middleware.request_id [None req-5d510fe5-9f08-4741-8f96-01d25f9ac030 None None] RequestId filter calling following filter/app {{(pid=97044) _context_setter /opt/stack/cinder/cinder/api/middleware/request_id.py:62}}
Aug 17 07:53:11.826195 np0000007466 devstack@c-api.service[97044]: INFO cinder.api.openstack.wsgi [None req-5d510fe5-9f08-4741-8f96-01d25f9ac030 tempest-AttachSCSIVolumeTestJSON-1070047282 tempest-AttachSCSIVolumeTestJSON-1070047282-project-member] GET https://10.4.3.112/volume/v3/volumes/eb133b23-2d9f-46cf-826c-f07469dde231
Aug 17 07:53:11.826195 np0000007466 devstack@c-api.service[97044]: DEBUG cinder.api.openstack.wsgi [None req-5d510fe5-9f08-4741-8f96-01d25f9ac030 tempest-AttachSCSIVolumeTestJSON-1070047282 tempest-AttachSCSIVolumeTestJSON-1070047282-project-member] Empty body provided in request {{(pid=97044) get_body /opt/stack/cinder/cinder/api/openstack/wsgi.py:725}}
Aug 17 07:53:11.826195 np0000007466 devstack@c-api.service[97044]: DEBUG cinder.api.openstack.wsgi [None req-5d510fe5-9f08-4741-8f96-01d25f9ac030 tempest-AttachSCSIVolumeTestJSON-1070047282 tempest-AttachSCSIVolumeTestJSON-1070047282-project-member] Calling method 'show' {{(pid=97044) _process_stack /opt/stack/cinder/cinder/api/openstack/wsgi.py:878}}
Aug 17 07:53:11.830552 np0000007466 devstack@c-api.service[97044]: DEBUG dbcounter [-] [97044] Writing DB stats cinder:SELECT=594,cinder:INSERT=102,cinder:UPDATE=172 {{(pid=97044) stat_writer /opt/stack/data/venv/lib/python3.12/site-packages/dbcounter.py:115}}
Aug 17 07:53:11.845767 np0000007466 devstack@c-api.service[97044]: /opt/stack/data/venv/lib/python3.12/site-packages/oslo_context/context.py:102: DeprecationWarning: Policy enforcement is depending on the value of is_admin. This key is deprecated. Please update your policy file to use the standard policy values.
Aug 17 07:53:11.845767 np0000007466 devstack@c-api.service[97044]: warnings.warn(
Aug 17 07:53:11.850921 np0000007466 devstack@c-api.service[97044]: INFO cinder.volume.api [None req-5d510fe5-9f08-4741-8f96-01d25f9ac030 tempest-AttachSCSIVolumeTestJSON-1070047282 tempest-AttachSCSIVolumeTestJSON-1070047282-project-member] Volume info retrieved successfully.
Aug 17 07:53:11.856356 np0000007466 devstack@c-api.service[97044]: INFO cinder.api.openstack.wsgi [None req-5d510fe5-9f08-4741-8f96-01d25f9ac030 tempest-AttachSCSIVolumeTestJSON-1070047282 tempest-AttachSCSIVolumeTestJSON-1070047282-project-member] https://10.4.3.112/volume/v3/volumes/eb133b23-2d9f-46cf-826c-f07469dde231 returned with HTTP 200
Aug 17 07:53:11.857074 np0000007466 devstack@c-api.service[97044]: [pid: 97044|app: 0|req: 103/307] 10.4.3.112 () {66 vars in 1348 bytes} [Mon Aug 17 07:53:11 2026] GET /volume/v3/volumes/eb133b23-2d9f-46cf-826c-f07469dde231 => generated 848 bytes in 36 msecs (HTTP/1.1 200) 7 headers in 285 bytes (1 switches on core 0)
Aug 17 07:53:11.857211 np0000007466 devstack@c-api.service[97043]: DEBUG cinder.api.middleware.request_id [None req-b4d115a2-9e49-49ab-bddf-1241e950f22d None None] RequestId filter calling following filter/app {{(pid=97043) _context_setter /opt/stack/cinder/cinder/api/middleware/request_id.py:62}}
Aug 17 07:53:11.858847 np0000007466 devstack@c-api.service[97043]: INFO cinder.api.openstack.wsgi [None req-b4d115a2-9e49-49ab-bddf-1241e950f22d tempest-VolumeSnapshotQuotasNegativeTestJSON-1129206762 tempest-VolumeSnapshotQuotasNegativeTestJSON-1129206762-project-member] GET https://10.4.3.112/volume/v3/snapshots/8cd42539-66de-42b5-b1b4-93af4f14b5a6
Aug 17 07:53:11.859015 np0000007466 devstack@c-api.service[97043]: DEBUG cinder.api.openstack.wsgi [None req-b4d115a2-9e49-49ab-bddf-1241e950f22d tempest-VolumeSnapshotQuotasNegativeTestJSON-1129206762 tempest-VolumeSnapshotQuotasNegativeTestJSON-1129206762-project-member] Empty body provided in request {{(pid=97043) get_body /opt/stack/cinder/cinder/api/openstack/wsgi.py:725}}
Aug 17 07:53:11.859270 np0000007466 devstack@c-api.service[97043]: DEBUG cinder.api.openstack.wsgi [None req-b4d115a2-9e49-49ab-bddf-1241e950f22d tempest-VolumeSnapshotQuotasNegativeTestJSON-1129206762 tempest-VolumeSnapshotQuotasNegativeTestJSON-1129206762-project-member] Calling method 'show' {{(pid=97043) _process_stack /opt/stack/cinder/cinder/api/openstack/wsgi.py:878}}
Aug 17 07:53:11.863422 np0000007466 devstack@c-api.service[97043]: /opt/stack/data/venv/lib/python3.12/site-packages/oslo_context/context.py:102: DeprecationWarning: Policy enforcement is depending on the value of is_admin. This key is deprecated. Please update your policy file to use the standard policy values.
Aug 17 07:53:11.863422 np0000007466 devstack@c-api.service[97043]: warnings.warn(
Aug 17 07:53:11.863792 np0000007466 devstack@c-api.service[97043]: INFO cinder.volume.api [None req-b4d115a2-9e49-49ab-bddf-1241e950f22d tempest-VolumeSnapshotQuotasNegativeTestJSON-1129206762 tempest-VolumeSnapshotQuotasNegativeTestJSON-1129206762-project-member] Snapshot retrieved successfully.
Aug 17 07:53:11.864492 np0000007466 devstack@c-api.service[97043]: INFO cinder.api.openstack.wsgi [None req-b4d115a2-9e49-49ab-bddf-1241e950f22d tempest-VolumeSnapshotQuotasNegativeTestJSON-1129206762 tempest-VolumeSnapshotQuotasNegativeTestJSON-1129206762-project-member] https://10.4.3.112/volume/v3/snapshots/8cd42539-66de-42b5-b1b4-93af4f14b5a6 returned with HTTP 200
Aug 17 07:53:11.864800 np0000007466 devstack@c-api.service[97043]: [pid: 97043|app: 0|req: 105/308] 10.4.3.112 () {66 vars in 1354 bytes} [Mon Aug 17 07:53:11 2026] GET /volume/v3/snapshots/8cd42539-66de-42b5-b1b4-93af4f14b5a6 => generated 481 bytes in 8 msecs (HTTP/1.1 200) 7 headers in 285 bytes (1 switches on core 0)
Aug 17 07:53:11.877210 np0000007466 devstack@c-api.service[97042]: DEBUG cinder.api.middleware.request_id [None req-d3f9c160-d071-4fc7-9829-a7556fcc1c49 None None] RequestId filter calling following filter/app {{(pid=97042) _context_setter /opt/stack/cinder/cinder/api/middleware/request_id.py:62}}
Aug 17 07:53:11.882016 np0000007466 devstack@c-api.service[97042]: INFO cinder.api.openstack.wsgi [None req-d3f9c160-d071-4fc7-9829-a7556fcc1c49 tempest-VolumeSnapshotQuotasNegativeTestJSON-200882322 tempest-VolumeSnapshotQuotasNegativeTestJSON-200882322-project-admin] PUT https://10.4.3.112/volume/v3/os-quota-sets/49b787f0c8744e869f79048145fd4fc5
Aug 17 07:53:11.886291 np0000007466 devstack@c-api.service[97042]: DEBUG cinder.api.openstack.wsgi [None req-d3f9c160-d071-4fc7-9829-a7556fcc1c49 tempest-VolumeSnapshotQuotasNegativeTestJSON-200882322 tempest-VolumeSnapshotQuotasNegativeTestJSON-200882322-project-admin] Action: 'update', calling method: update, body: {"quota_set": {"gigabytes": 2, "volumes": 1, "snapshots": 2}} {{(pid=97042) _process_stack /opt/stack/cinder/cinder/api/openstack/wsgi.py:876}}
Aug 17 07:53:11.932139 np0000007466 devstack@c-api.service[97044]: DEBUG cinder.api.middleware.request_id [None req-830352e0-a4b2-4b4d-9d01-92d0f12b4d4c None None] RequestId filter calling following filter/app {{(pid=97044) _context_setter /opt/stack/cinder/cinder/api/middleware/request_id.py:62}}
Aug 17 07:53:11.940117 np0000007466 devstack@c-api.service[97044]: INFO cinder.api.openstack.wsgi [None req-830352e0-a4b2-4b4d-9d01-92d0f12b4d4c tempest-AttachSCSIVolumeTestJSON-1070047282 tempest-AttachSCSIVolumeTestJSON-1070047282-project-member] GET https://10.4.3.112/volume/v3/volumes/eb133b23-2d9f-46cf-826c-f07469dde231
Aug 17 07:53:11.940390 np0000007466 devstack@c-api.service[97044]: DEBUG cinder.api.openstack.wsgi [None req-830352e0-a4b2-4b4d-9d01-92d0f12b4d4c tempest-AttachSCSIVolumeTestJSON-1070047282 tempest-AttachSCSIVolumeTestJSON-1070047282-project-member] Empty body provided in request {{(pid=97044) get_body /opt/stack/cinder/cinder/api/openstack/wsgi.py:725}}
Aug 17 07:53:11.940600 np0000007466 devstack@c-api.service[97044]: DEBUG cinder.api.openstack.wsgi [None req-830352e0-a4b2-4b4d-9d01-92d0f12b4d4c tempest-AttachSCSIVolumeTestJSON-1070047282 tempest-AttachSCSIVolumeTestJSON-1070047282-project-member] Calling method 'show' {{(pid=97044) _process_stack /opt/stack/cinder/cinder/api/openstack/wsgi.py:878}}
Aug 17 07:53:11.949217 np0000007466 devstack@c-api.service[97044]: /opt/stack/data/venv/lib/python3.12/site-packages/oslo_context/context.py:102: DeprecationWarning: Policy enforcement is depending on the value of is_admin. This key is deprecated. Please update your policy file to use the standard policy values.
Aug 17 07:53:11.949217 np0000007466 devstack@c-api.service[97044]: warnings.warn(
Aug 17 07:53:11.953136 np0000007466 devstack@c-api.service[97044]: INFO cinder.volume.api [None req-830352e0-a4b2-4b4d-9d01-92d0f12b4d4c tempest-AttachSCSIVolumeTestJSON-1070047282 tempest-AttachSCSIVolumeTestJSON-1070047282-project-member] Volume info retrieved successfully.
Aug 17 07:53:11.955183 np0000007466 devstack@c-api.service[97043]: DEBUG cinder.api.middleware.request_id [None req-d531c05d-bfe0-4060-938b-b3abd74de091 None None] RequestId filter calling following filter/app {{(pid=97043) _context_setter /opt/stack/cinder/cinder/api/middleware/request_id.py:62}}
Aug 17 07:53:11.959381 np0000007466 devstack@c-api.service[97044]: INFO cinder.api.openstack.wsgi [None req-830352e0-a4b2-4b4d-9d01-92d0f12b4d4c tempest-AttachSCSIVolumeTestJSON-1070047282 tempest-AttachSCSIVolumeTestJSON-1070047282-project-member] https://10.4.3.112/volume/v3/volumes/eb133b23-2d9f-46cf-826c-f07469dde231 returned with HTTP 200
Aug 17 07:53:11.959429 np0000007466 devstack@c-api.service[97043]: INFO cinder.api.openstack.wsgi [None req-d531c05d-bfe0-4060-938b-b3abd74de091 tempest-GroupSnapshotsTest-1831341767 tempest-GroupSnapshotsTest-1831341767-project-member] GET https://10.4.3.112/volume/v3/volumes/515e4914-ee3d-4c09-9e29-81399fde498f
Aug 17 07:53:11.959609 np0000007466 devstack@c-api.service[97044]: [pid: 97044|app: 0|req: 104/309] 10.4.3.112 () {66 vars in 1348 bytes} [Mon Aug 17 07:53:11 2026] GET /volume/v3/volumes/eb133b23-2d9f-46cf-826c-f07469dde231 => generated 848 bytes in 27 msecs (HTTP/1.1 200) 7 headers in 285 bytes (1 switches on core 0)
Aug 17 07:53:11.959642 np0000007466 devstack@c-api.service[97043]: DEBUG cinder.api.openstack.wsgi [None req-d531c05d-bfe0-4060-938b-b3abd74de091 tempest-GroupSnapshotsTest-1831341767 tempest-GroupSnapshotsTest-1831341767-project-member] Empty body provided in request {{(pid=97043) get_body /opt/stack/cinder/cinder/api/openstack/wsgi.py:725}}
Aug 17 07:53:11.960219 np0000007466 devstack@c-api.service[97043]: DEBUG cinder.api.openstack.wsgi [None req-d531c05d-bfe0-4060-938b-b3abd74de091 tempest-GroupSnapshotsTest-1831341767 tempest-GroupSnapshotsTest-1831341767-project-member] Calling method 'show' {{(pid=97043) _process_stack /opt/stack/cinder/cinder/api/openstack/wsgi.py:878}}
Aug 17 07:53:11.966526 np0000007466 devstack@c-api.service[97043]: INFO cinder.api.openstack.wsgi [None req-d531c05d-bfe0-4060-938b-b3abd74de091 tempest-GroupSnapshotsTest-1831341767 tempest-GroupSnapshotsTest-1831341767-project-member] https://10.4.3.112/volume/v3/volumes/515e4914-ee3d-4c09-9e29-81399fde498f returned with HTTP 404
Aug 17 07:53:11.966981 np0000007466 devstack@c-api.service[97043]: [pid: 97043|app: 0|req: 106/310] 10.4.3.112 () {68 vars in 1389 bytes} [Mon Aug 17 07:53:11 2026] GET /volume/v3/volumes/515e4914-ee3d-4c09-9e29-81399fde498f => generated 109 bytes in 13 msecs (HTTP/1.1 404) 7 headers in 293 bytes (1 switches on core 0)
Aug 17 07:53:11.974733 np0000007466 devstack@c-api.service[97042]: INFO cinder.api.openstack.wsgi [None req-d3f9c160-d071-4fc7-9829-a7556fcc1c49 tempest-VolumeSnapshotQuotasNegativeTestJSON-200882322 tempest-VolumeSnapshotQuotasNegativeTestJSON-200882322-project-admin] https://10.4.3.112/volume/v3/os-quota-sets/49b787f0c8744e869f79048145fd4fc5 returned with HTTP 200
Aug 17 07:53:11.975372 np0000007466 devstack@c-api.service[97042]: [pid: 97042|app: 0|req: 101/311] 10.4.3.112 () {68 vars in 1374 bytes} [Mon Aug 17 07:53:11 2026] PUT /volume/v3/os-quota-sets/49b787f0c8744e869f79048145fd4fc5 => generated 501 bytes in 98 msecs (HTTP/1.1 200) 7 headers in 285 bytes (1 switches on core 0)
Aug 17 07:53:11.976325 np0000007466 devstack@c-api.service[97044]: DEBUG cinder.api.middleware.request_id [None req-721d3d5b-4d6c-479a-a8c3-7d4fb66cc96e None None] RequestId filter calling following filter/app {{(pid=97044) _context_setter /opt/stack/cinder/cinder/api/middleware/request_id.py:62}}
Aug 17 07:53:11.978002 np0000007466 devstack@c-api.service[97044]: INFO cinder.api.openstack.wsgi [None req-721d3d5b-4d6c-479a-a8c3-7d4fb66cc96e tempest-GroupSnapshotsTest-1831341767 tempest-GroupSnapshotsTest-1831341767-project-member] GET https://10.4.3.112/volume/v3/volumes/1f2f4b39-6da7-4b61-b3fc-4cce17265ac4
Aug 17 07:53:11.979221 np0000007466 devstack@c-api.service[97044]: DEBUG cinder.api.openstack.wsgi [None req-721d3d5b-4d6c-479a-a8c3-7d4fb66cc96e tempest-GroupSnapshotsTest-1831341767 tempest-GroupSnapshotsTest-1831341767-project-member] Empty body provided in request {{(pid=97044) get_body /opt/stack/cinder/cinder/api/openstack/wsgi.py:725}}
Aug 17 07:53:11.979221 np0000007466 devstack@c-api.service[97044]: DEBUG cinder.api.openstack.wsgi [None req-721d3d5b-4d6c-479a-a8c3-7d4fb66cc96e tempest-GroupSnapshotsTest-1831341767 tempest-GroupSnapshotsTest-1831341767-project-member] Calling method 'show' {{(pid=97044) _process_stack /opt/stack/cinder/cinder/api/openstack/wsgi.py:878}}
Aug 17 07:53:11.984927 np0000007466 devstack@c-api.service[97044]: INFO cinder.api.openstack.wsgi [None req-721d3d5b-4d6c-479a-a8c3-7d4fb66cc96e tempest-GroupSnapshotsTest-1831341767 tempest-GroupSnapshotsTest-1831341767-project-member] https://10.4.3.112/volume/v3/volumes/1f2f4b39-6da7-4b61-b3fc-4cce17265ac4 returned with HTTP 404
Aug 17 07:53:11.985074 np0000007466 devstack@c-api.service[97043]: DEBUG cinder.api.middleware.request_id [None req-1c561614-8503-43a2-b721-ff8bb6809d08 None None] RequestId filter calling following filter/app {{(pid=97043) _context_setter /opt/stack/cinder/cinder/api/middleware/request_id.py:62}}
Aug 17 07:53:11.985341 np0000007466 devstack@c-api.service[97044]: [pid: 97044|app: 0|req: 105/312] 10.4.3.112 () {68 vars in 1389 bytes} [Mon Aug 17 07:53:11 2026] GET /volume/v3/volumes/1f2f4b39-6da7-4b61-b3fc-4cce17265ac4 => generated 109 bytes in 9 msecs (HTTP/1.1 404) 7 headers in 293 bytes (1 switches on core 0)
Aug 17 07:53:11.988626 np0000007466 devstack@c-api.service[97043]: INFO cinder.api.openstack.wsgi [None req-1c561614-8503-43a2-b721-ff8bb6809d08 tempest-VolumeSnapshotQuotasNegativeTestJSON-1129206762 tempest-VolumeSnapshotQuotasNegativeTestJSON-1129206762-project-member] POST https://10.4.3.112/volume/v3/snapshots
Aug 17 07:53:11.990293 np0000007466 devstack@c-api.service[97043]: DEBUG cinder.api.openstack.wsgi [None req-1c561614-8503-43a2-b721-ff8bb6809d08 tempest-VolumeSnapshotQuotasNegativeTestJSON-1129206762 tempest-VolumeSnapshotQuotasNegativeTestJSON-1129206762-project-member] Action: 'create', calling method: create, body: {"snapshot": {"volume_id": "5d93d911-89c5-4fba-8f6e-871d5739a13a"}} {{(pid=97043) _process_stack /opt/stack/cinder/cinder/api/openstack/wsgi.py:876}}
Aug 17 07:53:11.995501 np0000007466 devstack@c-api.service[97042]: DEBUG cinder.api.middleware.request_id [None req-d06c2264-8901-4107-a0f5-21f3527f80a7 None None] RequestId filter calling following filter/app {{(pid=97042) _context_setter /opt/stack/cinder/cinder/api/middleware/request_id.py:62}}
Aug 17 07:53:12.001718 np0000007466 devstack@c-api.service[97042]: INFO cinder.api.openstack.wsgi [None req-d06c2264-8901-4107-a0f5-21f3527f80a7 tempest-GroupSnapshotsTest-1831341767 tempest-GroupSnapshotsTest-1831341767-project-member] GET https://10.4.3.112/volume/v3/groups/fce48610-b1f4-4924-8796-6b83eb961d9e
Aug 17 07:53:12.001982 np0000007466 devstack@c-api.service[97042]: DEBUG cinder.api.openstack.wsgi [None req-d06c2264-8901-4107-a0f5-21f3527f80a7 tempest-GroupSnapshotsTest-1831341767 tempest-GroupSnapshotsTest-1831341767-project-member] Empty body provided in request {{(pid=97042) get_body /opt/stack/cinder/cinder/api/openstack/wsgi.py:725}}
Aug 17 07:53:12.002279 np0000007466 devstack@c-api.service[97042]: DEBUG cinder.api.openstack.wsgi [None req-d06c2264-8901-4107-a0f5-21f3527f80a7 tempest-GroupSnapshotsTest-1831341767 tempest-GroupSnapshotsTest-1831341767-project-member] Calling method 'version_select' {{(pid=97042) _process_stack /opt/stack/cinder/cinder/api/openstack/wsgi.py:878}}
Aug 17 07:53:12.002494 np0000007466 devstack@c-api.service[97042]: DEBUG cinder.api.v3.groups [None req-d06c2264-8901-4107-a0f5-21f3527f80a7 tempest-GroupSnapshotsTest-1831341767 tempest-GroupSnapshotsTest-1831341767-project-member] show called for member fce48610-b1f4-4924-8796-6b83eb961d9e {{(pid=97042) show /opt/stack/cinder/cinder/api/v3/groups.py:58}}
Aug 17 07:53:12.005768 np0000007466 devstack@c-api.service[97043]: /opt/stack/data/venv/lib/python3.12/site-packages/oslo_context/context.py:102: DeprecationWarning: Policy enforcement is depending on the value of is_admin. This key is deprecated. Please update your policy file to use the standard policy values.
Aug 17 07:53:12.005768 np0000007466 devstack@c-api.service[97043]: warnings.warn(
Aug 17 07:53:12.006311 np0000007466 devstack@c-api.service[97043]: INFO cinder.volume.api [None req-1c561614-8503-43a2-b721-ff8bb6809d08 tempest-VolumeSnapshotQuotasNegativeTestJSON-1129206762 tempest-VolumeSnapshotQuotasNegativeTestJSON-1129206762-project-member] Volume info retrieved successfully.
Aug 17 07:53:12.006447 np0000007466 devstack@c-api.service[97043]: INFO cinder.api.v3.snapshots [None req-1c561614-8503-43a2-b721-ff8bb6809d08 tempest-VolumeSnapshotQuotasNegativeTestJSON-1129206762 tempest-VolumeSnapshotQuotasNegativeTestJSON-1129206762-project-member] Create snapshot from volume 5d93d911-89c5-4fba-8f6e-871d5739a13a
Aug 17 07:53:12.011907 np0000007466 devstack@c-api.service[97042]: INFO cinder.api.openstack.wsgi [None req-d06c2264-8901-4107-a0f5-21f3527f80a7 tempest-GroupSnapshotsTest-1831341767 tempest-GroupSnapshotsTest-1831341767-project-member] https://10.4.3.112/volume/v3/groups/fce48610-b1f4-4924-8796-6b83eb961d9e returned with HTTP 404
Aug 17 07:53:12.012031 np0000007466 devstack@c-api.service[97044]: DEBUG cinder.api.middleware.request_id [req-77fa41bb-4f0d-4e42-91e4-98ba0ac281f9 req-9329cbf7-a51e-4124-8aca-a87dc8a4e2bd None None] RequestId filter calling following filter/app {{(pid=97044) _context_setter /opt/stack/cinder/cinder/api/middleware/request_id.py:62}}
Aug 17 07:53:12.012471 np0000007466 devstack@c-api.service[97042]: [pid: 97042|app: 0|req: 102/313] 10.4.3.112 () {68 vars in 1386 bytes} [Mon Aug 17 07:53:11 2026] GET /volume/v3/groups/fce48610-b1f4-4924-8796-6b83eb961d9e => generated 108 bytes in 18 msecs (HTTP/1.1 404) 7 headers in 293 bytes (1 switches on core 0)
Aug 17 07:53:12.017128 np0000007466 devstack@c-api.service[97044]: INFO cinder.api.openstack.wsgi [req-77fa41bb-4f0d-4e42-91e4-98ba0ac281f9 req-9329cbf7-a51e-4124-8aca-a87dc8a4e2bd tempest-TaggedAttachmentsTest-1601843526 tempest-TaggedAttachmentsTest-1601843526-project-member] GET https://10.4.3.112/volume/v3/volumes/9d572164-34e7-4fe8-afd8-be0ffae13750
Aug 17 07:53:12.017128 np0000007466 devstack@c-api.service[97044]: DEBUG cinder.api.openstack.wsgi [req-77fa41bb-4f0d-4e42-91e4-98ba0ac281f9 req-9329cbf7-a51e-4124-8aca-a87dc8a4e2bd tempest-TaggedAttachmentsTest-1601843526 tempest-TaggedAttachmentsTest-1601843526-project-member] Empty body provided in request {{(pid=97044) get_body /opt/stack/cinder/cinder/api/openstack/wsgi.py:725}}
Aug 17 07:53:12.017128 np0000007466 devstack@c-api.service[97044]: DEBUG cinder.api.openstack.wsgi [req-77fa41bb-4f0d-4e42-91e4-98ba0ac281f9 req-9329cbf7-a51e-4124-8aca-a87dc8a4e2bd tempest-TaggedAttachmentsTest-1601843526 tempest-TaggedAttachmentsTest-1601843526-project-member] Calling method 'show' {{(pid=97044) _process_stack /opt/stack/cinder/cinder/api/openstack/wsgi.py:878}}
Aug 17 07:53:12.023023 np0000007466 devstack@c-api.service[97042]: DEBUG cinder.api.middleware.request_id [None req-6ca56374-8285-433f-937e-68d4037d7523 None None] RequestId filter calling following filter/app {{(pid=97042) _context_setter /opt/stack/cinder/cinder/api/middleware/request_id.py:62}}
Aug 17 07:53:12.023261 np0000007466 devstack@c-api.service[97044]: /opt/stack/data/venv/lib/python3.12/site-packages/oslo_context/context.py:102: DeprecationWarning: Policy enforcement is depending on the value of is_admin. This key is deprecated. Please update your policy file to use the standard policy values.
Aug 17 07:53:12.023261 np0000007466 devstack@c-api.service[97044]: warnings.warn(
Aug 17 07:53:12.025297 np0000007466 devstack@c-api.service[97042]: INFO cinder.api.openstack.wsgi [None req-6ca56374-8285-433f-937e-68d4037d7523 tempest-GroupSnapshotsTest-278224652 tempest-GroupSnapshotsTest-278224652-project-admin] DELETE https://10.4.3.112/volume/v3/group_types/975aa368-0858-4add-aaf8-e6759afb973b
Aug 17 07:53:12.025297 np0000007466 devstack@c-api.service[97042]: DEBUG cinder.api.openstack.wsgi [None req-6ca56374-8285-433f-937e-68d4037d7523 tempest-GroupSnapshotsTest-278224652 tempest-GroupSnapshotsTest-278224652-project-admin] Empty body provided in request {{(pid=97042) get_body /opt/stack/cinder/cinder/api/openstack/wsgi.py:725}}
Aug 17 07:53:12.025297 np0000007466 devstack@c-api.service[97042]: DEBUG cinder.api.openstack.wsgi [None req-6ca56374-8285-433f-937e-68d4037d7523 tempest-GroupSnapshotsTest-278224652 tempest-GroupSnapshotsTest-278224652-project-admin] Calling method 'version_select' {{(pid=97042) _process_stack /opt/stack/cinder/cinder/api/openstack/wsgi.py:878}}
Aug 17 07:53:12.026563 np0000007466 devstack@c-api.service[97044]: INFO cinder.volume.api [req-77fa41bb-4f0d-4e42-91e4-98ba0ac281f9 req-9329cbf7-a51e-4124-8aca-a87dc8a4e2bd tempest-TaggedAttachmentsTest-1601843526 tempest-TaggedAttachmentsTest-1601843526-project-member] Volume info retrieved successfully.
Aug 17 07:53:12.028236 np0000007466 devstack@c-api.service[97043]: WARNING cinder.quota_utils [None req-1c561614-8503-43a2-b721-ff8bb6809d08 tempest-VolumeSnapshotQuotasNegativeTestJSON-1129206762 tempest-VolumeSnapshotQuotasNegativeTestJSON-1129206762-project-member] Quota exceeded for 49b787f0c8744e869f79048145fd4fc5, tried to create 1G snapshot (2G of 2G already consumed).: cinder.exception.OverQuota: Quota exceeded for resources: ['gigabytes']
Aug 17 07:53:12.028514 np0000007466 devstack@c-api.service[97043]: INFO cinder.api.middleware.fault [None req-1c561614-8503-43a2-b721-ff8bb6809d08 tempest-VolumeSnapshotQuotasNegativeTestJSON-1129206762 tempest-VolumeSnapshotQuotasNegativeTestJSON-1129206762-project-member] https://10.4.3.112/volume/v3/snapshots returned with HTTP 413
Aug 17 07:53:12.029593 np0000007466 devstack@c-api.service[97043]: [pid: 97043|app: 0|req: 107/314] 10.4.3.112 () {68 vars in 1264 bytes} [Mon Aug 17 07:53:11 2026] POST /volume/v3/snapshots => generated 208 bytes in 45 msecs (HTTP/1.1 413) 8 headers in 323 bytes (1 switches on core 0)
Aug 17 07:53:12.032257 np0000007466 devstack@c-api.service[97044]: INFO cinder.api.openstack.wsgi [req-77fa41bb-4f0d-4e42-91e4-98ba0ac281f9 req-9329cbf7-a51e-4124-8aca-a87dc8a4e2bd tempest-TaggedAttachmentsTest-1601843526 tempest-TaggedAttachmentsTest-1601843526-project-member] https://10.4.3.112/volume/v3/volumes/9d572164-34e7-4fe8-afd8-be0ffae13750 returned with HTTP 200
Aug 17 07:53:12.032947 np0000007466 devstack@c-api.service[97044]: [pid: 97044|app: 0|req: 106/315] 10.4.3.112 () {68 vars in 1598 bytes} [Mon Aug 17 07:53:12 2026] GET /volume/v3/volumes/9d572164-34e7-4fe8-afd8-be0ffae13750 => generated 845 bytes in 22 msecs (HTTP/1.1 200) 7 headers in 285 bytes (1 switches on core 0)
Aug 17 07:53:12.038040 np0000007466 devstack@c-api.service[97043]: DEBUG cinder.api.middleware.request_id [None req-b62ce77f-85e8-4f34-aca1-f17672caab9d None None] RequestId filter calling following filter/app {{(pid=97043) _context_setter /opt/stack/cinder/cinder/api/middleware/request_id.py:62}}
Aug 17 07:53:12.040283 np0000007466 devstack@c-api.service[97043]: INFO cinder.api.openstack.wsgi [None req-b62ce77f-85e8-4f34-aca1-f17672caab9d tempest-VolumeSnapshotQuotasNegativeTestJSON-200882322 tempest-VolumeSnapshotQuotasNegativeTestJSON-200882322-project-admin] PUT https://10.4.3.112/volume/v3/os-quota-sets/49b787f0c8744e869f79048145fd4fc5
Aug 17 07:53:12.040674 np0000007466 devstack@c-api.service[97043]: DEBUG cinder.api.openstack.wsgi [None req-b62ce77f-85e8-4f34-aca1-f17672caab9d tempest-VolumeSnapshotQuotasNegativeTestJSON-200882322 tempest-VolumeSnapshotQuotasNegativeTestJSON-200882322-project-admin] Action: 'update', calling method: update, body: {"quota_set": {"gigabytes": 3, "volumes": 1, "snapshots": 1}} {{(pid=97043) _process_stack /opt/stack/cinder/cinder/api/openstack/wsgi.py:876}}
Aug 17 07:53:12.041852 np0000007466 devstack@c-api.service[97042]: INFO cinder.api.openstack.wsgi [None req-6ca56374-8285-433f-937e-68d4037d7523 tempest-GroupSnapshotsTest-278224652 tempest-GroupSnapshotsTest-278224652-project-admin] https://10.4.3.112/volume/v3/group_types/975aa368-0858-4add-aaf8-e6759afb973b returned with HTTP 202
Aug 17 07:53:12.042316 np0000007466 devstack@c-api.service[97042]: [pid: 97042|app: 0|req: 103/316] 10.4.3.112 () {68 vars in 1404 bytes} [Mon Aug 17 07:53:12 2026] DELETE /volume/v3/group_types/975aa368-0858-4add-aaf8-e6759afb973b => generated 0 bytes in 20 msecs (HTTP/1.1 202) 6 headers in 234 bytes (1 switches on core 0)
Aug 17 07:53:12.054072 np0000007466 devstack@c-api.service[97044]: DEBUG cinder.api.middleware.request_id [None req-50c838c5-2409-40ad-9728-575cb0339046 None None] RequestId filter calling following filter/app {{(pid=97044) _context_setter /opt/stack/cinder/cinder/api/middleware/request_id.py:62}}
Aug 17 07:53:12.057225 np0000007466 devstack@c-api.service[97044]: INFO cinder.api.openstack.wsgi [None req-50c838c5-2409-40ad-9728-575cb0339046 tempest-GroupSnapshotsTest-278224652 tempest-GroupSnapshotsTest-278224652-project-admin] DELETE https://10.4.3.112/volume/v3/types/eeeab4e4-3519-47a7-87ac-086bcffda87e
Aug 17 07:53:12.057693 np0000007466 devstack@c-api.service[97044]: DEBUG cinder.api.openstack.wsgi [None req-50c838c5-2409-40ad-9728-575cb0339046 tempest-GroupSnapshotsTest-278224652 tempest-GroupSnapshotsTest-278224652-project-admin] Empty body provided in request {{(pid=97044) get_body /opt/stack/cinder/cinder/api/openstack/wsgi.py:725}}
Aug 17 07:53:12.057755 np0000007466 devstack@c-api.service[97044]: DEBUG cinder.api.openstack.wsgi [None req-50c838c5-2409-40ad-9728-575cb0339046 tempest-GroupSnapshotsTest-278224652 tempest-GroupSnapshotsTest-278224652-project-admin] Calling method '_delete' {{(pid=97044) _process_stack /opt/stack/cinder/cinder/api/openstack/wsgi.py:878}}
Aug 17 07:53:12.094345 np0000007466 devstack@c-api.service[97044]: INFO cinder.api.openstack.wsgi [None req-50c838c5-2409-40ad-9728-575cb0339046 tempest-GroupSnapshotsTest-278224652 tempest-GroupSnapshotsTest-278224652-project-admin] https://10.4.3.112/volume/v3/types/eeeab4e4-3519-47a7-87ac-086bcffda87e returned with HTTP 202
Aug 17 07:53:12.094861 np0000007466 devstack@c-api.service[97044]: [pid: 97044|app: 0|req: 107/317] 10.4.3.112 () {66 vars in 1345 bytes} [Mon Aug 17 07:53:12 2026] DELETE /volume/v3/types/eeeab4e4-3519-47a7-87ac-086bcffda87e => generated 0 bytes in 41 msecs (HTTP/1.1 202) 6 headers in 233 bytes (1 switches on core 0)
Aug 17 07:53:12.104398 np0000007466 devstack@c-api.service[97043]: INFO cinder.api.openstack.wsgi [None req-b62ce77f-85e8-4f34-aca1-f17672caab9d tempest-VolumeSnapshotQuotasNegativeTestJSON-200882322 tempest-VolumeSnapshotQuotasNegativeTestJSON-200882322-project-admin] https://10.4.3.112/volume/v3/os-quota-sets/49b787f0c8744e869f79048145fd4fc5 returned with HTTP 200
Aug 17 07:53:12.104569 np0000007466 devstack@c-api.service[97042]: DEBUG cinder.api.middleware.request_id [None req-e925f3a9-82e3-467c-800f-121a5e093f7b None None] RequestId filter calling following filter/app {{(pid=97042) _context_setter /opt/stack/cinder/cinder/api/middleware/request_id.py:62}}
Aug 17 07:53:12.104822 np0000007466 devstack@c-api.service[97043]: [pid: 97043|app: 0|req: 108/318] 10.4.3.112 () {68 vars in 1374 bytes} [Mon Aug 17 07:53:12 2026] PUT /volume/v3/os-quota-sets/49b787f0c8744e869f79048145fd4fc5 => generated 501 bytes in 68 msecs (HTTP/1.1 200) 7 headers in 285 bytes (1 switches on core 0)
Aug 17 07:53:12.108003 np0000007466 devstack@c-api.service[97042]: INFO cinder.api.openstack.wsgi [None req-e925f3a9-82e3-467c-800f-121a5e093f7b tempest-GroupSnapshotsTest-278224652 tempest-GroupSnapshotsTest-278224652-project-admin] GET https://10.4.3.112/volume/v3/types/eeeab4e4-3519-47a7-87ac-086bcffda87e
Aug 17 07:53:12.108320 np0000007466 devstack@c-api.service[97042]: DEBUG cinder.api.openstack.wsgi [None req-e925f3a9-82e3-467c-800f-121a5e093f7b tempest-GroupSnapshotsTest-278224652 tempest-GroupSnapshotsTest-278224652-project-admin] Empty body provided in request {{(pid=97042) get_body /opt/stack/cinder/cinder/api/openstack/wsgi.py:725}}
Aug 17 07:53:12.108628 np0000007466 devstack@c-api.service[97042]: DEBUG cinder.api.openstack.wsgi [None req-e925f3a9-82e3-467c-800f-121a5e093f7b tempest-GroupSnapshotsTest-278224652 tempest-GroupSnapshotsTest-278224652-project-admin] Calling method 'show' {{(pid=97042) _process_stack /opt/stack/cinder/cinder/api/openstack/wsgi.py:878}}
Aug 17 07:53:12.115147 np0000007466 devstack@c-api.service[97042]: INFO cinder.api.openstack.wsgi [None req-e925f3a9-82e3-467c-800f-121a5e093f7b tempest-GroupSnapshotsTest-278224652 tempest-GroupSnapshotsTest-278224652-project-admin] https://10.4.3.112/volume/v3/types/eeeab4e4-3519-47a7-87ac-086bcffda87e returned with HTTP 404
Aug 17 07:53:12.115315 np0000007466 devstack@c-api.service[97044]: DEBUG cinder.api.middleware.request_id [None req-e03df512-a974-49fe-b154-c969b010819b None None] RequestId filter calling following filter/app {{(pid=97044) _context_setter /opt/stack/cinder/cinder/api/middleware/request_id.py:62}}
Aug 17 07:53:12.115871 np0000007466 devstack@c-api.service[97042]: [pid: 97042|app: 0|req: 104/319] 10.4.3.112 () {66 vars in 1342 bytes} [Mon Aug 17 07:53:12 2026] GET /volume/v3/types/eeeab4e4-3519-47a7-87ac-086bcffda87e => generated 114 bytes in 12 msecs (HTTP/1.1 404) 7 headers in 292 bytes (1 switches on core 0)
Aug 17 07:53:12.117634 np0000007466 devstack@c-api.service[97044]: INFO cinder.api.openstack.wsgi [None req-e03df512-a974-49fe-b154-c969b010819b tempest-VolumeSnapshotQuotasNegativeTestJSON-1129206762 tempest-VolumeSnapshotQuotasNegativeTestJSON-1129206762-project-member] POST https://10.4.3.112/volume/v3/snapshots
Aug 17 07:53:12.118192 np0000007466 devstack@c-api.service[97044]: DEBUG cinder.api.openstack.wsgi [None req-e03df512-a974-49fe-b154-c969b010819b tempest-VolumeSnapshotQuotasNegativeTestJSON-1129206762 tempest-VolumeSnapshotQuotasNegativeTestJSON-1129206762-project-member] Action: 'create', calling method: create, body: {"snapshot": {"volume_id": "5d93d911-89c5-4fba-8f6e-871d5739a13a"}} {{(pid=97044) _process_stack /opt/stack/cinder/cinder/api/openstack/wsgi.py:876}}
Aug 17 07:53:12.128230 np0000007466 devstack@c-api.service[97043]: DEBUG cinder.api.middleware.request_id [None req-979357ae-882d-46c8-863e-53bee85fbcf9 None None] RequestId filter calling following filter/app {{(pid=97043) _context_setter /opt/stack/cinder/cinder/api/middleware/request_id.py:62}}
Aug 17 07:53:12.129699 np0000007466 devstack@c-api.service[97043]: INFO cinder.api.openstack.wsgi [None req-979357ae-882d-46c8-863e-53bee85fbcf9 tempest-GroupSnapshotsTest-278224652 tempest-GroupSnapshotsTest-278224652-project-admin] POST https://10.4.3.112/volume/v3/types
Aug 17 07:53:12.130029 np0000007466 devstack@c-api.service[97043]: DEBUG cinder.api.openstack.wsgi [None req-979357ae-882d-46c8-863e-53bee85fbcf9 tempest-GroupSnapshotsTest-278224652 tempest-GroupSnapshotsTest-278224652-project-admin] Action: 'create', calling method: _create, body: {"volume_type": {"name": "tempest-GroupSnapshotsTest-volume-type-110695798"}} {{(pid=97043) _process_stack /opt/stack/cinder/cinder/api/openstack/wsgi.py:876}}
Aug 17 07:53:12.130891 np0000007466 devstack@c-api.service[97044]: /opt/stack/data/venv/lib/python3.12/site-packages/oslo_context/context.py:102: DeprecationWarning: Policy enforcement is depending on the value of is_admin. This key is deprecated. Please update your policy file to use the standard policy values.
Aug 17 07:53:12.130891 np0000007466 devstack@c-api.service[97044]: warnings.warn(
Aug 17 07:53:12.131445 np0000007466 devstack@c-api.service[97044]: INFO cinder.volume.api [None req-e03df512-a974-49fe-b154-c969b010819b tempest-VolumeSnapshotQuotasNegativeTestJSON-1129206762 tempest-VolumeSnapshotQuotasNegativeTestJSON-1129206762-project-member] Volume info retrieved successfully.
Aug 17 07:53:12.131536 np0000007466 devstack@c-api.service[97044]: INFO cinder.api.v3.snapshots [None req-e03df512-a974-49fe-b154-c969b010819b tempest-VolumeSnapshotQuotasNegativeTestJSON-1129206762 tempest-VolumeSnapshotQuotasNegativeTestJSON-1129206762-project-member] Create snapshot from volume 5d93d911-89c5-4fba-8f6e-871d5739a13a
Aug 17 07:53:12.147901 np0000007466 devstack@c-api.service[97043]: INFO cinder.api.openstack.wsgi [None req-979357ae-882d-46c8-863e-53bee85fbcf9 tempest-GroupSnapshotsTest-278224652 tempest-GroupSnapshotsTest-278224652-project-admin] https://10.4.3.112/volume/v3/types returned with HTTP 200
Aug 17 07:53:12.148301 np0000007466 devstack@c-api.service[97043]: [pid: 97043|app: 0|req: 109/320] 10.4.3.112 () {68 vars in 1252 bytes} [Mon Aug 17 07:53:12 2026] POST /volume/v3/types => generated 223 bytes in 21 msecs (HTTP/1.1 200) 7 headers in 285 bytes (1 switches on core 0)
Aug 17 07:53:12.153122 np0000007466 devstack@c-api.service[97044]: WARNING cinder.quota_utils [None req-e03df512-a974-49fe-b154-c969b010819b tempest-VolumeSnapshotQuotasNegativeTestJSON-1129206762 tempest-VolumeSnapshotQuotasNegativeTestJSON-1129206762-project-member] Quota exceeded for 49b787f0c8744e869f79048145fd4fc5, tried to create snapshot (1 snapshots already consumed).: cinder.exception.OverQuota: Quota exceeded for resources: ['snapshots']
Aug 17 07:53:12.153407 np0000007466 devstack@c-api.service[97044]: INFO cinder.api.middleware.fault [None req-e03df512-a974-49fe-b154-c969b010819b tempest-VolumeSnapshotQuotasNegativeTestJSON-1129206762 tempest-VolumeSnapshotQuotasNegativeTestJSON-1129206762-project-member] https://10.4.3.112/volume/v3/snapshots returned with HTTP 413
Aug 17 07:53:12.154315 np0000007466 devstack@c-api.service[97044]: [pid: 97044|app: 0|req: 108/321] 10.4.3.112 () {68 vars in 1264 bytes} [Mon Aug 17 07:53:12 2026] POST /volume/v3/snapshots => generated 133 bytes in 40 msecs (HTTP/1.1 413) 8 headers in 323 bytes (1 switches on core 0)
Aug 17 07:53:12.162354 np0000007466 devstack@c-api.service[97042]: DEBUG cinder.api.middleware.request_id [None req-b2e4a73d-3dc7-4f71-b53f-5e0866d98b07 None None] RequestId filter calling following filter/app {{(pid=97042) _context_setter /opt/stack/cinder/cinder/api/middleware/request_id.py:62}}
Aug 17 07:53:12.165267 np0000007466 devstack@c-api.service[97042]: INFO cinder.api.openstack.wsgi [None req-b2e4a73d-3dc7-4f71-b53f-5e0866d98b07 tempest-GroupSnapshotsTest-278224652 tempest-GroupSnapshotsTest-278224652-project-admin] POST https://10.4.3.112/volume/v3/group_types
Aug 17 07:53:12.165753 np0000007466 devstack@c-api.service[97042]: DEBUG cinder.api.openstack.wsgi [None req-b2e4a73d-3dc7-4f71-b53f-5e0866d98b07 tempest-GroupSnapshotsTest-278224652 tempest-GroupSnapshotsTest-278224652-project-admin] Action: 'create', calling method: version_select, body: {"group_type": {"name": "tempest-GroupSnapshotsTest-group-type-583850954"}} {{(pid=97042) _process_stack /opt/stack/cinder/cinder/api/openstack/wsgi.py:876}}
Aug 17 07:53:12.166016 np0000007466 devstack@c-api.service[97043]: DEBUG cinder.api.middleware.request_id [None req-8cc54738-5a42-4195-9727-75eae961524f None None] RequestId filter calling following filter/app {{(pid=97043) _context_setter /opt/stack/cinder/cinder/api/middleware/request_id.py:62}}
Aug 17 07:53:12.168627 np0000007466 devstack@c-api.service[97043]: INFO cinder.api.openstack.wsgi [None req-8cc54738-5a42-4195-9727-75eae961524f tempest-VolumeSnapshotQuotasNegativeTestJSON-1129206762 tempest-VolumeSnapshotQuotasNegativeTestJSON-1129206762-project-member] DELETE https://10.4.3.112/volume/v3/snapshots/8cd42539-66de-42b5-b1b4-93af4f14b5a6
Aug 17 07:53:12.168851 np0000007466 devstack@c-api.service[97043]: DEBUG cinder.api.openstack.wsgi [None req-8cc54738-5a42-4195-9727-75eae961524f tempest-VolumeSnapshotQuotasNegativeTestJSON-1129206762 tempest-VolumeSnapshotQuotasNegativeTestJSON-1129206762-project-member] Empty body provided in request {{(pid=97043) get_body /opt/stack/cinder/cinder/api/openstack/wsgi.py:725}}
Aug 17 07:53:12.169071 np0000007466 devstack@c-api.service[97043]: DEBUG cinder.api.openstack.wsgi [None req-8cc54738-5a42-4195-9727-75eae961524f tempest-VolumeSnapshotQuotasNegativeTestJSON-1129206762 tempest-VolumeSnapshotQuotasNegativeTestJSON-1129206762-project-member] Calling method 'delete' {{(pid=97043) _process_stack /opt/stack/cinder/cinder/api/openstack/wsgi.py:878}}
Aug 17 07:53:12.169180 np0000007466 devstack@c-api.service[97043]: INFO cinder.api.v3.snapshots [None req-8cc54738-5a42-4195-9727-75eae961524f tempest-VolumeSnapshotQuotasNegativeTestJSON-1129206762 tempest-VolumeSnapshotQuotasNegativeTestJSON-1129206762-project-member] Delete snapshot with id: 8cd42539-66de-42b5-b1b4-93af4f14b5a6
Aug 17 07:53:12.174319 np0000007466 devstack@c-api.service[97043]: /opt/stack/data/venv/lib/python3.12/site-packages/oslo_context/context.py:102: DeprecationWarning: Policy enforcement is depending on the value of is_admin. This key is deprecated. Please update your policy file to use the standard policy values.
Aug 17 07:53:12.174319 np0000007466 devstack@c-api.service[97043]: warnings.warn(
Aug 17 07:53:12.174722 np0000007466 devstack@c-api.service[97043]: INFO cinder.volume.api [None req-8cc54738-5a42-4195-9727-75eae961524f tempest-VolumeSnapshotQuotasNegativeTestJSON-1129206762 tempest-VolumeSnapshotQuotasNegativeTestJSON-1129206762-project-member] Snapshot retrieved successfully.
Aug 17 07:53:12.190626 np0000007466 devstack@c-api.service[97042]: INFO cinder.api.openstack.wsgi [None req-b2e4a73d-3dc7-4f71-b53f-5e0866d98b07 tempest-GroupSnapshotsTest-278224652 tempest-GroupSnapshotsTest-278224652-project-admin] https://10.4.3.112/volume/v3/group_types returned with HTTP 202
Aug 17 07:53:12.192001 np0000007466 devstack@c-api.service[97042]: [pid: 97042|app: 0|req: 105/322] 10.4.3.112 () {70 vars in 1311 bytes} [Mon Aug 17 07:53:12 2026] POST /volume/v3/group_types => generated 180 bytes in 33 msecs (HTTP/1.1 202) 7 headers in 292 bytes (1 switches on core 0)
Aug 17 07:53:12.193862 np0000007466 devstack@c-api.service[97043]: INFO cinder.volume.api [None req-8cc54738-5a42-4195-9727-75eae961524f tempest-VolumeSnapshotQuotasNegativeTestJSON-1129206762 tempest-VolumeSnapshotQuotasNegativeTestJSON-1129206762-project-member] Snapshot delete request issued successfully.
Aug 17 07:53:12.194088 np0000007466 devstack@c-api.service[97043]: INFO cinder.api.openstack.wsgi [None req-8cc54738-5a42-4195-9727-75eae961524f tempest-VolumeSnapshotQuotasNegativeTestJSON-1129206762 tempest-VolumeSnapshotQuotasNegativeTestJSON-1129206762-project-member] https://10.4.3.112/volume/v3/snapshots/8cd42539-66de-42b5-b1b4-93af4f14b5a6 returned with HTTP 202
Aug 17 07:53:12.195125 np0000007466 devstack@c-api.service[97043]: [pid: 97043|app: 0|req: 110/323] 10.4.3.112 () {66 vars in 1357 bytes} [Mon Aug 17 07:53:12 2026] DELETE /volume/v3/snapshots/8cd42539-66de-42b5-b1b4-93af4f14b5a6 => generated 0 bytes in 29 msecs (HTTP/1.1 202) 6 headers in 233 bytes (1 switches on core 0)
Aug 17 07:53:12.201807 np0000007466 devstack@c-api.service[97044]: DEBUG cinder.api.middleware.request_id [None req-2e722252-fdc0-4ff2-8896-64990628ccf8 None None] RequestId filter calling following filter/app {{(pid=97044) _context_setter /opt/stack/cinder/cinder/api/middleware/request_id.py:62}}
Aug 17 07:53:12.201927 np0000007466 devstack@c-api.service[97042]: DEBUG cinder.api.middleware.request_id [None req-e4c64a45-721e-44f4-8c88-9e34b651105e None None] RequestId filter calling following filter/app {{(pid=97042) _context_setter /opt/stack/cinder/cinder/api/middleware/request_id.py:62}}
Aug 17 07:53:12.204375 np0000007466 devstack@c-api.service[97042]: INFO cinder.api.openstack.wsgi [None req-e4c64a45-721e-44f4-8c88-9e34b651105e tempest-VolumeSnapshotQuotasNegativeTestJSON-1129206762 tempest-VolumeSnapshotQuotasNegativeTestJSON-1129206762-project-member] GET https://10.4.3.112/volume/v3/snapshots/8cd42539-66de-42b5-b1b4-93af4f14b5a6
Aug 17 07:53:12.204672 np0000007466 devstack@c-api.service[97042]: DEBUG cinder.api.openstack.wsgi [None req-e4c64a45-721e-44f4-8c88-9e34b651105e tempest-VolumeSnapshotQuotasNegativeTestJSON-1129206762 tempest-VolumeSnapshotQuotasNegativeTestJSON-1129206762-project-member] Empty body provided in request {{(pid=97042) get_body /opt/stack/cinder/cinder/api/openstack/wsgi.py:725}}
Aug 17 07:53:12.205469 np0000007466 devstack@c-api.service[97042]: DEBUG cinder.api.openstack.wsgi [None req-e4c64a45-721e-44f4-8c88-9e34b651105e tempest-VolumeSnapshotQuotasNegativeTestJSON-1129206762 tempest-VolumeSnapshotQuotasNegativeTestJSON-1129206762-project-member] Calling method 'show' {{(pid=97042) _process_stack /opt/stack/cinder/cinder/api/openstack/wsgi.py:878}}
Aug 17 07:53:12.208687 np0000007466 devstack@c-api.service[97044]: INFO cinder.api.openstack.wsgi [None req-2e722252-fdc0-4ff2-8896-64990628ccf8 tempest-GroupSnapshotsTest-1831341767 tempest-GroupSnapshotsTest-1831341767-project-member] POST https://10.4.3.112/volume/v3/groups
Aug 17 07:53:12.209827 np0000007466 devstack@c-api.service[97044]: DEBUG cinder.api.openstack.wsgi [None req-2e722252-fdc0-4ff2-8896-64990628ccf8 tempest-GroupSnapshotsTest-1831341767 tempest-GroupSnapshotsTest-1831341767-project-member] Action: 'create', calling method: version_select, body: {"group": {"group_type": "67b9dd9e-a0f0-4f73-b37e-b0f4dd78c782", "volume_types": ["b87b52b3-b8c1-4870-a593-931204cda5c1"], "name": "tempest-GroupSnapshotsTest-Group-468248635"}} {{(pid=97044) _process_stack /opt/stack/cinder/cinder/api/openstack/wsgi.py:876}}
Aug 17 07:53:12.211891 np0000007466 devstack@c-api.service[97044]: DEBUG cinder.api.v3.groups [None req-2e722252-fdc0-4ff2-8896-64990628ccf8 tempest-GroupSnapshotsTest-1831341767 tempest-GroupSnapshotsTest-1831341767-project-member] Creating new group {'group': {'group_type': '67b9dd9e-a0f0-4f73-b37e-b0f4dd78c782', 'volume_types': ['b87b52b3-b8c1-4870-a593-931204cda5c1'], 'name': 'tempest-GroupSnapshotsTest-Group-468248635'}} {{(pid=97044) create /opt/stack/cinder/cinder/api/v3/groups.py:190}}
Aug 17 07:53:12.212799 np0000007466 devstack@c-api.service[97042]: /opt/stack/data/venv/lib/python3.12/site-packages/oslo_context/context.py:102: DeprecationWarning: Policy enforcement is depending on the value of is_admin. This key is deprecated. Please update your policy file to use the standard policy values.
