Aug 17 07:56:59.583557 np0000007466 devstack@g-api.service[99771]: DEBUG glance.api.middleware.version_negotiation [None req-90a14e22-d81c-4621-8077-600a5f740579 tempest-VolumesBackupsTest-996464983 tempest-VolumesBackupsTest-996464983-project-member] Using url versioning {{(pid=99771) process_request /opt/stack/glance/glance/api/middleware/version_negotiation.py:57}}
Aug 17 07:56:59.583783 np0000007466 devstack@g-api.service[99771]: DEBUG glance.api.middleware.version_negotiation [None req-90a14e22-d81c-4621-8077-600a5f740579 tempest-VolumesBackupsTest-996464983 tempest-VolumesBackupsTest-996464983-project-member] Matched version: v2 {{(pid=99771) process_request /opt/stack/glance/glance/api/middleware/version_negotiation.py:69}}
Aug 17 07:56:59.583974 np0000007466 devstack@g-api.service[99771]: DEBUG glance.api.middleware.version_negotiation [None req-90a14e22-d81c-4621-8077-600a5f740579 tempest-VolumesBackupsTest-996464983 tempest-VolumesBackupsTest-996464983-project-member] new path /v2/images/c743bcf5-befc-4f2b-8cb5-4a8dc687f082 {{(pid=99771) process_request /opt/stack/glance/glance/api/middleware/version_negotiation.py:70}}
Aug 17 07:56:59.595631 np0000007466 devstack@g-api.service[99771]: [pid: 99771|app: 0|req: 147/435] 127.0.0.1 () {40 vars in 838 bytes} [Mon Aug 17 07:56:59 2026] GET /v2/images/c743bcf5-befc-4f2b-8cb5-4a8dc687f082 => generated 650 bytes in 13 msecs (HTTP/1.1 200) 4 headers in 157 bytes (1 switches on core 0)
Aug 17 07:56:59.891507 np0000007466 devstack@g-api.service[99769]: DEBUG swiftclient [None req-e84802f7-6737-4ff4-963f-272a78b41c90 tempest-VolumesActionsTest-1399403598 tempest-VolumesActionsTest-1399403598-project-member] REQ: curl -i https://10.4.3.112:8080/v1/AUTH_0b593352b29241d7ad848360a4f8dc87/glance/c743bcf5-befc-4f2b-8cb5-4a8dc687f082-00003 -X PUT -H "X-Auth-Token: gAAAAABqgr7Fp9jw..." {{(pid=99769) http_log /opt/stack/data/venv/lib/python3.12/site-packages/swiftclient/client.py:160}}
Aug 17 07:56:59.891507 np0000007466 devstack@g-api.service[99769]: DEBUG swiftclient [None req-e84802f7-6737-4ff4-963f-272a78b41c90 tempest-VolumesActionsTest-1399403598 tempest-VolumesActionsTest-1399403598-project-member] RESP STATUS: 201 Created {{(pid=99769) http_log /opt/stack/data/venv/lib/python3.12/site-packages/swiftclient/client.py:161}}
Aug 17 07:56:59.891507 np0000007466 devstack@g-api.service[99769]: DEBUG swiftclient [None req-e84802f7-6737-4ff4-963f-272a78b41c90 tempest-VolumesActionsTest-1399403598 tempest-VolumesActionsTest-1399403598-project-member] RESP HEADERS: {'Date': 'Mon, 17 Aug 2026 07:56:59 GMT', 'Server': 'Apache/2.4.58 (Ubuntu)', 'Content-Type': 'text/html; charset=UTF-8', 'Content-Length': '0', 'Etag': 'eda9a9889837ac4bc81d6387d92c1bec', 'Last-Modified': 'Mon, 17 Aug 2026 07:56:58 GMT', 'X-Trans-Id': 'tx4a662fd13e7e4470a436c-006a82bec9', 'X-Openstack-Request-Id': 'tx4a662fd13e7e4470a436c-006a82bec9', 'Connection': 'close'} {{(pid=99769) http_log /opt/stack/data/venv/lib/python3.12/site-packages/swiftclient/client.py:162}}
Aug 17 07:56:59.891994 np0000007466 devstack@g-api.service[99769]: DEBUG glance_store._drivers.swift.store [None req-e84802f7-6737-4ff4-963f-272a78b41c90 tempest-VolumesActionsTest-1399403598 tempest-VolumesActionsTest-1399403598-project-member] Wrote chunk c743bcf5-befc-4f2b-8cb5-4a8dc687f082-00003 (3/?) of length 204800000 to Swift returning MD5 of content: eda9a9889837ac4bc81d6387d92c1bec {{(pid=99769) add /opt/stack/data/venv/lib/python3.12/site-packages/glance_store/_drivers/swift/store.py:1059}}
Aug 17 07:57:00.605231 np0000007466 devstack@g-api.service[99770]: DEBUG glance.api.middleware.version_negotiation [None req-08527673-cc67-4ea4-a692-4977c7616be4 tempest-VolumesActionsTest-1399403598 tempest-VolumesActionsTest-1399403598-project-member] Determining version of request: GET /v2/images/c743bcf5-befc-4f2b-8cb5-4a8dc687f082 Accept: application/json {{(pid=99770) process_request /opt/stack/glance/glance/api/middleware/version_negotiation.py:44}}
Aug 17 07:57:00.605665 np0000007466 devstack@g-api.service[99770]: DEBUG glance.api.middleware.version_negotiation [None req-08527673-cc67-4ea4-a692-4977c7616be4 tempest-VolumesActionsTest-1399403598 tempest-VolumesActionsTest-1399403598-project-member] Using url versioning {{(pid=99770) process_request /opt/stack/glance/glance/api/middleware/version_negotiation.py:57}}
Aug 17 07:57:00.605665 np0000007466 devstack@g-api.service[99770]: DEBUG glance.api.middleware.version_negotiation [None req-08527673-cc67-4ea4-a692-4977c7616be4 tempest-VolumesActionsTest-1399403598 tempest-VolumesActionsTest-1399403598-project-member] Matched version: v2 {{(pid=99770) process_request /opt/stack/glance/glance/api/middleware/version_negotiation.py:69}}
Aug 17 07:57:00.605665 np0000007466 devstack@g-api.service[99770]: DEBUG glance.api.middleware.version_negotiation [None req-08527673-cc67-4ea4-a692-4977c7616be4 tempest-VolumesActionsTest-1399403598 tempest-VolumesActionsTest-1399403598-project-member] new path /v2/images/c743bcf5-befc-4f2b-8cb5-4a8dc687f082 {{(pid=99770) process_request /opt/stack/glance/glance/api/middleware/version_negotiation.py:70}}
Aug 17 07:57:00.619291 np0000007466 devstack@g-api.service[99770]: [pid: 99770|app: 0|req: 147/436] 127.0.0.1 () {40 vars in 838 bytes} [Mon Aug 17 07:57:00 2026] GET /v2/images/c743bcf5-befc-4f2b-8cb5-4a8dc687f082 => generated 650 bytes in 14 msecs (HTTP/1.1 200) 4 headers in 157 bytes (1 switches on core 0)
Aug 17 07:57:01.629214 np0000007466 devstack@g-api.service[99771]: DEBUG glance.api.middleware.version_negotiation [None req-6276fd20-77be-471b-8b89-8659c8c7ed45 tempest-VolumesActionsTest-1399403598 tempest-VolumesActionsTest-1399403598-project-member] Determining version of request: GET /v2/images/c743bcf5-befc-4f2b-8cb5-4a8dc687f082 Accept: application/json {{(pid=99771) process_request /opt/stack/glance/glance/api/middleware/version_negotiation.py:44}}
Aug 17 07:57:01.630721 np0000007466 devstack@g-api.service[99771]: DEBUG glance.api.middleware.version_negotiation [None req-6276fd20-77be-471b-8b89-8659c8c7ed45 tempest-VolumesActionsTest-1399403598 tempest-VolumesActionsTest-1399403598-project-member] Using url versioning {{(pid=99771) process_request /opt/stack/glance/glance/api/middleware/version_negotiation.py:57}}
Aug 17 07:57:01.633612 np0000007466 devstack@g-api.service[99771]: DEBUG glance.api.middleware.version_negotiation [None req-6276fd20-77be-471b-8b89-8659c8c7ed45 tempest-VolumesActionsTest-1399403598 tempest-VolumesActionsTest-1399403598-project-member] Matched version: v2 {{(pid=99771) process_request /opt/stack/glance/glance/api/middleware/version_negotiation.py:69}}
Aug 17 07:57:01.633845 np0000007466 devstack@g-api.service[99771]: DEBUG glance.api.middleware.version_negotiation [None req-6276fd20-77be-471b-8b89-8659c8c7ed45 tempest-VolumesActionsTest-1399403598 tempest-VolumesActionsTest-1399403598-project-member] new path /v2/images/c743bcf5-befc-4f2b-8cb5-4a8dc687f082 {{(pid=99771) process_request /opt/stack/glance/glance/api/middleware/version_negotiation.py:70}}
Aug 17 07:57:01.663939 np0000007466 devstack@g-api.service[99771]: [pid: 99771|app: 0|req: 148/437] 127.0.0.1 () {40 vars in 838 bytes} [Mon Aug 17 07:57:01 2026] GET /v2/images/c743bcf5-befc-4f2b-8cb5-4a8dc687f082 => generated 650 bytes in 35 msecs (HTTP/1.1 200) 4 headers in 157 bytes (1 switches on core 0)
Aug 17 07:57:02.039973 np0000007466 devstack@g-api.service[99769]: DEBUG swiftclient [None req-e84802f7-6737-4ff4-963f-272a78b41c90 tempest-VolumesActionsTest-1399403598 tempest-VolumesActionsTest-1399403598-project-member] REQ: curl -i https://10.4.3.112:8080/v1/AUTH_0b593352b29241d7ad848360a4f8dc87/glance/c743bcf5-befc-4f2b-8cb5-4a8dc687f082-00004 -X PUT -H "X-Auth-Token: gAAAAABqgr7Fp9jw..." {{(pid=99769) http_log /opt/stack/data/venv/lib/python3.12/site-packages/swiftclient/client.py:160}}
Aug 17 07:57:02.040379 np0000007466 devstack@g-api.service[99769]: DEBUG swiftclient [None req-e84802f7-6737-4ff4-963f-272a78b41c90 tempest-VolumesActionsTest-1399403598 tempest-VolumesActionsTest-1399403598-project-member] RESP STATUS: 201 Created {{(pid=99769) http_log /opt/stack/data/venv/lib/python3.12/site-packages/swiftclient/client.py:161}}
Aug 17 07:57:02.040379 np0000007466 devstack@g-api.service[99769]: DEBUG swiftclient [None req-e84802f7-6737-4ff4-963f-272a78b41c90 tempest-VolumesActionsTest-1399403598 tempest-VolumesActionsTest-1399403598-project-member] RESP HEADERS: {'Date': 'Mon, 17 Aug 2026 07:57:02 GMT', 'Server': 'Apache/2.4.58 (Ubuntu)', 'Content-Type': 'text/html; charset=UTF-8', 'Content-Length': '0', 'Etag': 'eda9a9889837ac4bc81d6387d92c1bec', 'Last-Modified': 'Mon, 17 Aug 2026 07:57:00 GMT', 'X-Trans-Id': 'tx34cd623ccf42441689bf0-006a82becb', 'X-Openstack-Request-Id': 'tx34cd623ccf42441689bf0-006a82becb', 'Connection': 'close'} {{(pid=99769) http_log /opt/stack/data/venv/lib/python3.12/site-packages/swiftclient/client.py:162}}
Aug 17 07:57:02.040521 np0000007466 devstack@g-api.service[99769]: DEBUG glance_store._drivers.swift.store [None req-e84802f7-6737-4ff4-963f-272a78b41c90 tempest-VolumesActionsTest-1399403598 tempest-VolumesActionsTest-1399403598-project-member] Wrote chunk c743bcf5-befc-4f2b-8cb5-4a8dc687f082-00004 (4/?) of length 204800000 to Swift returning MD5 of content: eda9a9889837ac4bc81d6387d92c1bec {{(pid=99769) add /opt/stack/data/venv/lib/python3.12/site-packages/glance_store/_drivers/swift/store.py:1059}}
Aug 17 07:57:02.675644 np0000007466 devstack@g-api.service[99770]: DEBUG glance.api.middleware.version_negotiation [None req-def545d3-c4de-4afd-8a2d-c89b5ab6fb19 tempest-VolumesActionsTest-1399403598 tempest-VolumesActionsTest-1399403598-project-member] Determining version of request: GET /v2/images/c743bcf5-befc-4f2b-8cb5-4a8dc687f082 Accept: application/json {{(pid=99770) process_request /opt/stack/glance/glance/api/middleware/version_negotiation.py:44}}
Aug 17 07:57:02.677707 np0000007466 devstack@g-api.service[99770]: DEBUG glance.api.middleware.version_negotiation [None req-def545d3-c4de-4afd-8a2d-c89b5ab6fb19 tempest-VolumesActionsTest-1399403598 tempest-VolumesActionsTest-1399403598-project-member] Using url versioning {{(pid=99770) process_request /opt/stack/glance/glance/api/middleware/version_negotiation.py:57}}
Aug 17 07:57:02.677707 np0000007466 devstack@g-api.service[99770]: DEBUG glance.api.middleware.version_negotiation [None req-def545d3-c4de-4afd-8a2d-c89b5ab6fb19 tempest-VolumesActionsTest-1399403598 tempest-VolumesActionsTest-1399403598-project-member] Matched version: v2 {{(pid=99770) process_request /opt/stack/glance/glance/api/middleware/version_negotiation.py:69}}
Aug 17 07:57:02.677707 np0000007466 devstack@g-api.service[99770]: DEBUG glance.api.middleware.version_negotiation [None req-def545d3-c4de-4afd-8a2d-c89b5ab6fb19 tempest-VolumesActionsTest-1399403598 tempest-VolumesActionsTest-1399403598-project-member] new path /v2/images/c743bcf5-befc-4f2b-8cb5-4a8dc687f082 {{(pid=99770) process_request /opt/stack/glance/glance/api/middleware/version_negotiation.py:70}}
Aug 17 07:57:02.697726 np0000007466 devstack@g-api.service[99770]: [pid: 99770|app: 0|req: 148/438] 127.0.0.1 () {40 vars in 838 bytes} [Mon Aug 17 07:57:02 2026] GET /v2/images/c743bcf5-befc-4f2b-8cb5-4a8dc687f082 => generated 650 bytes in 22 msecs (HTTP/1.1 200) 4 headers in 157 bytes (1 switches on core 0)
Aug 17 07:57:03.556947 np0000007466 devstack@g-api.service[99769]: DEBUG dbcounter [-] [99769] Writing DB stats glance:SELECT=74,glance:UPDATE=28,glance:INSERT=3,glance:DELETE=1 {{(pid=99769) stat_writer /opt/stack/data/venv/lib/python3.12/site-packages/dbcounter.py:115}}
Aug 17 07:57:03.710188 np0000007466 devstack@g-api.service[99771]: DEBUG glance.api.middleware.version_negotiation [None req-eb0e27b0-c679-454b-aa02-0fd20397cbb3 tempest-VolumesActionsTest-1399403598 tempest-VolumesActionsTest-1399403598-project-member] Determining version of request: GET /v2/images/c743bcf5-befc-4f2b-8cb5-4a8dc687f082 Accept: application/json {{(pid=99771) process_request /opt/stack/glance/glance/api/middleware/version_negotiation.py:44}}
Aug 17 07:57:03.710606 np0000007466 devstack@g-api.service[99771]: DEBUG glance.api.middleware.version_negotiation [None req-eb0e27b0-c679-454b-aa02-0fd20397cbb3 tempest-VolumesActionsTest-1399403598 tempest-VolumesActionsTest-1399403598-project-member] Using url versioning {{(pid=99771) process_request /opt/stack/glance/glance/api/middleware/version_negotiation.py:57}}
Aug 17 07:57:03.710606 np0000007466 devstack@g-api.service[99771]: DEBUG glance.api.middleware.version_negotiation [None req-eb0e27b0-c679-454b-aa02-0fd20397cbb3 tempest-VolumesActionsTest-1399403598 tempest-VolumesActionsTest-1399403598-project-member] Matched version: v2 {{(pid=99771) process_request /opt/stack/glance/glance/api/middleware/version_negotiation.py:69}}
Aug 17 07:57:03.710795 np0000007466 devstack@g-api.service[99771]: DEBUG glance.api.middleware.version_negotiation [None req-eb0e27b0-c679-454b-aa02-0fd20397cbb3 tempest-VolumesActionsTest-1399403598 tempest-VolumesActionsTest-1399403598-project-member] new path /v2/images/c743bcf5-befc-4f2b-8cb5-4a8dc687f082 {{(pid=99771) process_request /opt/stack/glance/glance/api/middleware/version_negotiation.py:70}}
Aug 17 07:57:03.727711 np0000007466 devstack@g-api.service[99771]: [pid: 99771|app: 0|req: 149/439] 127.0.0.1 () {40 vars in 838 bytes} [Mon Aug 17 07:57:03 2026] GET /v2/images/c743bcf5-befc-4f2b-8cb5-4a8dc687f082 => generated 650 bytes in 19 msecs (HTTP/1.1 200) 4 headers in 157 bytes (1 switches on core 0)
Aug 17 07:57:04.368086 np0000007466 devstack@g-api.service[99769]: DEBUG swiftclient [None req-e84802f7-6737-4ff4-963f-272a78b41c90 tempest-VolumesActionsTest-1399403598 tempest-VolumesActionsTest-1399403598-project-member] REQ: curl -i https://10.4.3.112:8080/v1/AUTH_0b593352b29241d7ad848360a4f8dc87/glance/c743bcf5-befc-4f2b-8cb5-4a8dc687f082-00005 -X PUT -H "X-Auth-Token: gAAAAABqgr7Fp9jw..." {{(pid=99769) http_log /opt/stack/data/venv/lib/python3.12/site-packages/swiftclient/client.py:160}}
Aug 17 07:57:04.368232 np0000007466 devstack@g-api.service[99769]: DEBUG swiftclient [None req-e84802f7-6737-4ff4-963f-272a78b41c90 tempest-VolumesActionsTest-1399403598 tempest-VolumesActionsTest-1399403598-project-member] RESP STATUS: 201 Created {{(pid=99769) http_log /opt/stack/data/venv/lib/python3.12/site-packages/swiftclient/client.py:161}}
Aug 17 07:57:04.368341 np0000007466 devstack@g-api.service[99769]: DEBUG swiftclient [None req-e84802f7-6737-4ff4-963f-272a78b41c90 tempest-VolumesActionsTest-1399403598 tempest-VolumesActionsTest-1399403598-project-member] RESP HEADERS: {'Date': 'Mon, 17 Aug 2026 07:57:04 GMT', 'Server': 'Apache/2.4.58 (Ubuntu)', 'Content-Type': 'text/html; charset=UTF-8', 'Content-Length': '0', 'Etag': 'eda9a9889837ac4bc81d6387d92c1bec', 'Last-Modified': 'Mon, 17 Aug 2026 07:57:03 GMT', 'X-Trans-Id': 'tx10fc21715f954a6dbf56a-006a82bece', 'X-Openstack-Request-Id': 'tx10fc21715f954a6dbf56a-006a82bece', 'Connection': 'close'} {{(pid=99769) http_log /opt/stack/data/venv/lib/python3.12/site-packages/swiftclient/client.py:162}}
Aug 17 07:57:04.368440 np0000007466 devstack@g-api.service[99769]: DEBUG glance_store._drivers.swift.store [None req-e84802f7-6737-4ff4-963f-272a78b41c90 tempest-VolumesActionsTest-1399403598 tempest-VolumesActionsTest-1399403598-project-member] Wrote chunk c743bcf5-befc-4f2b-8cb5-4a8dc687f082-00005 (5/?) of length 204800000 to Swift returning MD5 of content: eda9a9889837ac4bc81d6387d92c1bec {{(pid=99769) add /opt/stack/data/venv/lib/python3.12/site-packages/glance_store/_drivers/swift/store.py:1059}}
Aug 17 07:57:04.735338 np0000007466 devstack@g-api.service[99770]: DEBUG glance.api.middleware.version_negotiation [None req-89950b13-1695-4b09-8994-d32bb04ab0f5 tempest-VolumesActionsTest-1399403598 tempest-VolumesActionsTest-1399403598-project-member] Determining version of request: GET /v2/images/c743bcf5-befc-4f2b-8cb5-4a8dc687f082 Accept: application/json {{(pid=99770) process_request /opt/stack/glance/glance/api/middleware/version_negotiation.py:44}}
Aug 17 07:57:04.736121 np0000007466 devstack@g-api.service[99770]: DEBUG glance.api.middleware.version_negotiation [None req-89950b13-1695-4b09-8994-d32bb04ab0f5 tempest-VolumesActionsTest-1399403598 tempest-VolumesActionsTest-1399403598-project-member] Using url versioning {{(pid=99770) process_request /opt/stack/glance/glance/api/middleware/version_negotiation.py:57}}
Aug 17 07:57:04.736486 np0000007466 devstack@g-api.service[99770]: DEBUG glance.api.middleware.version_negotiation [None req-89950b13-1695-4b09-8994-d32bb04ab0f5 tempest-VolumesActionsTest-1399403598 tempest-VolumesActionsTest-1399403598-project-member] Matched version: v2 {{(pid=99770) process_request /opt/stack/glance/glance/api/middleware/version_negotiation.py:69}}
Aug 17 07:57:04.736623 np0000007466 devstack@g-api.service[99770]: DEBUG glance.api.middleware.version_negotiation [None req-89950b13-1695-4b09-8994-d32bb04ab0f5 tempest-VolumesActionsTest-1399403598 tempest-VolumesActionsTest-1399403598-project-member] new path /v2/images/c743bcf5-befc-4f2b-8cb5-4a8dc687f082 {{(pid=99770) process_request /opt/stack/glance/glance/api/middleware/version_negotiation.py:70}}
Aug 17 07:57:04.748763 np0000007466 devstack@g-api.service[99770]: [pid: 99770|app: 0|req: 149/440] 127.0.0.1 () {40 vars in 838 bytes} [Mon Aug 17 07:57:04 2026] GET /v2/images/c743bcf5-befc-4f2b-8cb5-4a8dc687f082 => generated 650 bytes in 14 msecs (HTTP/1.1 200) 4 headers in 157 bytes (1 switches on core 0)
Aug 17 07:57:04.751948 np0000007466 devstack@g-api.service[99771]: DEBUG glance.api.middleware.version_negotiation [None req-06942074-9254-4684-81f3-76dfc843cbfc tempest-VolumesActionsTest-1399403598 tempest-VolumesActionsTest-1399403598-project-member] Determining version of request: GET /v2/images/690c63d4-75ac-4bb7-a9be-b05573b83fd6 Accept: application/json {{(pid=99771) process_request /opt/stack/glance/glance/api/middleware/version_negotiation.py:44}}
Aug 17 07:57:04.751948 np0000007466 devstack@g-api.service[99771]: DEBUG glance.api.middleware.version_negotiation [None req-06942074-9254-4684-81f3-76dfc843cbfc tempest-VolumesActionsTest-1399403598 tempest-VolumesActionsTest-1399403598-project-member] Using url versioning {{(pid=99771) process_request /opt/stack/glance/glance/api/middleware/version_negotiation.py:57}}
Aug 17 07:57:04.751948 np0000007466 devstack@g-api.service[99771]: DEBUG glance.api.middleware.version_negotiation [None req-06942074-9254-4684-81f3-76dfc843cbfc tempest-VolumesActionsTest-1399403598 tempest-VolumesActionsTest-1399403598-project-member] Matched version: v2 {{(pid=99771) process_request /opt/stack/glance/glance/api/middleware/version_negotiation.py:69}}
Aug 17 07:57:04.752546 np0000007466 devstack@g-api.service[99771]: DEBUG glance.api.middleware.version_negotiation [None req-06942074-9254-4684-81f3-76dfc843cbfc tempest-VolumesActionsTest-1399403598 tempest-VolumesActionsTest-1399403598-project-member] new path /v2/images/690c63d4-75ac-4bb7-a9be-b05573b83fd6 {{(pid=99771) process_request /opt/stack/glance/glance/api/middleware/version_negotiation.py:70}}
Aug 17 07:57:04.863454 np0000007466 devstack@g-api.service[99769]: DEBUG swiftclient [None req-e84802f7-6737-4ff4-963f-272a78b41c90 tempest-VolumesActionsTest-1399403598 tempest-VolumesActionsTest-1399403598-project-member] REQ: curl -i https://10.4.3.112:8080/v1/AUTH_0b593352b29241d7ad848360a4f8dc87/glance/c743bcf5-befc-4f2b-8cb5-4a8dc687f082-00006 -X PUT -H "X-Auth-Token: gAAAAABqgr7Fp9jw..." {{(pid=99769) http_log /opt/stack/data/venv/lib/python3.12/site-packages/swiftclient/client.py:160}}
Aug 17 07:57:04.863821 np0000007466 devstack@g-api.service[99769]: DEBUG swiftclient [None req-e84802f7-6737-4ff4-963f-272a78b41c90 tempest-VolumesActionsTest-1399403598 tempest-VolumesActionsTest-1399403598-project-member] RESP STATUS: 201 Created {{(pid=99769) http_log /opt/stack/data/venv/lib/python3.12/site-packages/swiftclient/client.py:161}}
Aug 17 07:57:04.863821 np0000007466 devstack@g-api.service[99769]: DEBUG swiftclient [None req-e84802f7-6737-4ff4-963f-272a78b41c90 tempest-VolumesActionsTest-1399403598 tempest-VolumesActionsTest-1399403598-project-member] RESP HEADERS: {'Date': 'Mon, 17 Aug 2026 07:57:04 GMT', 'Server': 'Apache/2.4.58 (Ubuntu)', 'Content-Type': 'text/html; charset=UTF-8', 'Content-Length': '0', 'Etag': '708761f3b8777ec77058e63da08eeeb6', 'Last-Modified': 'Mon, 17 Aug 2026 07:57:05 GMT', 'X-Trans-Id': 'txdfd243c3c78f4a2ea517f-006a82bed0', 'X-Openstack-Request-Id': 'txdfd243c3c78f4a2ea517f-006a82bed0', 'Connection': 'close'} {{(pid=99769) http_log /opt/stack/data/venv/lib/python3.12/site-packages/swiftclient/client.py:162}}
Aug 17 07:57:04.863911 np0000007466 devstack@g-api.service[99769]: DEBUG glance_store._drivers.swift.store [None req-e84802f7-6737-4ff4-963f-272a78b41c90 tempest-VolumesActionsTest-1399403598 tempest-VolumesActionsTest-1399403598-project-member] Wrote chunk c743bcf5-befc-4f2b-8cb5-4a8dc687f082-00006 (6/?) of length 49741824 to Swift returning MD5 of content: 708761f3b8777ec77058e63da08eeeb6 {{(pid=99769) add /opt/stack/data/venv/lib/python3.12/site-packages/glance_store/_drivers/swift/store.py:1059}}
Aug 17 07:57:04.864294 np0000007466 devstack@g-api.service[99769]: DEBUG glance_store._drivers.swift.store [None req-e84802f7-6737-4ff4-963f-272a78b41c90 tempest-VolumesActionsTest-1399403598 tempest-VolumesActionsTest-1399403598-project-member] Not writing zero-length chunk. {{(pid=99769) add /opt/stack/data/venv/lib/python3.12/site-packages/glance_store/_drivers/swift/store.py:1028}}
Aug 17 07:57:04.889117 np0000007466 devstack@g-api.service[99771]: [pid: 99771|app: 0|req: 150/441] 127.0.0.1 () {40 vars in 838 bytes} [Mon Aug 17 07:57:04 2026] GET /v2/images/690c63d4-75ac-4bb7-a9be-b05573b83fd6 => generated 1044 bytes in 137 msecs (HTTP/1.1 200) 4 headers in 158 bytes (1 switches on core 0)
Aug 17 07:57:04.890871 np0000007466 devstack@g-api.service[99769]: DEBUG swiftclient [None req-e84802f7-6737-4ff4-963f-272a78b41c90 tempest-VolumesActionsTest-1399403598 tempest-VolumesActionsTest-1399403598-project-member] REQ: curl -i https://10.4.3.112:8080/v1/AUTH_0b593352b29241d7ad848360a4f8dc87/glance/c743bcf5-befc-4f2b-8cb5-4a8dc687f082 -X PUT -H "X-Object-Manifest: glance/c743bcf5-befc-4f2b-8cb5-4a8dc687f082-" -H "X-Auth-Token: gAAAAABqgr7Fp9jw..." -H "Content-Length: 0" {{(pid=99769) http_log /opt/stack/data/venv/lib/python3.12/site-packages/swiftclient/client.py:160}}
Aug 17 07:57:04.891013 np0000007466 devstack@g-api.service[99769]: DEBUG swiftclient [None req-e84802f7-6737-4ff4-963f-272a78b41c90 tempest-VolumesActionsTest-1399403598 tempest-VolumesActionsTest-1399403598-project-member] RESP STATUS: 201 Created {{(pid=99769) http_log /opt/stack/data/venv/lib/python3.12/site-packages/swiftclient/client.py:161}}
Aug 17 07:57:04.891544 np0000007466 devstack@g-api.service[99769]: DEBUG swiftclient [None req-e84802f7-6737-4ff4-963f-272a78b41c90 tempest-VolumesActionsTest-1399403598 tempest-VolumesActionsTest-1399403598-project-member] RESP HEADERS: {'Date': 'Mon, 17 Aug 2026 07:57:04 GMT', 'Server': 'Apache/2.4.58 (Ubuntu)', 'Content-Type': 'text/html; charset=UTF-8', 'Content-Length': '0', 'Etag': 'd41d8cd98f00b204e9800998ecf8427e', 'Last-Modified': 'Mon, 17 Aug 2026 07:57:05 GMT', 'X-Trans-Id': 'tx8561456405824b98b3bf4-006a82bed0', 'X-Openstack-Request-Id': 'tx8561456405824b98b3bf4-006a82bed0', 'Connection': 'close'} {{(pid=99769) http_log /opt/stack/data/venv/lib/python3.12/site-packages/swiftclient/client.py:162}}
Aug 17 07:57:04.891906 np0000007466 devstack@g-api.service[99769]: INFO glance.location [None req-e84802f7-6737-4ff4-963f-272a78b41c90 tempest-VolumesActionsTest-1399403598 tempest-VolumesActionsTest-1399403598-project-member] Image format matched and virtual size computed: 1073741824
Aug 17 07:57:04.908902 np0000007466 devstack@g-api.service[99770]: DEBUG glance.api.middleware.version_negotiation [None req-dabfecfb-9cb5-42ff-8d86-a194f7645a93 tempest-VolumesActionsTest-1399403598 tempest-VolumesActionsTest-1399403598-project-member] Determining version of request: GET /v2/images/690c63d4-75ac-4bb7-a9be-b05573b83fd6 Accept: */* {{(pid=99770) process_request /opt/stack/glance/glance/api/middleware/version_negotiation.py:44}}
Aug 17 07:57:04.909069 np0000007466 devstack@g-api.service[99770]: DEBUG glance.api.middleware.version_negotiation [None req-dabfecfb-9cb5-42ff-8d86-a194f7645a93 tempest-VolumesActionsTest-1399403598 tempest-VolumesActionsTest-1399403598-project-member] Using url versioning {{(pid=99770) process_request /opt/stack/glance/glance/api/middleware/version_negotiation.py:57}}
Aug 17 07:57:04.909242 np0000007466 devstack@g-api.service[99770]: DEBUG glance.api.middleware.version_negotiation [None req-dabfecfb-9cb5-42ff-8d86-a194f7645a93 tempest-VolumesActionsTest-1399403598 tempest-VolumesActionsTest-1399403598-project-member] Matched version: v2 {{(pid=99770) process_request /opt/stack/glance/glance/api/middleware/version_negotiation.py:69}}
Aug 17 07:57:04.909399 np0000007466 devstack@g-api.service[99770]: DEBUG glance.api.middleware.version_negotiation [None req-dabfecfb-9cb5-42ff-8d86-a194f7645a93 tempest-VolumesActionsTest-1399403598 tempest-VolumesActionsTest-1399403598-project-member] new path /v2/images/690c63d4-75ac-4bb7-a9be-b05573b83fd6 {{(pid=99770) process_request /opt/stack/glance/glance/api/middleware/version_negotiation.py:70}}
Aug 17 07:57:04.915408 np0000007466 devstack@g-api.service[99769]: DEBUG glance_store.backend [None req-e84802f7-6737-4ff4-963f-272a78b41c90 tempest-VolumesActionsTest-1399403598 tempest-VolumesActionsTest-1399403598-project-member] Attempting to import store swift {{(pid=99769) _load_store /opt/stack/data/venv/lib/python3.12/site-packages/glance_store/backend.py:215}}
Aug 17 07:57:04.917221 np0000007466 devstack@g-api.service[99769]: DEBUG glance_store.capabilities [None req-e84802f7-6737-4ff4-963f-272a78b41c90 tempest-VolumesActionsTest-1399403598 tempest-VolumesActionsTest-1399403598-project-member] Store glance_store._drivers.swift.store.SingleTenantStore doesn't support updating dynamic storage capabilities. Please overwrite 'update_capabilities' method of the store to implement updating logics if needed. {{(pid=99769) update_capabilities /opt/stack/data/venv/lib/python3.12/site-packages/glance_store/capabilities.py:91}}
Aug 17 07:57:04.917346 np0000007466 devstack@g-api.service[99769]: DEBUG glance_store.driver [None req-e84802f7-6737-4ff4-963f-272a78b41c90 tempest-VolumesActionsTest-1399403598 tempest-VolumesActionsTest-1399403598-project-member] Late loading location class glance_store._drivers.swift.store.StoreLocation {{(pid=99769) get_store_location_class /opt/stack/data/venv/lib/python3.12/site-packages/glance_store/driver.py:134}}
Aug 17 07:57:04.917475 np0000007466 devstack@g-api.service[99769]: DEBUG glance_store.location [None req-e84802f7-6737-4ff4-963f-272a78b41c90 tempest-VolumesActionsTest-1399403598 tempest-VolumesActionsTest-1399403598-project-member] Registering scheme swift+https with {'store': , 'location_class': , 'store_entry': 'swift'} {{(pid=99769) register_scheme_map /opt/stack/data/venv/lib/python3.12/site-packages/glance_store/location.py:146}}
Aug 17 07:57:04.917588 np0000007466 devstack@g-api.service[99769]: DEBUG glance_store.location [None req-e84802f7-6737-4ff4-963f-272a78b41c90 tempest-VolumesActionsTest-1399403598 tempest-VolumesActionsTest-1399403598-project-member] Registering scheme swift+https with {'store': , 'location_class': , 'store_entry': 'swift'} {{(pid=99769) register_scheme_map /opt/stack/data/venv/lib/python3.12/site-packages/glance_store/location.py:146}}
Aug 17 07:57:04.917706 np0000007466 devstack@g-api.service[99769]: DEBUG glance_store.location [None req-e84802f7-6737-4ff4-963f-272a78b41c90 tempest-VolumesActionsTest-1399403598 tempest-VolumesActionsTest-1399403598-project-member] Registering scheme swift with {'store': , 'location_class': , 'store_entry': 'swift'} {{(pid=99769) register_scheme_map /opt/stack/data/venv/lib/python3.12/site-packages/glance_store/location.py:146}}
Aug 17 07:57:04.917814 np0000007466 devstack@g-api.service[99769]: DEBUG glance_store.location [None req-e84802f7-6737-4ff4-963f-272a78b41c90 tempest-VolumesActionsTest-1399403598 tempest-VolumesActionsTest-1399403598-project-member] Registering scheme swift+https with {'store': , 'location_class': , 'store_entry': 'swift'} {{(pid=99769) register_scheme_map /opt/stack/data/venv/lib/python3.12/site-packages/glance_store/location.py:146}}
Aug 17 07:57:04.917917 np0000007466 devstack@g-api.service[99769]: DEBUG glance_store.location [None req-e84802f7-6737-4ff4-963f-272a78b41c90 tempest-VolumesActionsTest-1399403598 tempest-VolumesActionsTest-1399403598-project-member] Registering scheme swift with {'store': , 'location_class': , 'store_entry': 'swift'} {{(pid=99769) register_scheme_map /opt/stack/data/venv/lib/python3.12/site-packages/glance_store/location.py:146}}
Aug 17 07:57:04.918060 np0000007466 devstack@g-api.service[99769]: DEBUG glance_store.location [None req-e84802f7-6737-4ff4-963f-272a78b41c90 tempest-VolumesActionsTest-1399403598 tempest-VolumesActionsTest-1399403598-project-member] Registering scheme swift+http with {'store': , 'location_class': , 'store_entry': 'swift'} {{(pid=99769) register_scheme_map /opt/stack/data/venv/lib/python3.12/site-packages/glance_store/location.py:146}}
Aug 17 07:57:04.918155 np0000007466 devstack@g-api.service[99769]: DEBUG glance_store.location [None req-e84802f7-6737-4ff4-963f-272a78b41c90 tempest-VolumesActionsTest-1399403598 tempest-VolumesActionsTest-1399403598-project-member] Registering scheme swift+https with {'store': , 'location_class': , 'store_entry': 'swift'} {{(pid=99769) register_scheme_map /opt/stack/data/venv/lib/python3.12/site-packages/glance_store/location.py:146}}
Aug 17 07:57:04.918297 np0000007466 devstack@g-api.service[99769]: DEBUG glance_store.location [None req-e84802f7-6737-4ff4-963f-272a78b41c90 tempest-VolumesActionsTest-1399403598 tempest-VolumesActionsTest-1399403598-project-member] Registering scheme swift with {'store': , 'location_class': , 'store_entry': 'swift'} {{(pid=99769) register_scheme_map /opt/stack/data/venv/lib/python3.12/site-packages/glance_store/location.py:146}}
Aug 17 07:57:04.918409 np0000007466 devstack@g-api.service[99769]: DEBUG glance_store.location [None req-e84802f7-6737-4ff4-963f-272a78b41c90 tempest-VolumesActionsTest-1399403598 tempest-VolumesActionsTest-1399403598-project-member] Registering scheme swift+http with {'store': , 'location_class': , 'store_entry': 'swift'} {{(pid=99769) register_scheme_map /opt/stack/data/venv/lib/python3.12/site-packages/glance_store/location.py:146}}
Aug 17 07:57:04.918519 np0000007466 devstack@g-api.service[99769]: DEBUG glance_store.location [None req-e84802f7-6737-4ff4-963f-272a78b41c90 tempest-VolumesActionsTest-1399403598 tempest-VolumesActionsTest-1399403598-project-member] Registering scheme swift+config with {'store': , 'location_class': , 'store_entry': 'swift'} {{(pid=99769) register_scheme_map /opt/stack/data/venv/lib/python3.12/site-packages/glance_store/location.py:146}}
Aug 17 07:57:04.918636 np0000007466 devstack@g-api.service[99769]: DEBUG glance_store.backend [None req-e84802f7-6737-4ff4-963f-272a78b41c90 tempest-VolumesActionsTest-1399403598 tempest-VolumesActionsTest-1399403598-project-member] Skipping store.set_acls... not implemented. {{(pid=99769) set_acls /opt/stack/data/venv/lib/python3.12/site-packages/glance_store/backend.py:507}}
Aug 17 07:57:04.920600 np0000007466 devstack@g-api.service[99769]: [pid: 99769|app: 0|req: 143/442] 127.0.0.1 () {46 vars in 1158 bytes} [Mon Aug 17 07:56:52 2026] PUT /v2/images/c743bcf5-befc-4f2b-8cb5-4a8dc687f082/file => generated 0 bytes in 12268 msecs (HTTP/1.1 204) 4 headers in 171 bytes (1 switches on core 0)
Aug 17 07:57:04.921646 np0000007466 devstack@g-api.service[99770]: [pid: 99770|app: 0|req: 150/443] 127.0.0.1 () {44 vars in 1115 bytes} [Mon Aug 17 07:57:04 2026] GET /v2/images/690c63d4-75ac-4bb7-a9be-b05573b83fd6 => generated 1044 bytes in 13 msecs (HTTP/1.1 200) 4 headers in 158 bytes (1 switches on core 0)
Aug 17 07:57:04.931195 np0000007466 devstack@g-api.service[99771]: DEBUG glance.api.middleware.version_negotiation [None req-ed26a16f-17bc-44ac-a256-2ac0e9975908 tempest-VolumesImageMetadata-1299754737 tempest-VolumesImageMetadata-1299754737-project-member] Determining version of request: GET /v2/images/c743bcf5-befc-4f2b-8cb5-4a8dc687f082 Accept: */* {{(pid=99771) process_request /opt/stack/glance/glance/api/middleware/version_negotiation.py:44}}
Aug 17 07:57:04.931329 np0000007466 devstack@g-api.service[99769]: DEBUG glance.api.middleware.version_negotiation [None req-e84802f7-6737-4ff4-963f-272a78b41c90 tempest-VolumesActionsTest-1399403598 tempest-VolumesActionsTest-1399403598-project-member] Determining version of request: GET /v2/schemas/image Accept: */* {{(pid=99769) process_request /opt/stack/glance/glance/api/middleware/version_negotiation.py:44}}
Aug 17 07:57:04.931329 np0000007466 devstack@g-api.service[99769]: DEBUG glance.api.middleware.version_negotiation [None req-e84802f7-6737-4ff4-963f-272a78b41c90 tempest-VolumesActionsTest-1399403598 tempest-VolumesActionsTest-1399403598-project-member] Using url versioning {{(pid=99769) process_request /opt/stack/glance/glance/api/middleware/version_negotiation.py:57}}
Aug 17 07:57:04.931441 np0000007466 devstack@g-api.service[99769]: DEBUG glance.api.middleware.version_negotiation [None req-e84802f7-6737-4ff4-963f-272a78b41c90 tempest-VolumesActionsTest-1399403598 tempest-VolumesActionsTest-1399403598-project-member] Matched version: v2 {{(pid=99769) process_request /opt/stack/glance/glance/api/middleware/version_negotiation.py:69}}
Aug 17 07:57:04.931534 np0000007466 devstack@g-api.service[99769]: DEBUG glance.api.middleware.version_negotiation [None req-e84802f7-6737-4ff4-963f-272a78b41c90 tempest-VolumesActionsTest-1399403598 tempest-VolumesActionsTest-1399403598-project-member] new path /v2/schemas/image {{(pid=99769) process_request /opt/stack/glance/glance/api/middleware/version_negotiation.py:70}}
Aug 17 07:57:04.931730 np0000007466 devstack@g-api.service[99771]: DEBUG glance.api.middleware.version_negotiation [None req-ed26a16f-17bc-44ac-a256-2ac0e9975908 tempest-VolumesImageMetadata-1299754737 tempest-VolumesImageMetadata-1299754737-project-member] Using url versioning {{(pid=99771) process_request /opt/stack/glance/glance/api/middleware/version_negotiation.py:57}}
Aug 17 07:57:04.932952 np0000007466 devstack@g-api.service[99771]: DEBUG glance.api.middleware.version_negotiation [None req-ed26a16f-17bc-44ac-a256-2ac0e9975908 tempest-VolumesImageMetadata-1299754737 tempest-VolumesImageMetadata-1299754737-project-member] Matched version: v2 {{(pid=99771) process_request /opt/stack/glance/glance/api/middleware/version_negotiation.py:69}}
Aug 17 07:57:04.933120 np0000007466 devstack@g-api.service[99771]: DEBUG glance.api.middleware.version_negotiation [None req-ed26a16f-17bc-44ac-a256-2ac0e9975908 tempest-VolumesImageMetadata-1299754737 tempest-VolumesImageMetadata-1299754737-project-member] new path /v2/images/c743bcf5-befc-4f2b-8cb5-4a8dc687f082 {{(pid=99771) process_request /opt/stack/glance/glance/api/middleware/version_negotiation.py:70}}
Aug 17 07:57:04.933505 np0000007466 devstack@g-api.service[99769]: [pid: 99769|app: 0|req: 144/444] 127.0.0.1 () {44 vars in 1055 bytes} [Mon Aug 17 07:57:04 2026] GET /v2/schemas/image => generated 6083 bytes in 2 msecs (HTTP/1.1 200) 4 headers in 158 bytes (1 switches on core 0)
Aug 17 07:57:04.942952 np0000007466 devstack@g-api.service[99770]: DEBUG glance.api.middleware.version_negotiation [None req-f22efebe-b6ff-4137-8371-fc35232e23d9 tempest-VolumesImageMetadata-1299754737 tempest-VolumesImageMetadata-1299754737-project-member] Determining version of request: GET /v2/schemas/image Accept: */* {{(pid=99770) process_request /opt/stack/glance/glance/api/middleware/version_negotiation.py:44}}
Aug 17 07:57:04.943142 np0000007466 devstack@g-api.service[99770]: DEBUG glance.api.middleware.version_negotiation [None req-f22efebe-b6ff-4137-8371-fc35232e23d9 tempest-VolumesImageMetadata-1299754737 tempest-VolumesImageMetadata-1299754737-project-member] Using url versioning {{(pid=99770) process_request /opt/stack/glance/glance/api/middleware/version_negotiation.py:57}}
Aug 17 07:57:04.943340 np0000007466 devstack@g-api.service[99770]: DEBUG glance.api.middleware.version_negotiation [None req-f22efebe-b6ff-4137-8371-fc35232e23d9 tempest-VolumesImageMetadata-1299754737 tempest-VolumesImageMetadata-1299754737-project-member] Matched version: v2 {{(pid=99770) process_request /opt/stack/glance/glance/api/middleware/version_negotiation.py:69}}
Aug 17 07:57:04.943478 np0000007466 devstack@g-api.service[99770]: DEBUG glance.api.middleware.version_negotiation [None req-f22efebe-b6ff-4137-8371-fc35232e23d9 tempest-VolumesImageMetadata-1299754737 tempest-VolumesImageMetadata-1299754737-project-member] new path /v2/schemas/image {{(pid=99770) process_request /opt/stack/glance/glance/api/middleware/version_negotiation.py:70}}
Aug 17 07:57:04.946213 np0000007466 devstack@g-api.service[99770]: [pid: 99770|app: 0|req: 151/445] 127.0.0.1 () {44 vars in 1055 bytes} [Mon Aug 17 07:57:04 2026] GET /v2/schemas/image => generated 6083 bytes in 3 msecs (HTTP/1.1 200) 4 headers in 158 bytes (1 switches on core 0)
Aug 17 07:57:04.956338 np0000007466 devstack@g-api.service[99771]: [pid: 99771|app: 0|req: 151/446] 127.0.0.1 () {44 vars in 1115 bytes} [Mon Aug 17 07:57:04 2026] GET /v2/images/c743bcf5-befc-4f2b-8cb5-4a8dc687f082 => generated 822 bytes in 25 msecs (HTTP/1.1 200) 4 headers in 157 bytes (1 switches on core 0)
Aug 17 07:57:04.958254 np0000007466 devstack@g-api.service[99769]: DEBUG glance.api.middleware.version_negotiation [None req-f22efebe-b6ff-4137-8371-fc35232e23d9 tempest-VolumesImageMetadata-1299754737 tempest-VolumesImageMetadata-1299754737-project-member] Determining version of request: GET /v2/images/690c63d4-75ac-4bb7-a9be-b05573b83fd6 Accept: */* {{(pid=99769) process_request /opt/stack/glance/glance/api/middleware/version_negotiation.py:44}}
Aug 17 07:57:04.958360 np0000007466 devstack@g-api.service[99769]: DEBUG glance.api.middleware.version_negotiation [None req-f22efebe-b6ff-4137-8371-fc35232e23d9 tempest-VolumesImageMetadata-1299754737 tempest-VolumesImageMetadata-1299754737-project-member] Using url versioning {{(pid=99769) process_request /opt/stack/glance/glance/api/middleware/version_negotiation.py:57}}
Aug 17 07:57:04.958476 np0000007466 devstack@g-api.service[99769]: DEBUG glance.api.middleware.version_negotiation [None req-f22efebe-b6ff-4137-8371-fc35232e23d9 tempest-VolumesImageMetadata-1299754737 tempest-VolumesImageMetadata-1299754737-project-member] Matched version: v2 {{(pid=99769) process_request /opt/stack/glance/glance/api/middleware/version_negotiation.py:69}}
Aug 17 07:57:04.958585 np0000007466 devstack@g-api.service[99769]: DEBUG glance.api.middleware.version_negotiation [None req-f22efebe-b6ff-4137-8371-fc35232e23d9 tempest-VolumesImageMetadata-1299754737 tempest-VolumesImageMetadata-1299754737-project-member] new path /v2/images/690c63d4-75ac-4bb7-a9be-b05573b83fd6 {{(pid=99769) process_request /opt/stack/glance/glance/api/middleware/version_negotiation.py:70}}
Aug 17 07:57:04.965138 np0000007466 devstack@g-api.service[99770]: DEBUG glance.api.middleware.version_negotiation [None req-f22efebe-b6ff-4137-8371-fc35232e23d9 tempest-VolumesImageMetadata-1299754737 tempest-VolumesImageMetadata-1299754737-project-member] Determining version of request: GET /v2/schemas/image Accept: */* {{(pid=99770) process_request /opt/stack/glance/glance/api/middleware/version_negotiation.py:44}}
Aug 17 07:57:04.965285 np0000007466 devstack@g-api.service[99770]: DEBUG glance.api.middleware.version_negotiation [None req-f22efebe-b6ff-4137-8371-fc35232e23d9 tempest-VolumesImageMetadata-1299754737 tempest-VolumesImageMetadata-1299754737-project-member] Using url versioning {{(pid=99770) process_request /opt/stack/glance/glance/api/middleware/version_negotiation.py:57}}
Aug 17 07:57:04.965406 np0000007466 devstack@g-api.service[99770]: DEBUG glance.api.middleware.version_negotiation [None req-f22efebe-b6ff-4137-8371-fc35232e23d9 tempest-VolumesImageMetadata-1299754737 tempest-VolumesImageMetadata-1299754737-project-member] Matched version: v2 {{(pid=99770) process_request /opt/stack/glance/glance/api/middleware/version_negotiation.py:69}}
Aug 17 07:57:04.965492 np0000007466 devstack@g-api.service[99770]: DEBUG glance.api.middleware.version_negotiation [None req-f22efebe-b6ff-4137-8371-fc35232e23d9 tempest-VolumesImageMetadata-1299754737 tempest-VolumesImageMetadata-1299754737-project-member] new path /v2/schemas/image {{(pid=99770) process_request /opt/stack/glance/glance/api/middleware/version_negotiation.py:70}}
Aug 17 07:57:04.966988 np0000007466 devstack@g-api.service[99769]: [pid: 99769|app: 0|req: 145/447] 127.0.0.1 () {44 vars in 1115 bytes} [Mon Aug 17 07:57:04 2026] GET /v2/images/690c63d4-75ac-4bb7-a9be-b05573b83fd6 => generated 1044 bytes in 9 msecs (HTTP/1.1 200) 4 headers in 158 bytes (1 switches on core 0)
Aug 17 07:57:04.971203 np0000007466 devstack@g-api.service[99770]: [pid: 99770|app: 0|req: 152/448] 127.0.0.1 () {44 vars in 1055 bytes} [Mon Aug 17 07:57:04 2026] GET /v2/schemas/image => generated 6083 bytes in 3 msecs (HTTP/1.1 200) 4 headers in 158 bytes (1 switches on core 0)
Aug 17 07:57:04.975814 np0000007466 devstack@g-api.service[99771]: DEBUG glance.api.middleware.version_negotiation [None req-e84802f7-6737-4ff4-963f-272a78b41c90 tempest-VolumesActionsTest-1399403598 tempest-VolumesActionsTest-1399403598-project-member] Determining version of request: GET /v2/schemas/image Accept: */* {{(pid=99771) process_request /opt/stack/glance/glance/api/middleware/version_negotiation.py:44}}
Aug 17 07:57:04.975948 np0000007466 devstack@g-api.service[99769]: DEBUG glance.api.middleware.version_negotiation [None req-f22efebe-b6ff-4137-8371-fc35232e23d9 tempest-VolumesImageMetadata-1299754737 tempest-VolumesImageMetadata-1299754737-project-member] Determining version of request: GET /v2/schemas/image Accept: */* {{(pid=99769) process_request /opt/stack/glance/glance/api/middleware/version_negotiation.py:44}}
Aug 17 07:57:04.976030 np0000007466 devstack@g-api.service[99771]: DEBUG glance.api.middleware.version_negotiation [None req-e84802f7-6737-4ff4-963f-272a78b41c90 tempest-VolumesActionsTest-1399403598 tempest-VolumesActionsTest-1399403598-project-member] Using url versioning {{(pid=99771) process_request /opt/stack/glance/glance/api/middleware/version_negotiation.py:57}}
Aug 17 07:57:04.976077 np0000007466 devstack@g-api.service[99769]: DEBUG glance.api.middleware.version_negotiation [None req-f22efebe-b6ff-4137-8371-fc35232e23d9 tempest-VolumesImageMetadata-1299754737 tempest-VolumesImageMetadata-1299754737-project-member] Using url versioning {{(pid=99769) process_request /opt/stack/glance/glance/api/middleware/version_negotiation.py:57}}
Aug 17 07:57:04.976125 np0000007466 devstack@g-api.service[99771]: DEBUG glance.api.middleware.version_negotiation [None req-e84802f7-6737-4ff4-963f-272a78b41c90 tempest-VolumesActionsTest-1399403598 tempest-VolumesActionsTest-1399403598-project-member] Matched version: v2 {{(pid=99771) process_request /opt/stack/glance/glance/api/middleware/version_negotiation.py:69}}
Aug 17 07:57:04.976259 np0000007466 devstack@g-api.service[99771]: DEBUG glance.api.middleware.version_negotiation [None req-e84802f7-6737-4ff4-963f-272a78b41c90 tempest-VolumesActionsTest-1399403598 tempest-VolumesActionsTest-1399403598-project-member] new path /v2/schemas/image {{(pid=99771) process_request /opt/stack/glance/glance/api/middleware/version_negotiation.py:70}}
Aug 17 07:57:04.976579 np0000007466 devstack@g-api.service[99769]: DEBUG glance.api.middleware.version_negotiation [None req-f22efebe-b6ff-4137-8371-fc35232e23d9 tempest-VolumesImageMetadata-1299754737 tempest-VolumesImageMetadata-1299754737-project-member] Matched version: v2 {{(pid=99769) process_request /opt/stack/glance/glance/api/middleware/version_negotiation.py:69}}
Aug 17 07:57:04.976579 np0000007466 devstack@g-api.service[99769]: DEBUG glance.api.middleware.version_negotiation [None req-f22efebe-b6ff-4137-8371-fc35232e23d9 tempest-VolumesImageMetadata-1299754737 tempest-VolumesImageMetadata-1299754737-project-member] new path /v2/schemas/image {{(pid=99769) process_request /opt/stack/glance/glance/api/middleware/version_negotiation.py:70}}
Aug 17 07:57:04.978250 np0000007466 devstack@g-api.service[99771]: [pid: 99771|app: 0|req: 152/449] 127.0.0.1 () {44 vars in 1055 bytes} [Mon Aug 17 07:57:04 2026] GET /v2/schemas/image => generated 6083 bytes in 3 msecs (HTTP/1.1 200) 4 headers in 158 bytes (1 switches on core 0)
Aug 17 07:57:04.978429 np0000007466 devstack@g-api.service[99769]: [pid: 99769|app: 0|req: 146/450] 127.0.0.1 () {44 vars in 1055 bytes} [Mon Aug 17 07:57:04 2026] GET /v2/schemas/image => generated 6083 bytes in 2 msecs (HTTP/1.1 200) 4 headers in 158 bytes (1 switches on core 0)
Aug 17 07:57:04.992465 np0000007466 devstack@g-api.service[99770]: DEBUG glance.api.middleware.version_negotiation [None req-e84802f7-6737-4ff4-963f-272a78b41c90 tempest-VolumesActionsTest-1399403598 tempest-VolumesActionsTest-1399403598-project-member] Determining version of request: GET /v2/schemas/image Accept: */* {{(pid=99770) process_request /opt/stack/glance/glance/api/middleware/version_negotiation.py:44}}
Aug 17 07:57:04.992465 np0000007466 devstack@g-api.service[99770]: DEBUG glance.api.middleware.version_negotiation [None req-e84802f7-6737-4ff4-963f-272a78b41c90 tempest-VolumesActionsTest-1399403598 tempest-VolumesActionsTest-1399403598-project-member] Using url versioning {{(pid=99770) process_request /opt/stack/glance/glance/api/middleware/version_negotiation.py:57}}
Aug 17 07:57:04.992703 np0000007466 devstack@g-api.service[99770]: DEBUG glance.api.middleware.version_negotiation [None req-e84802f7-6737-4ff4-963f-272a78b41c90 tempest-VolumesActionsTest-1399403598 tempest-VolumesActionsTest-1399403598-project-member] Matched version: v2 {{(pid=99770) process_request /opt/stack/glance/glance/api/middleware/version_negotiation.py:69}}
Aug 17 07:57:04.992809 np0000007466 devstack@g-api.service[99770]: DEBUG glance.api.middleware.version_negotiation [None req-e84802f7-6737-4ff4-963f-272a78b41c90 tempest-VolumesActionsTest-1399403598 tempest-VolumesActionsTest-1399403598-project-member] new path /v2/schemas/image {{(pid=99770) process_request /opt/stack/glance/glance/api/middleware/version_negotiation.py:70}}
Aug 17 07:57:04.999555 np0000007466 devstack@g-api.service[99770]: [pid: 99770|app: 0|req: 153/451] 127.0.0.1 () {44 vars in 1055 bytes} [Mon Aug 17 07:57:04 2026] GET /v2/schemas/image => generated 6083 bytes in 7 msecs (HTTP/1.1 200) 4 headers in 158 bytes (1 switches on core 0)
Aug 17 07:57:05.024208 np0000007466 devstack@g-api.service[99771]: DEBUG glance.api.middleware.version_negotiation [None req-f22efebe-b6ff-4137-8371-fc35232e23d9 tempest-VolumesImageMetadata-1299754737 tempest-VolumesImageMetadata-1299754737-project-member] Determining version of request: GET /v2/images/690c63d4-75ac-4bb7-a9be-b05573b83fd6 Accept: */* {{(pid=99771) process_request /opt/stack/glance/glance/api/middleware/version_negotiation.py:44}}
Aug 17 07:57:05.024320 np0000007466 devstack@g-api.service[99771]: DEBUG glance.api.middleware.version_negotiation [None req-f22efebe-b6ff-4137-8371-fc35232e23d9 tempest-VolumesImageMetadata-1299754737 tempest-VolumesImageMetadata-1299754737-project-member] Using url versioning {{(pid=99771) process_request /opt/stack/glance/glance/api/middleware/version_negotiation.py:57}}
Aug 17 07:57:05.024483 np0000007466 devstack@g-api.service[99771]: DEBUG glance.api.middleware.version_negotiation [None req-f22efebe-b6ff-4137-8371-fc35232e23d9 tempest-VolumesImageMetadata-1299754737 tempest-VolumesImageMetadata-1299754737-project-member] Matched version: v2 {{(pid=99771) process_request /opt/stack/glance/glance/api/middleware/version_negotiation.py:69}}
Aug 17 07:57:05.024606 np0000007466 devstack@g-api.service[99771]: DEBUG glance.api.middleware.version_negotiation [None req-f22efebe-b6ff-4137-8371-fc35232e23d9 tempest-VolumesImageMetadata-1299754737 tempest-VolumesImageMetadata-1299754737-project-member] new path /v2/images/690c63d4-75ac-4bb7-a9be-b05573b83fd6 {{(pid=99771) process_request /opt/stack/glance/glance/api/middleware/version_negotiation.py:70}}
Aug 17 07:57:05.034496 np0000007466 devstack@g-api.service[99771]: [pid: 99771|app: 0|req: 153/452] 127.0.0.1 () {44 vars in 1115 bytes} [Mon Aug 17 07:57:05 2026] GET /v2/images/690c63d4-75ac-4bb7-a9be-b05573b83fd6 => generated 1044 bytes in 10 msecs (HTTP/1.1 200) 4 headers in 158 bytes (1 switches on core 0)
Aug 17 07:57:05.043625 np0000007466 devstack@g-api.service[99769]: DEBUG glance.api.middleware.version_negotiation [None req-e84802f7-6737-4ff4-963f-272a78b41c90 tempest-VolumesActionsTest-1399403598 tempest-VolumesActionsTest-1399403598-project-member] Determining version of request: GET /v2/schemas/image Accept: */* {{(pid=99769) process_request /opt/stack/glance/glance/api/middleware/version_negotiation.py:44}}
Aug 17 07:57:05.043813 np0000007466 devstack@g-api.service[99769]: DEBUG glance.api.middleware.version_negotiation [None req-e84802f7-6737-4ff4-963f-272a78b41c90 tempest-VolumesActionsTest-1399403598 tempest-VolumesActionsTest-1399403598-project-member] Using url versioning {{(pid=99769) process_request /opt/stack/glance/glance/api/middleware/version_negotiation.py:57}}
