Jul 15 10:33:19.591496 np0000005186 devstack@g-api.service[99708]: DEBUG glance_store.location [-] Registering scheme swift+https with {'store': , 'location_class': , 'store_entry': 'swift'} {{(pid=99708) register_scheme_map /opt/stack/data/venv/lib/python3.12/site-packages/glance_store/location.py:146}}
Jul 15 10:33:19.591535 np0000005186 devstack@g-api.service[99709]: DEBUG glance_store.location [-] Registering scheme swift with {'store': , 'location_class': , 'store_entry': 'swift'} {{(pid=99709) register_scheme_map /opt/stack/data/venv/lib/python3.12/site-packages/glance_store/location.py:146}}
Jul 15 10:33:19.591572 np0000005186 devstack@g-api.service[99708]: DEBUG glance_store.location [-] Registering scheme swift with {'store': , 'location_class': , 'store_entry': 'swift'} {{(pid=99708) register_scheme_map /opt/stack/data/venv/lib/python3.12/site-packages/glance_store/location.py:146}}
Jul 15 10:33:19.591610 np0000005186 devstack@g-api.service[99709]: DEBUG glance_store.location [-] Registering scheme swift+http with {'store': , 'location_class': , 'store_entry': 'swift'} {{(pid=99709) register_scheme_map /opt/stack/data/venv/lib/python3.12/site-packages/glance_store/location.py:146}}
Jul 15 10:33:19.591649 np0000005186 devstack@g-api.service[99708]: DEBUG glance_store.location [-] Registering scheme swift+http with {'store': , 'location_class': , 'store_entry': 'swift'} {{(pid=99708) register_scheme_map /opt/stack/data/venv/lib/python3.12/site-packages/glance_store/location.py:146}}
Jul 15 10:33:19.591686 np0000005186 devstack@g-api.service[99709]: DEBUG glance_store.location [-] Registering scheme swift+https with {'store': , 'location_class': , 'store_entry': 'swift'} {{(pid=99709) register_scheme_map /opt/stack/data/venv/lib/python3.12/site-packages/glance_store/location.py:146}}
Jul 15 10:33:19.591725 np0000005186 devstack@g-api.service[99708]: DEBUG glance_store.location [-] Registering scheme swift+https with {'store': , 'location_class': , 'store_entry': 'swift'} {{(pid=99708) register_scheme_map /opt/stack/data/venv/lib/python3.12/site-packages/glance_store/location.py:146}}
Jul 15 10:33:19.591762 np0000005186 devstack@g-api.service[99709]: DEBUG glance_store.location [-] Registering scheme swift with {'store': , 'location_class': , 'store_entry': 'swift'} {{(pid=99709) register_scheme_map /opt/stack/data/venv/lib/python3.12/site-packages/glance_store/location.py:146}}
Jul 15 10:33:19.591798 np0000005186 devstack@g-api.service[99708]: DEBUG glance_store.location [-] Registering scheme swift with {'store': , 'location_class': , 'store_entry': 'swift'} {{(pid=99708) register_scheme_map /opt/stack/data/venv/lib/python3.12/site-packages/glance_store/location.py:146}}
Jul 15 10:33:19.591836 np0000005186 devstack@g-api.service[99709]: DEBUG glance_store.location [-] Registering scheme swift+http with {'store': , 'location_class': , 'store_entry': 'swift'} {{(pid=99709) register_scheme_map /opt/stack/data/venv/lib/python3.12/site-packages/glance_store/location.py:146}}
Jul 15 10:33:19.591883 np0000005186 devstack@g-api.service[99708]: DEBUG glance_store.location [-] Registering scheme swift+http with {'store': , 'location_class': , 'store_entry': 'swift'} {{(pid=99708) register_scheme_map /opt/stack/data/venv/lib/python3.12/site-packages/glance_store/location.py:146}}
Jul 15 10:33:19.591920 np0000005186 devstack@g-api.service[99709]: DEBUG glance_store.location [-] Registering scheme swift+config with {'store': , 'location_class': , 'store_entry': 'swift'} {{(pid=99709) register_scheme_map /opt/stack/data/venv/lib/python3.12/site-packages/glance_store/location.py:146}}
Jul 15 10:33:19.591958 np0000005186 devstack@g-api.service[99707]: DEBUG glance.sqlite_migration [-] SQLite caching database not located, skipping migration {{(pid=99707) get_db_path /opt/stack/glance/glance/sqlite_migration.py:68}}
Jul 15 10:33:19.591996 np0000005186 devstack@g-api.service[99708]: DEBUG glance_store.location [-] Registering scheme swift+config with {'store': , 'location_class': , 'store_entry': 'swift'} {{(pid=99708) register_scheme_map /opt/stack/data/venv/lib/python3.12/site-packages/glance_store/location.py:146}}
Jul 15 10:33:19.592045 np0000005186 devstack@g-api.service[99707]: WARNING glance.common.wsgi_app [-] Import methods are enabled but staging directory /tmp/staging/ does not exist; Imports will fail!
Jul 15 10:33:19.592083 np0000005186 devstack@g-api.service[99709]: DEBUG glance.sqlite_migration [-] SQLite caching database not located, skipping migration {{(pid=99709) get_db_path /opt/stack/glance/glance/sqlite_migration.py:68}}
Jul 15 10:33:19.592121 np0000005186 devstack@g-api.service[99708]: DEBUG glance.sqlite_migration [-] SQLite caching database not located, skipping migration {{(pid=99708) get_db_path /opt/stack/glance/glance/sqlite_migration.py:68}}
Jul 15 10:33:19.592156 np0000005186 devstack@g-api.service[99709]: WARNING glance.common.wsgi_app [-] Import methods are enabled but staging directory /tmp/staging/ does not exist; Imports will fail!
Jul 15 10:33:19.592192 np0000005186 devstack@g-api.service[99708]: WARNING glance.common.wsgi_app [-] Import methods are enabled but staging directory /tmp/staging/ does not exist; Imports will fail!
Jul 15 10:33:19.712814 np0000005186 devstack@g-api.service[99707]: DEBUG glance.common.config [None req-9c97f5c3-ed3f-49c1-a8f5-744a6cb93262 None None] Loading glance-api-keystone+cachemanagement from /etc/glance/glance-api-paste.ini {{(pid=99707) load_paste_app /opt/stack/glance/glance/common/config.py:765}}
Jul 15 10:33:19.721129 np0000005186 devstack@g-api.service[99709]: DEBUG glance.common.config [None req-06ce38e7-e251-4a93-8f4c-ba1c171fef64 None None] Loading glance-api-keystone+cachemanagement from /etc/glance/glance-api-paste.ini {{(pid=99709) load_paste_app /opt/stack/glance/glance/common/config.py:765}}
Jul 15 10:33:19.723419 np0000005186 devstack@g-api.service[99708]: DEBUG glance.common.config [None req-7741e2f7-7c1f-447e-8130-e82cf236e782 None None] Loading glance-api-keystone+cachemanagement from /etc/glance/glance-api-paste.ini {{(pid=99708) load_paste_app /opt/stack/glance/glance/common/config.py:765}}
Jul 15 10:33:20.282985 np0000005186 devstack@g-api.service[99707]: INFO glance.image_cache [None req-9c97f5c3-ed3f-49c1-a8f5-744a6cb93262 None None] Image cache loaded driver 'centralized_db'.
Jul 15 10:33:20.289206 np0000005186 devstack@g-api.service[99709]: INFO glance.image_cache [None req-06ce38e7-e251-4a93-8f4c-ba1c171fef64 None None] Image cache loaded driver 'centralized_db'.
Jul 15 10:33:20.292791 np0000005186 devstack@g-api.service[99708]: INFO glance.image_cache [None req-7741e2f7-7c1f-447e-8130-e82cf236e782 None None] Image cache loaded driver 'centralized_db'.
Jul 15 10:33:20.326392 np0000005186 devstack@g-api.service[99707]: INFO dbcounter [None req-9c97f5c3-ed3f-49c1-a8f5-744a6cb93262 None None] Registered counter for database glance
Jul 15 10:33:20.333713 np0000005186 devstack@g-api.service[99709]: INFO dbcounter [None req-06ce38e7-e251-4a93-8f4c-ba1c171fef64 None None] Registered counter for database glance
Jul 15 10:33:20.340095 np0000005186 devstack@g-api.service[99708]: INFO dbcounter [None req-7741e2f7-7c1f-447e-8130-e82cf236e782 None None] Registered counter for database glance
Jul 15 10:33:20.361814 np0000005186 devstack@g-api.service[99707]: DEBUG oslo_db.sqlalchemy.engines [None req-9c97f5c3-ed3f-49c1-a8f5-744a6cb93262 None None] MySQL server mode set to STRICT_TRANS_TABLES,STRICT_ALL_TABLES,NO_ZERO_IN_DATE,NO_ZERO_DATE,ERROR_FOR_DIVISION_BY_ZERO,TRADITIONAL,NO_ENGINE_SUBSTITUTION {{(pid=99707) _check_effective_sql_mode /opt/stack/data/venv/lib/python3.12/site-packages/oslo_db/sqlalchemy/engines.py:325}}
Jul 15 10:33:20.369580 np0000005186 devstack@g-api.service[99709]: DEBUG oslo_db.sqlalchemy.engines [None req-06ce38e7-e251-4a93-8f4c-ba1c171fef64 None None] MySQL server mode set to STRICT_TRANS_TABLES,STRICT_ALL_TABLES,NO_ZERO_IN_DATE,NO_ZERO_DATE,ERROR_FOR_DIVISION_BY_ZERO,TRADITIONAL,NO_ENGINE_SUBSTITUTION {{(pid=99709) _check_effective_sql_mode /opt/stack/data/venv/lib/python3.12/site-packages/oslo_db/sqlalchemy/engines.py:325}}
Jul 15 10:33:20.377236 np0000005186 devstack@g-api.service[99708]: DEBUG oslo_db.sqlalchemy.engines [None req-7741e2f7-7c1f-447e-8130-e82cf236e782 None None] MySQL server mode set to STRICT_TRANS_TABLES,STRICT_ALL_TABLES,NO_ZERO_IN_DATE,NO_ZERO_DATE,ERROR_FOR_DIVISION_BY_ZERO,TRADITIONAL,NO_ENGINE_SUBSTITUTION {{(pid=99708) _check_effective_sql_mode /opt/stack/data/venv/lib/python3.12/site-packages/oslo_db/sqlalchemy/engines.py:325}}
Jul 15 10:33:20.381725 np0000005186 devstack@g-api.service[99707]: DEBUG dbcounter [-] [99707] Writer thread running {{(pid=99707) stat_writer /opt/stack/data/venv/lib/python3.12/site-packages/dbcounter.py:102}}
Jul 15 10:33:20.391998 np0000005186 devstack@g-api.service[99709]: DEBUG dbcounter [-] [99709] Writer thread running {{(pid=99709) stat_writer /opt/stack/data/venv/lib/python3.12/site-packages/dbcounter.py:102}}
Jul 15 10:33:20.394362 np0000005186 devstack@g-api.service[99709]: DEBUG glance.image_cache.drivers.centralized_db [None req-06ce38e7-e251-4a93-8f4c-ba1c171fef64 None None] Node reference is already recorded, ignoring it {{(pid=99709) configure /opt/stack/glance/glance/image_cache/drivers/centralized_db.py:71}}
Jul 15 10:33:20.398239 np0000005186 devstack@g-api.service[99708]: DEBUG dbcounter [-] [99708] Writer thread running {{(pid=99708) stat_writer /opt/stack/data/venv/lib/python3.12/site-packages/dbcounter.py:102}}
Jul 15 10:33:20.400459 np0000005186 devstack@g-api.service[99708]: DEBUG glance.image_cache.drivers.centralized_db [None req-7741e2f7-7c1f-447e-8130-e82cf236e782 None None] Node reference is already recorded, ignoring it {{(pid=99708) configure /opt/stack/glance/glance/image_cache/drivers/centralized_db.py:71}}
Jul 15 10:33:20.401594 np0000005186 devstack@g-api.service[99709]: INFO glance.image_cache [None req-06ce38e7-e251-4a93-8f4c-ba1c171fef64 None None] Image cache loaded driver 'centralized_db'.
Jul 15 10:33:20.478461 np0000005186 devstack@g-api.service[99707]: INFO glance.image_cache [None req-9c97f5c3-ed3f-49c1-a8f5-744a6cb93262 None None] Image cache loaded driver 'centralized_db'.
Jul 15 10:33:20.485312 np0000005186 devstack@g-api.service[99707]: DEBUG glance.image_cache.drivers.centralized_db [None req-9c97f5c3-ed3f-49c1-a8f5-744a6cb93262 None None] Node reference is already recorded, ignoring it {{(pid=99707) configure /opt/stack/glance/glance/image_cache/drivers/centralized_db.py:71}}
Jul 15 10:33:20.489700 np0000005186 devstack@g-api.service[99707]: DEBUG glance.api.v2.cached_images [None req-9c97f5c3-ed3f-49c1-a8f5-744a6cb93262 None None] Started cache worker thread {{(pid=99707) __init__ /opt/stack/glance/glance/api/v2/cached_images.py:71}}
Jul 15 10:33:20.490387 np0000005186 devstack@g-api.service[99707]: INFO glance.image_cache [None req-9c97f5c3-ed3f-49c1-a8f5-744a6cb93262 None None] Image cache loaded driver 'centralized_db'.
Jul 15 10:33:20.497086 np0000005186 devstack@g-api.service[99707]: DEBUG glance.image_cache.drivers.centralized_db [None req-9c97f5c3-ed3f-49c1-a8f5-744a6cb93262 None None] Node reference is already recorded, ignoring it {{(pid=99707) configure /opt/stack/glance/glance/image_cache/drivers/centralized_db.py:71}}
Jul 15 10:33:20.500946 np0000005186 devstack@g-api.service[99707]: INFO glance.api.middleware.cache_manage [None req-9c97f5c3-ed3f-49c1-a8f5-744a6cb93262 None None] Initialized image cache management middleware
Jul 15 10:33:20.501067 np0000005186 devstack@g-api.service[99707]: INFO glance.image_cache [None req-9c97f5c3-ed3f-49c1-a8f5-744a6cb93262 None None] Image cache loaded driver 'centralized_db'.
Jul 15 10:33:20.501608 np0000005186 devstack@g-api.service[99708]: INFO glance.image_cache [None req-7741e2f7-7c1f-447e-8130-e82cf236e782 None None] Image cache loaded driver 'centralized_db'.
Jul 15 10:33:20.502602 np0000005186 devstack@g-api.service[99709]: DEBUG glance.image_cache.drivers.centralized_db [None req-06ce38e7-e251-4a93-8f4c-ba1c171fef64 None None] Node reference is already recorded, ignoring it {{(pid=99709) configure /opt/stack/glance/glance/image_cache/drivers/centralized_db.py:71}}
Jul 15 10:33:20.507084 np0000005186 devstack@g-api.service[99707]: DEBUG glance.image_cache.drivers.centralized_db [None req-9c97f5c3-ed3f-49c1-a8f5-744a6cb93262 None None] Node reference is already recorded, ignoring it {{(pid=99707) configure /opt/stack/glance/glance/image_cache/drivers/centralized_db.py:71}}
Jul 15 10:33:20.507338 np0000005186 devstack@g-api.service[99709]: DEBUG glance.api.v2.cached_images [None req-06ce38e7-e251-4a93-8f4c-ba1c171fef64 None None] Started cache worker thread {{(pid=99709) __init__ /opt/stack/glance/glance/api/v2/cached_images.py:71}}
Jul 15 10:33:20.508054 np0000005186 devstack@g-api.service[99709]: INFO glance.image_cache [None req-06ce38e7-e251-4a93-8f4c-ba1c171fef64 None None] Image cache loaded driver 'centralized_db'.
Jul 15 10:33:20.509395 np0000005186 devstack@g-api.service[99708]: DEBUG glance.image_cache.drivers.centralized_db [None req-7741e2f7-7c1f-447e-8130-e82cf236e782 None None] Node reference is already recorded, ignoring it {{(pid=99708) configure /opt/stack/glance/glance/image_cache/drivers/centralized_db.py:71}}
Jul 15 10:33:20.513249 np0000005186 devstack@g-api.service[99707]: INFO glance.api.middleware.cache [None req-9c97f5c3-ed3f-49c1-a8f5-744a6cb93262 None None] Initialized image cache middleware
Jul 15 10:33:20.514025 np0000005186 devstack@g-api.service[99708]: DEBUG glance.api.v2.cached_images [None req-7741e2f7-7c1f-447e-8130-e82cf236e782 None None] Started cache worker thread {{(pid=99708) __init__ /opt/stack/glance/glance/api/v2/cached_images.py:71}}
Jul 15 10:33:20.514615 np0000005186 devstack@g-api.service[99709]: DEBUG glance.image_cache.drivers.centralized_db [None req-06ce38e7-e251-4a93-8f4c-ba1c171fef64 None None] Node reference is already recorded, ignoring it {{(pid=99709) configure /opt/stack/glance/glance/image_cache/drivers/centralized_db.py:71}}
Jul 15 10:33:20.514766 np0000005186 devstack@g-api.service[99708]: INFO glance.image_cache [None req-7741e2f7-7c1f-447e-8130-e82cf236e782 None None] Image cache loaded driver 'centralized_db'.
Jul 15 10:33:20.518686 np0000005186 devstack@g-api.service[99709]: INFO glance.api.middleware.cache_manage [None req-06ce38e7-e251-4a93-8f4c-ba1c171fef64 None None] Initialized image cache management middleware
Jul 15 10:33:20.518818 np0000005186 devstack@g-api.service[99709]: INFO glance.image_cache [None req-06ce38e7-e251-4a93-8f4c-ba1c171fef64 None None] Image cache loaded driver 'centralized_db'.
Jul 15 10:33:20.521236 np0000005186 devstack@g-api.service[99708]: DEBUG glance.image_cache.drivers.centralized_db [None req-7741e2f7-7c1f-447e-8130-e82cf236e782 None None] Node reference is already recorded, ignoring it {{(pid=99708) configure /opt/stack/glance/glance/image_cache/drivers/centralized_db.py:71}}
Jul 15 10:33:20.523280 np0000005186 devstack@g-api.service[99707]: DEBUG glance.common.config [None req-9c97f5c3-ed3f-49c1-a8f5-744a6cb93262 None None] ******************************************************************************** {{(pid=99707) log_opt_values /opt/stack/data/venv/lib/python3.12/site-packages/oslo_config/cfg.py:3226}}
Jul 15 10:33:20.523375 np0000005186 devstack@g-api.service[99707]: DEBUG glance.common.config [None req-9c97f5c3-ed3f-49c1-a8f5-744a6cb93262 None None] Configuration options gathered from: {{(pid=99707) log_opt_values /opt/stack/data/venv/lib/python3.12/site-packages/oslo_config/cfg.py:3227}}
Jul 15 10:33:20.523624 np0000005186 devstack@g-api.service[99707]: DEBUG glance.common.config [None req-9c97f5c3-ed3f-49c1-a8f5-744a6cb93262 None None] command line args: [] {{(pid=99707) log_opt_values /opt/stack/data/venv/lib/python3.12/site-packages/oslo_config/cfg.py:3228}}
Jul 15 10:33:20.523743 np0000005186 devstack@g-api.service[99707]: DEBUG glance.common.config [None req-9c97f5c3-ed3f-49c1-a8f5-744a6cb93262 None None] config files: ['/etc/glance/glance-image-import.conf', '/etc/glance/glance-api.conf'] {{(pid=99707) log_opt_values /opt/stack/data/venv/lib/python3.12/site-packages/oslo_config/cfg.py:3229}}
Jul 15 10:33:20.523812 np0000005186 devstack@g-api.service[99707]: DEBUG glance.common.config [None req-9c97f5c3-ed3f-49c1-a8f5-744a6cb93262 None None] ================================================================================ {{(pid=99707) log_opt_values /opt/stack/data/venv/lib/python3.12/site-packages/oslo_config/cfg.py:3234}}
Jul 15 10:33:20.523952 np0000005186 devstack@g-api.service[99707]: DEBUG glance.common.config [None req-9c97f5c3-ed3f-49c1-a8f5-744a6cb93262 None None] allow_anonymous_access = False {{(pid=99707) log_opt_values /opt/stack/data/venv/lib/python3.12/site-packages/oslo_config/cfg.py:3242}}
Jul 15 10:33:20.524048 np0000005186 devstack@g-api.service[99707]: DEBUG glance.common.config [None req-9c97f5c3-ed3f-49c1-a8f5-744a6cb93262 None None] api_limit_max = 1000 {{(pid=99707) log_opt_values /opt/stack/data/venv/lib/python3.12/site-packages/oslo_config/cfg.py:3242}}
Jul 15 10:33:20.524141 np0000005186 devstack@g-api.service[99707]: DEBUG glance.common.config [None req-9c97f5c3-ed3f-49c1-a8f5-744a6cb93262 None None] config_dir = [] {{(pid=99707) log_opt_values /opt/stack/data/venv/lib/python3.12/site-packages/oslo_config/cfg.py:3242}}
Jul 15 10:33:20.524212 np0000005186 devstack@g-api.service[99707]: DEBUG glance.common.config [None req-9c97f5c3-ed3f-49c1-a8f5-744a6cb93262 None None] config_file = ['/etc/glance/glance-image-import.conf', '/etc/glance/glance-api.conf'] {{(pid=99707) log_opt_values /opt/stack/data/venv/lib/python3.12/site-packages/oslo_config/cfg.py:3242}}
Jul 15 10:33:20.524339 np0000005186 devstack@g-api.service[99707]: DEBUG glance.common.config [None req-9c97f5c3-ed3f-49c1-a8f5-744a6cb93262 None None] config_source = [] {{(pid=99707) log_opt_values /opt/stack/data/venv/lib/python3.12/site-packages/oslo_config/cfg.py:3242}}
Jul 15 10:33:20.524433 np0000005186 devstack@g-api.service[99707]: DEBUG glance.common.config [None req-9c97f5c3-ed3f-49c1-a8f5-744a6cb93262 None None] control_exchange = glance {{(pid=99707) log_opt_values /opt/stack/data/venv/lib/python3.12/site-packages/oslo_config/cfg.py:3242}}
Jul 15 10:33:20.524499 np0000005186 devstack@g-api.service[99707]: DEBUG glance.common.config [None req-9c97f5c3-ed3f-49c1-a8f5-744a6cb93262 None None] debug = True {{(pid=99707) log_opt_values /opt/stack/data/venv/lib/python3.12/site-packages/oslo_config/cfg.py:3242}}
Jul 15 10:33:20.524596 np0000005186 devstack@g-api.service[99709]: DEBUG glance.image_cache.drivers.centralized_db [None req-06ce38e7-e251-4a93-8f4c-ba1c171fef64 None None] Node reference is already recorded, ignoring it {{(pid=99709) configure /opt/stack/glance/glance/image_cache/drivers/centralized_db.py:71}}
Jul 15 10:33:20.524646 np0000005186 devstack@g-api.service[99707]: DEBUG glance.common.config [None req-9c97f5c3-ed3f-49c1-a8f5-744a6cb93262 None None] default_log_levels = ['amqp=WARN', 'boto=WARN', 'sqlalchemy=WARN', 'suds=INFO', 'oslo.messaging=INFO', 'oslo_messaging=INFO', 'iso8601=WARN', 'requests.packages.urllib3.connectionpool=WARN', 'urllib3.connectionpool=WARN', 'websocket=WARN', 'requests.packages.urllib3.util.retry=WARN', 'urllib3.util.retry=WARN', 'keystonemiddleware=WARN', 'routes.middleware=WARN', 'stevedore=WARN', 'taskflow=WARN', 'keystoneauth=WARN', 'oslo.cache=INFO', 'oslo_policy=INFO', 'dogpile.core.dogpile=INFO'] {{(pid=99707) log_opt_values /opt/stack/data/venv/lib/python3.12/site-packages/oslo_config/cfg.py:3242}}
Jul 15 10:33:20.524755 np0000005186 devstack@g-api.service[99707]: DEBUG glance.common.config [None req-9c97f5c3-ed3f-49c1-a8f5-744a6cb93262 None None] default_publisher_id = image.localhost {{(pid=99707) log_opt_values /opt/stack/data/venv/lib/python3.12/site-packages/oslo_config/cfg.py:3242}}
Jul 15 10:33:20.524848 np0000005186 devstack@g-api.service[99707]: DEBUG glance.common.config [None req-9c97f5c3-ed3f-49c1-a8f5-744a6cb93262 None None] delayed_delete = False {{(pid=99707) log_opt_values /opt/stack/data/venv/lib/python3.12/site-packages/oslo_config/cfg.py:3242}}
Jul 15 10:33:20.524964 np0000005186 devstack@g-api.service[99707]: DEBUG glance.common.config [None req-9c97f5c3-ed3f-49c1-a8f5-744a6cb93262 None None] digest_algorithm = sha256 {{(pid=99707) log_opt_values /opt/stack/data/venv/lib/python3.12/site-packages/oslo_config/cfg.py:3242}}
Jul 15 10:33:20.525055 np0000005186 devstack@g-api.service[99707]: DEBUG glance.common.config [None req-9c97f5c3-ed3f-49c1-a8f5-744a6cb93262 None None] disabled_notifications = [] {{(pid=99707) log_opt_values /opt/stack/data/venv/lib/python3.12/site-packages/oslo_config/cfg.py:3242}}
Jul 15 10:33:20.525141 np0000005186 devstack@g-api.service[99707]: DEBUG glance.common.config [None req-9c97f5c3-ed3f-49c1-a8f5-744a6cb93262 None None] do_secure_hash = True {{(pid=99707) log_opt_values /opt/stack/data/venv/lib/python3.12/site-packages/oslo_config/cfg.py:3242}}
Jul 15 10:33:20.525229 np0000005186 devstack@g-api.service[99707]: DEBUG glance.common.config [None req-9c97f5c3-ed3f-49c1-a8f5-744a6cb93262 None None] enabled_backends = None {{(pid=99707) log_opt_values /opt/stack/data/venv/lib/python3.12/site-packages/oslo_config/cfg.py:3242}}
Jul 15 10:33:20.525359 np0000005186 devstack@g-api.service[99707]: DEBUG glance.common.config [None req-9c97f5c3-ed3f-49c1-a8f5-744a6cb93262 None None] enabled_import_methods = ['glance-direct', 'web-download', 'copy-image'] {{(pid=99707) log_opt_values /opt/stack/data/venv/lib/python3.12/site-packages/oslo_config/cfg.py:3242}}
Jul 15 10:33:20.525450 np0000005186 devstack@g-api.service[99707]: DEBUG glance.common.config [None req-9c97f5c3-ed3f-49c1-a8f5-744a6cb93262 None None] fatal_deprecations = False {{(pid=99707) log_opt_values /opt/stack/data/venv/lib/python3.12/site-packages/oslo_config/cfg.py:3242}}
Jul 15 10:33:20.525531 np0000005186 devstack@g-api.service[99708]: INFO glance.api.middleware.cache_manage [None req-7741e2f7-7c1f-447e-8130-e82cf236e782 None None] Initialized image cache management middleware
Jul 15 10:33:20.525562 np0000005186 devstack@g-api.service[99707]: DEBUG glance.common.config [None req-9c97f5c3-ed3f-49c1-a8f5-744a6cb93262 None None] hashing_algorithm = sha512 {{(pid=99707) log_opt_values /opt/stack/data/venv/lib/python3.12/site-packages/oslo_config/cfg.py:3242}}
Jul 15 10:33:20.525625 np0000005186 devstack@g-api.service[99707]: DEBUG glance.common.config [None req-9c97f5c3-ed3f-49c1-a8f5-744a6cb93262 None None] http_retries = 3 {{(pid=99707) log_opt_values /opt/stack/data/venv/lib/python3.12/site-packages/oslo_config/cfg.py:3242}}
Jul 15 10:33:20.525682 np0000005186 devstack@g-api.service[99708]: INFO glance.image_cache [None req-7741e2f7-7c1f-447e-8130-e82cf236e782 None None] Image cache loaded driver 'centralized_db'.
Jul 15 10:33:20.525720 np0000005186 devstack@g-api.service[99707]: DEBUG glance.common.config [None req-9c97f5c3-ed3f-49c1-a8f5-744a6cb93262 None None] image_cache_dir = /opt/stack/data/glance/cache/ {{(pid=99707) log_opt_values /opt/stack/data/venv/lib/python3.12/site-packages/oslo_config/cfg.py:3242}}
Jul 15 10:33:20.525804 np0000005186 devstack@g-api.service[99707]: DEBUG glance.common.config [None req-9c97f5c3-ed3f-49c1-a8f5-744a6cb93262 None None] image_cache_driver = centralized_db {{(pid=99707) log_opt_values /opt/stack/data/venv/lib/python3.12/site-packages/oslo_config/cfg.py:3242}}
Jul 15 10:33:20.525912 np0000005186 devstack@g-api.service[99707]: DEBUG glance.common.config [None req-9c97f5c3-ed3f-49c1-a8f5-744a6cb93262 None None] image_cache_max_size = 10737418240 {{(pid=99707) log_opt_values /opt/stack/data/venv/lib/python3.12/site-packages/oslo_config/cfg.py:3242}}
Jul 15 10:33:20.526005 np0000005186 devstack@g-api.service[99707]: DEBUG glance.common.config [None req-9c97f5c3-ed3f-49c1-a8f5-744a6cb93262 None None] image_cache_sqlite_db = cache.db {{(pid=99707) log_opt_values /opt/stack/data/venv/lib/python3.12/site-packages/oslo_config/cfg.py:3242}}
Jul 15 10:33:20.526357 np0000005186 devstack@g-api.service[99707]: DEBUG glance.common.config [None req-9c97f5c3-ed3f-49c1-a8f5-744a6cb93262 None None] image_cache_stall_time = 86400 {{(pid=99707) log_opt_values /opt/stack/data/venv/lib/python3.12/site-packages/oslo_config/cfg.py:3242}}
Jul 15 10:33:20.526357 np0000005186 devstack@g-api.service[99707]: DEBUG glance.common.config [None req-9c97f5c3-ed3f-49c1-a8f5-744a6cb93262 None None] image_location_quota = 10 {{(pid=99707) log_opt_values /opt/stack/data/venv/lib/python3.12/site-packages/oslo_config/cfg.py:3242}}
Jul 15 10:33:20.526357 np0000005186 devstack@g-api.service[99707]: DEBUG glance.common.config [None req-9c97f5c3-ed3f-49c1-a8f5-744a6cb93262 None None] image_member_quota = 128 {{(pid=99707) log_opt_values /opt/stack/data/venv/lib/python3.12/site-packages/oslo_config/cfg.py:3242}}
Jul 15 10:33:20.526357 np0000005186 devstack@g-api.service[99707]: DEBUG glance.common.config [None req-9c97f5c3-ed3f-49c1-a8f5-744a6cb93262 None None] image_property_quota = 128 {{(pid=99707) log_opt_values /opt/stack/data/venv/lib/python3.12/site-packages/oslo_config/cfg.py:3242}}
Jul 15 10:33:20.526465 np0000005186 devstack@g-api.service[99707]: DEBUG glance.common.config [None req-9c97f5c3-ed3f-49c1-a8f5-744a6cb93262 None None] image_size_cap = 1099511627776 {{(pid=99707) log_opt_values /opt/stack/data/venv/lib/python3.12/site-packages/oslo_config/cfg.py:3242}}
Jul 15 10:33:20.526523 np0000005186 devstack@g-api.service[99707]: DEBUG glance.common.config [None req-9c97f5c3-ed3f-49c1-a8f5-744a6cb93262 None None] image_tag_quota = 128 {{(pid=99707) log_opt_values /opt/stack/data/venv/lib/python3.12/site-packages/oslo_config/cfg.py:3242}}
Jul 15 10:33:20.526612 np0000005186 devstack@g-api.service[99707]: DEBUG glance.common.config [None req-9c97f5c3-ed3f-49c1-a8f5-744a6cb93262 None None] instance_format = [instance: %(uuid)s] {{(pid=99707) log_opt_values /opt/stack/data/venv/lib/python3.12/site-packages/oslo_config/cfg.py:3242}}
Jul 15 10:33:20.526705 np0000005186 devstack@g-api.service[99707]: DEBUG glance.common.config [None req-9c97f5c3-ed3f-49c1-a8f5-744a6cb93262 None None] instance_uuid_format = [instance: %(uuid)s] {{(pid=99707) log_opt_values /opt/stack/data/venv/lib/python3.12/site-packages/oslo_config/cfg.py:3242}}
Jul 15 10:33:20.526789 np0000005186 devstack@g-api.service[99707]: DEBUG glance.common.config [None req-9c97f5c3-ed3f-49c1-a8f5-744a6cb93262 None None] limit_param_default = 25 {{(pid=99707) log_opt_values /opt/stack/data/venv/lib/python3.12/site-packages/oslo_config/cfg.py:3242}}
Jul 15 10:33:20.526898 np0000005186 devstack@g-api.service[99707]: DEBUG glance.common.config [None req-9c97f5c3-ed3f-49c1-a8f5-744a6cb93262 None None] log_color = False {{(pid=99707) log_opt_values /opt/stack/data/venv/lib/python3.12/site-packages/oslo_config/cfg.py:3242}}
Jul 15 10:33:20.526994 np0000005186 devstack@g-api.service[99707]: DEBUG glance.common.config [None req-9c97f5c3-ed3f-49c1-a8f5-744a6cb93262 None None] log_config_append = None {{(pid=99707) log_opt_values /opt/stack/data/venv/lib/python3.12/site-packages/oslo_config/cfg.py:3242}}
Jul 15 10:33:20.527085 np0000005186 devstack@g-api.service[99707]: DEBUG glance.common.config [None req-9c97f5c3-ed3f-49c1-a8f5-744a6cb93262 None None] log_date_format = %Y-%m-%d %H:%M:%S {{(pid=99707) log_opt_values /opt/stack/data/venv/lib/python3.12/site-packages/oslo_config/cfg.py:3242}}
Jul 15 10:33:20.527173 np0000005186 devstack@g-api.service[99707]: DEBUG glance.common.config [None req-9c97f5c3-ed3f-49c1-a8f5-744a6cb93262 None None] log_dir = None {{(pid=99707) log_opt_values /opt/stack/data/venv/lib/python3.12/site-packages/oslo_config/cfg.py:3242}}
Jul 15 10:33:20.527257 np0000005186 devstack@g-api.service[99707]: DEBUG glance.common.config [None req-9c97f5c3-ed3f-49c1-a8f5-744a6cb93262 None None] log_file = None {{(pid=99707) log_opt_values /opt/stack/data/venv/lib/python3.12/site-packages/oslo_config/cfg.py:3242}}
Jul 15 10:33:20.527373 np0000005186 devstack@g-api.service[99707]: DEBUG glance.common.config [None req-9c97f5c3-ed3f-49c1-a8f5-744a6cb93262 None None] log_rotate_interval = 1 {{(pid=99707) log_opt_values /opt/stack/data/venv/lib/python3.12/site-packages/oslo_config/cfg.py:3242}}
Jul 15 10:33:20.527464 np0000005186 devstack@g-api.service[99707]: DEBUG glance.common.config [None req-9c97f5c3-ed3f-49c1-a8f5-744a6cb93262 None None] log_rotate_interval_type = days {{(pid=99707) log_opt_values /opt/stack/data/venv/lib/python3.12/site-packages/oslo_config/cfg.py:3242}}
Jul 15 10:33:20.527555 np0000005186 devstack@g-api.service[99707]: DEBUG glance.common.config [None req-9c97f5c3-ed3f-49c1-a8f5-744a6cb93262 None None] log_rotation_type = none {{(pid=99707) log_opt_values /opt/stack/data/venv/lib/python3.12/site-packages/oslo_config/cfg.py:3242}}
Jul 15 10:33:20.527621 np0000005186 devstack@g-api.service[99707]: DEBUG glance.common.config [None req-9c97f5c3-ed3f-49c1-a8f5-744a6cb93262 None None] logging_context_format_string = %(color)s%(levelname)s %(name)s [%(global_request_id)s %(request_id)s %(project_name)s %(user_name)s%(color)s] %(instance)s%(color)s%(message)s {{(pid=99707) log_opt_values /opt/stack/data/venv/lib/python3.12/site-packages/oslo_config/cfg.py:3242}}
Jul 15 10:33:20.527685 np0000005186 devstack@g-api.service[99707]: DEBUG glance.common.config [None req-9c97f5c3-ed3f-49c1-a8f5-744a6cb93262 None None] logging_debug_format_suffix = {{(pid=%(process)d) %(funcName)s %(pathname)s:%(lineno)d}} {{(pid=99707) log_opt_values /opt/stack/data/venv/lib/python3.12/site-packages/oslo_config/cfg.py:3242}}
Jul 15 10:33:20.527778 np0000005186 devstack@g-api.service[99707]: DEBUG glance.common.config [None req-9c97f5c3-ed3f-49c1-a8f5-744a6cb93262 None None] logging_default_format_string = %(color)s%(levelname)s %(name)s [-%(color)s] %(instance)s%(color)s%(message)s {{(pid=99707) log_opt_values /opt/stack/data/venv/lib/python3.12/site-packages/oslo_config/cfg.py:3242}}
Jul 15 10:33:20.527846 np0000005186 devstack@g-api.service[99709]: INFO glance.api.middleware.cache [None req-06ce38e7-e251-4a93-8f4c-ba1c171fef64 None None] Initialized image cache middleware
Jul 15 10:33:20.527901 np0000005186 devstack@g-api.service[99707]: DEBUG glance.common.config [None req-9c97f5c3-ed3f-49c1-a8f5-744a6cb93262 None None] logging_exception_prefix = ERROR %(name)s %(instance)s {{(pid=99707) log_opt_values /opt/stack/data/venv/lib/python3.12/site-packages/oslo_config/cfg.py:3242}}
Jul 15 10:33:20.527954 np0000005186 devstack@g-api.service[99707]: DEBUG glance.common.config [None req-9c97f5c3-ed3f-49c1-a8f5-744a6cb93262 None None] logging_user_identity_format = %(user)s %(project)s %(domain)s %(system_scope)s %(user_domain)s %(project_domain)s {{(pid=99707) log_opt_values /opt/stack/data/venv/lib/python3.12/site-packages/oslo_config/cfg.py:3242}}
Jul 15 10:33:20.528047 np0000005186 devstack@g-api.service[99707]: DEBUG glance.common.config [None req-9c97f5c3-ed3f-49c1-a8f5-744a6cb93262 None None] max_logfile_count = 30 {{(pid=99707) log_opt_values /opt/stack/data/venv/lib/python3.12/site-packages/oslo_config/cfg.py:3242}}
Jul 15 10:33:20.528133 np0000005186 devstack@g-api.service[99707]: DEBUG glance.common.config [None req-9c97f5c3-ed3f-49c1-a8f5-744a6cb93262 None None] max_logfile_size_mb = 200 {{(pid=99707) log_opt_values /opt/stack/data/venv/lib/python3.12/site-packages/oslo_config/cfg.py:3242}}
Jul 15 10:33:20.528217 np0000005186 devstack@g-api.service[99707]: DEBUG glance.common.config [None req-9c97f5c3-ed3f-49c1-a8f5-744a6cb93262 None None] max_request_id_length = 64 {{(pid=99707) log_opt_values /opt/stack/data/venv/lib/python3.12/site-packages/oslo_config/cfg.py:3242}}
Jul 15 10:33:20.528322 np0000005186 devstack@g-api.service[99707]: DEBUG glance.common.config [None req-9c97f5c3-ed3f-49c1-a8f5-744a6cb93262 None None] metadata_encryption_key = **** {{(pid=99707) log_opt_values /opt/stack/data/venv/lib/python3.12/site-packages/oslo_config/cfg.py:3242}}
Jul 15 10:33:20.528430 np0000005186 devstack@g-api.service[99707]: DEBUG glance.common.config [None req-9c97f5c3-ed3f-49c1-a8f5-744a6cb93262 None None] node_staging_uri = file:///tmp/staging/ {{(pid=99707) log_opt_values /opt/stack/data/venv/lib/python3.12/site-packages/oslo_config/cfg.py:3242}}
Jul 15 10:33:20.528567 np0000005186 devstack@g-api.service[99707]: DEBUG glance.common.config [None req-9c97f5c3-ed3f-49c1-a8f5-744a6cb93262 None None] property_protection_file = None {{(pid=99707) log_opt_values /opt/stack/data/venv/lib/python3.12/site-packages/oslo_config/cfg.py:3242}}
Jul 15 10:33:20.528664 np0000005186 devstack@g-api.service[99707]: DEBUG glance.common.config [None req-9c97f5c3-ed3f-49c1-a8f5-744a6cb93262 None None] property_protection_rule_format = roles {{(pid=99707) log_opt_values /opt/stack/data/venv/lib/python3.12/site-packages/oslo_config/cfg.py:3242}}
Jul 15 10:33:20.528772 np0000005186 devstack@g-api.service[99707]: DEBUG glance.common.config [None req-9c97f5c3-ed3f-49c1-a8f5-744a6cb93262 None None] public_endpoint = https://10.4.3.169/image {{(pid=99707) log_opt_values /opt/stack/data/venv/lib/python3.12/site-packages/oslo_config/cfg.py:3242}}
Jul 15 10:33:20.528879 np0000005186 devstack@g-api.service[99707]: DEBUG glance.common.config [None req-9c97f5c3-ed3f-49c1-a8f5-744a6cb93262 None None] publish_errors = False {{(pid=99707) log_opt_values /opt/stack/data/venv/lib/python3.12/site-packages/oslo_config/cfg.py:3242}}
Jul 15 10:33:20.528972 np0000005186 devstack@g-api.service[99707]: DEBUG glance.common.config [None req-9c97f5c3-ed3f-49c1-a8f5-744a6cb93262 None None] pydev_worker_debug_host = None {{(pid=99707) log_opt_values /opt/stack/data/venv/lib/python3.12/site-packages/oslo_config/cfg.py:3242}}
Jul 15 10:33:20.529065 np0000005186 devstack@g-api.service[99707]: DEBUG glance.common.config [None req-9c97f5c3-ed3f-49c1-a8f5-744a6cb93262 None None] pydev_worker_debug_port = 5678 {{(pid=99707) log_opt_values /opt/stack/data/venv/lib/python3.12/site-packages/oslo_config/cfg.py:3242}}
Jul 15 10:33:20.529152 np0000005186 devstack@g-api.service[99707]: DEBUG glance.common.config [None req-9c97f5c3-ed3f-49c1-a8f5-744a6cb93262 None None] rate_limit_burst = 0 {{(pid=99707) log_opt_values /opt/stack/data/venv/lib/python3.12/site-packages/oslo_config/cfg.py:3242}}
Jul 15 10:33:20.529245 np0000005186 devstack@g-api.service[99707]: DEBUG glance.common.config [None req-9c97f5c3-ed3f-49c1-a8f5-744a6cb93262 None None] rate_limit_except_level = CRITICAL {{(pid=99707) log_opt_values /opt/stack/data/venv/lib/python3.12/site-packages/oslo_config/cfg.py:3242}}
Jul 15 10:33:20.529357 np0000005186 devstack@g-api.service[99707]: DEBUG glance.common.config [None req-9c97f5c3-ed3f-49c1-a8f5-744a6cb93262 None None] rate_limit_interval = 0 {{(pid=99707) log_opt_values /opt/stack/data/venv/lib/python3.12/site-packages/oslo_config/cfg.py:3242}}
Jul 15 10:33:20.529447 np0000005186 devstack@g-api.service[99707]: DEBUG glance.common.config [None req-9c97f5c3-ed3f-49c1-a8f5-744a6cb93262 None None] scrub_pool_size = 1 {{(pid=99707) log_opt_values /opt/stack/data/venv/lib/python3.12/site-packages/oslo_config/cfg.py:3242}}
Jul 15 10:33:20.529532 np0000005186 devstack@g-api.service[99707]: DEBUG glance.common.config [None req-9c97f5c3-ed3f-49c1-a8f5-744a6cb93262 None None] scrub_time = 0 {{(pid=99707) log_opt_values /opt/stack/data/venv/lib/python3.12/site-packages/oslo_config/cfg.py:3242}}
Jul 15 10:33:20.529618 np0000005186 devstack@g-api.service[99707]: DEBUG glance.common.config [None req-9c97f5c3-ed3f-49c1-a8f5-744a6cb93262 None None] shell_completion = None {{(pid=99707) log_opt_values /opt/stack/data/venv/lib/python3.12/site-packages/oslo_config/cfg.py:3242}}
Jul 15 10:33:20.529712 np0000005186 devstack@g-api.service[99707]: DEBUG glance.common.config [None req-9c97f5c3-ed3f-49c1-a8f5-744a6cb93262 None None] show_image_direct_url = False {{(pid=99707) log_opt_values /opt/stack/data/venv/lib/python3.12/site-packages/oslo_config/cfg.py:3242}}
Jul 15 10:33:20.529930 np0000005186 devstack@g-api.service[99707]: WARNING oslo_config.cfg [None req-9c97f5c3-ed3f-49c1-a8f5-744a6cb93262 None None] Deprecated: Option "show_multiple_locations" from group "DEFAULT" is deprecated for removal (Use of this option, deprecated since Newton, is a security risk and will be removed once we figure out a way to satisfy those use cases that currently require it. An earlier announcement that the same functionality can be achieved with greater granularity by using policies is incorrect. You cannot work around this option via policy configuration at the present time, though that is the direction we believe the fix will take. Please keep an eye on the Glance release notes to stay up to date on progress in addressing this issue.). Its value may be silently ignored in the future.
Jul 15 10:33:20.530034 np0000005186 devstack@g-api.service[99707]: DEBUG glance.common.config [None req-9c97f5c3-ed3f-49c1-a8f5-744a6cb93262 None None] show_multiple_locations = False {{(pid=99707) log_opt_values /opt/stack/data/venv/lib/python3.12/site-packages/oslo_config/cfg.py:3242}}
Jul 15 10:33:20.530130 np0000005186 devstack@g-api.service[99707]: DEBUG glance.common.config [None req-9c97f5c3-ed3f-49c1-a8f5-744a6cb93262 None None] syslog_log_facility = LOG_USER {{(pid=99707) log_opt_values /opt/stack/data/venv/lib/python3.12/site-packages/oslo_config/cfg.py:3242}}
Jul 15 10:33:20.530221 np0000005186 devstack@g-api.service[99707]: DEBUG glance.common.config [None req-9c97f5c3-ed3f-49c1-a8f5-744a6cb93262 None None] transport_url = **** {{(pid=99707) log_opt_values /opt/stack/data/venv/lib/python3.12/site-packages/oslo_config/cfg.py:3242}}
Jul 15 10:33:20.530325 np0000005186 devstack@g-api.service[99707]: DEBUG glance.common.config [None req-9c97f5c3-ed3f-49c1-a8f5-744a6cb93262 None None] use_journal = False {{(pid=99707) log_opt_values /opt/stack/data/venv/lib/python3.12/site-packages/oslo_config/cfg.py:3242}}
Jul 15 10:33:20.530429 np0000005186 devstack@g-api.service[99707]: DEBUG glance.common.config [None req-9c97f5c3-ed3f-49c1-a8f5-744a6cb93262 None None] use_json = False {{(pid=99707) log_opt_values /opt/stack/data/venv/lib/python3.12/site-packages/oslo_config/cfg.py:3242}}
Jul 15 10:33:20.530523 np0000005186 devstack@g-api.service[99707]: DEBUG glance.common.config [None req-9c97f5c3-ed3f-49c1-a8f5-744a6cb93262 None None] use_keystone_limits = True {{(pid=99707) log_opt_values /opt/stack/data/venv/lib/python3.12/site-packages/oslo_config/cfg.py:3242}}
Jul 15 10:33:20.530610 np0000005186 devstack@g-api.service[99707]: DEBUG glance.common.config [None req-9c97f5c3-ed3f-49c1-a8f5-744a6cb93262 None None] use_stderr = False {{(pid=99707) log_opt_values /opt/stack/data/venv/lib/python3.12/site-packages/oslo_config/cfg.py:3242}}
Jul 15 10:33:20.530704 np0000005186 devstack@g-api.service[99707]: DEBUG glance.common.config [None req-9c97f5c3-ed3f-49c1-a8f5-744a6cb93262 None None] use_syslog = False {{(pid=99707) log_opt_values /opt/stack/data/venv/lib/python3.12/site-packages/oslo_config/cfg.py:3242}}
Jul 15 10:33:20.530794 np0000005186 devstack@g-api.service[99707]: DEBUG glance.common.config [None req-9c97f5c3-ed3f-49c1-a8f5-744a6cb93262 None None] user_storage_quota = 0 {{(pid=99707) log_opt_values /opt/stack/data/venv/lib/python3.12/site-packages/oslo_config/cfg.py:3242}}
Jul 15 10:33:20.530904 np0000005186 devstack@g-api.service[99707]: DEBUG glance.common.config [None req-9c97f5c3-ed3f-49c1-a8f5-744a6cb93262 None None] worker_self_reference_url = http://127.0.0.1:60999 {{(pid=99707) log_opt_values /opt/stack/data/venv/lib/python3.12/site-packages/oslo_config/cfg.py:3242}}
Jul 15 10:33:20.531007 np0000005186 devstack@g-api.service[99707]: DEBUG glance.common.config [None req-9c97f5c3-ed3f-49c1-a8f5-744a6cb93262 None None] oslo_concurrency.disable_process_locking = False {{(pid=99707) log_opt_values /opt/stack/data/venv/lib/python3.12/site-packages/oslo_config/cfg.py:3253}}
Jul 15 10:33:20.531101 np0000005186 devstack@g-api.service[99707]: DEBUG glance.common.config [None req-9c97f5c3-ed3f-49c1-a8f5-744a6cb93262 None None] oslo_concurrency.lock_path = /opt/stack/data/glance/locks {{(pid=99707) log_opt_values /opt/stack/data/venv/lib/python3.12/site-packages/oslo_config/cfg.py:3253}}
Jul 15 10:33:20.531195 np0000005186 devstack@g-api.service[99707]: DEBUG glance.common.config [None req-9c97f5c3-ed3f-49c1-a8f5-744a6cb93262 None None] oslo_middleware.enable_proxy_headers_parsing = False {{(pid=99707) log_opt_values /opt/stack/data/venv/lib/python3.12/site-packages/oslo_config/cfg.py:3253}}
Jul 15 10:33:20.531287 np0000005186 devstack@g-api.service[99707]: DEBUG glance.common.config [None req-9c97f5c3-ed3f-49c1-a8f5-744a6cb93262 None None] oslo_middleware.http_basic_auth_user_file = /etc/htpasswd {{(pid=99707) log_opt_values /opt/stack/data/venv/lib/python3.12/site-packages/oslo_config/cfg.py:3253}}
Jul 15 10:33:20.531411 np0000005186 devstack@g-api.service[99707]: DEBUG glance.common.config [None req-9c97f5c3-ed3f-49c1-a8f5-744a6cb93262 None None] paste_deploy.config_file = None {{(pid=99707) log_opt_values /opt/stack/data/venv/lib/python3.12/site-packages/oslo_config/cfg.py:3253}}
Jul 15 10:33:20.531504 np0000005186 devstack@g-api.service[99707]: DEBUG glance.common.config [None req-9c97f5c3-ed3f-49c1-a8f5-744a6cb93262 None None] paste_deploy.flavor = keystone+cachemanagement {{(pid=99707) log_opt_values /opt/stack/data/venv/lib/python3.12/site-packages/oslo_config/cfg.py:3253}}
Jul 15 10:33:20.531631 np0000005186 devstack@g-api.service[99707]: DEBUG glance.common.config [None req-9c97f5c3-ed3f-49c1-a8f5-744a6cb93262 None None] image_format.container_formats = ['ami', 'ari', 'aki', 'bare', 'ovf', 'ova', 'docker', 'compressed'] {{(pid=99707) log_opt_values /opt/stack/data/venv/lib/python3.12/site-packages/oslo_config/cfg.py:3253}}
Jul 15 10:33:20.531753 np0000005186 devstack@g-api.service[99707]: DEBUG glance.common.config [None req-9c97f5c3-ed3f-49c1-a8f5-744a6cb93262 None None] image_format.disk_formats = ['ami', 'ari', 'aki', 'vhd', 'vhdx', 'vmdk', 'raw', 'qcow2', 'vdi', 'iso', 'ploop'] {{(pid=99707) log_opt_values /opt/stack/data/venv/lib/python3.12/site-packages/oslo_config/cfg.py:3253}}
Jul 15 10:33:20.531846 np0000005186 devstack@g-api.service[99707]: DEBUG glance.common.config [None req-9c97f5c3-ed3f-49c1-a8f5-744a6cb93262 None None] image_format.gpt_safety_checks_nonfatal = [] {{(pid=99707) log_opt_values /opt/stack/data/venv/lib/python3.12/site-packages/oslo_config/cfg.py:3253}}
Jul 15 10:33:20.531963 np0000005186 devstack@g-api.service[99707]: DEBUG glance.common.config [None req-9c97f5c3-ed3f-49c1-a8f5-744a6cb93262 None None] image_format.require_image_format_match = True {{(pid=99707) log_opt_values /opt/stack/data/venv/lib/python3.12/site-packages/oslo_config/cfg.py:3253}}
Jul 15 10:33:20.531993 np0000005186 devstack@g-api.service[99708]: DEBUG glance.image_cache.drivers.centralized_db [None req-7741e2f7-7c1f-447e-8130-e82cf236e782 None None] Node reference is already recorded, ignoring it {{(pid=99708) configure /opt/stack/glance/glance/image_cache/drivers/centralized_db.py:71}}
Jul 15 10:33:20.532064 np0000005186 devstack@g-api.service[99707]: DEBUG glance.common.config [None req-9c97f5c3-ed3f-49c1-a8f5-744a6cb93262 None None] image_format.vmdk_allowed_types = ['streamOptimized', 'monolithicSparse'] {{(pid=99707) log_opt_values /opt/stack/data/venv/lib/python3.12/site-packages/oslo_config/cfg.py:3253}}
Jul 15 10:33:20.532162 np0000005186 devstack@g-api.service[99707]: DEBUG glance.common.config [None req-9c97f5c3-ed3f-49c1-a8f5-744a6cb93262 None None] task.task_executor = taskflow {{(pid=99707) log_opt_values /opt/stack/data/venv/lib/python3.12/site-packages/oslo_config/cfg.py:3253}}
Jul 15 10:33:20.532252 np0000005186 devstack@g-api.service[99707]: DEBUG glance.common.config [None req-9c97f5c3-ed3f-49c1-a8f5-744a6cb93262 None None] task.task_time_to_live = 48 {{(pid=99707) log_opt_values /opt/stack/data/venv/lib/python3.12/site-packages/oslo_config/cfg.py:3253}}
Jul 15 10:33:20.532348 np0000005186 devstack@g-api.service[99707]: DEBUG glance.common.config [None req-9c97f5c3-ed3f-49c1-a8f5-744a6cb93262 None None] task.work_dir = None {{(pid=99707) log_opt_values /opt/stack/data/venv/lib/python3.12/site-packages/oslo_config/cfg.py:3253}}
Jul 15 10:33:20.532463 np0000005186 devstack@g-api.service[99707]: DEBUG glance.common.config [None req-9c97f5c3-ed3f-49c1-a8f5-744a6cb93262 None None] wsgi.python_interpreter = /opt/stack/data/venv/bin/python3 {{(pid=99707) log_opt_values /opt/stack/data/venv/lib/python3.12/site-packages/oslo_config/cfg.py:3253}}
Jul 15 10:33:20.532553 np0000005186 devstack@g-api.service[99707]: DEBUG glance.common.config [None req-9c97f5c3-ed3f-49c1-a8f5-744a6cb93262 None None] wsgi.task_pool_threads = 16 {{(pid=99707) log_opt_values /opt/stack/data/venv/lib/python3.12/site-packages/oslo_config/cfg.py:3253}}
Jul 15 10:33:20.532650 np0000005186 devstack@g-api.service[99707]: DEBUG glance.common.config [None req-9c97f5c3-ed3f-49c1-a8f5-744a6cb93262 None None] import_filtering_opts.allowed_hosts = [] {{(pid=99707) log_opt_values /opt/stack/data/venv/lib/python3.12/site-packages/oslo_config/cfg.py:3253}}
Jul 15 10:33:20.532742 np0000005186 devstack@g-api.service[99707]: DEBUG glance.common.config [None req-9c97f5c3-ed3f-49c1-a8f5-744a6cb93262 None None] import_filtering_opts.allowed_ports = [80, 443] {{(pid=99707) log_opt_values /opt/stack/data/venv/lib/python3.12/site-packages/oslo_config/cfg.py:3253}}
Jul 15 10:33:20.532842 np0000005186 devstack@g-api.service[99707]: DEBUG glance.common.config [None req-9c97f5c3-ed3f-49c1-a8f5-744a6cb93262 None None] import_filtering_opts.allowed_schemes = ['http', 'https'] {{(pid=99707) log_opt_values /opt/stack/data/venv/lib/python3.12/site-packages/oslo_config/cfg.py:3253}}
Jul 15 10:33:20.532957 np0000005186 devstack@g-api.service[99707]: DEBUG glance.common.config [None req-9c97f5c3-ed3f-49c1-a8f5-744a6cb93262 None None] import_filtering_opts.disallowed_hosts = [] {{(pid=99707) log_opt_values /opt/stack/data/venv/lib/python3.12/site-packages/oslo_config/cfg.py:3253}}
Jul 15 10:33:20.533330 np0000005186 devstack@g-api.service[99707]: DEBUG glance.common.config [None req-9c97f5c3-ed3f-49c1-a8f5-744a6cb93262 None None] import_filtering_opts.disallowed_ports = [] {{(pid=99707) log_opt_values /opt/stack/data/venv/lib/python3.12/site-packages/oslo_config/cfg.py:3253}}
Jul 15 10:33:20.533330 np0000005186 devstack@g-api.service[99707]: DEBUG glance.common.config [None req-9c97f5c3-ed3f-49c1-a8f5-744a6cb93262 None None] import_filtering_opts.disallowed_schemes = [] {{(pid=99707) log_opt_values /opt/stack/data/venv/lib/python3.12/site-packages/oslo_config/cfg.py:3253}}
Jul 15 10:33:20.533330 np0000005186 devstack@g-api.service[99707]: DEBUG glance.common.config [None req-9c97f5c3-ed3f-49c1-a8f5-744a6cb93262 None None] oslo_messaging_metrics.metrics_buffer_size = 1000 {{(pid=99707) log_opt_values /opt/stack/data/venv/lib/python3.12/site-packages/oslo_config/cfg.py:3253}}
Jul 15 10:33:20.533330 np0000005186 devstack@g-api.service[99707]: DEBUG glance.common.config [None req-9c97f5c3-ed3f-49c1-a8f5-744a6cb93262 None None] oslo_messaging_metrics.metrics_enabled = False {{(pid=99707) log_opt_values /opt/stack/data/venv/lib/python3.12/site-packages/oslo_config/cfg.py:3253}}
Jul 15 10:33:20.533479 np0000005186 devstack@g-api.service[99707]: DEBUG glance.common.config [None req-9c97f5c3-ed3f-49c1-a8f5-744a6cb93262 None None] oslo_messaging_metrics.metrics_process_name = {{(pid=99707) log_opt_values /opt/stack/data/venv/lib/python3.12/site-packages/oslo_config/cfg.py:3253}}
Jul 15 10:33:20.533479 np0000005186 devstack@g-api.service[99707]: DEBUG glance.common.config [None req-9c97f5c3-ed3f-49c1-a8f5-744a6cb93262 None None] oslo_messaging_metrics.metrics_socket_file = /var/tmp/metrics_collector.sock {{(pid=99707) log_opt_values /opt/stack/data/venv/lib/python3.12/site-packages/oslo_config/cfg.py:3253}}
Jul 15 10:33:20.533578 np0000005186 devstack@g-api.service[99707]: DEBUG glance.common.config [None req-9c97f5c3-ed3f-49c1-a8f5-744a6cb93262 None None] oslo_messaging_metrics.metrics_thread_stop_timeout = 10 {{(pid=99707) log_opt_values /opt/stack/data/venv/lib/python3.12/site-packages/oslo_config/cfg.py:3253}}
Jul 15 10:33:20.533677 np0000005186 devstack@g-api.service[99707]: DEBUG glance.common.config [None req-9c97f5c3-ed3f-49c1-a8f5-744a6cb93262 None None] profiler.connection_string = messaging:// {{(pid=99707) log_opt_values /opt/stack/data/venv/lib/python3.12/site-packages/oslo_config/cfg.py:3253}}
Jul 15 10:33:20.533768 np0000005186 devstack@g-api.service[99707]: DEBUG glance.common.config [None req-9c97f5c3-ed3f-49c1-a8f5-744a6cb93262 None None] profiler.enabled = False {{(pid=99707) log_opt_values /opt/stack/data/venv/lib/python3.12/site-packages/oslo_config/cfg.py:3253}}
Jul 15 10:33:20.533864 np0000005186 devstack@g-api.service[99707]: DEBUG glance.common.config [None req-9c97f5c3-ed3f-49c1-a8f5-744a6cb93262 None None] profiler.es_doc_type = notification {{(pid=99707) log_opt_values /opt/stack/data/venv/lib/python3.12/site-packages/oslo_config/cfg.py:3253}}
Jul 15 10:33:20.533972 np0000005186 devstack@g-api.service[99707]: DEBUG glance.common.config [None req-9c97f5c3-ed3f-49c1-a8f5-744a6cb93262 None None] profiler.es_scroll_size = 10000 {{(pid=99707) log_opt_values /opt/stack/data/venv/lib/python3.12/site-packages/oslo_config/cfg.py:3253}}
Jul 15 10:33:20.534058 np0000005186 devstack@g-api.service[99707]: DEBUG glance.common.config [None req-9c97f5c3-ed3f-49c1-a8f5-744a6cb93262 None None] profiler.es_scroll_time = 2m {{(pid=99707) log_opt_values /opt/stack/data/venv/lib/python3.12/site-packages/oslo_config/cfg.py:3253}}
