Aug 13 16:55:17.487982 np0000007235 systemd[1]: Starting devstack@n-api-meta.service - Devstack devstack@n-api-meta.service...
Aug 13 16:55:17.493762 np0000007235 devstack@n-api-meta.service[96046]: [uWSGI] getting INI configuration from /etc/nova/nova-metadata-uwsgi.ini
Aug 13 16:55:17.496030 np0000007235 devstack@n-api-meta.service[96046]: *** Starting uWSGI 2.0.24-debian (64bit) on [Thu Aug 13 16:55:17 2026] ***
Aug 13 16:55:17.496030 np0000007235 devstack@n-api-meta.service[96046]: compiled with version: 13.2.0 on 17 April 2024 16:23:48
Aug 13 16:55:17.496030 np0000007235 devstack@n-api-meta.service[96046]: os: Linux-6.8.0-100-generic #100-Ubuntu SMP PREEMPT_DYNAMIC Tue Jan 13 16:40:06 UTC 2026
Aug 13 16:55:17.496030 np0000007235 devstack@n-api-meta.service[96046]: nodename: np0000007235
Aug 13 16:55:17.496030 np0000007235 devstack@n-api-meta.service[96046]: machine: x86_64
Aug 13 16:55:17.496030 np0000007235 devstack@n-api-meta.service[96046]: clock source: unix
Aug 13 16:55:17.496030 np0000007235 devstack@n-api-meta.service[96046]: pcre jit disabled
Aug 13 16:55:17.496030 np0000007235 devstack@n-api-meta.service[96046]: detected number of CPU cores: 16
Aug 13 16:55:17.496030 np0000007235 devstack@n-api-meta.service[96046]: current working directory: /
Aug 13 16:55:17.496030 np0000007235 devstack@n-api-meta.service[96046]: detected binary path: /usr/bin/uwsgi-core
Aug 13 16:55:17.496030 np0000007235 devstack@n-api-meta.service[96046]: your processes number limit is 257052
Aug 13 16:55:17.496430 np0000007235 devstack@n-api-meta.service[96046]: your memory page size is 4096 bytes
Aug 13 16:55:17.496430 np0000007235 devstack@n-api-meta.service[96046]: detected max file descriptor number: 2048
Aug 13 16:55:17.496430 np0000007235 devstack@n-api-meta.service[96046]: lock engine: pthread robust mutexes
Aug 13 16:55:17.496430 np0000007235 devstack@n-api-meta.service[96046]: thunder lock: enabled
Aug 13 16:55:17.496604 np0000007235 devstack@n-api-meta.service[96046]: uWSGI http bound on 0.0.0.0:8775 fd 5
Aug 13 16:55:17.496604 np0000007235 devstack@n-api-meta.service[96046]: uwsgi socket 0 bound to TCP address 127.0.0.1:44949 (port auto-assigned) fd 4
Aug 13 16:55:17.496681 np0000007235 devstack@n-api-meta.service[96046]: Python version: 3.12.3 (main, Jun 19 2026, 12:46:00) [GCC 13.3.0]
Aug 13 16:55:17.496681 np0000007235 devstack@n-api-meta.service[96046]: PEP 405 virtualenv detected: /opt/stack/data/venv
Aug 13 16:55:17.496681 np0000007235 devstack@n-api-meta.service[96046]: Set PythonHome to /opt/stack/data/venv
Aug 13 16:55:17.531682 np0000007235 devstack@n-api-meta.service[96046]: Python main interpreter initialized at 0x76384eca4668
Aug 13 16:55:17.531682 np0000007235 devstack@n-api-meta.service[96046]: python threads support enabled
Aug 13 16:55:17.531682 np0000007235 devstack@n-api-meta.service[96046]: your server socket listen backlog is limited to 100 connections
Aug 13 16:55:17.531682 np0000007235 devstack@n-api-meta.service[96046]: your mercy for graceful operations on workers is 80 seconds
Aug 13 16:55:17.532249 np0000007235 devstack@n-api-meta.service[96046]: mapped 671795 bytes (656 KB) for 4 cores
Aug 13 16:55:17.532432 np0000007235 devstack@n-api-meta.service[96046]: *** Operational MODE: preforking ***
Aug 13 16:55:17.532654 np0000007235 devstack@n-api-meta.service[96046]: *** uWSGI is running in multiple interpreter mode ***
Aug 13 16:55:17.532654 np0000007235 devstack@n-api-meta.service[96046]: spawned uWSGI master process (pid: 96046)
Aug 13 16:55:17.532877 np0000007235 systemd[1]: Started devstack@n-api-meta.service - Devstack devstack@n-api-meta.service.
Aug 13 16:55:17.533544 np0000007235 devstack@n-api-meta.service[96046]: spawned uWSGI worker 1 (pid: 96047, cores: 1)
Aug 13 16:55:17.533890 np0000007235 devstack@n-api-meta.service[96046]: spawned uWSGI worker 2 (pid: 96048, cores: 1)
Aug 13 16:55:17.534333 np0000007235 devstack@n-api-meta.service[96046]: spawned uWSGI worker 3 (pid: 96049, cores: 1)
Aug 13 16:55:17.534775 np0000007235 devstack@n-api-meta.service[96046]: spawned uWSGI worker 4 (pid: 96050, cores: 1)
Aug 13 16:55:17.535473 np0000007235 devstack@n-api-meta.service[96046]: spawned uWSGI http 1 (pid: 96051)
Aug 13 16:55:17.535473 np0000007235 devstack@n-api-meta.service[96046]: running "unix_signal:15 gracefully_kill_them_all" (master-start)...
Aug 13 16:55:19.146187 np0000007235 devstack@n-api-meta.service[96048]: INFO dbcounter [None req-e8479dee-404f-43cd-875f-cfd4c9351b24 None None] Registered counter for database nova_api
Aug 13 16:55:19.152524 np0000007235 devstack@n-api-meta.service[96050]: INFO dbcounter [None req-e4bf3d96-843a-4f09-96cc-ad5f22455815 None None] Registered counter for database nova_api
Aug 13 16:55:19.187960 np0000007235 devstack@n-api-meta.service[96048]: DEBUG oslo_db.sqlalchemy.engines [None req-e8479dee-404f-43cd-875f-cfd4c9351b24 None None] MySQL server mode set to STRICT_TRANS_TABLES,STRICT_ALL_TABLES,NO_ZERO_IN_DATE,NO_ZERO_DATE,ERROR_FOR_DIVISION_BY_ZERO,TRADITIONAL,NO_ENGINE_SUBSTITUTION {{(pid=96048) _check_effective_sql_mode /opt/stack/data/venv/lib/python3.12/site-packages/oslo_db/sqlalchemy/engines.py:325}}
Aug 13 16:55:19.198099 np0000007235 devstack@n-api-meta.service[96050]: DEBUG oslo_db.sqlalchemy.engines [None req-e4bf3d96-843a-4f09-96cc-ad5f22455815 None None] MySQL server mode set to STRICT_TRANS_TABLES,STRICT_ALL_TABLES,NO_ZERO_IN_DATE,NO_ZERO_DATE,ERROR_FOR_DIVISION_BY_ZERO,TRADITIONAL,NO_ENGINE_SUBSTITUTION {{(pid=96050) _check_effective_sql_mode /opt/stack/data/venv/lib/python3.12/site-packages/oslo_db/sqlalchemy/engines.py:325}}
Aug 13 16:55:19.217644 np0000007235 devstack@n-api-meta.service[96048]: DEBUG dbcounter [-] [96048] Writer thread running {{(pid=96048) stat_writer /opt/stack/data/venv/lib/python3.12/site-packages/dbcounter.py:102}}
Aug 13 16:55:19.220601 np0000007235 devstack@n-api-meta.service[96048]: DEBUG nova.context [None req-e8479dee-404f-43cd-875f-cfd4c9351b24 None None] Found 2 cells: 00000000-0000-0000-0000-000000000000(cell0),2f6756c1-a2a8-4c73-ad62-f77dea38e4f6(cell1) {{(pid=96048) load_cells /opt/stack/nova/nova/context.py:509}}
Aug 13 16:55:19.220844 np0000007235 devstack@n-api-meta.service[96048]: INFO nova.utils [None req-e8479dee-404f-43cd-875f-cfd4c9351b24 None None] The cell worker thread pool MainProcess.cell_worker is initialized
Aug 13 16:55:19.223185 np0000007235 devstack@n-api-meta.service[96048]: DEBUG oslo_concurrency.lockutils [None req-e8479dee-404f-43cd-875f-cfd4c9351b24 None None] Acquiring lock "00000000-0000-0000-0000-000000000000" by "nova.context.set_target_cell..get_or_set_cached_cell_and_set_connections" {{(pid=96048) inner /opt/stack/data/venv/lib/python3.12/site-packages/oslo_concurrency/lockutils.py:512}}
Aug 13 16:55:19.223185 np0000007235 devstack@n-api-meta.service[96048]: DEBUG oslo_concurrency.lockutils [None req-e8479dee-404f-43cd-875f-cfd4c9351b24 None None] Lock "00000000-0000-0000-0000-000000000000" acquired by "nova.context.set_target_cell..get_or_set_cached_cell_and_set_connections" :: waited 0.000s {{(pid=96048) inner /opt/stack/data/venv/lib/python3.12/site-packages/oslo_concurrency/lockutils.py:525}}
Aug 13 16:55:19.223185 np0000007235 devstack@n-api-meta.service[96048]: DEBUG oslo_concurrency.lockutils [None req-e8479dee-404f-43cd-875f-cfd4c9351b24 None None] Lock "00000000-0000-0000-0000-000000000000" "released" by "nova.context.set_target_cell..get_or_set_cached_cell_and_set_connections" :: held 0.000s {{(pid=96048) inner /opt/stack/data/venv/lib/python3.12/site-packages/oslo_concurrency/lockutils.py:544}}
Aug 13 16:55:19.223521 np0000007235 devstack@n-api-meta.service[96048]: DEBUG oslo_concurrency.lockutils [None req-e8479dee-404f-43cd-875f-cfd4c9351b24 None None] Acquiring lock "2f6756c1-a2a8-4c73-ad62-f77dea38e4f6" by "nova.context.set_target_cell..get_or_set_cached_cell_and_set_connections" {{(pid=96048) inner /opt/stack/data/venv/lib/python3.12/site-packages/oslo_concurrency/lockutils.py:512}}
Aug 13 16:55:19.224732 np0000007235 devstack@n-api-meta.service[96048]: INFO dbcounter [None req-e8479dee-404f-43cd-875f-cfd4c9351b24 None None] Registered counter for database nova_cell0
Aug 13 16:55:19.225844 np0000007235 devstack@n-api-meta.service[96048]: DEBUG oslo_concurrency.lockutils [None req-e8479dee-404f-43cd-875f-cfd4c9351b24 None None] Lock "2f6756c1-a2a8-4c73-ad62-f77dea38e4f6" acquired by "nova.context.set_target_cell..get_or_set_cached_cell_and_set_connections" :: waited 0.001s {{(pid=96048) inner /opt/stack/data/venv/lib/python3.12/site-packages/oslo_concurrency/lockutils.py:525}}
Aug 13 16:55:19.226648 np0000007235 devstack@n-api-meta.service[96048]: DEBUG oslo_concurrency.lockutils [None req-e8479dee-404f-43cd-875f-cfd4c9351b24 None None] Lock "2f6756c1-a2a8-4c73-ad62-f77dea38e4f6" "released" by "nova.context.set_target_cell..get_or_set_cached_cell_and_set_connections" :: held 0.002s {{(pid=96048) inner /opt/stack/data/venv/lib/python3.12/site-packages/oslo_concurrency/lockutils.py:544}}
Aug 13 16:55:19.227150 np0000007235 devstack@n-api-meta.service[96050]: DEBUG dbcounter [-] [96050] Writer thread running {{(pid=96050) stat_writer /opt/stack/data/venv/lib/python3.12/site-packages/dbcounter.py:102}}
Aug 13 16:55:19.227950 np0000007235 devstack@n-api-meta.service[96048]: INFO dbcounter [None req-e8479dee-404f-43cd-875f-cfd4c9351b24 None None] Registered counter for database nova_cell1
Aug 13 16:55:19.228443 np0000007235 devstack@n-api-meta.service[96049]: INFO dbcounter [None req-2b152cc3-5fb6-4f1d-8923-f06588321952 None None] Registered counter for database nova_api
Aug 13 16:55:19.229379 np0000007235 devstack@n-api-meta.service[96050]: DEBUG nova.context [None req-e4bf3d96-843a-4f09-96cc-ad5f22455815 None None] Found 2 cells: 00000000-0000-0000-0000-000000000000(cell0),2f6756c1-a2a8-4c73-ad62-f77dea38e4f6(cell1) {{(pid=96050) load_cells /opt/stack/nova/nova/context.py:509}}
Aug 13 16:55:19.229628 np0000007235 devstack@n-api-meta.service[96050]: INFO nova.utils [None req-e4bf3d96-843a-4f09-96cc-ad5f22455815 None None] The cell worker thread pool MainProcess.cell_worker is initialized
Aug 13 16:55:19.231727 np0000007235 devstack@n-api-meta.service[96050]: DEBUG oslo_concurrency.lockutils [None req-e4bf3d96-843a-4f09-96cc-ad5f22455815 None None] Acquiring lock "00000000-0000-0000-0000-000000000000" by "nova.context.set_target_cell..get_or_set_cached_cell_and_set_connections" {{(pid=96050) inner /opt/stack/data/venv/lib/python3.12/site-packages/oslo_concurrency/lockutils.py:512}}
Aug 13 16:55:19.231908 np0000007235 devstack@n-api-meta.service[96050]: DEBUG oslo_concurrency.lockutils [None req-e4bf3d96-843a-4f09-96cc-ad5f22455815 None None] Lock "00000000-0000-0000-0000-000000000000" acquired by "nova.context.set_target_cell..get_or_set_cached_cell_and_set_connections" :: waited 0.000s {{(pid=96050) inner /opt/stack/data/venv/lib/python3.12/site-packages/oslo_concurrency/lockutils.py:525}}
Aug 13 16:55:19.232306 np0000007235 devstack@n-api-meta.service[96050]: DEBUG oslo_concurrency.lockutils [None req-e4bf3d96-843a-4f09-96cc-ad5f22455815 None None] Lock "00000000-0000-0000-0000-000000000000" "released" by "nova.context.set_target_cell..get_or_set_cached_cell_and_set_connections" :: held 0.000s {{(pid=96050) inner /opt/stack/data/venv/lib/python3.12/site-packages/oslo_concurrency/lockutils.py:544}}
Aug 13 16:55:19.233053 np0000007235 devstack@n-api-meta.service[96050]: DEBUG oslo_concurrency.lockutils [None req-e4bf3d96-843a-4f09-96cc-ad5f22455815 None None] Acquiring lock "2f6756c1-a2a8-4c73-ad62-f77dea38e4f6" by "nova.context.set_target_cell..get_or_set_cached_cell_and_set_connections" {{(pid=96050) inner /opt/stack/data/venv/lib/python3.12/site-packages/oslo_concurrency/lockutils.py:512}}
Aug 13 16:55:19.234237 np0000007235 devstack@n-api-meta.service[96050]: INFO dbcounter [None req-e4bf3d96-843a-4f09-96cc-ad5f22455815 None None] Registered counter for database nova_cell0
Aug 13 16:55:19.235271 np0000007235 devstack@n-api-meta.service[96047]: INFO dbcounter [None req-0146b1d0-2e82-404d-8bfd-c8de86b4c4ee None None] Registered counter for database nova_api
Aug 13 16:55:19.235567 np0000007235 devstack@n-api-meta.service[96050]: DEBUG oslo_concurrency.lockutils [None req-e4bf3d96-843a-4f09-96cc-ad5f22455815 None None] Lock "2f6756c1-a2a8-4c73-ad62-f77dea38e4f6" acquired by "nova.context.set_target_cell..get_or_set_cached_cell_and_set_connections" :: waited 0.001s {{(pid=96050) inner /opt/stack/data/venv/lib/python3.12/site-packages/oslo_concurrency/lockutils.py:525}}
Aug 13 16:55:19.236344 np0000007235 devstack@n-api-meta.service[96050]: DEBUG oslo_concurrency.lockutils [None req-e4bf3d96-843a-4f09-96cc-ad5f22455815 None None] Lock "2f6756c1-a2a8-4c73-ad62-f77dea38e4f6" "released" by "nova.context.set_target_cell..get_or_set_cached_cell_and_set_connections" :: held 0.002s {{(pid=96050) inner /opt/stack/data/venv/lib/python3.12/site-packages/oslo_concurrency/lockutils.py:544}}
Aug 13 16:55:19.238563 np0000007235 devstack@n-api-meta.service[96050]: INFO dbcounter [None req-e4bf3d96-843a-4f09-96cc-ad5f22455815 None None] Registered counter for database nova_cell1
Aug 13 16:55:19.267772 np0000007235 devstack@n-api-meta.service[96048]: DEBUG oslo_db.sqlalchemy.engines [None req-e8479dee-404f-43cd-875f-cfd4c9351b24 None None] MySQL server mode set to STRICT_TRANS_TABLES,STRICT_ALL_TABLES,NO_ZERO_IN_DATE,NO_ZERO_DATE,ERROR_FOR_DIVISION_BY_ZERO,TRADITIONAL,NO_ENGINE_SUBSTITUTION {{(pid=96048) _check_effective_sql_mode /opt/stack/data/venv/lib/python3.12/site-packages/oslo_db/sqlalchemy/engines.py:325}}
Aug 13 16:55:19.273387 np0000007235 devstack@n-api-meta.service[96049]: DEBUG oslo_db.sqlalchemy.engines [None req-2b152cc3-5fb6-4f1d-8923-f06588321952 None None] MySQL server mode set to STRICT_TRANS_TABLES,STRICT_ALL_TABLES,NO_ZERO_IN_DATE,NO_ZERO_DATE,ERROR_FOR_DIVISION_BY_ZERO,TRADITIONAL,NO_ENGINE_SUBSTITUTION {{(pid=96049) _check_effective_sql_mode /opt/stack/data/venv/lib/python3.12/site-packages/oslo_db/sqlalchemy/engines.py:325}}
Aug 13 16:55:19.280315 np0000007235 devstack@n-api-meta.service[96047]: DEBUG oslo_db.sqlalchemy.engines [None req-0146b1d0-2e82-404d-8bfd-c8de86b4c4ee None None] MySQL server mode set to STRICT_TRANS_TABLES,STRICT_ALL_TABLES,NO_ZERO_IN_DATE,NO_ZERO_DATE,ERROR_FOR_DIVISION_BY_ZERO,TRADITIONAL,NO_ENGINE_SUBSTITUTION {{(pid=96047) _check_effective_sql_mode /opt/stack/data/venv/lib/python3.12/site-packages/oslo_db/sqlalchemy/engines.py:325}}
Aug 13 16:55:19.287434 np0000007235 devstack@n-api-meta.service[96048]: DEBUG oslo_db.sqlalchemy.engines [None req-e8479dee-404f-43cd-875f-cfd4c9351b24 None None] MySQL server mode set to STRICT_TRANS_TABLES,STRICT_ALL_TABLES,NO_ZERO_IN_DATE,NO_ZERO_DATE,ERROR_FOR_DIVISION_BY_ZERO,TRADITIONAL,NO_ENGINE_SUBSTITUTION {{(pid=96048) _check_effective_sql_mode /opt/stack/data/venv/lib/python3.12/site-packages/oslo_db/sqlalchemy/engines.py:325}}
Aug 13 16:55:19.291356 np0000007235 devstack@n-api-meta.service[96050]: DEBUG oslo_db.sqlalchemy.engines [None req-e4bf3d96-843a-4f09-96cc-ad5f22455815 None None] MySQL server mode set to STRICT_TRANS_TABLES,STRICT_ALL_TABLES,NO_ZERO_IN_DATE,NO_ZERO_DATE,ERROR_FOR_DIVISION_BY_ZERO,TRADITIONAL,NO_ENGINE_SUBSTITUTION {{(pid=96050) _check_effective_sql_mode /opt/stack/data/venv/lib/python3.12/site-packages/oslo_db/sqlalchemy/engines.py:325}}
Aug 13 16:55:19.294208 np0000007235 devstack@n-api-meta.service[96050]: DEBUG oslo_db.sqlalchemy.engines [None req-e4bf3d96-843a-4f09-96cc-ad5f22455815 None None] MySQL server mode set to STRICT_TRANS_TABLES,STRICT_ALL_TABLES,NO_ZERO_IN_DATE,NO_ZERO_DATE,ERROR_FOR_DIVISION_BY_ZERO,TRADITIONAL,NO_ENGINE_SUBSTITUTION {{(pid=96050) _check_effective_sql_mode /opt/stack/data/venv/lib/python3.12/site-packages/oslo_db/sqlalchemy/engines.py:325}}
Aug 13 16:55:19.311464 np0000007235 devstack@n-api-meta.service[96049]: DEBUG dbcounter [-] [96049] Writer thread running {{(pid=96049) stat_writer /opt/stack/data/venv/lib/python3.12/site-packages/dbcounter.py:102}}
Aug 13 16:55:19.312347 np0000007235 devstack@n-api-meta.service[96047]: DEBUG dbcounter [-] [96047] Writer thread running {{(pid=96047) stat_writer /opt/stack/data/venv/lib/python3.12/site-packages/dbcounter.py:102}}
Aug 13 16:55:19.314742 np0000007235 devstack@n-api-meta.service[96049]: DEBUG nova.context [None req-2b152cc3-5fb6-4f1d-8923-f06588321952 None None] Found 2 cells: 00000000-0000-0000-0000-000000000000(cell0),2f6756c1-a2a8-4c73-ad62-f77dea38e4f6(cell1) {{(pid=96049) load_cells /opt/stack/nova/nova/context.py:509}}
Aug 13 16:55:19.315093 np0000007235 devstack@n-api-meta.service[96049]: INFO nova.utils [None req-2b152cc3-5fb6-4f1d-8923-f06588321952 None None] The cell worker thread pool MainProcess.cell_worker is initialized
Aug 13 16:55:19.315613 np0000007235 devstack@n-api-meta.service[96047]: DEBUG nova.context [None req-0146b1d0-2e82-404d-8bfd-c8de86b4c4ee None None] Found 2 cells: 00000000-0000-0000-0000-000000000000(cell0),2f6756c1-a2a8-4c73-ad62-f77dea38e4f6(cell1) {{(pid=96047) load_cells /opt/stack/nova/nova/context.py:509}}
Aug 13 16:55:19.315984 np0000007235 devstack@n-api-meta.service[96047]: INFO nova.utils [None req-0146b1d0-2e82-404d-8bfd-c8de86b4c4ee None None] The cell worker thread pool MainProcess.cell_worker is initialized
Aug 13 16:55:19.317020 np0000007235 devstack@n-api-meta.service[96049]: DEBUG oslo_concurrency.lockutils [None req-2b152cc3-5fb6-4f1d-8923-f06588321952 None None] Acquiring lock "00000000-0000-0000-0000-000000000000" by "nova.context.set_target_cell..get_or_set_cached_cell_and_set_connections" {{(pid=96049) inner /opt/stack/data/venv/lib/python3.12/site-packages/oslo_concurrency/lockutils.py:512}}
Aug 13 16:55:19.317198 np0000007235 devstack@n-api-meta.service[96049]: DEBUG oslo_concurrency.lockutils [None req-2b152cc3-5fb6-4f1d-8923-f06588321952 None None] Lock "00000000-0000-0000-0000-000000000000" acquired by "nova.context.set_target_cell..get_or_set_cached_cell_and_set_connections" :: waited 0.000s {{(pid=96049) inner /opt/stack/data/venv/lib/python3.12/site-packages/oslo_concurrency/lockutils.py:525}}
Aug 13 16:55:19.317570 np0000007235 devstack@n-api-meta.service[96049]: DEBUG oslo_concurrency.lockutils [None req-2b152cc3-5fb6-4f1d-8923-f06588321952 None None] Lock "00000000-0000-0000-0000-000000000000" "released" by "nova.context.set_target_cell..get_or_set_cached_cell_and_set_connections" :: held 0.000s {{(pid=96049) inner /opt/stack/data/venv/lib/python3.12/site-packages/oslo_concurrency/lockutils.py:544}}
Aug 13 16:55:19.318219 np0000007235 devstack@n-api-meta.service[96049]: DEBUG oslo_concurrency.lockutils [None req-2b152cc3-5fb6-4f1d-8923-f06588321952 None None] Acquiring lock "2f6756c1-a2a8-4c73-ad62-f77dea38e4f6" by "nova.context.set_target_cell..get_or_set_cached_cell_and_set_connections" {{(pid=96049) inner /opt/stack/data/venv/lib/python3.12/site-packages/oslo_concurrency/lockutils.py:512}}
Aug 13 16:55:19.318321 np0000007235 devstack@n-api-meta.service[96047]: DEBUG oslo_concurrency.lockutils [None req-0146b1d0-2e82-404d-8bfd-c8de86b4c4ee None None] Acquiring lock "00000000-0000-0000-0000-000000000000" by "nova.context.set_target_cell..get_or_set_cached_cell_and_set_connections" {{(pid=96047) inner /opt/stack/data/venv/lib/python3.12/site-packages/oslo_concurrency/lockutils.py:512}}
Aug 13 16:55:19.318552 np0000007235 devstack@n-api-meta.service[96047]: DEBUG oslo_concurrency.lockutils [None req-0146b1d0-2e82-404d-8bfd-c8de86b4c4ee None None] Lock "00000000-0000-0000-0000-000000000000" acquired by "nova.context.set_target_cell..get_or_set_cached_cell_and_set_connections" :: waited 0.000s {{(pid=96047) inner /opt/stack/data/venv/lib/python3.12/site-packages/oslo_concurrency/lockutils.py:525}}
Aug 13 16:55:19.319008 np0000007235 devstack@n-api-meta.service[96047]: DEBUG oslo_concurrency.lockutils [None req-0146b1d0-2e82-404d-8bfd-c8de86b4c4ee None None] Lock "00000000-0000-0000-0000-000000000000" "released" by "nova.context.set_target_cell..get_or_set_cached_cell_and_set_connections" :: held 0.000s {{(pid=96047) inner /opt/stack/data/venv/lib/python3.12/site-packages/oslo_concurrency/lockutils.py:544}}
Aug 13 16:55:19.320728 np0000007235 devstack@n-api-meta.service[96047]: DEBUG oslo_concurrency.lockutils [None req-0146b1d0-2e82-404d-8bfd-c8de86b4c4ee None None] Acquiring lock "2f6756c1-a2a8-4c73-ad62-f77dea38e4f6" by "nova.context.set_target_cell..get_or_set_cached_cell_and_set_connections" {{(pid=96047) inner /opt/stack/data/venv/lib/python3.12/site-packages/oslo_concurrency/lockutils.py:512}}
Aug 13 16:55:19.320793 np0000007235 devstack@n-api-meta.service[96049]: INFO dbcounter [None req-2b152cc3-5fb6-4f1d-8923-f06588321952 None None] Registered counter for database nova_cell0
Aug 13 16:55:19.320869 np0000007235 devstack@n-api-meta.service[96047]: DEBUG oslo_concurrency.lockutils [None req-0146b1d0-2e82-404d-8bfd-c8de86b4c4ee None None] Lock "2f6756c1-a2a8-4c73-ad62-f77dea38e4f6" acquired by "nova.context.set_target_cell..get_or_set_cached_cell_and_set_connections" :: waited 0.000s {{(pid=96047) inner /opt/stack/data/venv/lib/python3.12/site-packages/oslo_concurrency/lockutils.py:525}}
Aug 13 16:55:19.320978 np0000007235 devstack@n-api-meta.service[96049]: DEBUG oslo_concurrency.lockutils [None req-2b152cc3-5fb6-4f1d-8923-f06588321952 None None] Lock "2f6756c1-a2a8-4c73-ad62-f77dea38e4f6" acquired by "nova.context.set_target_cell..get_or_set_cached_cell_and_set_connections" :: waited 0.001s {{(pid=96049) inner /opt/stack/data/venv/lib/python3.12/site-packages/oslo_concurrency/lockutils.py:525}}
Aug 13 16:55:19.321094 np0000007235 devstack@n-api-meta.service[96047]: DEBUG oslo_concurrency.lockutils [None req-0146b1d0-2e82-404d-8bfd-c8de86b4c4ee None None] Lock "2f6756c1-a2a8-4c73-ad62-f77dea38e4f6" "released" by "nova.context.set_target_cell..get_or_set_cached_cell_and_set_connections" :: held 0.001s {{(pid=96047) inner /opt/stack/data/venv/lib/python3.12/site-packages/oslo_concurrency/lockutils.py:544}}
Aug 13 16:55:19.322565 np0000007235 devstack@n-api-meta.service[96049]: DEBUG oslo_concurrency.lockutils [None req-2b152cc3-5fb6-4f1d-8923-f06588321952 None None] Lock "2f6756c1-a2a8-4c73-ad62-f77dea38e4f6" "released" by "nova.context.set_target_cell..get_or_set_cached_cell_and_set_connections" :: held 0.003s {{(pid=96049) inner /opt/stack/data/venv/lib/python3.12/site-packages/oslo_concurrency/lockutils.py:544}}
Aug 13 16:55:19.323154 np0000007235 devstack@n-api-meta.service[96047]: INFO dbcounter [None req-0146b1d0-2e82-404d-8bfd-c8de86b4c4ee None None] Registered counter for database nova_cell0
Aug 13 16:55:19.326119 np0000007235 devstack@n-api-meta.service[96049]: INFO dbcounter [None req-2b152cc3-5fb6-4f1d-8923-f06588321952 None None] Registered counter for database nova_cell1
Aug 13 16:55:19.326192 np0000007235 devstack@n-api-meta.service[96047]: INFO dbcounter [None req-0146b1d0-2e82-404d-8bfd-c8de86b4c4ee None None] Registered counter for database nova_cell1
Aug 13 16:55:19.354015 np0000007235 devstack@n-api-meta.service[96048]: DEBUG dbcounter [-] [96048] Writer thread running {{(pid=96048) stat_writer /opt/stack/data/venv/lib/python3.12/site-packages/dbcounter.py:102}}
Aug 13 16:55:19.364457 np0000007235 devstack@n-api-meta.service[96047]: DEBUG oslo_db.sqlalchemy.engines [None req-0146b1d0-2e82-404d-8bfd-c8de86b4c4ee None None] MySQL server mode set to STRICT_TRANS_TABLES,STRICT_ALL_TABLES,NO_ZERO_IN_DATE,NO_ZERO_DATE,ERROR_FOR_DIVISION_BY_ZERO,TRADITIONAL,NO_ENGINE_SUBSTITUTION {{(pid=96047) _check_effective_sql_mode /opt/stack/data/venv/lib/python3.12/site-packages/oslo_db/sqlalchemy/engines.py:325}}
Aug 13 16:55:19.364623 np0000007235 devstack@n-api-meta.service[96048]: DEBUG dbcounter [-] [96048] Writer thread running {{(pid=96048) stat_writer /opt/stack/data/venv/lib/python3.12/site-packages/dbcounter.py:102}}
Aug 13 16:55:19.369886 np0000007235 devstack@n-api-meta.service[96048]: INFO dbcounter [None req-e8479dee-404f-43cd-875f-cfd4c9351b24 None None] Registered counter for database nova_cell0
Aug 13 16:55:19.371833 np0000007235 devstack@n-api-meta.service[96049]: DEBUG oslo_db.sqlalchemy.engines [None req-2b152cc3-5fb6-4f1d-8923-f06588321952 None None] MySQL server mode set to STRICT_TRANS_TABLES,STRICT_ALL_TABLES,NO_ZERO_IN_DATE,NO_ZERO_DATE,ERROR_FOR_DIVISION_BY_ZERO,TRADITIONAL,NO_ENGINE_SUBSTITUTION {{(pid=96049) _check_effective_sql_mode /opt/stack/data/venv/lib/python3.12/site-packages/oslo_db/sqlalchemy/engines.py:325}}
Aug 13 16:55:19.384724 np0000007235 devstack@n-api-meta.service[96049]: DEBUG oslo_db.sqlalchemy.engines [None req-2b152cc3-5fb6-4f1d-8923-f06588321952 None None] MySQL server mode set to STRICT_TRANS_TABLES,STRICT_ALL_TABLES,NO_ZERO_IN_DATE,NO_ZERO_DATE,ERROR_FOR_DIVISION_BY_ZERO,TRADITIONAL,NO_ENGINE_SUBSTITUTION {{(pid=96049) _check_effective_sql_mode /opt/stack/data/venv/lib/python3.12/site-packages/oslo_db/sqlalchemy/engines.py:325}}
Aug 13 16:55:19.401832 np0000007235 devstack@n-api-meta.service[96050]: DEBUG dbcounter [-] [96050] Writer thread running {{(pid=96050) stat_writer /opt/stack/data/venv/lib/python3.12/site-packages/dbcounter.py:102}}
Aug 13 16:55:19.402359 np0000007235 devstack@n-api-meta.service[96050]: DEBUG dbcounter [-] [96050] Writer thread running {{(pid=96050) stat_writer /opt/stack/data/venv/lib/python3.12/site-packages/dbcounter.py:102}}
Aug 13 16:55:19.405105 np0000007235 devstack@n-api-meta.service[96048]: DEBUG oslo_db.sqlalchemy.engines [None req-e8479dee-404f-43cd-875f-cfd4c9351b24 None None] MySQL server mode set to STRICT_TRANS_TABLES,STRICT_ALL_TABLES,NO_ZERO_IN_DATE,NO_ZERO_DATE,ERROR_FOR_DIVISION_BY_ZERO,TRADITIONAL,NO_ENGINE_SUBSTITUTION {{(pid=96048) _check_effective_sql_mode /opt/stack/data/venv/lib/python3.12/site-packages/oslo_db/sqlalchemy/engines.py:325}}
Aug 13 16:55:19.405249 np0000007235 devstack@n-api-meta.service[96050]: INFO dbcounter [None req-e4bf3d96-843a-4f09-96cc-ad5f22455815 None None] Registered counter for database nova_cell0
Aug 13 16:55:19.411078 np0000007235 devstack@n-api-meta.service[96048]: DEBUG dbcounter [-] [96048] Writer thread running {{(pid=96048) stat_writer /opt/stack/data/venv/lib/python3.12/site-packages/dbcounter.py:102}}
Aug 13 16:55:19.441454 np0000007235 devstack@n-api-meta.service[96050]: DEBUG oslo_db.sqlalchemy.engines [None req-e4bf3d96-843a-4f09-96cc-ad5f22455815 None None] MySQL server mode set to STRICT_TRANS_TABLES,STRICT_ALL_TABLES,NO_ZERO_IN_DATE,NO_ZERO_DATE,ERROR_FOR_DIVISION_BY_ZERO,TRADITIONAL,NO_ENGINE_SUBSTITUTION {{(pid=96050) _check_effective_sql_mode /opt/stack/data/venv/lib/python3.12/site-packages/oslo_db/sqlalchemy/engines.py:325}}
Aug 13 16:55:19.446096 np0000007235 devstack@n-api-meta.service[96047]: DEBUG dbcounter [-] [96047] Writer thread running {{(pid=96047) stat_writer /opt/stack/data/venv/lib/python3.12/site-packages/dbcounter.py:102}}
Aug 13 16:55:19.446941 np0000007235 devstack@n-api-meta.service[96050]: DEBUG dbcounter [-] [96050] Writer thread running {{(pid=96050) stat_writer /opt/stack/data/venv/lib/python3.12/site-packages/dbcounter.py:102}}
Aug 13 16:55:19.450452 np0000007235 devstack@n-api-meta.service[96047]: DEBUG oslo_db.sqlalchemy.engines [None req-0146b1d0-2e82-404d-8bfd-c8de86b4c4ee None None] MySQL server mode set to STRICT_TRANS_TABLES,STRICT_ALL_TABLES,NO_ZERO_IN_DATE,NO_ZERO_DATE,ERROR_FOR_DIVISION_BY_ZERO,TRADITIONAL,NO_ENGINE_SUBSTITUTION {{(pid=96047) _check_effective_sql_mode /opt/stack/data/venv/lib/python3.12/site-packages/oslo_db/sqlalchemy/engines.py:325}}
Aug 13 16:55:19.450526 np0000007235 devstack@n-api-meta.service[96048]: WARNING nova.api.metadata.handler [None req-e8479dee-404f-43cd-875f-cfd4c9351b24 None None] metadata_proxy_shared_secret is not configured, the metadata information returned by the proxy cannot be trusted
Aug 13 16:55:19.452606 np0000007235 devstack@n-api-meta.service[96048]: DEBUG nova.api.openstack.wsgi_app [None req-e8479dee-404f-43cd-875f-cfd4c9351b24 None None] ******************************************************************************** {{(pid=96048) log_opt_values /opt/stack/data/venv/lib/python3.12/site-packages/oslo_config/cfg.py:3533}}
Aug 13 16:55:19.452716 np0000007235 devstack@n-api-meta.service[96048]: DEBUG nova.api.openstack.wsgi_app [None req-e8479dee-404f-43cd-875f-cfd4c9351b24 None None] Configuration options gathered from: {{(pid=96048) log_opt_values /opt/stack/data/venv/lib/python3.12/site-packages/oslo_config/cfg.py:3534}}
Aug 13 16:55:19.452817 np0000007235 devstack@n-api-meta.service[96048]: DEBUG nova.api.openstack.wsgi_app [None req-e8479dee-404f-43cd-875f-cfd4c9351b24 None None] command line args: [] {{(pid=96048) log_opt_values /opt/stack/data/venv/lib/python3.12/site-packages/oslo_config/cfg.py:3535}}
Aug 13 16:55:19.452971 np0000007235 devstack@n-api-meta.service[96048]: DEBUG nova.api.openstack.wsgi_app [None req-e8479dee-404f-43cd-875f-cfd4c9351b24 None None] config files: ['/etc/nova/api-paste.ini', '/etc/nova/nova.conf'] {{(pid=96048) log_opt_values /opt/stack/data/venv/lib/python3.12/site-packages/oslo_config/cfg.py:3536}}
Aug 13 16:55:19.453101 np0000007235 devstack@n-api-meta.service[96048]: DEBUG nova.api.openstack.wsgi_app [None req-e8479dee-404f-43cd-875f-cfd4c9351b24 None None] ================================================================================ {{(pid=96048) log_opt_values /opt/stack/data/venv/lib/python3.12/site-packages/oslo_config/cfg.py:3541}}
Aug 13 16:55:19.453323 np0000007235 devstack@n-api-meta.service[96048]: DEBUG nova.api.openstack.wsgi_app [None req-e8479dee-404f-43cd-875f-cfd4c9351b24 None None] allow_resize_to_same_host = True {{(pid=96048) log_opt_values /opt/stack/data/venv/lib/python3.12/site-packages/oslo_config/cfg.py:3549}}
Aug 13 16:55:19.453501 np0000007235 devstack@n-api-meta.service[96048]: DEBUG nova.api.openstack.wsgi_app [None req-e8479dee-404f-43cd-875f-cfd4c9351b24 None None] arq_binding_timeout = 300 {{(pid=96048) log_opt_values /opt/stack/data/venv/lib/python3.12/site-packages/oslo_config/cfg.py:3549}}
Aug 13 16:55:19.453700 np0000007235 devstack@n-api-meta.service[96048]: DEBUG nova.api.openstack.wsgi_app [None req-e8479dee-404f-43cd-875f-cfd4c9351b24 None None] block_device_allocate_retries = 60 {{(pid=96048) log_opt_values /opt/stack/data/venv/lib/python3.12/site-packages/oslo_config/cfg.py:3549}}
Aug 13 16:55:19.453877 np0000007235 devstack@n-api-meta.service[96048]: DEBUG nova.api.openstack.wsgi_app [None req-e8479dee-404f-43cd-875f-cfd4c9351b24 None None] block_device_allocate_retries_interval = 3 {{(pid=96048) log_opt_values /opt/stack/data/venv/lib/python3.12/site-packages/oslo_config/cfg.py:3549}}
Aug 13 16:55:19.454067 np0000007235 devstack@n-api-meta.service[96048]: DEBUG nova.api.openstack.wsgi_app [None req-e8479dee-404f-43cd-875f-cfd4c9351b24 None None] cell_worker_thread_pool_size = 5 {{(pid=96048) log_opt_values /opt/stack/data/venv/lib/python3.12/site-packages/oslo_config/cfg.py:3549}}
Aug 13 16:55:19.454240 np0000007235 devstack@n-api-meta.service[96048]: DEBUG nova.api.openstack.wsgi_app [None req-e8479dee-404f-43cd-875f-cfd4c9351b24 None None] cert = self.pem {{(pid=96048) log_opt_values /opt/stack/data/venv/lib/python3.12/site-packages/oslo_config/cfg.py:3549}}
Aug 13 16:55:19.454410 np0000007235 devstack@n-api-meta.service[96048]: DEBUG nova.api.openstack.wsgi_app [None req-e8479dee-404f-43cd-875f-cfd4c9351b24 None None] compute_driver = libvirt.LibvirtDriver {{(pid=96048) log_opt_values /opt/stack/data/venv/lib/python3.12/site-packages/oslo_config/cfg.py:3549}}
Aug 13 16:55:19.454615 np0000007235 devstack@n-api-meta.service[96048]: DEBUG nova.api.openstack.wsgi_app [None req-e8479dee-404f-43cd-875f-cfd4c9351b24 None None] compute_monitors = [] {{(pid=96048) log_opt_values /opt/stack/data/venv/lib/python3.12/site-packages/oslo_config/cfg.py:3549}}
Aug 13 16:55:19.454786 np0000007235 devstack@n-api-meta.service[96048]: DEBUG nova.api.openstack.wsgi_app [None req-e8479dee-404f-43cd-875f-cfd4c9351b24 None None] concurrency_backend = auto {{(pid=96048) log_opt_values /opt/stack/data/venv/lib/python3.12/site-packages/oslo_config/cfg.py:3549}}
Aug 13 16:55:19.454967 np0000007235 devstack@n-api-meta.service[96048]: DEBUG nova.api.openstack.wsgi_app [None req-e8479dee-404f-43cd-875f-cfd4c9351b24 None None] config_dir = [] {{(pid=96048) log_opt_values /opt/stack/data/venv/lib/python3.12/site-packages/oslo_config/cfg.py:3549}}
Aug 13 16:55:19.455152 np0000007235 devstack@n-api-meta.service[96048]: DEBUG nova.api.openstack.wsgi_app [None req-e8479dee-404f-43cd-875f-cfd4c9351b24 None None] config_drive_format = iso9660 {{(pid=96048) log_opt_values /opt/stack/data/venv/lib/python3.12/site-packages/oslo_config/cfg.py:3549}}
Aug 13 16:55:19.455194 np0000007235 devstack@n-api-meta.service[96047]: DEBUG dbcounter [-] [96047] Writer thread running {{(pid=96047) stat_writer /opt/stack/data/venv/lib/python3.12/site-packages/dbcounter.py:102}}
Aug 13 16:55:19.455295 np0000007235 devstack@n-api-meta.service[96048]: DEBUG nova.api.openstack.wsgi_app [None req-e8479dee-404f-43cd-875f-cfd4c9351b24 None None] config_file = ['/etc/nova/api-paste.ini', '/etc/nova/nova.conf'] {{(pid=96048) log_opt_values /opt/stack/data/venv/lib/python3.12/site-packages/oslo_config/cfg.py:3549}}
Aug 13 16:55:19.455463 np0000007235 devstack@n-api-meta.service[96048]: DEBUG nova.api.openstack.wsgi_app [None req-e8479dee-404f-43cd-875f-cfd4c9351b24 None None] config_source = [] {{(pid=96048) log_opt_values /opt/stack/data/venv/lib/python3.12/site-packages/oslo_config/cfg.py:3549}}
Aug 13 16:55:19.455659 np0000007235 devstack@n-api-meta.service[96048]: DEBUG nova.api.openstack.wsgi_app [None req-e8479dee-404f-43cd-875f-cfd4c9351b24 None None] console_host = np0000007235 {{(pid=96048) log_opt_values /opt/stack/data/venv/lib/python3.12/site-packages/oslo_config/cfg.py:3549}}
Aug 13 16:55:19.455842 np0000007235 devstack@n-api-meta.service[96048]: DEBUG nova.api.openstack.wsgi_app [None req-e8479dee-404f-43cd-875f-cfd4c9351b24 None None] control_exchange = nova {{(pid=96048) log_opt_values /opt/stack/data/venv/lib/python3.12/site-packages/oslo_config/cfg.py:3549}}
Aug 13 16:55:19.456009 np0000007235 devstack@n-api-meta.service[96048]: DEBUG nova.api.openstack.wsgi_app [None req-e8479dee-404f-43cd-875f-cfd4c9351b24 None None] cpu_allocation_ratio = None {{(pid=96048) log_opt_values /opt/stack/data/venv/lib/python3.12/site-packages/oslo_config/cfg.py:3549}}
Aug 13 16:55:19.456177 np0000007235 devstack@n-api-meta.service[96048]: DEBUG nova.api.openstack.wsgi_app [None req-e8479dee-404f-43cd-875f-cfd4c9351b24 None None] daemon = False {{(pid=96048) log_opt_values /opt/stack/data/venv/lib/python3.12/site-packages/oslo_config/cfg.py:3549}}
Aug 13 16:55:19.456354 np0000007235 devstack@n-api-meta.service[96048]: DEBUG nova.api.openstack.wsgi_app [None req-e8479dee-404f-43cd-875f-cfd4c9351b24 None None] debug = True {{(pid=96048) log_opt_values /opt/stack/data/venv/lib/python3.12/site-packages/oslo_config/cfg.py:3549}}
Aug 13 16:55:19.456494 np0000007235 devstack@n-api-meta.service[96048]: DEBUG nova.api.openstack.wsgi_app [None req-e8479dee-404f-43cd-875f-cfd4c9351b24 None None] default_access_ip_network_name = None {{(pid=96048) log_opt_values /opt/stack/data/venv/lib/python3.12/site-packages/oslo_config/cfg.py:3549}}
Aug 13 16:55:19.456633 np0000007235 devstack@n-api-meta.service[96048]: DEBUG nova.api.openstack.wsgi_app [None req-e8479dee-404f-43cd-875f-cfd4c9351b24 None None] default_availability_zone = nova {{(pid=96048) log_opt_values /opt/stack/data/venv/lib/python3.12/site-packages/oslo_config/cfg.py:3549}}
Aug 13 16:55:19.456750 np0000007235 devstack@n-api-meta.service[96048]: DEBUG nova.api.openstack.wsgi_app [None req-e8479dee-404f-43cd-875f-cfd4c9351b24 None None] default_ephemeral_format = ext4 {{(pid=96048) log_opt_values /opt/stack/data/venv/lib/python3.12/site-packages/oslo_config/cfg.py:3549}}
Aug 13 16:55:19.456878 np0000007235 devstack@n-api-meta.service[96048]: DEBUG nova.api.openstack.wsgi_app [None req-e8479dee-404f-43cd-875f-cfd4c9351b24 None None] default_green_pool_size = 1000 {{(pid=96048) log_opt_values /opt/stack/data/venv/lib/python3.12/site-packages/oslo_config/cfg.py:3549}}
Aug 13 16:55:19.457075 np0000007235 devstack@n-api-meta.service[96048]: DEBUG nova.api.openstack.wsgi_app [None req-e8479dee-404f-43cd-875f-cfd4c9351b24 None None] default_log_levels = ['amqp=WARN', 'boto=WARN', 'sqlalchemy=WARN', 'suds=INFO', 'oslo.messaging=INFO', 'oslo_messaging=INFO', 'iso8601=WARN', 'requests.packages.urllib3.connectionpool=WARN', 'urllib3.connectionpool=WARN', 'websocket=WARN', 'requests.packages.urllib3.util.retry=WARN', 'urllib3.util.retry=WARN', 'keystonemiddleware=WARN', 'routes.middleware=WARN', 'stevedore=WARN', 'taskflow=WARN', 'keystoneauth=WARN', 'oslo.cache=INFO', 'oslo_policy=INFO', 'dogpile.core.dogpile=INFO', 'glanceclient=WARN', 'oslo.privsep.daemon=INFO'] {{(pid=96048) log_opt_values /opt/stack/data/venv/lib/python3.12/site-packages/oslo_config/cfg.py:3549}}
Aug 13 16:55:19.457206 np0000007235 devstack@n-api-meta.service[96048]: DEBUG nova.api.openstack.wsgi_app [None req-e8479dee-404f-43cd-875f-cfd4c9351b24 None None] default_schedule_zone = None {{(pid=96048) log_opt_values /opt/stack/data/venv/lib/python3.12/site-packages/oslo_config/cfg.py:3549}}
Aug 13 16:55:19.457318 np0000007235 devstack@n-api-meta.service[96048]: DEBUG nova.api.openstack.wsgi_app [None req-e8479dee-404f-43cd-875f-cfd4c9351b24 None None] default_thread_pool_size = 10 {{(pid=96048) log_opt_values /opt/stack/data/venv/lib/python3.12/site-packages/oslo_config/cfg.py:3549}}
Aug 13 16:55:19.457424 np0000007235 devstack@n-api-meta.service[96048]: DEBUG nova.api.openstack.wsgi_app [None req-e8479dee-404f-43cd-875f-cfd4c9351b24 None None] disk_allocation_ratio = None {{(pid=96048) log_opt_values /opt/stack/data/venv/lib/python3.12/site-packages/oslo_config/cfg.py:3549}}
Aug 13 16:55:19.457551 np0000007235 devstack@n-api-meta.service[96048]: DEBUG nova.api.openstack.wsgi_app [None req-e8479dee-404f-43cd-875f-cfd4c9351b24 None None] enable_new_services = True {{(pid=96048) log_opt_values /opt/stack/data/venv/lib/python3.12/site-packages/oslo_config/cfg.py:3549}}
Aug 13 16:55:19.457665 np0000007235 devstack@n-api-meta.service[96048]: DEBUG nova.api.openstack.wsgi_app [None req-e8479dee-404f-43cd-875f-cfd4c9351b24 None None] flat_injected = False {{(pid=96048) log_opt_values /opt/stack/data/venv/lib/python3.12/site-packages/oslo_config/cfg.py:3549}}
Aug 13 16:55:19.457734 np0000007235 devstack@n-api-meta.service[96049]: DEBUG dbcounter [-] [96049] Writer thread running {{(pid=96049) stat_writer /opt/stack/data/venv/lib/python3.12/site-packages/dbcounter.py:102}}
Aug 13 16:55:19.457801 np0000007235 devstack@n-api-meta.service[96048]: DEBUG nova.api.openstack.wsgi_app [None req-e8479dee-404f-43cd-875f-cfd4c9351b24 None None] force_config_drive = True {{(pid=96048) log_opt_values /opt/stack/data/venv/lib/python3.12/site-packages/oslo_config/cfg.py:3549}}
Aug 13 16:55:19.457922 np0000007235 devstack@n-api-meta.service[96048]: DEBUG nova.api.openstack.wsgi_app [None req-e8479dee-404f-43cd-875f-cfd4c9351b24 None None] force_raw_images = True {{(pid=96048) log_opt_values /opt/stack/data/venv/lib/python3.12/site-packages/oslo_config/cfg.py:3549}}
Aug 13 16:55:19.457997 np0000007235 devstack@n-api-meta.service[96047]: INFO dbcounter [None req-0146b1d0-2e82-404d-8bfd-c8de86b4c4ee None None] Registered counter for database nova_cell0
Aug 13 16:55:19.458063 np0000007235 devstack@n-api-meta.service[96048]: DEBUG nova.api.openstack.wsgi_app [None req-e8479dee-404f-43cd-875f-cfd4c9351b24 None None] graceful_shutdown_timeout = 5 {{(pid=96048) log_opt_values /opt/stack/data/venv/lib/python3.12/site-packages/oslo_config/cfg.py:3549}}
Aug 13 16:55:19.458180 np0000007235 devstack@n-api-meta.service[96048]: DEBUG nova.api.openstack.wsgi_app [None req-e8479dee-404f-43cd-875f-cfd4c9351b24 None None] heal_instance_info_cache_interval = -1 {{(pid=96048) log_opt_values /opt/stack/data/venv/lib/python3.12/site-packages/oslo_config/cfg.py:3549}}
Aug 13 16:55:19.458342 np0000007235 devstack@n-api-meta.service[96048]: DEBUG nova.api.openstack.wsgi_app [None req-e8479dee-404f-43cd-875f-cfd4c9351b24 None None] host = np0000007235 {{(pid=96048) log_opt_values /opt/stack/data/venv/lib/python3.12/site-packages/oslo_config/cfg.py:3549}}
Aug 13 16:55:19.458463 np0000007235 devstack@n-api-meta.service[96048]: DEBUG nova.api.openstack.wsgi_app [None req-e8479dee-404f-43cd-875f-cfd4c9351b24 None None] initial_cpu_allocation_ratio = 4.0 {{(pid=96048) log_opt_values /opt/stack/data/venv/lib/python3.12/site-packages/oslo_config/cfg.py:3549}}
Aug 13 16:55:19.458596 np0000007235 devstack@n-api-meta.service[96048]: DEBUG nova.api.openstack.wsgi_app [None req-e8479dee-404f-43cd-875f-cfd4c9351b24 None None] initial_disk_allocation_ratio = 1.0 {{(pid=96048) log_opt_values /opt/stack/data/venv/lib/python3.12/site-packages/oslo_config/cfg.py:3549}}
Aug 13 16:55:19.458710 np0000007235 devstack@n-api-meta.service[96048]: DEBUG nova.api.openstack.wsgi_app [None req-e8479dee-404f-43cd-875f-cfd4c9351b24 None None] initial_ram_allocation_ratio = 1.0 {{(pid=96048) log_opt_values /opt/stack/data/venv/lib/python3.12/site-packages/oslo_config/cfg.py:3549}}
Aug 13 16:55:19.458876 np0000007235 devstack@n-api-meta.service[96048]: DEBUG nova.api.openstack.wsgi_app [None req-e8479dee-404f-43cd-875f-cfd4c9351b24 None None] injected_network_template = /opt/stack/nova/nova/virt/interfaces.template {{(pid=96048) log_opt_values /opt/stack/data/venv/lib/python3.12/site-packages/oslo_config/cfg.py:3549}}
Aug 13 16:55:19.458993 np0000007235 devstack@n-api-meta.service[96048]: DEBUG nova.api.openstack.wsgi_app [None req-e8479dee-404f-43cd-875f-cfd4c9351b24 None None] instance_build_timeout = 0 {{(pid=96048) log_opt_values /opt/stack/data/venv/lib/python3.12/site-packages/oslo_config/cfg.py:3549}}
Aug 13 16:55:19.459133 np0000007235 devstack@n-api-meta.service[96048]: DEBUG nova.api.openstack.wsgi_app [None req-e8479dee-404f-43cd-875f-cfd4c9351b24 None None] instance_delete_interval = 300 {{(pid=96048) log_opt_values /opt/stack/data/venv/lib/python3.12/site-packages/oslo_config/cfg.py:3549}}
Aug 13 16:55:19.459249 np0000007235 devstack@n-api-meta.service[96048]: DEBUG nova.api.openstack.wsgi_app [None req-e8479dee-404f-43cd-875f-cfd4c9351b24 None None] instance_format = [instance: %(uuid)s] {{(pid=96048) log_opt_values /opt/stack/data/venv/lib/python3.12/site-packages/oslo_config/cfg.py:3549}}
Aug 13 16:55:19.459364 np0000007235 devstack@n-api-meta.service[96048]: DEBUG nova.api.openstack.wsgi_app [None req-e8479dee-404f-43cd-875f-cfd4c9351b24 None None] instance_name_template = instance-%08x {{(pid=96048) log_opt_values /opt/stack/data/venv/lib/python3.12/site-packages/oslo_config/cfg.py:3549}}
Aug 13 16:55:19.459472 np0000007235 devstack@n-api-meta.service[96048]: DEBUG nova.api.openstack.wsgi_app [None req-e8479dee-404f-43cd-875f-cfd4c9351b24 None None] instance_usage_audit = False {{(pid=96048) log_opt_values /opt/stack/data/venv/lib/python3.12/site-packages/oslo_config/cfg.py:3549}}
Aug 13 16:55:19.459638 np0000007235 devstack@n-api-meta.service[96048]: DEBUG nova.api.openstack.wsgi_app [None req-e8479dee-404f-43cd-875f-cfd4c9351b24 None None] instance_usage_audit_period = month {{(pid=96048) log_opt_values /opt/stack/data/venv/lib/python3.12/site-packages/oslo_config/cfg.py:3549}}
Aug 13 16:55:19.459754 np0000007235 devstack@n-api-meta.service[96048]: DEBUG nova.api.openstack.wsgi_app [None req-e8479dee-404f-43cd-875f-cfd4c9351b24 None None] instance_uuid_format = [instance: %(uuid)s] {{(pid=96048) log_opt_values /opt/stack/data/venv/lib/python3.12/site-packages/oslo_config/cfg.py:3549}}
Aug 13 16:55:19.459878 np0000007235 devstack@n-api-meta.service[96048]: DEBUG nova.api.openstack.wsgi_app [None req-e8479dee-404f-43cd-875f-cfd4c9351b24 None None] instances_path = /opt/stack/data/nova/instances {{(pid=96048) log_opt_values /opt/stack/data/venv/lib/python3.12/site-packages/oslo_config/cfg.py:3549}}
Aug 13 16:55:19.459998 np0000007235 devstack@n-api-meta.service[96048]: DEBUG nova.api.openstack.wsgi_app [None req-e8479dee-404f-43cd-875f-cfd4c9351b24 None None] internal_service_availability_zone = internal {{(pid=96048) log_opt_values /opt/stack/data/venv/lib/python3.12/site-packages/oslo_config/cfg.py:3549}}
Aug 13 16:55:19.460122 np0000007235 devstack@n-api-meta.service[96048]: DEBUG nova.api.openstack.wsgi_app [None req-e8479dee-404f-43cd-875f-cfd4c9351b24 None None] key = None {{(pid=96048) log_opt_values /opt/stack/data/venv/lib/python3.12/site-packages/oslo_config/cfg.py:3549}}
Aug 13 16:55:19.460241 np0000007235 devstack@n-api-meta.service[96048]: DEBUG nova.api.openstack.wsgi_app [None req-e8479dee-404f-43cd-875f-cfd4c9351b24 None None] live_migration_retry_count = 30 {{(pid=96048) log_opt_values /opt/stack/data/venv/lib/python3.12/site-packages/oslo_config/cfg.py:3549}}
Aug 13 16:55:19.460360 np0000007235 devstack@n-api-meta.service[96048]: DEBUG nova.api.openstack.wsgi_app [None req-e8479dee-404f-43cd-875f-cfd4c9351b24 None None] log_color = False {{(pid=96048) log_opt_values /opt/stack/data/venv/lib/python3.12/site-packages/oslo_config/cfg.py:3549}}
Aug 13 16:55:19.460517 np0000007235 devstack@n-api-meta.service[96048]: DEBUG nova.api.openstack.wsgi_app [None req-e8479dee-404f-43cd-875f-cfd4c9351b24 None None] log_config_append = None {{(pid=96048) log_opt_values /opt/stack/data/venv/lib/python3.12/site-packages/oslo_config/cfg.py:3549}}
Aug 13 16:55:19.460672 np0000007235 devstack@n-api-meta.service[96048]: DEBUG nova.api.openstack.wsgi_app [None req-e8479dee-404f-43cd-875f-cfd4c9351b24 None None] log_date_format = %Y-%m-%d %H:%M:%S {{(pid=96048) log_opt_values /opt/stack/data/venv/lib/python3.12/site-packages/oslo_config/cfg.py:3549}}
Aug 13 16:55:19.460811 np0000007235 devstack@n-api-meta.service[96048]: DEBUG nova.api.openstack.wsgi_app [None req-e8479dee-404f-43cd-875f-cfd4c9351b24 None None] log_dir = None {{(pid=96048) log_opt_values /opt/stack/data/venv/lib/python3.12/site-packages/oslo_config/cfg.py:3549}}
Aug 13 16:55:19.460944 np0000007235 devstack@n-api-meta.service[96048]: DEBUG nova.api.openstack.wsgi_app [None req-e8479dee-404f-43cd-875f-cfd4c9351b24 None None] log_file = None {{(pid=96048) log_opt_values /opt/stack/data/venv/lib/python3.12/site-packages/oslo_config/cfg.py:3549}}
Aug 13 16:55:19.461042 np0000007235 devstack@n-api-meta.service[96048]: DEBUG nova.api.openstack.wsgi_app [None req-e8479dee-404f-43cd-875f-cfd4c9351b24 None None] log_options = True {{(pid=96048) log_opt_values /opt/stack/data/venv/lib/python3.12/site-packages/oslo_config/cfg.py:3549}}
Aug 13 16:55:19.461177 np0000007235 devstack@n-api-meta.service[96049]: DEBUG dbcounter [-] [96049] Writer thread running {{(pid=96049) stat_writer /opt/stack/data/venv/lib/python3.12/site-packages/dbcounter.py:102}}
Aug 13 16:55:19.461213 np0000007235 devstack@n-api-meta.service[96048]: DEBUG nova.api.openstack.wsgi_app [None req-e8479dee-404f-43cd-875f-cfd4c9351b24 None None] log_rotate_interval = 1 {{(pid=96048) log_opt_values /opt/stack/data/venv/lib/python3.12/site-packages/oslo_config/cfg.py:3549}}
Aug 13 16:55:19.461294 np0000007235 devstack@n-api-meta.service[96048]: DEBUG nova.api.openstack.wsgi_app [None req-e8479dee-404f-43cd-875f-cfd4c9351b24 None None] log_rotate_interval_type = days {{(pid=96048) log_opt_values /opt/stack/data/venv/lib/python3.12/site-packages/oslo_config/cfg.py:3549}}
Aug 13 16:55:19.461410 np0000007235 devstack@n-api-meta.service[96048]: DEBUG nova.api.openstack.wsgi_app [None req-e8479dee-404f-43cd-875f-cfd4c9351b24 None None] log_rotation_type = none {{(pid=96048) log_opt_values /opt/stack/data/venv/lib/python3.12/site-packages/oslo_config/cfg.py:3549}}
Aug 13 16:55:19.461500 np0000007235 devstack@n-api-meta.service[96048]: DEBUG nova.api.openstack.wsgi_app [None req-e8479dee-404f-43cd-875f-cfd4c9351b24 None None] logging_context_format_string = %(color)s%(levelname)s %(name)s [%(global_request_id)s %(request_id)s %(project_name)s %(user_name)s%(color)s] %(instance)s%(color)s%(message)s {{(pid=96048) log_opt_values /opt/stack/data/venv/lib/python3.12/site-packages/oslo_config/cfg.py:3549}}
Aug 13 16:55:19.461609 np0000007235 devstack@n-api-meta.service[96048]: DEBUG nova.api.openstack.wsgi_app [None req-e8479dee-404f-43cd-875f-cfd4c9351b24 None None] logging_debug_format_suffix = {{(pid=%(process)d) %(funcName)s %(pathname)s:%(lineno)d}} {{(pid=96048) log_opt_values /opt/stack/data/venv/lib/python3.12/site-packages/oslo_config/cfg.py:3549}}
Aug 13 16:55:19.461730 np0000007235 devstack@n-api-meta.service[96048]: DEBUG nova.api.openstack.wsgi_app [None req-e8479dee-404f-43cd-875f-cfd4c9351b24 None None] logging_default_format_string = %(color)s%(levelname)s %(name)s [-%(color)s] %(instance)s%(color)s%(message)s {{(pid=96048) log_opt_values /opt/stack/data/venv/lib/python3.12/site-packages/oslo_config/cfg.py:3549}}
Aug 13 16:55:19.461844 np0000007235 devstack@n-api-meta.service[96048]: DEBUG nova.api.openstack.wsgi_app [None req-e8479dee-404f-43cd-875f-cfd4c9351b24 None None] logging_exception_prefix = ERROR %(name)s %(instance)s {{(pid=96048) log_opt_values /opt/stack/data/venv/lib/python3.12/site-packages/oslo_config/cfg.py:3549}}
Aug 13 16:55:19.461946 np0000007235 devstack@n-api-meta.service[96048]: DEBUG nova.api.openstack.wsgi_app [None req-e8479dee-404f-43cd-875f-cfd4c9351b24 None None] logging_user_identity_format = %(user)s %(project)s %(domain)s %(system_scope)s %(user_domain)s %(project_domain)s {{(pid=96048) log_opt_values /opt/stack/data/venv/lib/python3.12/site-packages/oslo_config/cfg.py:3549}}
