Jul 31 21:47:58.842630 np0000006278 devstack@g-api.service[103033]: DEBUG glance.api.middleware.version_negotiation [None req-2f097e39-f655-406d-ae6c-4bcb6e4abd0b tempest-VolumesActionsTest-1054978252 tempest-VolumesActionsTest-1054978252-project-member] Determining version of request: GET /v2/schemas/image Accept: */* {{(pid=103033) process_request /opt/stack/glance/glance/api/middleware/version_negotiation.py:44}}
Jul 31 21:47:58.842796 np0000006278 devstack@g-api.service[103033]: DEBUG glance.api.middleware.version_negotiation [None req-2f097e39-f655-406d-ae6c-4bcb6e4abd0b tempest-VolumesActionsTest-1054978252 tempest-VolumesActionsTest-1054978252-project-member] Using url versioning {{(pid=103033) process_request /opt/stack/glance/glance/api/middleware/version_negotiation.py:57}}
Jul 31 21:47:58.842946 np0000006278 devstack@g-api.service[103033]: DEBUG glance.api.middleware.version_negotiation [None req-2f097e39-f655-406d-ae6c-4bcb6e4abd0b tempest-VolumesActionsTest-1054978252 tempest-VolumesActionsTest-1054978252-project-member] Matched version: v2 {{(pid=103033) process_request /opt/stack/glance/glance/api/middleware/version_negotiation.py:69}}
Jul 31 21:47:58.843066 np0000006278 devstack@g-api.service[103033]: DEBUG glance.api.middleware.version_negotiation [None req-2f097e39-f655-406d-ae6c-4bcb6e4abd0b tempest-VolumesActionsTest-1054978252 tempest-VolumesActionsTest-1054978252-project-member] new path /v2/schemas/image {{(pid=103033) process_request /opt/stack/glance/glance/api/middleware/version_negotiation.py:70}}
Jul 31 21:47:58.845415 np0000006278 devstack@g-api.service[103033]: [pid: 103033|app: 0|req: 84/331] 127.0.0.1 () {44 vars in 1051 bytes} [Fri Jul 31 21:47:58 2026] GET /v2/schemas/image => generated 6083 bytes in 3 msecs (HTTP/1.1 200) 4 headers in 158 bytes (1 switches on core 0)
Jul 31 21:47:58.893146 np0000006278 devstack@g-api.service[103032]: [pid: 103032|app: 0|req: 83/332] 127.0.0.1 () {40 vars in 834 bytes} [Fri Jul 31 21:47:58 2026] GET /v2/images/a64089ce-5e10-42aa-ab87-d1f25dbfe0b0 => generated 1044 bytes in 117 msecs (HTTP/1.1 200) 4 headers in 158 bytes (1 switches on core 0)
Jul 31 21:47:58.910205 np0000006278 devstack@g-api.service[103034]: DEBUG glance.api.middleware.version_negotiation [None req-bc06872e-b5e0-41ff-a2c7-1abadda65e41 tempest-ServerStableDeviceRescueTest-1258421433 tempest-ServerStableDeviceRescueTest-1258421433-project-member] Determining version of request: GET /v2/images/a64089ce-5e10-42aa-ab87-d1f25dbfe0b0 Accept: */* {{(pid=103034) process_request /opt/stack/glance/glance/api/middleware/version_negotiation.py:44}}
Jul 31 21:47:58.910407 np0000006278 devstack@g-api.service[103034]: DEBUG glance.api.middleware.version_negotiation [None req-bc06872e-b5e0-41ff-a2c7-1abadda65e41 tempest-ServerStableDeviceRescueTest-1258421433 tempest-ServerStableDeviceRescueTest-1258421433-project-member] Using url versioning {{(pid=103034) process_request /opt/stack/glance/glance/api/middleware/version_negotiation.py:57}}
Jul 31 21:47:58.910544 np0000006278 devstack@g-api.service[103034]: DEBUG glance.api.middleware.version_negotiation [None req-bc06872e-b5e0-41ff-a2c7-1abadda65e41 tempest-ServerStableDeviceRescueTest-1258421433 tempest-ServerStableDeviceRescueTest-1258421433-project-member] Matched version: v2 {{(pid=103034) process_request /opt/stack/glance/glance/api/middleware/version_negotiation.py:69}}
Jul 31 21:47:58.910652 np0000006278 devstack@g-api.service[103034]: DEBUG glance.api.middleware.version_negotiation [None req-bc06872e-b5e0-41ff-a2c7-1abadda65e41 tempest-ServerStableDeviceRescueTest-1258421433 tempest-ServerStableDeviceRescueTest-1258421433-project-member] new path /v2/images/a64089ce-5e10-42aa-ab87-d1f25dbfe0b0 {{(pid=103034) process_request /opt/stack/glance/glance/api/middleware/version_negotiation.py:70}}
Jul 31 21:47:58.919929 np0000006278 devstack@g-api.service[103034]: [pid: 103034|app: 0|req: 85/333] 127.0.0.1 () {44 vars in 1111 bytes} [Fri Jul 31 21:47:58 2026] GET /v2/images/a64089ce-5e10-42aa-ab87-d1f25dbfe0b0 => generated 1044 bytes in 10 msecs (HTTP/1.1 200) 4 headers in 158 bytes (1 switches on core 0)
Jul 31 21:47:58.926087 np0000006278 devstack@g-api.service[103033]: DEBUG glance.api.middleware.version_negotiation [None req-bc06872e-b5e0-41ff-a2c7-1abadda65e41 tempest-ServerStableDeviceRescueTest-1258421433 tempest-ServerStableDeviceRescueTest-1258421433-project-member] Determining version of request: GET /v2/schemas/image Accept: */* {{(pid=103033) process_request /opt/stack/glance/glance/api/middleware/version_negotiation.py:44}}
Jul 31 21:47:58.926283 np0000006278 devstack@g-api.service[103033]: DEBUG glance.api.middleware.version_negotiation [None req-bc06872e-b5e0-41ff-a2c7-1abadda65e41 tempest-ServerStableDeviceRescueTest-1258421433 tempest-ServerStableDeviceRescueTest-1258421433-project-member] Using url versioning {{(pid=103033) process_request /opt/stack/glance/glance/api/middleware/version_negotiation.py:57}}
Jul 31 21:47:58.926439 np0000006278 devstack@g-api.service[103033]: DEBUG glance.api.middleware.version_negotiation [None req-bc06872e-b5e0-41ff-a2c7-1abadda65e41 tempest-ServerStableDeviceRescueTest-1258421433 tempest-ServerStableDeviceRescueTest-1258421433-project-member] Matched version: v2 {{(pid=103033) process_request /opt/stack/glance/glance/api/middleware/version_negotiation.py:69}}
Jul 31 21:47:58.926566 np0000006278 devstack@g-api.service[103033]: DEBUG glance.api.middleware.version_negotiation [None req-bc06872e-b5e0-41ff-a2c7-1abadda65e41 tempest-ServerStableDeviceRescueTest-1258421433 tempest-ServerStableDeviceRescueTest-1258421433-project-member] new path /v2/schemas/image {{(pid=103033) process_request /opt/stack/glance/glance/api/middleware/version_negotiation.py:70}}
Jul 31 21:47:58.931749 np0000006278 devstack@g-api.service[103033]: [pid: 103033|app: 0|req: 85/334] 127.0.0.1 () {44 vars in 1051 bytes} [Fri Jul 31 21:47:58 2026] GET /v2/schemas/image => generated 6083 bytes in 6 msecs (HTTP/1.1 200) 4 headers in 158 bytes (1 switches on core 0)
Jul 31 21:47:58.938658 np0000006278 devstack@g-api.service[103032]: DEBUG glance.api.middleware.version_negotiation [None req-7d6d8d80-1685-4d3a-a389-ea2a8f2c41f0 tempest-TestVolumeBackupRestore-1155056785 tempest-TestVolumeBackupRestore-1155056785-project-member] Determining version of request: GET /v2/schemas/image Accept: */* {{(pid=103032) process_request /opt/stack/glance/glance/api/middleware/version_negotiation.py:44}}
Jul 31 21:47:58.938822 np0000006278 devstack@g-api.service[103032]: DEBUG glance.api.middleware.version_negotiation [None req-7d6d8d80-1685-4d3a-a389-ea2a8f2c41f0 tempest-TestVolumeBackupRestore-1155056785 tempest-TestVolumeBackupRestore-1155056785-project-member] Using url versioning {{(pid=103032) process_request /opt/stack/glance/glance/api/middleware/version_negotiation.py:57}}
Jul 31 21:47:58.938944 np0000006278 devstack@g-api.service[103032]: DEBUG glance.api.middleware.version_negotiation [None req-7d6d8d80-1685-4d3a-a389-ea2a8f2c41f0 tempest-TestVolumeBackupRestore-1155056785 tempest-TestVolumeBackupRestore-1155056785-project-member] Matched version: v2 {{(pid=103032) process_request /opt/stack/glance/glance/api/middleware/version_negotiation.py:69}}
Jul 31 21:47:58.939021 np0000006278 devstack@g-api.service[103032]: DEBUG glance.api.middleware.version_negotiation [None req-7d6d8d80-1685-4d3a-a389-ea2a8f2c41f0 tempest-TestVolumeBackupRestore-1155056785 tempest-TestVolumeBackupRestore-1155056785-project-member] new path /v2/schemas/image {{(pid=103032) process_request /opt/stack/glance/glance/api/middleware/version_negotiation.py:70}}
Jul 31 21:47:58.941288 np0000006278 devstack@g-api.service[103032]: [pid: 103032|app: 0|req: 84/335] 127.0.0.1 () {44 vars in 1051 bytes} [Fri Jul 31 21:47:58 2026] GET /v2/schemas/image => generated 6083 bytes in 3 msecs (HTTP/1.1 200) 4 headers in 158 bytes (1 switches on core 0)
Jul 31 21:47:58.947388 np0000006278 devstack@g-api.service[103034]: DEBUG glance.api.middleware.version_negotiation [None req-b04cc0dd-979e-4a82-a668-6e25d2e721fd tempest-TestVolumeBackupRestore-1155056785 tempest-TestVolumeBackupRestore-1155056785-project-member] Determining version of request: GET /v2/images/a64089ce-5e10-42aa-ab87-d1f25dbfe0b0 Accept: */* {{(pid=103034) process_request /opt/stack/glance/glance/api/middleware/version_negotiation.py:44}}
Jul 31 21:47:58.947528 np0000006278 devstack@g-api.service[103034]: DEBUG glance.api.middleware.version_negotiation [None req-b04cc0dd-979e-4a82-a668-6e25d2e721fd tempest-TestVolumeBackupRestore-1155056785 tempest-TestVolumeBackupRestore-1155056785-project-member] Using url versioning {{(pid=103034) process_request /opt/stack/glance/glance/api/middleware/version_negotiation.py:57}}
Jul 31 21:47:58.947662 np0000006278 devstack@g-api.service[103034]: DEBUG glance.api.middleware.version_negotiation [None req-b04cc0dd-979e-4a82-a668-6e25d2e721fd tempest-TestVolumeBackupRestore-1155056785 tempest-TestVolumeBackupRestore-1155056785-project-member] Matched version: v2 {{(pid=103034) process_request /opt/stack/glance/glance/api/middleware/version_negotiation.py:69}}
Jul 31 21:47:58.947928 np0000006278 devstack@g-api.service[103034]: DEBUG glance.api.middleware.version_negotiation [None req-b04cc0dd-979e-4a82-a668-6e25d2e721fd tempest-TestVolumeBackupRestore-1155056785 tempest-TestVolumeBackupRestore-1155056785-project-member] new path /v2/images/a64089ce-5e10-42aa-ab87-d1f25dbfe0b0 {{(pid=103034) process_request /opt/stack/glance/glance/api/middleware/version_negotiation.py:70}}
Jul 31 21:47:58.956869 np0000006278 devstack@g-api.service[103034]: [pid: 103034|app: 0|req: 86/336] 127.0.0.1 () {44 vars in 1111 bytes} [Fri Jul 31 21:47:58 2026] GET /v2/images/a64089ce-5e10-42aa-ab87-d1f25dbfe0b0 => generated 1044 bytes in 9 msecs (HTTP/1.1 200) 4 headers in 158 bytes (1 switches on core 0)
Jul 31 21:47:58.964864 np0000006278 devstack@g-api.service[103033]: DEBUG glance.api.middleware.version_negotiation [None req-b04cc0dd-979e-4a82-a668-6e25d2e721fd tempest-TestVolumeBackupRestore-1155056785 tempest-TestVolumeBackupRestore-1155056785-project-member] Determining version of request: GET /v2/schemas/image Accept: */* {{(pid=103033) process_request /opt/stack/glance/glance/api/middleware/version_negotiation.py:44}}
Jul 31 21:47:58.964864 np0000006278 devstack@g-api.service[103033]: DEBUG glance.api.middleware.version_negotiation [None req-b04cc0dd-979e-4a82-a668-6e25d2e721fd tempest-TestVolumeBackupRestore-1155056785 tempest-TestVolumeBackupRestore-1155056785-project-member] Using url versioning {{(pid=103033) process_request /opt/stack/glance/glance/api/middleware/version_negotiation.py:57}}
Jul 31 21:47:58.964864 np0000006278 devstack@g-api.service[103033]: DEBUG glance.api.middleware.version_negotiation [None req-b04cc0dd-979e-4a82-a668-6e25d2e721fd tempest-TestVolumeBackupRestore-1155056785 tempest-TestVolumeBackupRestore-1155056785-project-member] Matched version: v2 {{(pid=103033) process_request /opt/stack/glance/glance/api/middleware/version_negotiation.py:69}}
Jul 31 21:47:58.964864 np0000006278 devstack@g-api.service[103033]: DEBUG glance.api.middleware.version_negotiation [None req-b04cc0dd-979e-4a82-a668-6e25d2e721fd tempest-TestVolumeBackupRestore-1155056785 tempest-TestVolumeBackupRestore-1155056785-project-member] new path /v2/schemas/image {{(pid=103033) process_request /opt/stack/glance/glance/api/middleware/version_negotiation.py:70}}
Jul 31 21:47:58.967095 np0000006278 devstack@g-api.service[103033]: [pid: 103033|app: 0|req: 86/337] 127.0.0.1 () {44 vars in 1051 bytes} [Fri Jul 31 21:47:58 2026] GET /v2/schemas/image => generated 6083 bytes in 3 msecs (HTTP/1.1 200) 4 headers in 158 bytes (1 switches on core 0)
Jul 31 21:47:58.976123 np0000006278 devstack@g-api.service[103032]: DEBUG glance.api.middleware.version_negotiation [None req-b04cc0dd-979e-4a82-a668-6e25d2e721fd tempest-TestVolumeBackupRestore-1155056785 tempest-TestVolumeBackupRestore-1155056785-project-member] Determining version of request: GET /v2/schemas/image Accept: */* {{(pid=103032) process_request /opt/stack/glance/glance/api/middleware/version_negotiation.py:44}}
Jul 31 21:47:58.976297 np0000006278 devstack@g-api.service[103032]: DEBUG glance.api.middleware.version_negotiation [None req-b04cc0dd-979e-4a82-a668-6e25d2e721fd tempest-TestVolumeBackupRestore-1155056785 tempest-TestVolumeBackupRestore-1155056785-project-member] Using url versioning {{(pid=103032) process_request /opt/stack/glance/glance/api/middleware/version_negotiation.py:57}}
Jul 31 21:47:58.976414 np0000006278 devstack@g-api.service[103032]: DEBUG glance.api.middleware.version_negotiation [None req-b04cc0dd-979e-4a82-a668-6e25d2e721fd tempest-TestVolumeBackupRestore-1155056785 tempest-TestVolumeBackupRestore-1155056785-project-member] Matched version: v2 {{(pid=103032) process_request /opt/stack/glance/glance/api/middleware/version_negotiation.py:69}}
Jul 31 21:47:58.976500 np0000006278 devstack@g-api.service[103032]: DEBUG glance.api.middleware.version_negotiation [None req-b04cc0dd-979e-4a82-a668-6e25d2e721fd tempest-TestVolumeBackupRestore-1155056785 tempest-TestVolumeBackupRestore-1155056785-project-member] new path /v2/schemas/image {{(pid=103032) process_request /opt/stack/glance/glance/api/middleware/version_negotiation.py:70}}
Jul 31 21:47:58.978630 np0000006278 devstack@g-api.service[103032]: [pid: 103032|app: 0|req: 85/338] 127.0.0.1 () {44 vars in 1051 bytes} [Fri Jul 31 21:47:58 2026] GET /v2/schemas/image => generated 6083 bytes in 2 msecs (HTTP/1.1 200) 4 headers in 158 bytes (1 switches on core 0)
Jul 31 21:47:59.003689 np0000006278 devstack@g-api.service[103034]: DEBUG glance.api.middleware.version_negotiation [None req-b04cc0dd-979e-4a82-a668-6e25d2e721fd tempest-TestVolumeBackupRestore-1155056785 tempest-TestVolumeBackupRestore-1155056785-project-member] Determining version of request: GET /v2/images/a64089ce-5e10-42aa-ab87-d1f25dbfe0b0 Accept: */* {{(pid=103034) process_request /opt/stack/glance/glance/api/middleware/version_negotiation.py:44}}
Jul 31 21:47:59.003944 np0000006278 devstack@g-api.service[103034]: DEBUG glance.api.middleware.version_negotiation [None req-b04cc0dd-979e-4a82-a668-6e25d2e721fd tempest-TestVolumeBackupRestore-1155056785 tempest-TestVolumeBackupRestore-1155056785-project-member] Using url versioning {{(pid=103034) process_request /opt/stack/glance/glance/api/middleware/version_negotiation.py:57}}
Jul 31 21:47:59.004121 np0000006278 devstack@g-api.service[103034]: DEBUG glance.api.middleware.version_negotiation [None req-b04cc0dd-979e-4a82-a668-6e25d2e721fd tempest-TestVolumeBackupRestore-1155056785 tempest-TestVolumeBackupRestore-1155056785-project-member] Matched version: v2 {{(pid=103034) process_request /opt/stack/glance/glance/api/middleware/version_negotiation.py:69}}
Jul 31 21:47:59.004281 np0000006278 devstack@g-api.service[103034]: DEBUG glance.api.middleware.version_negotiation [None req-b04cc0dd-979e-4a82-a668-6e25d2e721fd tempest-TestVolumeBackupRestore-1155056785 tempest-TestVolumeBackupRestore-1155056785-project-member] new path /v2/images/a64089ce-5e10-42aa-ab87-d1f25dbfe0b0 {{(pid=103034) process_request /opt/stack/glance/glance/api/middleware/version_negotiation.py:70}}
Jul 31 21:47:59.015547 np0000006278 devstack@g-api.service[103034]: [pid: 103034|app: 0|req: 87/339] 127.0.0.1 () {44 vars in 1111 bytes} [Fri Jul 31 21:47:59 2026] GET /v2/images/a64089ce-5e10-42aa-ab87-d1f25dbfe0b0 => generated 1044 bytes in 12 msecs (HTTP/1.1 200) 4 headers in 158 bytes (1 switches on core 0)
Jul 31 21:47:59.023566 np0000006278 devstack@g-api.service[103033]: DEBUG glance.api.middleware.version_negotiation [None req-b04cc0dd-979e-4a82-a668-6e25d2e721fd tempest-TestVolumeBackupRestore-1155056785 tempest-TestVolumeBackupRestore-1155056785-project-member] Determining version of request: GET /v2/schemas/image Accept: */* {{(pid=103033) process_request /opt/stack/glance/glance/api/middleware/version_negotiation.py:44}}
Jul 31 21:47:59.023770 np0000006278 devstack@g-api.service[103033]: DEBUG glance.api.middleware.version_negotiation [None req-b04cc0dd-979e-4a82-a668-6e25d2e721fd tempest-TestVolumeBackupRestore-1155056785 tempest-TestVolumeBackupRestore-1155056785-project-member] Using url versioning {{(pid=103033) process_request /opt/stack/glance/glance/api/middleware/version_negotiation.py:57}}
Jul 31 21:47:59.024111 np0000006278 devstack@g-api.service[103033]: DEBUG glance.api.middleware.version_negotiation [None req-b04cc0dd-979e-4a82-a668-6e25d2e721fd tempest-TestVolumeBackupRestore-1155056785 tempest-TestVolumeBackupRestore-1155056785-project-member] Matched version: v2 {{(pid=103033) process_request /opt/stack/glance/glance/api/middleware/version_negotiation.py:69}}
Jul 31 21:47:59.024111 np0000006278 devstack@g-api.service[103033]: DEBUG glance.api.middleware.version_negotiation [None req-b04cc0dd-979e-4a82-a668-6e25d2e721fd tempest-TestVolumeBackupRestore-1155056785 tempest-TestVolumeBackupRestore-1155056785-project-member] new path /v2/schemas/image {{(pid=103033) process_request /opt/stack/glance/glance/api/middleware/version_negotiation.py:70}}
Jul 31 21:47:59.026223 np0000006278 devstack@g-api.service[103033]: [pid: 103033|app: 0|req: 87/340] 127.0.0.1 () {44 vars in 1051 bytes} [Fri Jul 31 21:47:59 2026] GET /v2/schemas/image => generated 6083 bytes in 3 msecs (HTTP/1.1 200) 4 headers in 158 bytes (1 switches on core 0)
Jul 31 21:47:59.146032 np0000006278 devstack@g-api.service[103031]: INFO glance.api.v2.image_data [None req-60f61cc2-b91e-4c46-922e-bba8bc1b2bc1 tempest-ServerStableDeviceRescueTest-1258421433 tempest-ServerStableDeviceRescueTest-1258421433-project-member] Unable to create trust: no such option collect_timing in group [keystone_authtoken] Use the existing user token.
Jul 31 21:47:59.365705 np0000006278 devstack@g-api.service[103032]: DEBUG glance.api.middleware.version_negotiation [None req-b04cc0dd-979e-4a82-a668-6e25d2e721fd tempest-TestVolumeBackupRestore-1155056785 tempest-TestVolumeBackupRestore-1155056785-project-member] Determining version of request: GET /versions Accept: */* {{(pid=103032) process_request /opt/stack/glance/glance/api/middleware/version_negotiation.py:44}}
Jul 31 21:47:59.365705 np0000006278 devstack@g-api.service[103032]: [pid: 103032|app: 0|req: 86/341] 127.0.0.1 () {44 vars in 1035 bytes} [Fri Jul 31 21:47:59 2026] GET /versions => generated 1501 bytes in 1 msecs (HTTP/1.1 200) 3 headers in 92 bytes (1 switches on core 0)
Jul 31 21:47:59.373177 np0000006278 devstack@g-api.service[103034]: DEBUG glance.api.middleware.version_negotiation [None req-b04cc0dd-979e-4a82-a668-6e25d2e721fd tempest-TestVolumeBackupRestore-1155056785 tempest-TestVolumeBackupRestore-1155056785-project-member] Determining version of request: GET /v2/images/a64089ce-5e10-42aa-ab87-d1f25dbfe0b0/locations Accept: */* {{(pid=103034) process_request /opt/stack/glance/glance/api/middleware/version_negotiation.py:44}}
Jul 31 21:47:59.373450 np0000006278 devstack@g-api.service[103034]: DEBUG glance.api.middleware.version_negotiation [None req-b04cc0dd-979e-4a82-a668-6e25d2e721fd tempest-TestVolumeBackupRestore-1155056785 tempest-TestVolumeBackupRestore-1155056785-project-member] Using url versioning {{(pid=103034) process_request /opt/stack/glance/glance/api/middleware/version_negotiation.py:57}}
Jul 31 21:47:59.373603 np0000006278 devstack@g-api.service[103034]: DEBUG glance.api.middleware.version_negotiation [None req-b04cc0dd-979e-4a82-a668-6e25d2e721fd tempest-TestVolumeBackupRestore-1155056785 tempest-TestVolumeBackupRestore-1155056785-project-member] Matched version: v2 {{(pid=103034) process_request /opt/stack/glance/glance/api/middleware/version_negotiation.py:69}}
Jul 31 21:47:59.374364 np0000006278 devstack@g-api.service[103034]: DEBUG glance.api.middleware.version_negotiation [None req-b04cc0dd-979e-4a82-a668-6e25d2e721fd tempest-TestVolumeBackupRestore-1155056785 tempest-TestVolumeBackupRestore-1155056785-project-member] new path /v2/images/a64089ce-5e10-42aa-ab87-d1f25dbfe0b0/locations {{(pid=103034) process_request /opt/stack/glance/glance/api/middleware/version_negotiation.py:70}}
Jul 31 21:47:59.425822 np0000006278 devstack@g-api.service[103034]: [pid: 103034|app: 0|req: 88/342] 127.0.0.1 () {44 vars in 1131 bytes} [Fri Jul 31 21:47:59 2026] GET /v2/images/a64089ce-5e10-42aa-ab87-d1f25dbfe0b0/locations => generated 92 bytes in 53 msecs (HTTP/1.1 200) 4 headers in 156 bytes (1 switches on core 0)
Jul 31 21:47:59.433875 np0000006278 devstack@g-api.service[103033]: DEBUG glance.api.middleware.version_negotiation [None req-b04cc0dd-979e-4a82-a668-6e25d2e721fd tempest-TestVolumeBackupRestore-1155056785 tempest-TestVolumeBackupRestore-1155056785-project-member] Determining version of request: GET /v2/images/a64089ce-5e10-42aa-ab87-d1f25dbfe0b0 Accept: */* {{(pid=103033) process_request /opt/stack/glance/glance/api/middleware/version_negotiation.py:44}}
Jul 31 21:47:59.434027 np0000006278 devstack@g-api.service[103033]: DEBUG glance.api.middleware.version_negotiation [None req-b04cc0dd-979e-4a82-a668-6e25d2e721fd tempest-TestVolumeBackupRestore-1155056785 tempest-TestVolumeBackupRestore-1155056785-project-member] Using url versioning {{(pid=103033) process_request /opt/stack/glance/glance/api/middleware/version_negotiation.py:57}}
Jul 31 21:47:59.434145 np0000006278 devstack@g-api.service[103033]: DEBUG glance.api.middleware.version_negotiation [None req-b04cc0dd-979e-4a82-a668-6e25d2e721fd tempest-TestVolumeBackupRestore-1155056785 tempest-TestVolumeBackupRestore-1155056785-project-member] Matched version: v2 {{(pid=103033) process_request /opt/stack/glance/glance/api/middleware/version_negotiation.py:69}}
Jul 31 21:47:59.434254 np0000006278 devstack@g-api.service[103033]: DEBUG glance.api.middleware.version_negotiation [None req-b04cc0dd-979e-4a82-a668-6e25d2e721fd tempest-TestVolumeBackupRestore-1155056785 tempest-TestVolumeBackupRestore-1155056785-project-member] new path /v2/images/a64089ce-5e10-42aa-ab87-d1f25dbfe0b0 {{(pid=103033) process_request /opt/stack/glance/glance/api/middleware/version_negotiation.py:70}}
Jul 31 21:47:59.443478 np0000006278 devstack@g-api.service[103033]: [pid: 103033|app: 0|req: 88/343] 127.0.0.1 () {44 vars in 1111 bytes} [Fri Jul 31 21:47:59 2026] GET /v2/images/a64089ce-5e10-42aa-ab87-d1f25dbfe0b0 => generated 1044 bytes in 9 msecs (HTTP/1.1 200) 4 headers in 158 bytes (1 switches on core 0)
Jul 31 21:47:59.449586 np0000006278 devstack@g-api.service[103032]: DEBUG glance.api.middleware.version_negotiation [None req-b04cc0dd-979e-4a82-a668-6e25d2e721fd tempest-TestVolumeBackupRestore-1155056785 tempest-TestVolumeBackupRestore-1155056785-project-member] Determining version of request: GET /v2/schemas/image Accept: */* {{(pid=103032) process_request /opt/stack/glance/glance/api/middleware/version_negotiation.py:44}}
Jul 31 21:47:59.449769 np0000006278 devstack@g-api.service[103032]: DEBUG glance.api.middleware.version_negotiation [None req-b04cc0dd-979e-4a82-a668-6e25d2e721fd tempest-TestVolumeBackupRestore-1155056785 tempest-TestVolumeBackupRestore-1155056785-project-member] Using url versioning {{(pid=103032) process_request /opt/stack/glance/glance/api/middleware/version_negotiation.py:57}}
Jul 31 21:47:59.449924 np0000006278 devstack@g-api.service[103032]: DEBUG glance.api.middleware.version_negotiation [None req-b04cc0dd-979e-4a82-a668-6e25d2e721fd tempest-TestVolumeBackupRestore-1155056785 tempest-TestVolumeBackupRestore-1155056785-project-member] Matched version: v2 {{(pid=103032) process_request /opt/stack/glance/glance/api/middleware/version_negotiation.py:69}}
Jul 31 21:47:59.450018 np0000006278 devstack@g-api.service[103032]: DEBUG glance.api.middleware.version_negotiation [None req-b04cc0dd-979e-4a82-a668-6e25d2e721fd tempest-TestVolumeBackupRestore-1155056785 tempest-TestVolumeBackupRestore-1155056785-project-member] new path /v2/schemas/image {{(pid=103032) process_request /opt/stack/glance/glance/api/middleware/version_negotiation.py:70}}
Jul 31 21:47:59.452008 np0000006278 devstack@g-api.service[103032]: [pid: 103032|app: 0|req: 87/344] 127.0.0.1 () {44 vars in 1051 bytes} [Fri Jul 31 21:47:59 2026] GET /v2/schemas/image => generated 6083 bytes in 2 msecs (HTTP/1.1 200) 4 headers in 158 bytes (1 switches on core 0)
Jul 31 21:47:59.459751 np0000006278 devstack@g-api.service[103034]: DEBUG glance.api.middleware.version_negotiation [None req-b04cc0dd-979e-4a82-a668-6e25d2e721fd service glance] Determining version of request: GET /v2/schemas/image Accept: */* {{(pid=103034) process_request /opt/stack/glance/glance/api/middleware/version_negotiation.py:44}}
Jul 31 21:47:59.459751 np0000006278 devstack@g-api.service[103034]: DEBUG glance.api.middleware.version_negotiation [None req-b04cc0dd-979e-4a82-a668-6e25d2e721fd service glance] Using url versioning {{(pid=103034) process_request /opt/stack/glance/glance/api/middleware/version_negotiation.py:57}}
Jul 31 21:47:59.459751 np0000006278 devstack@g-api.service[103034]: DEBUG glance.api.middleware.version_negotiation [None req-b04cc0dd-979e-4a82-a668-6e25d2e721fd service glance] Matched version: v2 {{(pid=103034) process_request /opt/stack/glance/glance/api/middleware/version_negotiation.py:69}}
Jul 31 21:47:59.459751 np0000006278 devstack@g-api.service[103034]: DEBUG glance.api.middleware.version_negotiation [None req-b04cc0dd-979e-4a82-a668-6e25d2e721fd service glance] new path /v2/schemas/image {{(pid=103034) process_request /opt/stack/glance/glance/api/middleware/version_negotiation.py:70}}
Jul 31 21:47:59.461951 np0000006278 devstack@g-api.service[103034]: [pid: 103034|app: 0|req: 89/345] 127.0.0.1 () {44 vars in 1051 bytes} [Fri Jul 31 21:47:59 2026] GET /v2/schemas/image => generated 6083 bytes in 3 msecs (HTTP/1.1 200) 4 headers in 158 bytes (1 switches on core 0)
Jul 31 21:47:59.552819 np0000006278 devstack@g-api.service[103031]: DEBUG glance.location [None req-60f61cc2-b91e-4c46-922e-bba8bc1b2bc1 tempest-ServerStableDeviceRescueTest-1258421433 tempest-ServerStableDeviceRescueTest-1258421433-project-member] Enabling in-flight format inspection for qcow2 {{(pid=103031) set_data /opt/stack/glance/glance/location.py:596}}
Jul 31 21:47:59.553262 np0000006278 devstack@g-api.service[103031]: DEBUG glance_store.backend [None req-60f61cc2-b91e-4c46-922e-bba8bc1b2bc1 tempest-ServerStableDeviceRescueTest-1258421433 tempest-ServerStableDeviceRescueTest-1258421433-project-member] Attempting to import store swift {{(pid=103031) _load_store /opt/stack/data/venv/lib/python3.12/site-packages/glance_store/backend.py:215}}
Jul 31 21:47:59.554584 np0000006278 devstack@g-api.service[103031]: DEBUG glance_store.capabilities [None req-60f61cc2-b91e-4c46-922e-bba8bc1b2bc1 tempest-ServerStableDeviceRescueTest-1258421433 tempest-ServerStableDeviceRescueTest-1258421433-project-member] Store glance_store._drivers.swift.store.SingleTenantStore doesn't support updating dynamic storage capabilities. Please overwrite 'update_capabilities' method of the store to implement updating logics if needed. {{(pid=103031) update_capabilities /opt/stack/data/venv/lib/python3.12/site-packages/glance_store/capabilities.py:91}}
Jul 31 21:47:59.554819 np0000006278 devstack@g-api.service[103031]: DEBUG glance_store.driver [None req-60f61cc2-b91e-4c46-922e-bba8bc1b2bc1 tempest-ServerStableDeviceRescueTest-1258421433 tempest-ServerStableDeviceRescueTest-1258421433-project-member] Late loading location class glance_store._drivers.swift.store.StoreLocation {{(pid=103031) get_store_location_class /opt/stack/data/venv/lib/python3.12/site-packages/glance_store/driver.py:134}}
Jul 31 21:47:59.554988 np0000006278 devstack@g-api.service[103031]: DEBUG glance_store.location [None req-60f61cc2-b91e-4c46-922e-bba8bc1b2bc1 tempest-ServerStableDeviceRescueTest-1258421433 tempest-ServerStableDeviceRescueTest-1258421433-project-member] Registering scheme swift+https with {'store': , 'location_class': , 'store_entry': 'swift'} {{(pid=103031) register_scheme_map /opt/stack/data/venv/lib/python3.12/site-packages/glance_store/location.py:146}}
Jul 31 21:47:59.555161 np0000006278 devstack@g-api.service[103031]: DEBUG glance_store.location [None req-60f61cc2-b91e-4c46-922e-bba8bc1b2bc1 tempest-ServerStableDeviceRescueTest-1258421433 tempest-ServerStableDeviceRescueTest-1258421433-project-member] Registering scheme swift+https with {'store': , 'location_class': , 'store_entry': 'swift'} {{(pid=103031) register_scheme_map /opt/stack/data/venv/lib/python3.12/site-packages/glance_store/location.py:146}}
Jul 31 21:47:59.555358 np0000006278 devstack@g-api.service[103031]: DEBUG glance_store.location [None req-60f61cc2-b91e-4c46-922e-bba8bc1b2bc1 tempest-ServerStableDeviceRescueTest-1258421433 tempest-ServerStableDeviceRescueTest-1258421433-project-member] Registering scheme swift with {'store': , 'location_class': , 'store_entry': 'swift'} {{(pid=103031) register_scheme_map /opt/stack/data/venv/lib/python3.12/site-packages/glance_store/location.py:146}}
Jul 31 21:47:59.555520 np0000006278 devstack@g-api.service[103031]: DEBUG glance_store.location [None req-60f61cc2-b91e-4c46-922e-bba8bc1b2bc1 tempest-ServerStableDeviceRescueTest-1258421433 tempest-ServerStableDeviceRescueTest-1258421433-project-member] Registering scheme swift+https with {'store': , 'location_class': , 'store_entry': 'swift'} {{(pid=103031) register_scheme_map /opt/stack/data/venv/lib/python3.12/site-packages/glance_store/location.py:146}}
Jul 31 21:47:59.555685 np0000006278 devstack@g-api.service[103031]: DEBUG glance_store.location [None req-60f61cc2-b91e-4c46-922e-bba8bc1b2bc1 tempest-ServerStableDeviceRescueTest-1258421433 tempest-ServerStableDeviceRescueTest-1258421433-project-member] Registering scheme swift with {'store': , 'location_class': , 'store_entry': 'swift'} {{(pid=103031) register_scheme_map /opt/stack/data/venv/lib/python3.12/site-packages/glance_store/location.py:146}}
Jul 31 21:47:59.555826 np0000006278 devstack@g-api.service[103031]: DEBUG glance_store.location [None req-60f61cc2-b91e-4c46-922e-bba8bc1b2bc1 tempest-ServerStableDeviceRescueTest-1258421433 tempest-ServerStableDeviceRescueTest-1258421433-project-member] Registering scheme swift+http with {'store': , 'location_class': , 'store_entry': 'swift'} {{(pid=103031) register_scheme_map /opt/stack/data/venv/lib/python3.12/site-packages/glance_store/location.py:146}}
Jul 31 21:47:59.555972 np0000006278 devstack@g-api.service[103031]: DEBUG glance_store.location [None req-60f61cc2-b91e-4c46-922e-bba8bc1b2bc1 tempest-ServerStableDeviceRescueTest-1258421433 tempest-ServerStableDeviceRescueTest-1258421433-project-member] Registering scheme swift+https with {'store': , 'location_class': , 'store_entry': 'swift'} {{(pid=103031) register_scheme_map /opt/stack/data/venv/lib/python3.12/site-packages/glance_store/location.py:146}}
Jul 31 21:47:59.556107 np0000006278 devstack@g-api.service[103031]: DEBUG glance_store.location [None req-60f61cc2-b91e-4c46-922e-bba8bc1b2bc1 tempest-ServerStableDeviceRescueTest-1258421433 tempest-ServerStableDeviceRescueTest-1258421433-project-member] Registering scheme swift with {'store': , 'location_class': , 'store_entry': 'swift'} {{(pid=103031) register_scheme_map /opt/stack/data/venv/lib/python3.12/site-packages/glance_store/location.py:146}}
Jul 31 21:47:59.556255 np0000006278 devstack@g-api.service[103031]: DEBUG glance_store.location [None req-60f61cc2-b91e-4c46-922e-bba8bc1b2bc1 tempest-ServerStableDeviceRescueTest-1258421433 tempest-ServerStableDeviceRescueTest-1258421433-project-member] Registering scheme swift+http with {'store': , 'location_class': , 'store_entry': 'swift'} {{(pid=103031) register_scheme_map /opt/stack/data/venv/lib/python3.12/site-packages/glance_store/location.py:146}}
Jul 31 21:47:59.556393 np0000006278 devstack@g-api.service[103031]: DEBUG glance_store.location [None req-60f61cc2-b91e-4c46-922e-bba8bc1b2bc1 tempest-ServerStableDeviceRescueTest-1258421433 tempest-ServerStableDeviceRescueTest-1258421433-project-member] Registering scheme swift+config with {'store': , 'location_class': , 'store_entry': 'swift'} {{(pid=103031) register_scheme_map /opt/stack/data/venv/lib/python3.12/site-packages/glance_store/location.py:146}}
Jul 31 21:47:59.682607 np0000006278 devstack@g-api.service[103033]: DEBUG glance.api.middleware.version_negotiation [None req-b04cc0dd-979e-4a82-a668-6e25d2e721fd tempest-TestVolumeBackupRestore-1155056785 tempest-TestVolumeBackupRestore-1155056785-project-member] Determining version of request: GET /v2/images/a94d7b1d-e71f-4663-9707-bbbffa5d126d Accept: application/json {{(pid=103033) process_request /opt/stack/glance/glance/api/middleware/version_negotiation.py:44}}
Jul 31 21:47:59.682921 np0000006278 devstack@g-api.service[103033]: DEBUG glance.api.middleware.version_negotiation [None req-b04cc0dd-979e-4a82-a668-6e25d2e721fd tempest-TestVolumeBackupRestore-1155056785 tempest-TestVolumeBackupRestore-1155056785-project-member] Using url versioning {{(pid=103033) process_request /opt/stack/glance/glance/api/middleware/version_negotiation.py:57}}
Jul 31 21:47:59.682921 np0000006278 devstack@g-api.service[103033]: DEBUG glance.api.middleware.version_negotiation [None req-b04cc0dd-979e-4a82-a668-6e25d2e721fd tempest-TestVolumeBackupRestore-1155056785 tempest-TestVolumeBackupRestore-1155056785-project-member] Matched version: v2 {{(pid=103033) process_request /opt/stack/glance/glance/api/middleware/version_negotiation.py:69}}
Jul 31 21:47:59.682966 np0000006278 devstack@g-api.service[103033]: DEBUG glance.api.middleware.version_negotiation [None req-b04cc0dd-979e-4a82-a668-6e25d2e721fd tempest-TestVolumeBackupRestore-1155056785 tempest-TestVolumeBackupRestore-1155056785-project-member] new path /v2/images/a94d7b1d-e71f-4663-9707-bbbffa5d126d {{(pid=103033) process_request /opt/stack/glance/glance/api/middleware/version_negotiation.py:70}}
Jul 31 21:47:59.695086 np0000006278 devstack@g-api.service[103033]: [pid: 103033|app: 0|req: 89/346] 127.0.0.1 () {40 vars in 834 bytes} [Fri Jul 31 21:47:59 2026] GET /v2/images/a94d7b1d-e71f-4663-9707-bbbffa5d126d => generated 649 bytes in 12 msecs (HTTP/1.1 200) 4 headers in 157 bytes (1 switches on core 0)
Jul 31 21:47:59.721489 np0000006278 devstack@g-api.service[103031]: DEBUG swiftclient [None req-60f61cc2-b91e-4c46-922e-bba8bc1b2bc1 tempest-ServerStableDeviceRescueTest-1258421433 tempest-ServerStableDeviceRescueTest-1258421433-project-member] REQ: curl -i https://10.4.3.82:8080/v1/AUTH_17dc63fd410b4740a567a4164ea15e24/glance -I -H "X-Auth-Token: gAAAAABqbRgP2GwG..." {{(pid=103031) http_log /opt/stack/data/venv/lib/python3.12/site-packages/swiftclient/client.py:160}}
Jul 31 21:47:59.721489 np0000006278 devstack@g-api.service[103031]: DEBUG swiftclient [None req-60f61cc2-b91e-4c46-922e-bba8bc1b2bc1 tempest-ServerStableDeviceRescueTest-1258421433 tempest-ServerStableDeviceRescueTest-1258421433-project-member] RESP STATUS: 204 No Content {{(pid=103031) http_log /opt/stack/data/venv/lib/python3.12/site-packages/swiftclient/client.py:161}}
Jul 31 21:47:59.721489 np0000006278 devstack@g-api.service[103031]: DEBUG swiftclient [None req-60f61cc2-b91e-4c46-922e-bba8bc1b2bc1 tempest-ServerStableDeviceRescueTest-1258421433 tempest-ServerStableDeviceRescueTest-1258421433-project-member] RESP HEADERS: {'Date': 'Fri, 31 Jul 2026 21:47:59 GMT', 'Server': 'Apache/2.4.58 (Ubuntu)', 'Content-Type': 'text/plain; charset=utf-8', 'X-Container-Object-Count': '5', 'X-Container-Bytes-Used': '86048768', 'X-Timestamp': '1785534089.06954', 'Last-Modified': 'Fri, 31 Jul 2026 21:41:30 GMT', 'Accept-Ranges': 'bytes', 'X-Storage-Policy': 'Policy-0', 'X-Container-Sharding': 'False', 'Vary': 'Accept', 'X-Trans-Id': 'txa882a182bb9b44749bac8-006a6d180f', 'X-Openstack-Request-Id': 'txa882a182bb9b44749bac8-006a6d180f', 'Connection': 'close'} {{(pid=103031) http_log /opt/stack/data/venv/lib/python3.12/site-packages/swiftclient/client.py:162}}
Jul 31 21:47:59.721489 np0000006278 devstack@g-api.service[103031]: DEBUG glance_store._drivers.swift.store [None req-60f61cc2-b91e-4c46-922e-bba8bc1b2bc1 tempest-ServerStableDeviceRescueTest-1258421433 tempest-ServerStableDeviceRescueTest-1258421433-project-member] Adding image object '4dd3def1-511f-4c83-98f4-fdb18c1f3a6f' to Swift {{(pid=103031) add /opt/stack/data/venv/lib/python3.12/site-packages/glance_store/_drivers/swift/store.py:970}}
Jul 31 21:47:59.721489 np0000006278 devstack@g-api.service[103031]: DEBUG glance_store._drivers.swift.store [None req-60f61cc2-b91e-4c46-922e-bba8bc1b2bc1 tempest-ServerStableDeviceRescueTest-1258421433 tempest-ServerStableDeviceRescueTest-1258421433-project-member] Cannot determine image size because it is either not provided in the request or chunked-transfer encoding is used. Adding image as a segmented object to Swift. {{(pid=103031) add /opt/stack/data/venv/lib/python3.12/site-packages/glance_store/_drivers/swift/store.py:994}}
Jul 31 21:47:59.726958 np0000006278 devstack@g-api.service[103031]: DEBUG oslo_utils.imageutils.format_inspector [None req-60f61cc2-b91e-4c46-922e-bba8bc1b2bc1 tempest-ServerStableDeviceRescueTest-1258421433 tempest-ServerStableDeviceRescueTest-1258421433-project-member] Format inspector for vmdk does not match, excluding from consideration (Signature KDMV not found: b'QFI\xfb') {{(pid=103031) _process_chunk /opt/stack/data/venv/lib/python3.12/site-packages/oslo_utils/imageutils/format_inspector.py:1758}}
Jul 31 21:47:59.729708 np0000006278 devstack@g-api.service[103031]: DEBUG oslo_utils.imageutils.format_inspector [None req-60f61cc2-b91e-4c46-922e-bba8bc1b2bc1 tempest-ServerStableDeviceRescueTest-1258421433 tempest-ServerStableDeviceRescueTest-1258421433-project-member] Format inspector for vhdx does not match, excluding from consideration (Region signature not found at 30000) {{(pid=103031) _process_chunk /opt/stack/data/venv/lib/python3.12/site-packages/oslo_utils/imageutils/format_inspector.py:1758}}
Jul 31 21:47:59.911427 np0000006278 devstack@g-api.service[103032]: DEBUG glance.api.middleware.version_negotiation [None req-b04cc0dd-979e-4a82-a668-6e25d2e721fd tempest-TestVolumeBackupRestore-1155056785 tempest-TestVolumeBackupRestore-1155056785-project-member] Determining version of request: PUT /v2/images/a94d7b1d-e71f-4663-9707-bbbffa5d126d/file Accept: */* {{(pid=103032) process_request /opt/stack/glance/glance/api/middleware/version_negotiation.py:44}}
Jul 31 21:47:59.911878 np0000006278 devstack@g-api.service[103032]: DEBUG glance.api.middleware.version_negotiation [None req-b04cc0dd-979e-4a82-a668-6e25d2e721fd tempest-TestVolumeBackupRestore-1155056785 tempest-TestVolumeBackupRestore-1155056785-project-member] Using url versioning {{(pid=103032) process_request /opt/stack/glance/glance/api/middleware/version_negotiation.py:57}}
Jul 31 21:47:59.912756 np0000006278 devstack@g-api.service[103032]: DEBUG glance.api.middleware.version_negotiation [None req-b04cc0dd-979e-4a82-a668-6e25d2e721fd tempest-TestVolumeBackupRestore-1155056785 tempest-TestVolumeBackupRestore-1155056785-project-member] Matched version: v2 {{(pid=103032) process_request /opt/stack/glance/glance/api/middleware/version_negotiation.py:69}}
Jul 31 21:47:59.912897 np0000006278 devstack@g-api.service[103032]: DEBUG glance.api.middleware.version_negotiation [None req-b04cc0dd-979e-4a82-a668-6e25d2e721fd tempest-TestVolumeBackupRestore-1155056785 tempest-TestVolumeBackupRestore-1155056785-project-member] new path /v2/images/a94d7b1d-e71f-4663-9707-bbbffa5d126d/file {{(pid=103032) process_request /opt/stack/glance/glance/api/middleware/version_negotiation.py:70}}
Jul 31 21:47:59.918913 np0000006278 devstack@g-api.service[103034]: DEBUG glance.api.middleware.version_negotiation [None req-b04cc0dd-979e-4a82-a668-6e25d2e721fd tempest-TestVolumeBackupRestore-1155056785 tempest-TestVolumeBackupRestore-1155056785-project-member] Determining version of request: GET /v2/images/4dd3def1-511f-4c83-98f4-fdb18c1f3a6f Accept: */* {{(pid=103034) process_request /opt/stack/glance/glance/api/middleware/version_negotiation.py:44}}
Jul 31 21:47:59.919101 np0000006278 devstack@g-api.service[103034]: DEBUG glance.api.middleware.version_negotiation [None req-b04cc0dd-979e-4a82-a668-6e25d2e721fd tempest-TestVolumeBackupRestore-1155056785 tempest-TestVolumeBackupRestore-1155056785-project-member] Using url versioning {{(pid=103034) process_request /opt/stack/glance/glance/api/middleware/version_negotiation.py:57}}
Jul 31 21:47:59.919417 np0000006278 devstack@g-api.service[103034]: DEBUG glance.api.middleware.version_negotiation [None req-b04cc0dd-979e-4a82-a668-6e25d2e721fd tempest-TestVolumeBackupRestore-1155056785 tempest-TestVolumeBackupRestore-1155056785-project-member] Matched version: v2 {{(pid=103034) process_request /opt/stack/glance/glance/api/middleware/version_negotiation.py:69}}
Jul 31 21:47:59.919468 np0000006278 devstack@g-api.service[103034]: DEBUG glance.api.middleware.version_negotiation [None req-b04cc0dd-979e-4a82-a668-6e25d2e721fd tempest-TestVolumeBackupRestore-1155056785 tempest-TestVolumeBackupRestore-1155056785-project-member] new path /v2/images/4dd3def1-511f-4c83-98f4-fdb18c1f3a6f {{(pid=103034) process_request /opt/stack/glance/glance/api/middleware/version_negotiation.py:70}}
Jul 31 21:47:59.933683 np0000006278 devstack@g-api.service[103034]: [pid: 103034|app: 0|req: 90/347] 127.0.0.1 () {44 vars in 1111 bytes} [Fri Jul 31 21:47:59 2026] GET /v2/images/4dd3def1-511f-4c83-98f4-fdb18c1f3a6f => generated 1446 bytes in 15 msecs (HTTP/1.1 200) 4 headers in 158 bytes (1 switches on core 0)
Jul 31 21:47:59.965486 np0000006278 devstack@g-api.service[103033]: DEBUG glance.api.middleware.version_negotiation [None req-fb81af52-d2e3-45af-8aec-a4f130f79298 tempest-VolumesActionsTest-1054978252 tempest-VolumesActionsTest-1054978252-project-member] Determining version of request: GET /v2/schemas/image Accept: */* {{(pid=103033) process_request /opt/stack/glance/glance/api/middleware/version_negotiation.py:44}}
Jul 31 21:47:59.965697 np0000006278 devstack@g-api.service[103033]: DEBUG glance.api.middleware.version_negotiation [None req-fb81af52-d2e3-45af-8aec-a4f130f79298 tempest-VolumesActionsTest-1054978252 tempest-VolumesActionsTest-1054978252-project-member] Using url versioning {{(pid=103033) process_request /opt/stack/glance/glance/api/middleware/version_negotiation.py:57}}
Jul 31 21:47:59.965894 np0000006278 devstack@g-api.service[103033]: DEBUG glance.api.middleware.version_negotiation [None req-fb81af52-d2e3-45af-8aec-a4f130f79298 tempest-VolumesActionsTest-1054978252 tempest-VolumesActionsTest-1054978252-project-member] Matched version: v2 {{(pid=103033) process_request /opt/stack/glance/glance/api/middleware/version_negotiation.py:69}}
Jul 31 21:47:59.966043 np0000006278 devstack@g-api.service[103033]: DEBUG glance.api.middleware.version_negotiation [None req-fb81af52-d2e3-45af-8aec-a4f130f79298 tempest-VolumesActionsTest-1054978252 tempest-VolumesActionsTest-1054978252-project-member] new path /v2/schemas/image {{(pid=103033) process_request /opt/stack/glance/glance/api/middleware/version_negotiation.py:70}}
Jul 31 21:47:59.969381 np0000006278 devstack@g-api.service[103033]: [pid: 103033|app: 0|req: 90/348] 127.0.0.1 () {44 vars in 1051 bytes} [Fri Jul 31 21:47:59 2026] GET /v2/schemas/image => generated 6083 bytes in 4 msecs (HTTP/1.1 200) 4 headers in 158 bytes (1 switches on core 0)
Jul 31 21:48:00.177096 np0000006278 devstack@g-api.service[103031]: DEBUG swiftclient [None req-60f61cc2-b91e-4c46-922e-bba8bc1b2bc1 tempest-ServerStableDeviceRescueTest-1258421433 tempest-ServerStableDeviceRescueTest-1258421433-project-member] REQ: curl -i https://10.4.3.82:8080/v1/AUTH_17dc63fd410b4740a567a4164ea15e24/glance/4dd3def1-511f-4c83-98f4-fdb18c1f3a6f-00001 -X PUT -H "X-Auth-Token: gAAAAABqbRgP2GwG..." {{(pid=103031) http_log /opt/stack/data/venv/lib/python3.12/site-packages/swiftclient/client.py:160}}
Jul 31 21:48:00.177172 np0000006278 devstack@g-api.service[103031]: DEBUG swiftclient [None req-60f61cc2-b91e-4c46-922e-bba8bc1b2bc1 tempest-ServerStableDeviceRescueTest-1258421433 tempest-ServerStableDeviceRescueTest-1258421433-project-member] RESP STATUS: 201 Created {{(pid=103031) http_log /opt/stack/data/venv/lib/python3.12/site-packages/swiftclient/client.py:161}}
Jul 31 21:48:00.177335 np0000006278 devstack@g-api.service[103031]: DEBUG swiftclient [None req-60f61cc2-b91e-4c46-922e-bba8bc1b2bc1 tempest-ServerStableDeviceRescueTest-1258421433 tempest-ServerStableDeviceRescueTest-1258421433-project-member] RESP HEADERS: {'Date': 'Fri, 31 Jul 2026 21:48:00 GMT', 'Server': 'Apache/2.4.58 (Ubuntu)', 'Content-Type': 'text/html; charset=UTF-8', 'Content-Length': '0', 'Etag': '053053b1e9c9dbfac6ce577545ca3d2a', 'Last-Modified': 'Fri, 31 Jul 2026 21:48:00 GMT', 'X-Trans-Id': 'txbcc431c8321c4d6785f9a-006a6d180f', 'X-Openstack-Request-Id': 'txbcc431c8321c4d6785f9a-006a6d180f', 'Connection': 'close'} {{(pid=103031) http_log /opt/stack/data/venv/lib/python3.12/site-packages/swiftclient/client.py:162}}
Jul 31 21:48:00.177434 np0000006278 devstack@g-api.service[103031]: DEBUG glance_store._drivers.swift.store [None req-60f61cc2-b91e-4c46-922e-bba8bc1b2bc1 tempest-ServerStableDeviceRescueTest-1258421433 tempest-ServerStableDeviceRescueTest-1258421433-project-member] Wrote chunk 4dd3def1-511f-4c83-98f4-fdb18c1f3a6f-00001 (1/?) of length 53542912 to Swift returning MD5 of content: 053053b1e9c9dbfac6ce577545ca3d2a {{(pid=103031) add /opt/stack/data/venv/lib/python3.12/site-packages/glance_store/_drivers/swift/store.py:1059}}
Jul 31 21:48:00.177684 np0000006278 devstack@g-api.service[103031]: DEBUG glance_store._drivers.swift.store [None req-60f61cc2-b91e-4c46-922e-bba8bc1b2bc1 tempest-ServerStableDeviceRescueTest-1258421433 tempest-ServerStableDeviceRescueTest-1258421433-project-member] Not writing zero-length chunk. {{(pid=103031) add /opt/stack/data/venv/lib/python3.12/site-packages/glance_store/_drivers/swift/store.py:1028}}
Jul 31 21:48:00.203094 np0000006278 devstack@g-api.service[103031]: DEBUG swiftclient [None req-60f61cc2-b91e-4c46-922e-bba8bc1b2bc1 tempest-ServerStableDeviceRescueTest-1258421433 tempest-ServerStableDeviceRescueTest-1258421433-project-member] REQ: curl -i https://10.4.3.82:8080/v1/AUTH_17dc63fd410b4740a567a4164ea15e24/glance/4dd3def1-511f-4c83-98f4-fdb18c1f3a6f -X PUT -H "X-Object-Manifest: glance/4dd3def1-511f-4c83-98f4-fdb18c1f3a6f-" -H "X-Auth-Token: gAAAAABqbRgP2GwG..." -H "Content-Length: 0" {{(pid=103031) http_log /opt/stack/data/venv/lib/python3.12/site-packages/swiftclient/client.py:160}}
Jul 31 21:48:00.203209 np0000006278 devstack@g-api.service[103031]: DEBUG swiftclient [None req-60f61cc2-b91e-4c46-922e-bba8bc1b2bc1 tempest-ServerStableDeviceRescueTest-1258421433 tempest-ServerStableDeviceRescueTest-1258421433-project-member] RESP STATUS: 201 Created {{(pid=103031) http_log /opt/stack/data/venv/lib/python3.12/site-packages/swiftclient/client.py:161}}
Jul 31 21:48:00.203341 np0000006278 devstack@g-api.service[103031]: DEBUG swiftclient [None req-60f61cc2-b91e-4c46-922e-bba8bc1b2bc1 tempest-ServerStableDeviceRescueTest-1258421433 tempest-ServerStableDeviceRescueTest-1258421433-project-member] RESP HEADERS: {'Date': 'Fri, 31 Jul 2026 21:48:00 GMT', 'Server': 'Apache/2.4.58 (Ubuntu)', 'Content-Type': 'text/html; charset=UTF-8', 'Content-Length': '0', 'Etag': 'd41d8cd98f00b204e9800998ecf8427e', 'Last-Modified': 'Fri, 31 Jul 2026 21:48:01 GMT', 'X-Trans-Id': 'tx9cf508e8b973464b9b241-006a6d1810', 'X-Openstack-Request-Id': 'tx9cf508e8b973464b9b241-006a6d1810', 'Connection': 'close'} {{(pid=103031) http_log /opt/stack/data/venv/lib/python3.12/site-packages/swiftclient/client.py:162}}
Jul 31 21:48:00.203759 np0000006278 devstack@g-api.service[103031]: INFO glance.location [None req-60f61cc2-b91e-4c46-922e-bba8bc1b2bc1 tempest-ServerStableDeviceRescueTest-1258421433 tempest-ServerStableDeviceRescueTest-1258421433-project-member] Image format matched and virtual size computed: 1073741824
Jul 31 21:48:00.233372 np0000006278 devstack@g-api.service[103031]: DEBUG glance_store.backend [None req-60f61cc2-b91e-4c46-922e-bba8bc1b2bc1 tempest-ServerStableDeviceRescueTest-1258421433 tempest-ServerStableDeviceRescueTest-1258421433-project-member] Attempting to import store swift {{(pid=103031) _load_store /opt/stack/data/venv/lib/python3.12/site-packages/glance_store/backend.py:215}}
Jul 31 21:48:00.234762 np0000006278 devstack@g-api.service[103031]: DEBUG glance_store.capabilities [None req-60f61cc2-b91e-4c46-922e-bba8bc1b2bc1 tempest-ServerStableDeviceRescueTest-1258421433 tempest-ServerStableDeviceRescueTest-1258421433-project-member] Store glance_store._drivers.swift.store.SingleTenantStore doesn't support updating dynamic storage capabilities. Please overwrite 'update_capabilities' method of the store to implement updating logics if needed. {{(pid=103031) update_capabilities /opt/stack/data/venv/lib/python3.12/site-packages/glance_store/capabilities.py:91}}
Jul 31 21:48:00.234875 np0000006278 devstack@g-api.service[103031]: DEBUG glance_store.driver [None req-60f61cc2-b91e-4c46-922e-bba8bc1b2bc1 tempest-ServerStableDeviceRescueTest-1258421433 tempest-ServerStableDeviceRescueTest-1258421433-project-member] Late loading location class glance_store._drivers.swift.store.StoreLocation {{(pid=103031) get_store_location_class /opt/stack/data/venv/lib/python3.12/site-packages/glance_store/driver.py:134}}
Jul 31 21:48:00.234986 np0000006278 devstack@g-api.service[103031]: DEBUG glance_store.location [None req-60f61cc2-b91e-4c46-922e-bba8bc1b2bc1 tempest-ServerStableDeviceRescueTest-1258421433 tempest-ServerStableDeviceRescueTest-1258421433-project-member] Registering scheme swift+https with {'store': , 'location_class': , 'store_entry': 'swift'} {{(pid=103031) register_scheme_map /opt/stack/data/venv/lib/python3.12/site-packages/glance_store/location.py:146}}
