Jul 31 21:40:35.354154 np0000006278 devstack@neutron-api.service[90787]: DEBUG neutron.common.ovn.hash_ring_manager [-] Allow caching, nodes 4>=4 {{(pid=90787) _wait_startup_before_caching /opt/stack/neutron/neutron/common/ovn/hash_ring_manager.py:71}}
Jul 31 21:40:35.354431 np0000006278 devstack@neutron-api.service[90787]: DEBUG neutron.plugins.ml2.drivers.ovn.mech_driver.ovsdb.ovsdb_monitor [-] Hash Ring: Node 13e26638d23b5422954882a7fcc74271 (host: np0000006278) handling event "update" for row a5dbaafb-0c2b-4122-b600-afea93da4bf8 (table: Connection) {{(pid=90787) notify /opt/stack/neutron/neutron/plugins/ml2/drivers/ovn/mech_driver/ovsdb/ovsdb_monitor.py:1013}}
Jul 31 21:40:37.848128 np0000006278 devstack@neutron-api.service[90790]: DEBUG neutron.plugins.ml2.drivers.ovn.mech_driver.ovsdb.ovsdb_monitor [-] Hash Ring: Node 99b61fa0095957c28d858557decc20d9 (host: np0000006278) handling event "update" for row a5dbaafb-0c2b-4122-b600-afea93da4bf8 (table: Connection) {{(pid=90790) notify /opt/stack/neutron/neutron/plugins/ml2/drivers/ovn/mech_driver/ovsdb/ovsdb_monitor.py:1013}}
Jul 31 21:40:37.848453 np0000006278 devstack@neutron-api.service[90787]: DEBUG neutron.plugins.ml2.drivers.ovn.mech_driver.ovsdb.ovsdb_monitor [-] Hash Ring: Node 13e26638d23b5422954882a7fcc74271 (host: np0000006278) handling event "update" for row a5dbaafb-0c2b-4122-b600-afea93da4bf8 (table: Connection) {{(pid=90787) notify /opt/stack/neutron/neutron/plugins/ml2/drivers/ovn/mech_driver/ovsdb/ovsdb_monitor.py:1013}}
Jul 31 21:40:38.283023 np0000006278 devstack@neutron-api.service[90787]: DEBUG neutron.api.wsgi [None req-a725ce70-8668-4a76-a208-94d59eb8d016 admin admin] Missing Content-Type {{(pid=90787) get_content_type /opt/stack/neutron/neutron/api/wsgi.py:80}}
Jul 31 21:40:38.283404 np0000006278 devstack@neutron-api.service[90787]: DEBUG neutron.api.wsgi [None req-a725ce70-8668-4a76-a208-94d59eb8d016 admin admin] https://10.4.3.82/networking/v2.0/extensions returned with HTTP 200 {{(pid=90787) __call__ /opt/stack/neutron/neutron/api/wsgi.py:540}}
Jul 31 21:40:38.283759 np0000006278 devstack@neutron-api.service[90787]: [pid: 90787|app: 0|req: 2/2] 10.4.3.82 () {64 vars in 1285 bytes} [Fri Jul 31 21:40:37 2026] GET /networking/v2.0/extensions => generated 16171 bytes in 590 msecs (HTTP/1.1 200) 4 headers in 159 bytes (1 switches on core 0)
Jul 31 21:40:38.639366 np0000006278 devstack@neutron-api.service[90789]: DEBUG neutron.api.v2.base [None req-4919abc8-d154-4183-b689-010f4abac977 admin admin] Request body: {'subnetpool': {'shared': True, 'is_default': True, 'prefixes': ['10.1.0.0/20'], 'name': 'shared-default-subnetpool-v4', 'default_prefixlen': 26}} {{(pid=90789) prepare_request_body /opt/stack/neutron/neutron/api/v2/base.py:727}}
Jul 31 21:40:38.821224 np0000006278 devstack@neutron-api.service[90789]: DEBUG neutron.policy [None req-4919abc8-d154-4183-b689-010f4abac977 admin admin] Loaded default policies from ['neutron'] under neutron.policies entry points {{(pid=90789) register_rules /opt/stack/neutron/neutron/policy.py:65}}
Jul 31 21:40:38.949075 np0000006278 devstack@neutron-api.service[90789]: DEBUG neutron_lib.callbacks.manager [None req-4919abc8-d154-4183-b689-010f4abac977 admin admin] Publish callbacks ['neutron.objects.securitygroup.RbacNeutronDbObjectMixin.validate_rbac_policy_change-1437261527786', 'neutron.objects.address_group.RbacNeutronDbObjectMixin.validate_rbac_policy_change-1437261529858', 'neutron.objects.network.RbacNeutronDbObjectMixin.validate_rbac_policy_change-1437261548590', 'neutron.objects.qos.policy.RbacNeutronDbObjectMixin.validate_rbac_policy_change-1437261551921', 'neutron.objects.subnetpool.RbacNeutronDbObjectMixin.validate_rbac_policy_change-1437260675281', 'neutron.objects.address_scope.RbacNeutronDbObjectMixin.validate_rbac_policy_change-1437260674417', 'neutron.plugins.ml2.plugin.External_net_db_mixin._process_ext_policy_create-32277', 'neutron.plugins.ml2.plugin.NeutronDbPluginV2.validate_network_rbac_policy_change-102921'] for rbac-policy (None), before_create {{(pid=90789) _notify_loop /opt/stack/data/venv/lib/python3.12/site-packages/neutron_lib/callbacks/manager.py:184}}
Jul 31 21:40:38.985167 np0000006278 devstack@neutron-api.service[90789]: DEBUG neutron_lib.callbacks.manager [None req-4919abc8-d154-4183-b689-010f4abac977 admin admin] Publish callbacks [] for subnetpool (None), before_response {{(pid=90789) _notify_loop /opt/stack/data/venv/lib/python3.12/site-packages/neutron_lib/callbacks/manager.py:184}}
Jul 31 21:40:38.985652 np0000006278 devstack@neutron-api.service[90789]: [pid: 90789|app: 0|req: 1/3] 10.4.3.82 () {68 vars in 1329 bytes} [Fri Jul 31 21:40:38 2026] POST /networking/v2.0/subnetpools => generated 533 bytes in 432 msecs (HTTP/1.1 201) 4 headers in 162 bytes (1 switches on core 0)
Jul 31 21:40:39.289454 np0000006278 devstack@neutron-api.service[90790]: DEBUG neutron.api.v2.base [None req-fda4e252-c5a1-4c16-86ec-aaf79a7a1ad2 admin admin] Request body: {'subnetpool': {'shared': True, 'is_default': True, 'prefixes': ['fd58:cc0a:ed8a::/56'], 'name': 'shared-default-subnetpool-v6', 'default_prefixlen': 64}} {{(pid=90790) prepare_request_body /opt/stack/neutron/neutron/api/v2/base.py:727}}
Jul 31 21:40:39.433666 np0000006278 devstack@neutron-api.service[90790]: DEBUG neutron.policy [None req-fda4e252-c5a1-4c16-86ec-aaf79a7a1ad2 admin admin] Loaded default policies from ['neutron'] under neutron.policies entry points {{(pid=90790) register_rules /opt/stack/neutron/neutron/policy.py:65}}
Jul 31 21:40:39.554531 np0000006278 devstack@neutron-api.service[90790]: DEBUG neutron_lib.callbacks.manager [None req-fda4e252-c5a1-4c16-86ec-aaf79a7a1ad2 admin admin] Publish callbacks ['neutron.objects.securitygroup.RbacNeutronDbObjectMixin.validate_rbac_policy_change-1437261366808', 'neutron.objects.address_group.RbacNeutronDbObjectMixin.validate_rbac_policy_change-1437261397849', 'neutron.objects.network.RbacNeutronDbObjectMixin.validate_rbac_policy_change-1437261522998', 'neutron.objects.qos.policy.RbacNeutronDbObjectMixin.validate_rbac_policy_change-1437260684622', 'neutron.objects.subnetpool.RbacNeutronDbObjectMixin.validate_rbac_policy_change-1437260665788', 'neutron.objects.address_scope.RbacNeutronDbObjectMixin.validate_rbac_policy_change-1437260694426', 'neutron.plugins.ml2.plugin.External_net_db_mixin._process_ext_policy_create-515597', 'neutron.plugins.ml2.plugin.NeutronDbPluginV2.validate_network_rbac_policy_change-504353'] for rbac-policy (None), before_create {{(pid=90790) _notify_loop /opt/stack/data/venv/lib/python3.12/site-packages/neutron_lib/callbacks/manager.py:184}}
Jul 31 21:40:39.591358 np0000006278 devstack@neutron-api.service[90790]: DEBUG neutron_lib.callbacks.manager [None req-fda4e252-c5a1-4c16-86ec-aaf79a7a1ad2 admin admin] Publish callbacks [] for subnetpool (None), before_response {{(pid=90790) _notify_loop /opt/stack/data/venv/lib/python3.12/site-packages/neutron_lib/callbacks/manager.py:184}}
Jul 31 21:40:39.591860 np0000006278 devstack@neutron-api.service[90790]: [pid: 90790|app: 0|req: 1/4] 10.4.3.82 () {68 vars in 1329 bytes} [Fri Jul 31 21:40:39 2026] POST /networking/v2.0/subnetpools => generated 543 bytes in 388 msecs (HTTP/1.1 201) 4 headers in 162 bytes (1 switches on core 0)
Jul 31 21:40:39.899952 np0000006278 devstack@neutron-api.service[90788]: DEBUG neutron.api.v2.base [None req-d872edc0-cd38-4022-be24-d2ba2c451c35 admin admin] Request body: {'network': {'admin_state_up': True, 'name': 'private'}} {{(pid=90788) prepare_request_body /opt/stack/neutron/neutron/api/v2/base.py:727}}
Jul 31 21:40:39.928658 np0000006278 devstack@neutron-api.service[90788]: DEBUG neutron.pecan_wsgi.hooks.quota_enforcement [None req-d872edc0-cd38-4022-be24-d2ba2c451c35 admin admin] Made reservation on behalf of 6a8a46baa45d4eb5a77f4f064022406e for: {'network': 1} {{(pid=90788) before /opt/stack/neutron/neutron/pecan_wsgi/hooks/quota_enforcement.py:66}}
Jul 31 21:40:40.083605 np0000006278 devstack@neutron-api.service[90788]: DEBUG neutron.policy [None req-d872edc0-cd38-4022-be24-d2ba2c451c35 admin admin] Loaded default policies from ['neutron'] under neutron.policies entry points {{(pid=90788) register_rules /opt/stack/neutron/neutron/policy.py:65}}
Jul 31 21:40:40.166550 np0000006278 devstack@neutron-api.service[90788]: DEBUG neutron_lib.callbacks.manager [None req-d872edc0-cd38-4022-be24-d2ba2c451c35 admin admin] Publish callbacks ['neutron.plugins.ml2.plugin.SecurityGroupDbMixin._ensure_default_security_group_handler-15815'] for network (None), before_create {{(pid=90788) _notify_loop /opt/stack/data/venv/lib/python3.12/site-packages/neutron_lib/callbacks/manager.py:184}}
Jul 31 21:40:40.186578 np0000006278 devstack@neutron-api.service[90788]: DEBUG neutron_lib.callbacks.manager [None req-d872edc0-cd38-4022-be24-d2ba2c451c35 admin admin] Publish callbacks [] for security_group (None), before_create {{(pid=90788) _notify_loop /opt/stack/data/venv/lib/python3.12/site-packages/neutron_lib/callbacks/manager.py:184}}
Jul 31 21:40:40.279287 np0000006278 devstack@neutron-api.service[90788]: DEBUG neutron_lib.callbacks.manager [None req-d872edc0-cd38-4022-be24-d2ba2c451c35 admin admin] Publish callbacks ['neutron.plugins.ml2.drivers.ovn.mech_driver.mech_driver.OVNMechanismDriver._create_security_group_precommit-251767'] for security_group (a706e471-c62b-4d02-b411-68b13409c8a5), precommit_create {{(pid=90788) _notify_loop /opt/stack/data/venv/lib/python3.12/site-packages/neutron_lib/callbacks/manager.py:184}}
Jul 31 21:40:40.279496 np0000006278 devstack@neutron-api.service[90788]: DEBUG neutron.db.ovn_revision_numbers_db [None req-d872edc0-cd38-4022-be24-d2ba2c451c35 admin admin] create_initial_revision uuid=a706e471-c62b-4d02-b411-68b13409c8a5, type=security_groups, rev=-1 {{(pid=90788) create_initial_revision /opt/stack/neutron/neutron/db/ovn_revision_numbers_db.py:98}}
Jul 31 21:40:40.281630 np0000006278 devstack@neutron-api.service[90788]: DEBUG neutron.db.ovn_revision_numbers_db [None req-d872edc0-cd38-4022-be24-d2ba2c451c35 admin admin] create_initial_revision uuid=505dbb65-8388-4122-a602-111ac10f3abe, type=security_group_rules, rev=-1 {{(pid=90788) create_initial_revision /opt/stack/neutron/neutron/db/ovn_revision_numbers_db.py:98}}
Jul 31 21:40:40.282484 np0000006278 devstack@neutron-api.service[90788]: DEBUG neutron.db.ovn_revision_numbers_db [None req-d872edc0-cd38-4022-be24-d2ba2c451c35 admin admin] create_initial_revision uuid=e7c6eb1b-8892-4faa-a4ea-ab5489a1fb7e, type=security_group_rules, rev=-1 {{(pid=90788) create_initial_revision /opt/stack/neutron/neutron/db/ovn_revision_numbers_db.py:98}}
Jul 31 21:40:40.283287 np0000006278 devstack@neutron-api.service[90788]: DEBUG neutron.db.ovn_revision_numbers_db [None req-d872edc0-cd38-4022-be24-d2ba2c451c35 admin admin] create_initial_revision uuid=eddbf367-4b90-4155-908b-3449c498c593, type=security_group_rules, rev=-1 {{(pid=90788) create_initial_revision /opt/stack/neutron/neutron/db/ovn_revision_numbers_db.py:98}}
Jul 31 21:40:40.284192 np0000006278 devstack@neutron-api.service[90788]: DEBUG neutron.db.ovn_revision_numbers_db [None req-d872edc0-cd38-4022-be24-d2ba2c451c35 admin admin] create_initial_revision uuid=fb8b8066-347a-4a2d-8922-e7118550b59b, type=security_group_rules, rev=-1 {{(pid=90788) create_initial_revision /opt/stack/neutron/neutron/db/ovn_revision_numbers_db.py:98}}
Jul 31 21:40:40.287969 np0000006278 devstack@neutron-api.service[90788]: DEBUG neutron_lib.callbacks.manager [None req-d872edc0-cd38-4022-be24-d2ba2c451c35 admin admin] Publish callbacks ['neutron.plugins.ml2.drivers.ovn.mech_driver.mech_driver.OVNMechanismDriver._create_security_group-251753', 'neutron.plugins.ml2.ovo_rpc._ObjectChangeHandler.handle_event-2528254'] for security_group (a706e471-c62b-4d02-b411-68b13409c8a5), after_create {{(pid=90788) _notify_loop /opt/stack/data/venv/lib/python3.12/site-packages/neutron_lib/callbacks/manager.py:184}}
Jul 31 21:40:40.288168 np0000006278 devstack@neutron-api.service[90788]: INFO neutron.plugins.ml2.drivers.ovn.mech_driver.ovsdb.extensions.qos [None req-d872edc0-cd38-4022-be24-d2ba2c451c35 admin admin] Starting OVNClientQosExtension
Jul 31 21:40:40.288303 np0000006278 devstack@neutron-api.service[90788]: INFO neutron.plugins.ml2.drivers.ovn.mech_driver.ovsdb.extensions.placement [None req-d872edc0-cd38-4022-be24-d2ba2c451c35 admin admin] Starting OVNClientPlacementExtension
Jul 31 21:40:40.289038 np0000006278 devstack@neutron-api.service[90788]: DEBUG ovsdbapp.backend.ovs_idl.transaction [-] Running txn n=1 command(idx=0): PgAddCommand(_result=None, name=pg_a706e471_c62b_4d02_b411_68b13409c8a5, may_exist=False, columns={'acls': [], 'external_ids': {'neutron:security_group_id': 'a706e471-c62b-4d02-b411-68b13409c8a5'}}) {{(pid=90788) do_commit /opt/stack/data/venv/lib/python3.12/site-packages/ovsdbapp/backend/ovs_idl/transaction.py:89}}
Jul 31 21:40:40.291744 np0000006278 devstack@neutron-api.service[90788]: DEBUG ovsdbapp.backend.ovs_idl.transaction [-] Running txn n=1 command(idx=1): PgAclAddCommand(_result=None, entity=pg_a706e471_c62b_4d02_b411_68b13409c8a5, direction=to-lport, priority=1002, match=outport == @pg_a706e471_c62b_4d02_b411_68b13409c8a5 && ip6 && ip6.src == $pg_a706e471_c62b_4d02_b411_68b13409c8a5_ip6, action=allow-related, log=False, may_exist=True, severity=[], name=[], meter=[], external_ids={'neutron:security_group_rule_id': '505dbb65-8388-4122-a602-111ac10f3abe'}) {{(pid=90788) do_commit /opt/stack/data/venv/lib/python3.12/site-packages/ovsdbapp/backend/ovs_idl/transaction.py:89}}
Jul 31 21:40:40.292046 np0000006278 devstack@neutron-api.service[90788]: DEBUG ovsdbapp.backend.ovs_idl.transaction [-] Running txn n=1 command(idx=2): PgAclAddCommand(_result=None, entity=pg_a706e471_c62b_4d02_b411_68b13409c8a5, direction=from-lport, priority=1002, match=inport == @pg_a706e471_c62b_4d02_b411_68b13409c8a5 && ip4, action=allow-related, log=False, may_exist=True, severity=[], name=[], meter=[], external_ids={'neutron:security_group_rule_id': 'e7c6eb1b-8892-4faa-a4ea-ab5489a1fb7e'}) {{(pid=90788) do_commit /opt/stack/data/venv/lib/python3.12/site-packages/ovsdbapp/backend/ovs_idl/transaction.py:89}}
Jul 31 21:40:40.292269 np0000006278 devstack@neutron-api.service[90788]: DEBUG ovsdbapp.backend.ovs_idl.transaction [-] Running txn n=1 command(idx=3): PgAclAddCommand(_result=None, entity=pg_a706e471_c62b_4d02_b411_68b13409c8a5, direction=from-lport, priority=1002, match=inport == @pg_a706e471_c62b_4d02_b411_68b13409c8a5 && ip6, action=allow-related, log=False, may_exist=True, severity=[], name=[], meter=[], external_ids={'neutron:security_group_rule_id': 'eddbf367-4b90-4155-908b-3449c498c593'}) {{(pid=90788) do_commit /opt/stack/data/venv/lib/python3.12/site-packages/ovsdbapp/backend/ovs_idl/transaction.py:89}}
Jul 31 21:40:40.292452 np0000006278 devstack@neutron-api.service[90788]: DEBUG ovsdbapp.backend.ovs_idl.transaction [-] Running txn n=1 command(idx=4): PgAclAddCommand(_result=None, entity=pg_a706e471_c62b_4d02_b411_68b13409c8a5, direction=to-lport, priority=1002, match=outport == @pg_a706e471_c62b_4d02_b411_68b13409c8a5 && ip4 && ip4.src == $pg_a706e471_c62b_4d02_b411_68b13409c8a5_ip4, action=allow-related, log=False, may_exist=True, severity=[], name=[], meter=[], external_ids={'neutron:security_group_rule_id': 'fb8b8066-347a-4a2d-8922-e7118550b59b'}) {{(pid=90788) do_commit /opt/stack/data/venv/lib/python3.12/site-packages/ovsdbapp/backend/ovs_idl/transaction.py:89}}
Jul 31 21:40:40.297553 np0000006278 devstack@neutron-api.service[90787]: DEBUG neutron.plugins.ml2.drivers.ovn.mech_driver.ovsdb.ovsdb_monitor [-] Hash Ring: Node 13e26638d23b5422954882a7fcc74271 (host: np0000006278) handling event "create" for row 42473ed8-18aa-4fe9-9329-42224b8fcd60 (table: ACL) {{(pid=90787) notify /opt/stack/neutron/neutron/plugins/ml2/drivers/ovn/mech_driver/ovsdb/ovsdb_monitor.py:1013}}
Jul 31 21:40:40.299122 np0000006278 devstack@neutron-api.service[90787]: DEBUG neutron.plugins.ml2.drivers.ovn.mech_driver.ovsdb.ovsdb_monitor [-] Hash Ring: Node 13e26638d23b5422954882a7fcc74271 (host: np0000006278) handling event "create" for row 5e43e2ef-acda-4f15-afce-61f61b6ada35 (table: ACL) {{(pid=90787) notify /opt/stack/neutron/neutron/plugins/ml2/drivers/ovn/mech_driver/ovsdb/ovsdb_monitor.py:1013}}
Jul 31 21:40:40.299122 np0000006278 devstack@neutron-api.service[90787]: DEBUG neutron.plugins.ml2.drivers.ovn.mech_driver.ovsdb.ovsdb_monitor [-] Hash Ring: Node 13e26638d23b5422954882a7fcc74271 (host: np0000006278) handling event "create" for row b2c96be5-514a-4a25-a494-9d84549bfdea (table: ACL) {{(pid=90787) notify /opt/stack/neutron/neutron/plugins/ml2/drivers/ovn/mech_driver/ovsdb/ovsdb_monitor.py:1013}}
Jul 31 21:40:40.299198 np0000006278 devstack@neutron-api.service[90790]: DEBUG neutron.plugins.ml2.drivers.ovn.mech_driver.ovsdb.ovsdb_monitor [-] Hash Ring: Node 99b61fa0095957c28d858557decc20d9 (host: np0000006278) handling event "create" for row 5e43e2ef-acda-4f15-afce-61f61b6ada35 (table: ACL) {{(pid=90790) notify /opt/stack/neutron/neutron/plugins/ml2/drivers/ovn/mech_driver/ovsdb/ovsdb_monitor.py:1013}}
Jul 31 21:40:40.299370 np0000006278 devstack@neutron-api.service[90787]: DEBUG neutron.plugins.ml2.drivers.ovn.mech_driver.ovsdb.ovsdb_monitor [-] Hash Ring: Node 13e26638d23b5422954882a7fcc74271 (host: np0000006278) handling event "create" for row c62d93a7-f9ca-498e-a5c9-001a2bd8d560 (table: ACL) {{(pid=90787) notify /opt/stack/neutron/neutron/plugins/ml2/drivers/ovn/mech_driver/ovsdb/ovsdb_monitor.py:1013}}
Jul 31 21:40:40.299398 np0000006278 devstack@neutron-api.service[90790]: DEBUG neutron.plugins.ml2.drivers.ovn.mech_driver.ovsdb.ovsdb_monitor [-] Hash Ring: Node 99b61fa0095957c28d858557decc20d9 (host: np0000006278) handling event "create" for row b2c96be5-514a-4a25-a494-9d84549bfdea (table: ACL) {{(pid=90790) notify /opt/stack/neutron/neutron/plugins/ml2/drivers/ovn/mech_driver/ovsdb/ovsdb_monitor.py:1013}}
Jul 31 21:40:40.299432 np0000006278 devstack@neutron-api.service[90787]: DEBUG neutron.plugins.ml2.drivers.ovn.mech_driver.ovsdb.ovsdb_monitor [-] Hash Ring: Node 13e26638d23b5422954882a7fcc74271 (host: np0000006278) handling event "create" for row a06b957d-0ab7-4f53-a251-0ce86c887bc0 (table: Port_Group) {{(pid=90787) notify /opt/stack/neutron/neutron/plugins/ml2/drivers/ovn/mech_driver/ovsdb/ovsdb_monitor.py:1013}}
Jul 31 21:40:40.299456 np0000006278 devstack@neutron-api.service[90790]: DEBUG neutron.plugins.ml2.drivers.ovn.mech_driver.ovsdb.ovsdb_monitor [-] Hash Ring: Node 99b61fa0095957c28d858557decc20d9 (host: np0000006278) handling event "create" for row a06b957d-0ab7-4f53-a251-0ce86c887bc0 (table: Port_Group) {{(pid=90790) notify /opt/stack/neutron/neutron/plugins/ml2/drivers/ovn/mech_driver/ovsdb/ovsdb_monitor.py:1013}}
Jul 31 21:40:40.300872 np0000006278 devstack@neutron-api.service[90789]: DEBUG neutron.plugins.ml2.drivers.ovn.mech_driver.ovsdb.ovsdb_monitor [-] Hash Ring: Node 41fbf7424607506ab9ab25b16bef4d0c (host: np0000006278) handling event "create" for row c62d93a7-f9ca-498e-a5c9-001a2bd8d560 (table: ACL) {{(pid=90789) notify /opt/stack/neutron/neutron/plugins/ml2/drivers/ovn/mech_driver/ovsdb/ovsdb_monitor.py:1013}}
Jul 31 21:40:40.319525 np0000006278 devstack@neutron-api.service[90788]: INFO neutron.db.ovn_revision_numbers_db [None req-d872edc0-cd38-4022-be24-d2ba2c451c35 admin admin] Successfully bumped revision number for resource a706e471-c62b-4d02-b411-68b13409c8a5 (type: security_groups) to 1
Jul 31 21:40:40.330902 np0000006278 devstack@neutron-api.service[90788]: INFO neutron.db.ovn_revision_numbers_db [None req-d872edc0-cd38-4022-be24-d2ba2c451c35 admin admin] Successfully bumped revision number for resource 505dbb65-8388-4122-a602-111ac10f3abe (type: security_group_rules) to 0
Jul 31 21:40:40.340665 np0000006278 devstack@neutron-api.service[90788]: INFO neutron.db.ovn_revision_numbers_db [None req-d872edc0-cd38-4022-be24-d2ba2c451c35 admin admin] Successfully bumped revision number for resource e7c6eb1b-8892-4faa-a4ea-ab5489a1fb7e (type: security_group_rules) to 0
Jul 31 21:40:40.349812 np0000006278 devstack@neutron-api.service[90788]: INFO neutron.db.ovn_revision_numbers_db [None req-d872edc0-cd38-4022-be24-d2ba2c451c35 admin admin] Successfully bumped revision number for resource eddbf367-4b90-4155-908b-3449c498c593 (type: security_group_rules) to 0
Jul 31 21:40:40.358867 np0000006278 devstack@neutron-api.service[90788]: INFO neutron.db.ovn_revision_numbers_db [None req-d872edc0-cd38-4022-be24-d2ba2c451c35 admin admin] Successfully bumped revision number for resource fb8b8066-347a-4a2d-8922-e7118550b59b (type: security_group_rules) to 0
Jul 31 21:40:40.378238 np0000006278 devstack@neutron-api.service[90788]: DEBUG neutron.api.rpc.handlers.resources_rpc [None req-d872edc0-cd38-4022-be24-d2ba2c451c35 admin admin] Pushing event updated for resources: {'SecurityGroup': ['ID=a706e471-c62b-4d02-b411-68b13409c8a5,revision_number=1']} {{(pid=90788) push /opt/stack/neutron/neutron/api/rpc/handlers/resources_rpc.py:237}}
Jul 31 21:40:40.386214 np0000006278 devstack@neutron-api.service[90788]: DEBUG ovsdbapp.backend.ovs_idl.transaction [-] Running txn n=1 command(idx=0): CheckLivenessCommand(_result=None) {{(pid=90788) do_commit /opt/stack/data/venv/lib/python3.12/site-packages/ovsdbapp/backend/ovs_idl/transaction.py:89}}
Jul 31 21:40:40.395381 np0000006278 devstack@neutron-api.service[90787]: DEBUG neutron.plugins.ml2.drivers.ovn.mech_driver.ovsdb.ovsdb_monitor [-] Hash Ring: Node 13e26638d23b5422954882a7fcc74271 (host: np0000006278) handling event "update" for row 57553d34-b66c-42c0-b0f0-6e73630d63e6 (table: NB_Global) {{(pid=90787) notify /opt/stack/neutron/neutron/plugins/ml2/drivers/ovn/mech_driver/ovsdb/ovsdb_monitor.py:1013}}
Jul 31 21:40:40.396571 np0000006278 devstack@neutron-api.service[90789]: DEBUG neutron.plugins.ml2.drivers.ovn.mech_driver.ovsdb.ovsdb_monitor [-] Hash Ring: Node 41fbf7424607506ab9ab25b16bef4d0c (host: np0000006278) handling event "update" for row 57553d34-b66c-42c0-b0f0-6e73630d63e6 (table: NB_Global) {{(pid=90789) notify /opt/stack/neutron/neutron/plugins/ml2/drivers/ovn/mech_driver/ovsdb/ovsdb_monitor.py:1013}}
Jul 31 21:40:40.396703 np0000006278 devstack@neutron-api.service[90787]: DEBUG neutron.plugins.ml2.drivers.ovn.mech_driver.ovsdb.ovsdb_monitor [-] Hash Ring: Node 13e26638d23b5422954882a7fcc74271 (host: np0000006278) handling event "update" for row 57553d34-b66c-42c0-b0f0-6e73630d63e6 (table: NB_Global) {{(pid=90787) notify /opt/stack/neutron/neutron/plugins/ml2/drivers/ovn/mech_driver/ovsdb/ovsdb_monitor.py:1013}}
Jul 31 21:40:40.397205 np0000006278 devstack@neutron-api.service[90788]: DEBUG neutron.api.rpc.callbacks.version_manager [None req-d872edc0-cd38-4022-be24-d2ba2c451c35 admin admin] Tracked resource versions report:
Jul 31 21:40:40.397205 np0000006278 devstack@neutron-api.service[90788]: pushed versions:
Jul 31 21:40:40.397205 np0000006278 devstack@neutron-api.service[90788]: { 'AddressGroup': {'1.2'},
Jul 31 21:40:40.397205 np0000006278 devstack@neutron-api.service[90788]: 'Agent': {'1.1'},
Jul 31 21:40:40.397205 np0000006278 devstack@neutron-api.service[90788]: 'ConntrackHelper': {'1.0'},
Jul 31 21:40:40.397205 np0000006278 devstack@neutron-api.service[90788]: 'LocalIPAssociation': {'1.0'},
Jul 31 21:40:40.397205 np0000006278 devstack@neutron-api.service[90788]: 'Log': {'1.0'},
Jul 31 21:40:40.397205 np0000006278 devstack@neutron-api.service[90788]: 'NDPProxy': {'1.0'},
Jul 31 21:40:40.397205 np0000006278 devstack@neutron-api.service[90788]: 'Network': {'1.3'},
Jul 31 21:40:40.397205 np0000006278 devstack@neutron-api.service[90788]: 'Port': {'1.11'},
Jul 31 21:40:40.397205 np0000006278 devstack@neutron-api.service[90788]: 'PortForwarding': {'1.3'},
Jul 31 21:40:40.397205 np0000006278 devstack@neutron-api.service[90788]: 'QosPolicy': {'1.10'},
Jul 31 21:40:40.397205 np0000006278 devstack@neutron-api.service[90788]: 'SecurityGroup': {'1.6'},
Jul 31 21:40:40.397205 np0000006278 devstack@neutron-api.service[90788]: 'SecurityGroupRule': {'1.3'},
Jul 31 21:40:40.397205 np0000006278 devstack@neutron-api.service[90788]: 'SubPort': {'1.0'},
Jul 31 21:40:40.397205 np0000006278 devstack@neutron-api.service[90788]: 'Subnet': {'1.2'},
Jul 31 21:40:40.397205 np0000006278 devstack@neutron-api.service[90788]: 'Trunk': {'1.1'}}
Jul 31 21:40:40.397205 np0000006278 devstack@neutron-api.service[90788]: consumer versions:
Jul 31 21:40:40.397205 np0000006278 devstack@neutron-api.service[90788]: {}
Jul 31 21:40:40.397205 np0000006278 devstack@neutron-api.service[90788]: {{(pid=90788) report /opt/stack/neutron/neutron/api/rpc/callbacks/version_manager.py:183}}
Jul 31 21:40:40.398323 np0000006278 devstack@neutron-api.service[90787]: DEBUG ovsdbapp.backend.ovs_idl.event [-] Matched UPDATE: ChassisAgentWriteEvent(events=('create', 'update'), table='Chassis_Private', conditions=None, old_conditions=None), priority=20 to row=Chassis_Private(uuid=be3f015c-b213-4383-ad48-9b1a5f77de59, chassis=211a1401-179f-41da-bc9d-5b06ba1889bf, external_ids={'neutron:ovn-bridge': 'br-int', 'neutron:ovn-neutron-agent-id': '6ddac581-f499-5391-bca5-b054262a4a70', 'neutron:ovn-neutron-agent-sb-cfg': '0'}, name='c1605e47-5a43-438d-a56c-f745bb9a040b', nb_cfg=1, nb_cfg_timestamp=1785534040394) old=Chassis_Private(uuid=be3f015c-b213-4383-ad48-9b1a5f77de59, nb_cfg=0, nb_cfg_timestamp=0) {{(pid=90787) matches /opt/stack/data/venv/lib/python3.12/site-packages/ovsdbapp/backend/ovs_idl/event.py:55}}
Jul 31 21:40:40.398439 np0000006278 devstack@neutron-api.service[90789]: DEBUG neutron.plugins.ml2.drivers.ovn.mech_driver.ovsdb.ovsdb_monitor [-] Hash Ring: Node 41fbf7424607506ab9ab25b16bef4d0c (host: np0000006278) handling event "update" for row 57553d34-b66c-42c0-b0f0-6e73630d63e6 (table: NB_Global) {{(pid=90789) notify /opt/stack/neutron/neutron/plugins/ml2/drivers/ovn/mech_driver/ovsdb/ovsdb_monitor.py:1013}}
Jul 31 21:40:40.399156 np0000006278 devstack@neutron-api.service[90790]: DEBUG ovsdbapp.backend.ovs_idl.event [-] Matched UPDATE: ChassisAgentWriteEvent(events=('create', 'update'), table='Chassis_Private', conditions=None, old_conditions=None), priority=20 to row=Chassis_Private(uuid=be3f015c-b213-4383-ad48-9b1a5f77de59, chassis=211a1401-179f-41da-bc9d-5b06ba1889bf, external_ids={'neutron:ovn-bridge': 'br-int', 'neutron:ovn-neutron-agent-id': '6ddac581-f499-5391-bca5-b054262a4a70', 'neutron:ovn-neutron-agent-sb-cfg': '0'}, name='c1605e47-5a43-438d-a56c-f745bb9a040b', nb_cfg=1, nb_cfg_timestamp=1785534040394) old=Chassis_Private(uuid=be3f015c-b213-4383-ad48-9b1a5f77de59, nb_cfg=0, nb_cfg_timestamp=0) {{(pid=90790) matches /opt/stack/data/venv/lib/python3.12/site-packages/ovsdbapp/backend/ovs_idl/event.py:55}}
Jul 31 21:40:40.399284 np0000006278 devstack@neutron-api.service[90789]: DEBUG ovsdbapp.backend.ovs_idl.event [-] Matched UPDATE: ChassisAgentWriteEvent(events=('create', 'update'), table='Chassis_Private', conditions=None, old_conditions=None), priority=20 to row=Chassis_Private(uuid=be3f015c-b213-4383-ad48-9b1a5f77de59, chassis=211a1401-179f-41da-bc9d-5b06ba1889bf, external_ids={'neutron:ovn-bridge': 'br-int', 'neutron:ovn-neutron-agent-id': '6ddac581-f499-5391-bca5-b054262a4a70', 'neutron:ovn-neutron-agent-sb-cfg': '0'}, name='c1605e47-5a43-438d-a56c-f745bb9a040b', nb_cfg=1, nb_cfg_timestamp=1785534040394) old=Chassis_Private(uuid=be3f015c-b213-4383-ad48-9b1a5f77de59, nb_cfg=0, nb_cfg_timestamp=0) {{(pid=90789) matches /opt/stack/data/venv/lib/python3.12/site-packages/ovsdbapp/backend/ovs_idl/event.py:55}}
Jul 31 21:40:40.399599 np0000006278 devstack@neutron-api.service[90787]: DEBUG neutron.plugins.ml2.drivers.ovn.mech_driver.ovsdb.ovsdb_monitor [-] Hash Ring: Node 13e26638d23b5422954882a7fcc74271 (host: np0000006278) handling event "update" for row 57553d34-b66c-42c0-b0f0-6e73630d63e6 (table: NB_Global) {{(pid=90787) notify /opt/stack/neutron/neutron/plugins/ml2/drivers/ovn/mech_driver/ovsdb/ovsdb_monitor.py:1013}}
Jul 31 21:40:40.399808 np0000006278 devstack@neutron-api.service[90789]: DEBUG neutron.plugins.ml2.drivers.ovn.mech_driver.ovsdb.ovsdb_monitor [-] Hash Ring: Node 41fbf7424607506ab9ab25b16bef4d0c (host: np0000006278) handling event "update" for row 57553d34-b66c-42c0-b0f0-6e73630d63e6 (table: NB_Global) {{(pid=90789) notify /opt/stack/neutron/neutron/plugins/ml2/drivers/ovn/mech_driver/ovsdb/ovsdb_monitor.py:1013}}
Jul 31 21:40:40.400282 np0000006278 devstack@neutron-api.service[90787]: DEBUG neutron.plugins.ml2.drivers.ovn.mech_driver.ovsdb.ovsdb_monitor [-] Hash Ring: Node 13e26638d23b5422954882a7fcc74271 (host: np0000006278) handling event "update" for row 57553d34-b66c-42c0-b0f0-6e73630d63e6 (table: NB_Global) {{(pid=90787) notify /opt/stack/neutron/neutron/plugins/ml2/drivers/ovn/mech_driver/ovsdb/ovsdb_monitor.py:1013}}
Jul 31 21:40:40.400865 np0000006278 devstack@neutron-api.service[90789]: DEBUG neutron.plugins.ml2.drivers.ovn.mech_driver.ovsdb.ovsdb_monitor [-] Hash Ring: Node 41fbf7424607506ab9ab25b16bef4d0c (host: np0000006278) handling event "update" for row 57553d34-b66c-42c0-b0f0-6e73630d63e6 (table: NB_Global) {{(pid=90789) notify /opt/stack/neutron/neutron/plugins/ml2/drivers/ovn/mech_driver/ovsdb/ovsdb_monitor.py:1013}}
Jul 31 21:40:40.403741 np0000006278 devstack@neutron-api.service[90787]: DEBUG neutron.common.ovn.hash_ring_manager [-] Allow caching, nodes 4>=4 {{(pid=90787) _wait_startup_before_caching /opt/stack/neutron/neutron/common/ovn/hash_ring_manager.py:71}}
Jul 31 21:40:40.403928 np0000006278 devstack@neutron-api.service[90787]: DEBUG neutron.plugins.ml2.drivers.ovn.mech_driver.ovsdb.ovsdb_monitor [-] Hash Ring: Node 13e26638d23b5422954882a7fcc74271 (host: np0000006278) handling event "update" for row be3f015c-b213-4383-ad48-9b1a5f77de59 (table: Chassis_Private) {{(pid=90787) notify /opt/stack/neutron/neutron/plugins/ml2/drivers/ovn/mech_driver/ovsdb/ovsdb_monitor.py:1013}}
Jul 31 21:40:40.404061 np0000006278 devstack@neutron-api.service[90790]: DEBUG ovsdbapp.backend.ovs_idl.event [-] Matched UPDATE: ChassisOVNAgentWriteEvent(events=('create', 'update'), table='Chassis_Private', conditions=None, old_conditions=None), priority=20 to row=Chassis_Private(uuid=be3f015c-b213-4383-ad48-9b1a5f77de59, chassis=211a1401-179f-41da-bc9d-5b06ba1889bf, external_ids={'neutron:ovn-bridge': 'br-int', 'neutron:ovn-neutron-agent-id': '6ddac581-f499-5391-bca5-b054262a4a70', 'neutron:ovn-neutron-agent-sb-cfg': '1'}, name='c1605e47-5a43-438d-a56c-f745bb9a040b', nb_cfg=1, nb_cfg_timestamp=1785534040394) old=Chassis_Private(uuid=be3f015c-b213-4383-ad48-9b1a5f77de59, external_ids={'neutron:ovn-bridge': 'br-int', 'neutron:ovn-neutron-agent-id': '6ddac581-f499-5391-bca5-b054262a4a70', 'neutron:ovn-neutron-agent-sb-cfg': '0'}) {{(pid=90790) matches /opt/stack/data/venv/lib/python3.12/site-packages/ovsdbapp/backend/ovs_idl/event.py:55}}
Jul 31 21:40:40.404650 np0000006278 devstack@neutron-api.service[90789]: DEBUG ovsdbapp.backend.ovs_idl.event [-] Matched UPDATE: ChassisOVNAgentWriteEvent(events=('create', 'update'), table='Chassis_Private', conditions=None, old_conditions=None), priority=20 to row=Chassis_Private(uuid=be3f015c-b213-4383-ad48-9b1a5f77de59, chassis=211a1401-179f-41da-bc9d-5b06ba1889bf, external_ids={'neutron:ovn-bridge': 'br-int', 'neutron:ovn-neutron-agent-id': '6ddac581-f499-5391-bca5-b054262a4a70', 'neutron:ovn-neutron-agent-sb-cfg': '1'}, name='c1605e47-5a43-438d-a56c-f745bb9a040b', nb_cfg=1, nb_cfg_timestamp=1785534040394) old=Chassis_Private(uuid=be3f015c-b213-4383-ad48-9b1a5f77de59, external_ids={'neutron:ovn-bridge': 'br-int', 'neutron:ovn-neutron-agent-id': '6ddac581-f499-5391-bca5-b054262a4a70', 'neutron:ovn-neutron-agent-sb-cfg': '0'}) {{(pid=90789) matches /opt/stack/data/venv/lib/python3.12/site-packages/ovsdbapp/backend/ovs_idl/event.py:55}}
Jul 31 21:40:40.404804 np0000006278 devstack@neutron-api.service[90788]: DEBUG ovsdbapp.backend.ovs_idl.event [-] Matched UPDATE: ChassisAgentWriteEvent(events=('create', 'update'), table='Chassis_Private', conditions=None, old_conditions=None), priority=20 to row=Chassis_Private(uuid=be3f015c-b213-4383-ad48-9b1a5f77de59, chassis=211a1401-179f-41da-bc9d-5b06ba1889bf, external_ids={'neutron:ovn-bridge': 'br-int', 'neutron:ovn-neutron-agent-id': '6ddac581-f499-5391-bca5-b054262a4a70', 'neutron:ovn-neutron-agent-sb-cfg': '0'}, name='c1605e47-5a43-438d-a56c-f745bb9a040b', nb_cfg=1, nb_cfg_timestamp=1785534040394) old=Chassis_Private(uuid=be3f015c-b213-4383-ad48-9b1a5f77de59, nb_cfg=0, nb_cfg_timestamp=0) {{(pid=90788) matches /opt/stack/data/venv/lib/python3.12/site-packages/ovsdbapp/backend/ovs_idl/event.py:55}}
Jul 31 21:40:40.405201 np0000006278 devstack@neutron-api.service[90788]: DEBUG neutron.plugins.ml2.drivers.ovn.mech_driver.ovsdb.ovsdb_monitor [-] Hash Ring: Node 4ab77fc1c26a507389a4944b5e4d9bda (host: np0000006278) handling event "update" for row be3f015c-b213-4383-ad48-9b1a5f77de59 (table: Chassis_Private) {{(pid=90788) notify /opt/stack/neutron/neutron/plugins/ml2/drivers/ovn/mech_driver/ovsdb/ovsdb_monitor.py:1013}}
Jul 31 21:40:40.405481 np0000006278 devstack@neutron-api.service[90787]: DEBUG ovsdbapp.backend.ovs_idl.event [-] Matched UPDATE: ChassisOVNAgentWriteEvent(events=('create', 'update'), table='Chassis_Private', conditions=None, old_conditions=None), priority=20 to row=Chassis_Private(uuid=be3f015c-b213-4383-ad48-9b1a5f77de59, chassis=211a1401-179f-41da-bc9d-5b06ba1889bf, external_ids={'neutron:ovn-bridge': 'br-int', 'neutron:ovn-neutron-agent-id': '6ddac581-f499-5391-bca5-b054262a4a70', 'neutron:ovn-neutron-agent-sb-cfg': '1'}, name='c1605e47-5a43-438d-a56c-f745bb9a040b', nb_cfg=1, nb_cfg_timestamp=1785534040394) old=Chassis_Private(uuid=be3f015c-b213-4383-ad48-9b1a5f77de59, external_ids={'neutron:ovn-bridge': 'br-int', 'neutron:ovn-neutron-agent-id': '6ddac581-f499-5391-bca5-b054262a4a70', 'neutron:ovn-neutron-agent-sb-cfg': '0'}) {{(pid=90787) matches /opt/stack/data/venv/lib/python3.12/site-packages/ovsdbapp/backend/ovs_idl/event.py:55}}
Jul 31 21:40:40.405701 np0000006278 devstack@neutron-api.service[90787]: DEBUG neutron.plugins.ml2.drivers.ovn.mech_driver.ovsdb.ovsdb_monitor [-] Hash Ring: Node 13e26638d23b5422954882a7fcc74271 (host: np0000006278) handling event "update" for row be3f015c-b213-4383-ad48-9b1a5f77de59 (table: Chassis_Private) {{(pid=90787) notify /opt/stack/neutron/neutron/plugins/ml2/drivers/ovn/mech_driver/ovsdb/ovsdb_monitor.py:1013}}
Jul 31 21:40:40.407183 np0000006278 devstack@neutron-api.service[90788]: DEBUG ovsdbapp.backend.ovs_idl.event [-] Matched UPDATE: ChassisOVNAgentWriteEvent(events=('create', 'update'), table='Chassis_Private', conditions=None, old_conditions=None), priority=20 to row=Chassis_Private(uuid=be3f015c-b213-4383-ad48-9b1a5f77de59, chassis=211a1401-179f-41da-bc9d-5b06ba1889bf, external_ids={'neutron:ovn-bridge': 'br-int', 'neutron:ovn-neutron-agent-id': '6ddac581-f499-5391-bca5-b054262a4a70', 'neutron:ovn-neutron-agent-sb-cfg': '1'}, name='c1605e47-5a43-438d-a56c-f745bb9a040b', nb_cfg=1, nb_cfg_timestamp=1785534040394) old=Chassis_Private(uuid=be3f015c-b213-4383-ad48-9b1a5f77de59, external_ids={'neutron:ovn-bridge': 'br-int', 'neutron:ovn-neutron-agent-id': '6ddac581-f499-5391-bca5-b054262a4a70', 'neutron:ovn-neutron-agent-sb-cfg': '0'}) {{(pid=90788) matches /opt/stack/data/venv/lib/python3.12/site-packages/ovsdbapp/backend/ovs_idl/event.py:55}}
Jul 31 21:40:40.407395 np0000006278 devstack@neutron-api.service[90788]: DEBUG neutron.plugins.ml2.drivers.ovn.mech_driver.ovsdb.ovsdb_monitor [-] Hash Ring: Node 4ab77fc1c26a507389a4944b5e4d9bda (host: np0000006278) handling event "update" for row be3f015c-b213-4383-ad48-9b1a5f77de59 (table: Chassis_Private) {{(pid=90788) notify /opt/stack/neutron/neutron/plugins/ml2/drivers/ovn/mech_driver/ovsdb/ovsdb_monitor.py:1013}}
Jul 31 21:40:40.443930 np0000006278 devstack@neutron-api.service[90788]: DEBUG neutron.plugins.ml2.drivers.helpers [None req-d872edc0-cd38-4022-be24-d2ba2c451c35 admin admin] geneve segment allocate from pool success with {'geneve_vni': 45062} {{(pid=90788) allocate_partially_specified_segment /opt/stack/neutron/neutron/plugins/ml2/drivers/helpers.py:142}}
Jul 31 21:40:40.453499 np0000006278 devstack@neutron-api.service[90788]: DEBUG neutron_lib.callbacks.manager [None req-d872edc0-cd38-4022-be24-d2ba2c451c35 admin admin] Publish callbacks ['neutron.services.segments.db._add_segment_host_mapping_for_segment-7994740478306', 'neutron.plugins.ml2.plugin.Ml2Plugin._handle_segment_change-784761'] for segment (a9cf94e2-a9ec-4b92-a77b-0633e5486fe8), precommit_create {{(pid=90788) _notify_loop /opt/stack/data/venv/lib/python3.12/site-packages/neutron_lib/callbacks/manager.py:184}}
Jul 31 21:40:40.453673 np0000006278 devstack@neutron-api.service[90788]: INFO neutron.db.segments_db [None req-d872edc0-cd38-4022-be24-d2ba2c451c35 admin admin] Added segment a9cf94e2-a9ec-4b92-a77b-0633e5486fe8 of type geneve for network 6dc69718-5c2a-4161-85d7-1af0e6fc2f58
Jul 31 21:40:40.489459 np0000006278 devstack@neutron-api.service[90788]: DEBUG neutron_lib.callbacks.manager [None req-d872edc0-cd38-4022-be24-d2ba2c451c35 admin admin] Publish callbacks ['neutron.services.auto_allocate.db._ensure_external_network_default_value_callback-7994737873850'] for network (6dc69718-5c2a-4161-85d7-1af0e6fc2f58), precommit_create {{(pid=90788) _notify_loop /opt/stack/data/venv/lib/python3.12/site-packages/neutron_lib/callbacks/manager.py:184}}
Jul 31 21:40:40.504921 np0000006278 devstack@neutron-api.service[90788]: DEBUG neutron.plugins.ml2.drivers.ovn.mech_driver.mech_driver [None req-d872edc0-cd38-4022-be24-d2ba2c451c35 admin admin] Validating network segment with type geneve, segmentation ID 45062, physical network None {{(pid=90788) _validate_network_segments /opt/stack/neutron/neutron/plugins/ml2/drivers/ovn/mech_driver/mech_driver.py:646}}
Jul 31 21:40:40.505020 np0000006278 devstack@neutron-api.service[90788]: DEBUG neutron.db.ovn_revision_numbers_db [None req-d872edc0-cd38-4022-be24-d2ba2c451c35 admin admin] create_initial_revision uuid=6dc69718-5c2a-4161-85d7-1af0e6fc2f58, type=networks, rev=-1 {{(pid=90788) create_initial_revision /opt/stack/neutron/neutron/db/ovn_revision_numbers_db.py:98}}
Jul 31 21:40:40.521660 np0000006278 devstack@neutron-api.service[90788]: DEBUG neutron_lib.callbacks.manager [None req-d872edc0-cd38-4022-be24-d2ba2c451c35 admin admin] Publish callbacks ['neutron.plugins.ml2.ovo_rpc._ObjectChangeHandler.handle_event-2528251'] for network (6dc69718-5c2a-4161-85d7-1af0e6fc2f58), after_create {{(pid=90788) _notify_loop /opt/stack/data/venv/lib/python3.12/site-packages/neutron_lib/callbacks/manager.py:184}}
Jul 31 21:40:40.567745 np0000006278 devstack@neutron-api.service[90788]: DEBUG neutron.api.rpc.handlers.resources_rpc [None req-d872edc0-cd38-4022-be24-d2ba2c451c35 admin admin] Pushing event updated for resources: {'Network': ['ID=6dc69718-5c2a-4161-85d7-1af0e6fc2f58,revision_number=1']} {{(pid=90788) push /opt/stack/neutron/neutron/api/rpc/handlers/resources_rpc.py:237}}
Jul 31 21:40:40.574388 np0000006278 devstack@neutron-api.service[90788]: DEBUG ovsdbapp.backend.ovs_idl.transaction [-] Running txn n=1 command(idx=0): AddNetworkCommand(_result=None, network_uuid=6dc69718-5c2a-4161-85d7-1af0e6fc2f58, may_exist=True, columns={'external_ids': {'neutron:network_name': 'private', 'neutron:mtu': '1372', 'neutron:revision_number': '1', 'neutron:availability_zone_hints': '', 'neutron:provnet-network-type': 'geneve'}, 'other_config': {'mcast_snoop': 'false', 'mcast_flood_unregistered': 'false', 'vlan-passthru': 'false'}}) {{(pid=90788) do_commit /opt/stack/data/venv/lib/python3.12/site-packages/ovsdbapp/backend/ovs_idl/transaction.py:89}}
Jul 31 21:40:40.574775 np0000006278 devstack@neutron-api.service[90788]: DEBUG neutron.common.ovn.utils [-] OVS persist_uuid supported=True {{(pid=90788) ovs_persist_uuid_supported /opt/stack/neutron/neutron/common/ovn/utils.py:1565}}
Jul 31 21:40:40.577423 np0000006278 devstack@neutron-api.service[90787]: DEBUG neutron.plugins.ml2.drivers.ovn.mech_driver.ovsdb.ovsdb_monitor [-] Hash Ring: Node 13e26638d23b5422954882a7fcc74271 (host: np0000006278) handling event "create" for row 6dc69718-5c2a-4161-85d7-1af0e6fc2f58 (table: Logical_Switch) {{(pid=90787) notify /opt/stack/neutron/neutron/plugins/ml2/drivers/ovn/mech_driver/ovsdb/ovsdb_monitor.py:1013}}
Jul 31 21:40:40.578388 np0000006278 devstack@neutron-api.service[90790]: DEBUG neutron.plugins.ml2.drivers.ovn.mech_driver.ovsdb.ovsdb_monitor [-] Hash Ring: Node 99b61fa0095957c28d858557decc20d9 (host: np0000006278) handling event "create" for row 6dc69718-5c2a-4161-85d7-1af0e6fc2f58 (table: Logical_Switch) {{(pid=90790) notify /opt/stack/neutron/neutron/plugins/ml2/drivers/ovn/mech_driver/ovsdb/ovsdb_monitor.py:1013}}
Jul 31 21:40:40.581571 np0000006278 devstack@neutron-api.service[90787]: DEBUG neutron.plugins.ml2.drivers.ovn.mech_driver.ovsdb.ovsdb_monitor [-] Hash Ring: Node 13e26638d23b5422954882a7fcc74271 (host: np0000006278) handling event "create" for row 412d40c6-516e-4238-bf34-120c4e060e61 (table: Datapath_Binding) {{(pid=90787) notify /opt/stack/neutron/neutron/plugins/ml2/drivers/ovn/mech_driver/ovsdb/ovsdb_monitor.py:1013}}
Jul 31 21:40:40.581900 np0000006278 devstack@neutron-api.service[90790]: DEBUG neutron.plugins.ml2.drivers.ovn.mech_driver.ovsdb.ovsdb_monitor [-] Hash Ring: Node 99b61fa0095957c28d858557decc20d9 (host: np0000006278) handling event "create" for row 412d40c6-516e-4238-bf34-120c4e060e61 (table: Datapath_Binding) {{(pid=90790) notify /opt/stack/neutron/neutron/plugins/ml2/drivers/ovn/mech_driver/ovsdb/ovsdb_monitor.py:1013}}
Jul 31 21:40:40.602208 np0000006278 devstack@neutron-api.service[90788]: INFO neutron.db.ovn_revision_numbers_db [None req-d872edc0-cd38-4022-be24-d2ba2c451c35 admin admin] Successfully bumped revision number for resource 6dc69718-5c2a-4161-85d7-1af0e6fc2f58 (type: networks) to 1
Jul 31 21:40:40.655278 np0000006278 devstack@neutron-api.service[90788]: DEBUG neutron_lib.callbacks.manager [None req-d872edc0-cd38-4022-be24-d2ba2c451c35 admin admin] Publish callbacks ['neutron.plugins.ml2.plugin.SecurityGroupDbMixin._ensure_default_security_group_handler-15815'] for port (None), before_create {{(pid=90788) _notify_loop /opt/stack/data/venv/lib/python3.12/site-packages/neutron_lib/callbacks/manager.py:184}}
Jul 31 21:40:40.944307 np0000006278 devstack@neutron-api.service[90788]: DEBUG neutron_lib.callbacks.manager [None req-d872edc0-cd38-4022-be24-d2ba2c451c35 admin admin] Publish callbacks ['neutron.plugins.ml2.drivers.ovn.mech_driver.mech_driver.OVNMechanismDriver._validate_allowed_address_pairs-251903'] for allowed_address_pair (1183402f-7e87-4ed2-8cf8-7a9132226168), before_create {{(pid=90788) _notify_loop /opt/stack/data/venv/lib/python3.12/site-packages/neutron_lib/callbacks/manager.py:184}}
Jul 31 21:40:40.944841 np0000006278 devstack@neutron-api.service[90788]: DEBUG neutron_lib.callbacks.manager [None req-d872edc0-cd38-4022-be24-d2ba2c451c35 admin admin] Publish callbacks [] for port (1183402f-7e87-4ed2-8cf8-7a9132226168), precommit_create {{(pid=90788) _notify_loop /opt/stack/data/venv/lib/python3.12/site-packages/neutron_lib/callbacks/manager.py:184}}
Jul 31 21:40:40.944995 np0000006278 devstack@neutron-api.service[90788]: DEBUG neutron.plugins.ml2.drivers.ovn.mech_driver.mech_driver [None req-d872edc0-cd38-4022-be24-d2ba2c451c35 admin admin] No provisioning block for port 1183402f-7e87-4ed2-8cf8-7a9132226168 since it does not have a host {{(pid=90788) _is_port_provisioning_required /opt/stack/neutron/neutron/plugins/ml2/drivers/ovn/mech_driver/mech_driver.py:899}}
Jul 31 21:40:40.945096 np0000006278 devstack@neutron-api.service[90788]: DEBUG neutron.db.ovn_revision_numbers_db [None req-d872edc0-cd38-4022-be24-d2ba2c451c35 admin admin] create_initial_revision uuid=1183402f-7e87-4ed2-8cf8-7a9132226168, type=ports, rev=-1 {{(pid=90788) create_initial_revision /opt/stack/neutron/neutron/db/ovn_revision_numbers_db.py:98}}
Jul 31 21:40:40.995791 np0000006278 devstack@neutron-api.service[90788]: DEBUG neutron_lib.callbacks.manager [None req-d872edc0-cd38-4022-be24-d2ba2c451c35 admin admin] Publish callbacks ['neutron.plugins.ml2.ovo_rpc._ObjectChangeHandler.handle_event-2528192'] for port (1183402f-7e87-4ed2-8cf8-7a9132226168), after_create {{(pid=90788) _notify_loop /opt/stack/data/venv/lib/python3.12/site-packages/neutron_lib/callbacks/manager.py:184}}
Jul 31 21:40:41.046779 np0000006278 devstack@neutron-api.service[90788]: DEBUG neutron.api.rpc.handlers.resources_rpc [None req-d872edc0-cd38-4022-be24-d2ba2c451c35 admin admin] Pushing event updated for resources: {'Port': ['ID=1183402f-7e87-4ed2-8cf8-7a9132226168,revision_number=1']} {{(pid=90788) push /opt/stack/neutron/neutron/api/rpc/handlers/resources_rpc.py:237}}
Jul 31 21:40:41.078869 np0000006278 devstack@neutron-api.service[90788]: DEBUG neutron.plugins.ml2.drivers.ovn.mech_driver.ovsdb.commands [None req-d872edc0-cd38-4022-be24-d2ba2c451c35 admin admin] Converting tag [] to a tag_request {{(pid=90788) _tag_column_to_tag_request /opt/stack/neutron/neutron/plugins/ml2/drivers/ovn/mech_driver/ovsdb/commands.py:205}}
Jul 31 21:40:41.079632 np0000006278 devstack@neutron-api.service[90788]: DEBUG ovsdbapp.backend.ovs_idl.transaction [-] Running txn n=1 command(idx=0): AddLSwitchPortCommand(_result=None, lport=1183402f-7e87-4ed2-8cf8-7a9132226168, lswitch=neutron-6dc69718-5c2a-4161-85d7-1af0e6fc2f58, may_exist=True, network_uuid=6dc69718-5c2a-4161-85d7-1af0e6fc2f58, columns={'addresses': ['fa:16:3e:64:d2:99'], 'external_ids': {'neutron:port_name': '', 'neutron:device_id': 'ovnmeta-6dc69718-5c2a-4161-85d7-1af0e6fc2f58', 'neutron:project_id': '6a8a46baa45d4eb5a77f4f064022406e', 'neutron:cidrs': '', 'neutron:device_owner': 'network:distributed', 'neutron:subnet_pool_addr_scope4': '', 'neutron:subnet_pool_addr_scope6': '', 'neutron:network_name': 'neutron-6dc69718-5c2a-4161-85d7-1af0e6fc2f58', 'neutron:security_group_ids': '', 'neutron:revision_number': '1', 'neutron:vnic_type': 'normal', 'neutron:port_capabilities': '', 'neutron:mtu': '1372'}, 'parent_name': [], 'enabled': True, 'options': {}, 'type': 'localport', 'port_security': [], 'dhcpv4_options': [], 'dhcpv6_options': [], 'tag_request': []}) {{(pid=90788) do_commit /opt/stack/data/venv/lib/python3.12/site-packages/ovsdbapp/backend/ovs_idl/transaction.py:89}}
Jul 31 21:40:41.080155 np0000006278 devstack@neutron-api.service[90788]: DEBUG ovsdbapp.backend.ovs_idl.transaction [-] Running txn n=1 command(idx=1): QoSDelCommand(_result=None, switch=neutron-6dc69718-5c2a-4161-85d7-1af0e6fc2f58, conditions=[('direction', '=', 'to-lport'), ('priority', '=', 2002), ('match', '=', 'outport == "1183402f-7e87-4ed2-8cf8-7a9132226168"')], if_exists=True) {{(pid=90788) do_commit /opt/stack/data/venv/lib/python3.12/site-packages/ovsdbapp/backend/ovs_idl/transaction.py:89}}
Jul 31 21:40:41.080367 np0000006278 devstack@neutron-api.service[90788]: DEBUG ovsdbapp.backend.ovs_idl.transaction [-] Running txn n=1 command(idx=2): QoSDelCommand(_result=None, switch=neutron-6dc69718-5c2a-4161-85d7-1af0e6fc2f58, conditions=[('direction', '=', 'from-lport'), ('priority', '=', 2002), ('match', '=', 'inport == "1183402f-7e87-4ed2-8cf8-7a9132226168"')], if_exists=True) {{(pid=90788) do_commit /opt/stack/data/venv/lib/python3.12/site-packages/ovsdbapp/backend/ovs_idl/transaction.py:89}}
Jul 31 21:40:41.083807 np0000006278 devstack@neutron-api.service[90787]: DEBUG neutron.plugins.ml2.drivers.ovn.mech_driver.ovsdb.ovsdb_monitor [-] Hash Ring: Node 13e26638d23b5422954882a7fcc74271 (host: np0000006278) handling event "update" for row 6dc69718-5c2a-4161-85d7-1af0e6fc2f58 (table: Logical_Switch) {{(pid=90787) notify /opt/stack/neutron/neutron/plugins/ml2/drivers/ovn/mech_driver/ovsdb/ovsdb_monitor.py:1013}}
Jul 31 21:40:41.084026 np0000006278 devstack@neutron-api.service[90787]: DEBUG neutron.plugins.ml2.drivers.ovn.mech_driver.ovsdb.ovsdb_monitor [-] Hash Ring: Node 13e26638d23b5422954882a7fcc74271 (host: np0000006278) handling event "create" for row b5a13d5e-5aa2-455e-b2c3-73cb3578cf73 (table: Logical_Switch_Port) {{(pid=90787) notify /opt/stack/neutron/neutron/plugins/ml2/drivers/ovn/mech_driver/ovsdb/ovsdb_monitor.py:1013}}
Jul 31 21:40:41.085076 np0000006278 devstack@neutron-api.service[90790]: DEBUG neutron.plugins.ml2.drivers.ovn.mech_driver.ovsdb.ovsdb_monitor [-] Hash Ring: Node 99b61fa0095957c28d858557decc20d9 (host: np0000006278) handling event "update" for row 6dc69718-5c2a-4161-85d7-1af0e6fc2f58 (table: Logical_Switch) {{(pid=90790) notify /opt/stack/neutron/neutron/plugins/ml2/drivers/ovn/mech_driver/ovsdb/ovsdb_monitor.py:1013}}
Jul 31 21:40:41.085299 np0000006278 devstack@neutron-api.service[90787]: DEBUG ovsdbapp.backend.ovs_idl.event [-] Matched CREATE: LogicalSwitchPortCreateEvent(events=('create',), table='Logical_Switch_Port', conditions=[], old_conditions=None), priority=20 to row=Logical_Switch_Port(uuid=b5a13d5e-5aa2-455e-b2c3-73cb3578cf73, addresses=['fa:16:3e:64:d2:99'], dhcpv4_options=[], dhcpv6_options=[], dynamic_addresses=[], enabled=True, external_ids={'neutron:cidrs': '', 'neutron:device_id': 'ovnmeta-6dc69718-5c2a-4161-85d7-1af0e6fc2f58', 'neutron:device_owner': 'network:distributed', 'neutron:mtu': '1372', 'neutron:network_name': 'neutron-6dc69718-5c2a-4161-85d7-1af0e6fc2f58', 'neutron:port_capabilities': '', 'neutron:port_name': '', 'neutron:project_id': '6a8a46baa45d4eb5a77f4f064022406e', 'neutron:revision_number': '1', 'neutron:security_group_ids': '', 'neutron:subnet_pool_addr_scope4': '', 'neutron:subnet_pool_addr_scope6': '', 'neutron:vnic_type': 'normal'}, ha_chassis_group=[], mirror_rules=[], name='1183402f-7e87-4ed2-8cf8-7a9132226168', options={}, parent_name=[], port_security=[], tag=[], tag_request=[], type='localport', up=[]) old= {{(pid=90787) matches /opt/stack/data/venv/lib/python3.12/site-packages/ovsdbapp/backend/ovs_idl/event.py:55}}
