Jul 28 19:09:35.975196 np0000006044 nova-scheduler[93578]: DEBUG cotyledon.oslo_config_glue [-] oslo_messaging_rabbit.rabbit_qos_prefetch_count = 0 {{(pid=93578) log_opt_values /opt/stack/data/venv/lib/python3.12/site-packages/oslo_config/cfg.py:3253}}
Jul 28 19:09:35.975196 np0000006044 nova-scheduler[93578]: DEBUG cotyledon.oslo_config_glue [-] oslo_messaging_rabbit.rabbit_quorum_delivery_limit = 0 {{(pid=93578) log_opt_values /opt/stack/data/venv/lib/python3.12/site-packages/oslo_config/cfg.py:3253}}
Jul 28 19:09:35.975361 np0000006044 nova-scheduler[93578]: DEBUG cotyledon.oslo_config_glue [-] oslo_messaging_rabbit.rabbit_quorum_max_memory_bytes = 0 {{(pid=93578) log_opt_values /opt/stack/data/venv/lib/python3.12/site-packages/oslo_config/cfg.py:3253}}
Jul 28 19:09:35.975361 np0000006044 nova-scheduler[93578]: DEBUG cotyledon.oslo_config_glue [-] oslo_messaging_rabbit.rabbit_quorum_max_memory_length = 0 {{(pid=93578) log_opt_values /opt/stack/data/venv/lib/python3.12/site-packages/oslo_config/cfg.py:3253}}
Jul 28 19:09:35.975361 np0000006044 nova-scheduler[93578]: DEBUG cotyledon.oslo_config_glue [-] oslo_messaging_rabbit.rabbit_quorum_queue = False {{(pid=93578) log_opt_values /opt/stack/data/venv/lib/python3.12/site-packages/oslo_config/cfg.py:3253}}
Jul 28 19:09:35.975361 np0000006044 nova-scheduler[93578]: DEBUG cotyledon.oslo_config_glue [-] oslo_messaging_rabbit.rabbit_retry_backoff = 2 {{(pid=93578) log_opt_values /opt/stack/data/venv/lib/python3.12/site-packages/oslo_config/cfg.py:3253}}
Jul 28 19:09:35.975361 np0000006044 nova-scheduler[93578]: DEBUG cotyledon.oslo_config_glue [-] oslo_messaging_rabbit.rabbit_retry_interval = 1 {{(pid=93578) log_opt_values /opt/stack/data/venv/lib/python3.12/site-packages/oslo_config/cfg.py:3253}}
Jul 28 19:09:35.975361 np0000006044 nova-scheduler[93578]: DEBUG cotyledon.oslo_config_glue [-] oslo_messaging_rabbit.rabbit_stream_fanout = False {{(pid=93578) log_opt_values /opt/stack/data/venv/lib/python3.12/site-packages/oslo_config/cfg.py:3253}}
Jul 28 19:09:35.975361 np0000006044 nova-scheduler[93578]: DEBUG cotyledon.oslo_config_glue [-] oslo_messaging_rabbit.rabbit_transient_queues_ttl = 1800 {{(pid=93578) log_opt_values /opt/stack/data/venv/lib/python3.12/site-packages/oslo_config/cfg.py:3253}}
Jul 28 19:09:35.975361 np0000006044 nova-scheduler[93578]: DEBUG cotyledon.oslo_config_glue [-] oslo_messaging_rabbit.rabbit_transient_quorum_queue = False {{(pid=93578) log_opt_values /opt/stack/data/venv/lib/python3.12/site-packages/oslo_config/cfg.py:3253}}
Jul 28 19:09:35.975538 np0000006044 nova-scheduler[93578]: DEBUG cotyledon.oslo_config_glue [-] oslo_messaging_rabbit.rpc_conn_pool_size = 30 {{(pid=93578) log_opt_values /opt/stack/data/venv/lib/python3.12/site-packages/oslo_config/cfg.py:3253}}
Jul 28 19:09:35.975538 np0000006044 nova-scheduler[93578]: DEBUG cotyledon.oslo_config_glue [-] oslo_messaging_rabbit.ssl = False {{(pid=93578) log_opt_values /opt/stack/data/venv/lib/python3.12/site-packages/oslo_config/cfg.py:3253}}
Jul 28 19:09:35.975538 np0000006044 nova-scheduler[93578]: DEBUG cotyledon.oslo_config_glue [-] oslo_messaging_rabbit.ssl_ca_file = {{(pid=93578) log_opt_values /opt/stack/data/venv/lib/python3.12/site-packages/oslo_config/cfg.py:3253}}
Jul 28 19:09:35.975538 np0000006044 nova-scheduler[93578]: DEBUG cotyledon.oslo_config_glue [-] oslo_messaging_rabbit.ssl_cert_file = {{(pid=93578) log_opt_values /opt/stack/data/venv/lib/python3.12/site-packages/oslo_config/cfg.py:3253}}
Jul 28 19:09:35.975538 np0000006044 nova-scheduler[93578]: DEBUG cotyledon.oslo_config_glue [-] oslo_messaging_rabbit.ssl_enforce_fips_mode = False {{(pid=93578) log_opt_values /opt/stack/data/venv/lib/python3.12/site-packages/oslo_config/cfg.py:3253}}
Jul 28 19:09:35.975538 np0000006044 nova-scheduler[93578]: DEBUG cotyledon.oslo_config_glue [-] oslo_messaging_rabbit.ssl_enforce_hostname_verification = True {{(pid=93578) log_opt_values /opt/stack/data/venv/lib/python3.12/site-packages/oslo_config/cfg.py:3253}}
Jul 28 19:09:35.975538 np0000006044 nova-scheduler[93578]: DEBUG cotyledon.oslo_config_glue [-] oslo_messaging_rabbit.ssl_key_file = {{(pid=93578) log_opt_values /opt/stack/data/venv/lib/python3.12/site-packages/oslo_config/cfg.py:3253}}
Jul 28 19:09:35.975538 np0000006044 nova-scheduler[93578]: DEBUG cotyledon.oslo_config_glue [-] oslo_messaging_rabbit.ssl_version = {{(pid=93578) log_opt_values /opt/stack/data/venv/lib/python3.12/site-packages/oslo_config/cfg.py:3253}}
Jul 28 19:09:35.975538 np0000006044 nova-scheduler[93578]: DEBUG cotyledon.oslo_config_glue [-] oslo_messaging_rabbit.use_queue_manager = False {{(pid=93578) log_opt_values /opt/stack/data/venv/lib/python3.12/site-packages/oslo_config/cfg.py:3253}}
Jul 28 19:09:35.975714 np0000006044 nova-scheduler[93578]: DEBUG cotyledon.oslo_config_glue [-] oslo_messaging_notifications.driver = ['messagingv2'] {{(pid=93578) log_opt_values /opt/stack/data/venv/lib/python3.12/site-packages/oslo_config/cfg.py:3253}}
Jul 28 19:09:35.975714 np0000006044 nova-scheduler[93578]: DEBUG cotyledon.oslo_config_glue [-] oslo_messaging_notifications.retry = -1 {{(pid=93578) log_opt_values /opt/stack/data/venv/lib/python3.12/site-packages/oslo_config/cfg.py:3253}}
Jul 28 19:09:35.975714 np0000006044 nova-scheduler[93578]: DEBUG cotyledon.oslo_config_glue [-] oslo_messaging_notifications.topics = ['notifications'] {{(pid=93578) log_opt_values /opt/stack/data/venv/lib/python3.12/site-packages/oslo_config/cfg.py:3253}}
Jul 28 19:09:35.975714 np0000006044 nova-scheduler[93578]: DEBUG cotyledon.oslo_config_glue [-] oslo_messaging_notifications.transport_url = **** {{(pid=93578) log_opt_values /opt/stack/data/venv/lib/python3.12/site-packages/oslo_config/cfg.py:3253}}
Jul 28 19:09:35.975714 np0000006044 nova-scheduler[93578]: DEBUG cotyledon.oslo_config_glue [-] oslo_limit.auth_section = None {{(pid=93578) log_opt_values /opt/stack/data/venv/lib/python3.12/site-packages/oslo_config/cfg.py:3253}}
Jul 28 19:09:35.975714 np0000006044 nova-scheduler[93578]: DEBUG cotyledon.oslo_config_glue [-] oslo_limit.auth_type = None {{(pid=93578) log_opt_values /opt/stack/data/venv/lib/python3.12/site-packages/oslo_config/cfg.py:3253}}
Jul 28 19:09:35.975714 np0000006044 nova-scheduler[93578]: DEBUG cotyledon.oslo_config_glue [-] oslo_limit.cafile = None {{(pid=93578) log_opt_values /opt/stack/data/venv/lib/python3.12/site-packages/oslo_config/cfg.py:3253}}
Jul 28 19:09:35.975714 np0000006044 nova-scheduler[93578]: DEBUG cotyledon.oslo_config_glue [-] oslo_limit.certfile = None {{(pid=93578) log_opt_values /opt/stack/data/venv/lib/python3.12/site-packages/oslo_config/cfg.py:3253}}
Jul 28 19:09:35.975714 np0000006044 nova-scheduler[93578]: DEBUG cotyledon.oslo_config_glue [-] oslo_limit.collect_timing = False {{(pid=93578) log_opt_values /opt/stack/data/venv/lib/python3.12/site-packages/oslo_config/cfg.py:3253}}
Jul 28 19:09:35.975889 np0000006044 nova-scheduler[93578]: DEBUG cotyledon.oslo_config_glue [-] oslo_limit.connect_retries = None {{(pid=93578) log_opt_values /opt/stack/data/venv/lib/python3.12/site-packages/oslo_config/cfg.py:3253}}
Jul 28 19:09:35.975889 np0000006044 nova-scheduler[93578]: DEBUG cotyledon.oslo_config_glue [-] oslo_limit.connect_retry_delay = None {{(pid=93578) log_opt_values /opt/stack/data/venv/lib/python3.12/site-packages/oslo_config/cfg.py:3253}}
Jul 28 19:09:35.975889 np0000006044 nova-scheduler[93578]: DEBUG cotyledon.oslo_config_glue [-] oslo_limit.endpoint_id = None {{(pid=93578) log_opt_values /opt/stack/data/venv/lib/python3.12/site-packages/oslo_config/cfg.py:3253}}
Jul 28 19:09:35.975889 np0000006044 nova-scheduler[93578]: DEBUG cotyledon.oslo_config_glue [-] oslo_limit.endpoint_interface = public {{(pid=93578) log_opt_values /opt/stack/data/venv/lib/python3.12/site-packages/oslo_config/cfg.py:3253}}
Jul 28 19:09:35.975889 np0000006044 nova-scheduler[93578]: DEBUG cotyledon.oslo_config_glue [-] oslo_limit.endpoint_override = None {{(pid=93578) log_opt_values /opt/stack/data/venv/lib/python3.12/site-packages/oslo_config/cfg.py:3253}}
Jul 28 19:09:35.975889 np0000006044 nova-scheduler[93578]: DEBUG cotyledon.oslo_config_glue [-] oslo_limit.endpoint_region_name = None {{(pid=93578) log_opt_values /opt/stack/data/venv/lib/python3.12/site-packages/oslo_config/cfg.py:3253}}
Jul 28 19:09:35.975889 np0000006044 nova-scheduler[93578]: DEBUG cotyledon.oslo_config_glue [-] oslo_limit.endpoint_service_name = None {{(pid=93578) log_opt_values /opt/stack/data/venv/lib/python3.12/site-packages/oslo_config/cfg.py:3253}}
Jul 28 19:09:35.975889 np0000006044 nova-scheduler[93578]: DEBUG cotyledon.oslo_config_glue [-] oslo_limit.endpoint_service_type = None {{(pid=93578) log_opt_values /opt/stack/data/venv/lib/python3.12/site-packages/oslo_config/cfg.py:3253}}
Jul 28 19:09:35.975889 np0000006044 nova-scheduler[93578]: DEBUG cotyledon.oslo_config_glue [-] oslo_limit.insecure = False {{(pid=93578) log_opt_values /opt/stack/data/venv/lib/python3.12/site-packages/oslo_config/cfg.py:3253}}
Jul 28 19:09:35.976053 np0000006044 nova-scheduler[93578]: DEBUG cotyledon.oslo_config_glue [-] oslo_limit.keyfile = None {{(pid=93578) log_opt_values /opt/stack/data/venv/lib/python3.12/site-packages/oslo_config/cfg.py:3253}}
Jul 28 19:09:35.976053 np0000006044 nova-scheduler[93578]: DEBUG cotyledon.oslo_config_glue [-] oslo_limit.max_version = None {{(pid=93578) log_opt_values /opt/stack/data/venv/lib/python3.12/site-packages/oslo_config/cfg.py:3253}}
Jul 28 19:09:35.976053 np0000006044 nova-scheduler[93578]: DEBUG cotyledon.oslo_config_glue [-] oslo_limit.min_version = None {{(pid=93578) log_opt_values /opt/stack/data/venv/lib/python3.12/site-packages/oslo_config/cfg.py:3253}}
Jul 28 19:09:35.976053 np0000006044 nova-scheduler[93578]: DEBUG cotyledon.oslo_config_glue [-] oslo_limit.region_name = None {{(pid=93578) log_opt_values /opt/stack/data/venv/lib/python3.12/site-packages/oslo_config/cfg.py:3253}}
Jul 28 19:09:35.976053 np0000006044 nova-scheduler[93578]: DEBUG cotyledon.oslo_config_glue [-] oslo_limit.retriable_status_codes = None {{(pid=93578) log_opt_values /opt/stack/data/venv/lib/python3.12/site-packages/oslo_config/cfg.py:3253}}
Jul 28 19:09:35.976053 np0000006044 nova-scheduler[93578]: DEBUG cotyledon.oslo_config_glue [-] oslo_limit.service_name = None {{(pid=93578) log_opt_values /opt/stack/data/venv/lib/python3.12/site-packages/oslo_config/cfg.py:3253}}
Jul 28 19:09:35.976053 np0000006044 nova-scheduler[93578]: DEBUG cotyledon.oslo_config_glue [-] oslo_limit.service_type = None {{(pid=93578) log_opt_values /opt/stack/data/venv/lib/python3.12/site-packages/oslo_config/cfg.py:3253}}
Jul 28 19:09:35.976053 np0000006044 nova-scheduler[93578]: DEBUG cotyledon.oslo_config_glue [-] oslo_limit.split_loggers = False {{(pid=93578) log_opt_values /opt/stack/data/venv/lib/python3.12/site-packages/oslo_config/cfg.py:3253}}
Jul 28 19:09:35.976053 np0000006044 nova-scheduler[93578]: DEBUG cotyledon.oslo_config_glue [-] oslo_limit.status_code_retries = None {{(pid=93578) log_opt_values /opt/stack/data/venv/lib/python3.12/site-packages/oslo_config/cfg.py:3253}}
Jul 28 19:09:35.976236 np0000006044 nova-scheduler[93578]: DEBUG cotyledon.oslo_config_glue [-] oslo_limit.status_code_retry_delay = None {{(pid=93578) log_opt_values /opt/stack/data/venv/lib/python3.12/site-packages/oslo_config/cfg.py:3253}}
Jul 28 19:09:35.976236 np0000006044 nova-scheduler[93578]: DEBUG cotyledon.oslo_config_glue [-] oslo_limit.timeout = None {{(pid=93578) log_opt_values /opt/stack/data/venv/lib/python3.12/site-packages/oslo_config/cfg.py:3253}}
Jul 28 19:09:35.976236 np0000006044 nova-scheduler[93578]: DEBUG cotyledon.oslo_config_glue [-] oslo_limit.valid_interfaces = None {{(pid=93578) log_opt_values /opt/stack/data/venv/lib/python3.12/site-packages/oslo_config/cfg.py:3253}}
Jul 28 19:09:35.976236 np0000006044 nova-scheduler[93578]: DEBUG cotyledon.oslo_config_glue [-] oslo_limit.version = None {{(pid=93578) log_opt_values /opt/stack/data/venv/lib/python3.12/site-packages/oslo_config/cfg.py:3253}}
Jul 28 19:09:35.976236 np0000006044 nova-scheduler[93578]: DEBUG cotyledon.oslo_config_glue [-] oslo_reports.file_event_handler = None {{(pid=93578) log_opt_values /opt/stack/data/venv/lib/python3.12/site-packages/oslo_config/cfg.py:3253}}
Jul 28 19:09:35.976236 np0000006044 nova-scheduler[93578]: DEBUG cotyledon.oslo_config_glue [-] oslo_reports.file_event_handler_interval = 1 {{(pid=93578) log_opt_values /opt/stack/data/venv/lib/python3.12/site-packages/oslo_config/cfg.py:3253}}
Jul 28 19:09:35.976236 np0000006044 nova-scheduler[93578]: DEBUG cotyledon.oslo_config_glue [-] oslo_reports.log_dir = None {{(pid=93578) log_opt_values /opt/stack/data/venv/lib/python3.12/site-packages/oslo_config/cfg.py:3253}}
Jul 28 19:09:35.976236 np0000006044 nova-scheduler[93578]: DEBUG cotyledon.oslo_config_glue [-] ******************************************************************************** {{(pid=93578) log_opt_values /opt/stack/data/venv/lib/python3.12/site-packages/oslo_config/cfg.py:3260}}
Jul 28 19:09:35.976236 np0000006044 nova-scheduler[93578]: DEBUG cotyledon._service_worker [-] Run service ServiceWrapper(2) [93578] {{(pid=93578) wait_forever /opt/stack/data/venv/lib/python3.12/site-packages/cotyledon/_service_worker.py:218}}
Jul 28 19:09:35.976410 np0000006044 nova-scheduler[93578]: INFO nova.service [-] Starting scheduler node (version 33.1.0)
Jul 28 19:09:35.976410 np0000006044 nova-scheduler[93578]: INFO dbcounter [None req-1fc77acc-0b6d-4caf-a166-ab162ad1cae8 None None] Registered counter for database nova_cell0
Jul 28 19:09:35.990320 np0000006044 nova-scheduler[93556]: DEBUG oslo_db.sqlalchemy.engines [None req-8b9c5719-9b22-4161-86ef-da50f881a8a5 None None] MySQL server mode set to STRICT_TRANS_TABLES,STRICT_ALL_TABLES,NO_ZERO_IN_DATE,NO_ZERO_DATE,ERROR_FOR_DIVISION_BY_ZERO,TRADITIONAL,NO_ENGINE_SUBSTITUTION {{(pid=93556) _check_effective_sql_mode /opt/stack/data/venv/lib/python3.12/site-packages/oslo_db/sqlalchemy/engines.py:325}}
Jul 28 19:09:35.999238 np0000006044 nova-scheduler[93556]: DEBUG dbcounter [-] [93556] Writer thread running {{(pid=93556) stat_writer /opt/stack/data/venv/lib/python3.12/site-packages/dbcounter.py:102}}
Jul 28 19:09:36.009818 np0000006044 nova-scheduler[93554]: DEBUG oslo_db.sqlalchemy.engines [None req-1494b8a2-c68c-47a8-98a2-8e30a1bfab6a None None] MySQL server mode set to STRICT_TRANS_TABLES,STRICT_ALL_TABLES,NO_ZERO_IN_DATE,NO_ZERO_DATE,ERROR_FOR_DIVISION_BY_ZERO,TRADITIONAL,NO_ENGINE_SUBSTITUTION {{(pid=93554) _check_effective_sql_mode /opt/stack/data/venv/lib/python3.12/site-packages/oslo_db/sqlalchemy/engines.py:325}}
Jul 28 19:09:36.014812 np0000006044 nova-scheduler[93578]: DEBUG oslo_db.sqlalchemy.engines [None req-1fc77acc-0b6d-4caf-a166-ab162ad1cae8 None None] MySQL server mode set to STRICT_TRANS_TABLES,STRICT_ALL_TABLES,NO_ZERO_IN_DATE,NO_ZERO_DATE,ERROR_FOR_DIVISION_BY_ZERO,TRADITIONAL,NO_ENGINE_SUBSTITUTION {{(pid=93578) _check_effective_sql_mode /opt/stack/data/venv/lib/python3.12/site-packages/oslo_db/sqlalchemy/engines.py:325}}
Jul 28 19:09:36.018517 np0000006044 nova-scheduler[93556]: DEBUG nova.service [None req-8b9c5719-9b22-4161-86ef-da50f881a8a5 None None] Creating RPC server for service: nova-scheduler on topic: scheduler {{(pid=93556) start /opt/stack/nova/nova/service.py:196}}
Jul 28 19:09:36.021784 np0000006044 nova-scheduler[93554]: DEBUG dbcounter [-] [93554] Writer thread running {{(pid=93554) stat_writer /opt/stack/data/venv/lib/python3.12/site-packages/dbcounter.py:102}}
Jul 28 19:09:36.026979 np0000006044 nova-scheduler[93578]: DEBUG dbcounter [-] [93578] Writer thread running {{(pid=93578) stat_writer /opt/stack/data/venv/lib/python3.12/site-packages/dbcounter.py:102}}
Jul 28 19:09:36.030262 np0000006044 nova-scheduler[93578]: DEBUG nova.service [None req-1fc77acc-0b6d-4caf-a166-ab162ad1cae8 None None] Creating RPC server for service: nova-scheduler on topic: scheduler {{(pid=93578) start /opt/stack/nova/nova/service.py:196}}
Jul 28 19:09:36.031153 np0000006044 nova-scheduler[93554]: DEBUG nova.service [None req-1494b8a2-c68c-47a8-98a2-8e30a1bfab6a None None] Creating RPC server for service: nova-scheduler on topic: scheduler {{(pid=93554) start /opt/stack/nova/nova/service.py:196}}
Jul 28 19:09:36.045992 np0000006044 nova-scheduler[93556]: DEBUG nova.service [None req-8b9c5719-9b22-4161-86ef-da50f881a8a5 None None] Join ServiceGroup membership for this service scheduler {{(pid=93556) start /opt/stack/nova/nova/service.py:222}}
Jul 28 19:09:36.046225 np0000006044 nova-scheduler[93556]: DEBUG nova.servicegroup.drivers.db [None req-8b9c5719-9b22-4161-86ef-da50f881a8a5 None None] DB_Driver: join new ServiceGroup member np0000006044 to the scheduler group, service = {{(pid=93556) join /opt/stack/nova/nova/servicegroup/drivers/db.py:44}}
Jul 28 19:09:36.048563 np0000006044 nova-scheduler[93578]: DEBUG nova.service [None req-1fc77acc-0b6d-4caf-a166-ab162ad1cae8 None None] Join ServiceGroup membership for this service scheduler {{(pid=93578) start /opt/stack/nova/nova/service.py:222}}
Jul 28 19:09:36.048659 np0000006044 nova-scheduler[93578]: DEBUG nova.servicegroup.drivers.db [None req-1fc77acc-0b6d-4caf-a166-ab162ad1cae8 None None] DB_Driver: join new ServiceGroup member np0000006044 to the scheduler group, service = {{(pid=93578) join /opt/stack/nova/nova/servicegroup/drivers/db.py:44}}
Jul 28 19:09:36.054034 np0000006044 nova-scheduler[93554]: DEBUG nova.service [None req-1494b8a2-c68c-47a8-98a2-8e30a1bfab6a None None] Join ServiceGroup membership for this service scheduler {{(pid=93554) start /opt/stack/nova/nova/service.py:222}}
Jul 28 19:09:36.054307 np0000006044 nova-scheduler[93554]: DEBUG nova.servicegroup.drivers.db [None req-1494b8a2-c68c-47a8-98a2-8e30a1bfab6a None None] DB_Driver: join new ServiceGroup member np0000006044 to the scheduler group, service = {{(pid=93554) join /opt/stack/nova/nova/servicegroup/drivers/db.py:44}}
Jul 28 19:09:41.062148 np0000006044 nova-scheduler[93556]: DEBUG oslo.service.backend._threading.loopingcall [-] Fixed interval looping call 'nova.servicegroup.drivers.db.DbDriver._report_state' sleeping for 119.99 seconds {{(pid=93556) _run_loop /opt/stack/data/venv/lib/python3.12/site-packages/oslo_service/backend/_threading/loopingcall.py:125}}
Jul 28 19:09:41.063383 np0000006044 nova-scheduler[93578]: DEBUG oslo.service.backend._threading.loopingcall [-] Fixed interval looping call 'nova.servicegroup.drivers.db.DbDriver._report_state' sleeping for 119.99 seconds {{(pid=93578) _run_loop /opt/stack/data/venv/lib/python3.12/site-packages/oslo_service/backend/_threading/loopingcall.py:125}}
Jul 28 19:09:41.066300 np0000006044 nova-scheduler[93554]: DEBUG oslo.service.backend._threading.loopingcall [-] Fixed interval looping call 'nova.servicegroup.drivers.db.DbDriver._report_state' sleeping for 119.99 seconds {{(pid=93554) _run_loop /opt/stack/data/venv/lib/python3.12/site-packages/oslo_service/backend/_threading/loopingcall.py:125}}
Jul 28 19:09:44.596192 np0000006044 nova-scheduler[92346]: DEBUG dbcounter [-] [92346] Writing DB stats nova_api:SELECT=3 {{(pid=92346) stat_writer /opt/stack/data/venv/lib/python3.12/site-packages/dbcounter.py:115}}
Jul 28 19:09:44.708315 np0000006044 nova-scheduler[92346]: DEBUG dbcounter [-] [92346] Writing DB stats nova_cell0:SELECT=1 {{(pid=92346) stat_writer /opt/stack/data/venv/lib/python3.12/site-packages/dbcounter.py:115}}
Jul 28 19:09:44.712513 np0000006044 nova-scheduler[92346]: DEBUG dbcounter [-] [92346] Writing DB stats nova_cell1:SELECT=1 {{(pid=92346) stat_writer /opt/stack/data/venv/lib/python3.12/site-packages/dbcounter.py:115}}
Jul 28 19:09:48.050987 np0000006044 nova-scheduler[93578]: DEBUG oslo.service.backend._threading.loopingcall [None req-d63e415e-4c34-4ed6-8fac-f49bf13e4e54 None None] Dynamic interval looping call 'nova.service.Service.periodic_tasks' sleeping for 60.00 seconds {{(pid=93578) _run_loop /opt/stack/data/venv/lib/python3.12/site-packages/oslo_service/backend/_threading/loopingcall.py:125}}
Jul 28 19:09:51.048105 np0000006044 nova-scheduler[93556]: DEBUG oslo.service.backend._threading.loopingcall [None req-c66b7897-d292-4ee8-8461-c59b4d7b3ff2 None None] Dynamic interval looping call 'nova.service.Service.periodic_tasks' sleeping for 60.00 seconds {{(pid=93556) _run_loop /opt/stack/data/venv/lib/python3.12/site-packages/oslo_service/backend/_threading/loopingcall.py:125}}
Jul 28 19:09:51.057068 np0000006044 nova-scheduler[93556]: DEBUG dbcounter [-] [93556] Writing DB stats nova_cell0:SELECT=4,nova_cell0:INSERT=1,nova_cell0:UPDATE=1 {{(pid=93556) stat_writer /opt/stack/data/venv/lib/python3.12/site-packages/dbcounter.py:115}}
Jul 28 19:09:51.061857 np0000006044 nova-scheduler[93578]: DEBUG dbcounter [-] [93578] Writing DB stats nova_cell0:SELECT=3,nova_cell0:UPDATE=1 {{(pid=93578) stat_writer /opt/stack/data/venv/lib/python3.12/site-packages/dbcounter.py:115}}
Jul 28 19:09:51.062810 np0000006044 nova-scheduler[93554]: DEBUG dbcounter [-] [93554] Writing DB stats nova_cell0:SELECT=3 {{(pid=93554) stat_writer /opt/stack/data/venv/lib/python3.12/site-packages/dbcounter.py:115}}
Jul 28 19:09:55.056413 np0000006044 nova-scheduler[93554]: DEBUG oslo.service.backend._threading.loopingcall [None req-55141755-7d85-47c2-a269-5382a2ce35ee None None] Dynamic interval looping call 'nova.service.Service.periodic_tasks' sleeping for 60.00 seconds {{(pid=93554) _run_loop /opt/stack/data/venv/lib/python3.12/site-packages/oslo_service/backend/_threading/loopingcall.py:125}}
Jul 28 19:10:48.051423 np0000006044 nova-scheduler[93578]: DEBUG oslo.service.backend._threading.loopingcall [None req-d63e415e-4c34-4ed6-8fac-f49bf13e4e54 None None] Dynamic interval looping call 'nova.service.Service.periodic_tasks' sleeping for 60.00 seconds {{(pid=93578) _run_loop /opt/stack/data/venv/lib/python3.12/site-packages/oslo_service/backend/_threading/loopingcall.py:125}}
Jul 28 19:10:51.048610 np0000006044 nova-scheduler[93556]: DEBUG oslo.service.backend._threading.loopingcall [None req-c66b7897-d292-4ee8-8461-c59b4d7b3ff2 None None] Dynamic interval looping call 'nova.service.Service.periodic_tasks' sleeping for 60.00 seconds {{(pid=93556) _run_loop /opt/stack/data/venv/lib/python3.12/site-packages/oslo_service/backend/_threading/loopingcall.py:125}}
Jul 28 19:10:55.056850 np0000006044 nova-scheduler[93554]: DEBUG oslo.service.backend._threading.loopingcall [None req-55141755-7d85-47c2-a269-5382a2ce35ee None None] Dynamic interval looping call 'nova.service.Service.periodic_tasks' sleeping for 60.00 seconds {{(pid=93554) _run_loop /opt/stack/data/venv/lib/python3.12/site-packages/oslo_service/backend/_threading/loopingcall.py:125}}
Jul 28 19:11:41.064530 np0000006044 nova-scheduler[93578]: DEBUG oslo.service.backend._threading.loopingcall [-] Fixed interval looping call 'nova.servicegroup.drivers.db.DbDriver._report_state' sleeping for 119.99 seconds {{(pid=93578) _run_loop /opt/stack/data/venv/lib/python3.12/site-packages/oslo_service/backend/_threading/loopingcall.py:125}}
Jul 28 19:11:41.065289 np0000006044 nova-scheduler[93556]: DEBUG oslo.service.backend._threading.loopingcall [-] Fixed interval looping call 'nova.servicegroup.drivers.db.DbDriver._report_state' sleeping for 119.99 seconds {{(pid=93556) _run_loop /opt/stack/data/venv/lib/python3.12/site-packages/oslo_service/backend/_threading/loopingcall.py:125}}
Jul 28 19:11:41.067286 np0000006044 nova-scheduler[93554]: DEBUG oslo.service.backend._threading.loopingcall [-] Fixed interval looping call 'nova.servicegroup.drivers.db.DbDriver._report_state' sleeping for 119.99 seconds {{(pid=93554) _run_loop /opt/stack/data/venv/lib/python3.12/site-packages/oslo_service/backend/_threading/loopingcall.py:125}}
Jul 28 19:11:48.051820 np0000006044 nova-scheduler[93578]: DEBUG oslo.service.backend._threading.loopingcall [None req-d63e415e-4c34-4ed6-8fac-f49bf13e4e54 None None] Dynamic interval looping call 'nova.service.Service.periodic_tasks' sleeping for 60.00 seconds {{(pid=93578) _run_loop /opt/stack/data/venv/lib/python3.12/site-packages/oslo_service/backend/_threading/loopingcall.py:125}}
Jul 28 19:11:51.050454 np0000006044 nova-scheduler[93556]: DEBUG oslo.service.backend._threading.loopingcall [None req-c66b7897-d292-4ee8-8461-c59b4d7b3ff2 None None] Dynamic interval looping call 'nova.service.Service.periodic_tasks' sleeping for 60.00 seconds {{(pid=93556) _run_loop /opt/stack/data/venv/lib/python3.12/site-packages/oslo_service/backend/_threading/loopingcall.py:125}}
Jul 28 19:11:51.057703 np0000006044 nova-scheduler[93578]: DEBUG dbcounter [-] [93578] Writing DB stats nova_cell0:SELECT=1,nova_cell0:UPDATE=1 {{(pid=93578) stat_writer /opt/stack/data/venv/lib/python3.12/site-packages/dbcounter.py:115}}
Jul 28 19:11:51.059205 np0000006044 nova-scheduler[93556]: DEBUG dbcounter [-] [93556] Writing DB stats nova_cell0:SELECT=1,nova_cell0:UPDATE=1 {{(pid=93556) stat_writer /opt/stack/data/venv/lib/python3.12/site-packages/dbcounter.py:115}}
Jul 28 19:11:51.062198 np0000006044 nova-scheduler[93554]: DEBUG dbcounter [-] [93554] Writing DB stats nova_cell0:SELECT=1,nova_cell0:UPDATE=1 {{(pid=93554) stat_writer /opt/stack/data/venv/lib/python3.12/site-packages/dbcounter.py:115}}
Jul 28 19:11:55.057329 np0000006044 nova-scheduler[93554]: DEBUG oslo.service.backend._threading.loopingcall [None req-55141755-7d85-47c2-a269-5382a2ce35ee None None] Dynamic interval looping call 'nova.service.Service.periodic_tasks' sleeping for 60.00 seconds {{(pid=93554) _run_loop /opt/stack/data/venv/lib/python3.12/site-packages/oslo_service/backend/_threading/loopingcall.py:125}}
Jul 28 19:12:07.417674 np0000006044 nova-scheduler[93556]: DEBUG nova.scheduler.manager [None req-76152bbb-0c2d-4378-b120-a65ff8788b47 tempest-DeleteServersTestJSON-350517047 tempest-DeleteServersTestJSON-350517047-project-member] Starting to schedule for instances: ['e14aa9a6-f7d0-40bb-990e-a896c904898a'] {{(pid=93556) select_destinations /opt/stack/nova/nova/scheduler/manager.py:209}}
Jul 28 19:12:07.418598 np0000006044 nova-scheduler[93556]: DEBUG nova.scheduler.request_filter [None req-76152bbb-0c2d-4378-b120-a65ff8788b47 tempest-DeleteServersTestJSON-350517047 tempest-DeleteServersTestJSON-350517047-project-member] compute_status_filter request filter added forbidden trait COMPUTE_STATUS_DISABLED {{(pid=93556) compute_status_filter /opt/stack/nova/nova/scheduler/request_filter.py:253}}
Jul 28 19:12:07.418767 np0000006044 nova-scheduler[93556]: DEBUG nova.scheduler.request_filter [None req-76152bbb-0c2d-4378-b120-a65ff8788b47 tempest-DeleteServersTestJSON-350517047 tempest-DeleteServersTestJSON-350517047-project-member] Request filter 'compute_status_filter' took 0.0 seconds {{(pid=93556) wrapper /opt/stack/nova/nova/scheduler/request_filter.py:46}}
Jul 28 19:12:07.420067 np0000006044 nova-scheduler[93556]: DEBUG nova.scheduler.request_filter [None req-76152bbb-0c2d-4378-b120-a65ff8788b47 tempest-DeleteServersTestJSON-350517047 tempest-DeleteServersTestJSON-350517047-project-member] Request filter 'accelerators_filter' took 0.0 seconds {{(pid=93556) wrapper /opt/stack/nova/nova/scheduler/request_filter.py:46}}
Jul 28 19:12:07.420067 np0000006044 nova-scheduler[93556]: DEBUG nova.scheduler.request_filter [None req-76152bbb-0c2d-4378-b120-a65ff8788b47 tempest-DeleteServersTestJSON-350517047 tempest-DeleteServersTestJSON-350517047-project-member] Request filter 'packed_virtqueue_filter' took 0.0 seconds {{(pid=93556) wrapper /opt/stack/nova/nova/scheduler/request_filter.py:46}}
Jul 28 19:12:07.420067 np0000006044 nova-scheduler[93556]: DEBUG nova.scheduler.request_filter [None req-76152bbb-0c2d-4378-b120-a65ff8788b47 tempest-DeleteServersTestJSON-350517047 tempest-DeleteServersTestJSON-350517047-project-member] Request filter 'remote_managed_ports_filter' took 0.0 seconds {{(pid=93556) wrapper /opt/stack/nova/nova/scheduler/request_filter.py:46}}
Jul 28 19:12:07.420209 np0000006044 nova-scheduler[93556]: DEBUG nova.scheduler.request_filter [None req-76152bbb-0c2d-4378-b120-a65ff8788b47 tempest-DeleteServersTestJSON-350517047 tempest-DeleteServersTestJSON-350517047-project-member] ephemeral_encryption_filter skipped {{(pid=93556) ephemeral_encryption_filter /opt/stack/nova/nova/scheduler/request_filter.py:426}}
Jul 28 19:12:07.420276 np0000006044 nova-scheduler[93556]: DEBUG nova.scheduler.request_filter [None req-76152bbb-0c2d-4378-b120-a65ff8788b47 tempest-DeleteServersTestJSON-350517047 tempest-DeleteServersTestJSON-350517047-project-member] virtio_sound_filter skipped {{(pid=93556) virtio_sound_filter /opt/stack/nova/nova/scheduler/request_filter.py:460}}
Jul 28 19:12:07.420345 np0000006044 nova-scheduler[93556]: DEBUG nova.scheduler.request_filter [None req-76152bbb-0c2d-4378-b120-a65ff8788b47 tempest-DeleteServersTestJSON-350517047 tempest-DeleteServersTestJSON-350517047-project-member] tpm_secret_security_filter skipped {{(pid=93556) tpm_secret_security_filter /opt/stack/nova/nova/scheduler/request_filter.py:477}}
Jul 28 19:12:07.942334 np0000006044 nova-scheduler[93578]: DEBUG nova.scheduler.manager [None req-c87d67b8-2844-4c17-ba54-871e98e51483 tempest-ServerActionsTestOtherA-302330842 tempest-ServerActionsTestOtherA-302330842-project-member] Starting to schedule for instances: ['682c8968-62e7-4842-8584-f0e7a2c0c208'] {{(pid=93578) select_destinations /opt/stack/nova/nova/scheduler/manager.py:209}}
Jul 28 19:12:07.943399 np0000006044 nova-scheduler[93578]: DEBUG nova.scheduler.request_filter [None req-c87d67b8-2844-4c17-ba54-871e98e51483 tempest-ServerActionsTestOtherA-302330842 tempest-ServerActionsTestOtherA-302330842-project-member] compute_status_filter request filter added forbidden trait COMPUTE_STATUS_DISABLED {{(pid=93578) compute_status_filter /opt/stack/nova/nova/scheduler/request_filter.py:253}}
Jul 28 19:12:07.943675 np0000006044 nova-scheduler[93578]: DEBUG nova.scheduler.request_filter [None req-c87d67b8-2844-4c17-ba54-871e98e51483 tempest-ServerActionsTestOtherA-302330842 tempest-ServerActionsTestOtherA-302330842-project-member] Request filter 'compute_status_filter' took 0.0 seconds {{(pid=93578) wrapper /opt/stack/nova/nova/scheduler/request_filter.py:46}}
Jul 28 19:12:07.944471 np0000006044 nova-scheduler[93578]: DEBUG nova.scheduler.request_filter [None req-c87d67b8-2844-4c17-ba54-871e98e51483 tempest-ServerActionsTestOtherA-302330842 tempest-ServerActionsTestOtherA-302330842-project-member] Request filter 'accelerators_filter' took 0.0 seconds {{(pid=93578) wrapper /opt/stack/nova/nova/scheduler/request_filter.py:46}}
Jul 28 19:12:07.944752 np0000006044 nova-scheduler[93578]: DEBUG nova.scheduler.request_filter [None req-c87d67b8-2844-4c17-ba54-871e98e51483 tempest-ServerActionsTestOtherA-302330842 tempest-ServerActionsTestOtherA-302330842-project-member] Request filter 'packed_virtqueue_filter' took 0.0 seconds {{(pid=93578) wrapper /opt/stack/nova/nova/scheduler/request_filter.py:46}}
Jul 28 19:12:07.945360 np0000006044 nova-scheduler[93578]: DEBUG nova.scheduler.request_filter [None req-c87d67b8-2844-4c17-ba54-871e98e51483 tempest-ServerActionsTestOtherA-302330842 tempest-ServerActionsTestOtherA-302330842-project-member] Request filter 'remote_managed_ports_filter' took 0.0 seconds {{(pid=93578) wrapper /opt/stack/nova/nova/scheduler/request_filter.py:46}}
Jul 28 19:12:07.945619 np0000006044 nova-scheduler[93578]: DEBUG nova.scheduler.request_filter [None req-c87d67b8-2844-4c17-ba54-871e98e51483 tempest-ServerActionsTestOtherA-302330842 tempest-ServerActionsTestOtherA-302330842-project-member] ephemeral_encryption_filter skipped {{(pid=93578) ephemeral_encryption_filter /opt/stack/nova/nova/scheduler/request_filter.py:426}}
Jul 28 19:12:07.945842 np0000006044 nova-scheduler[93578]: DEBUG nova.scheduler.request_filter [None req-c87d67b8-2844-4c17-ba54-871e98e51483 tempest-ServerActionsTestOtherA-302330842 tempest-ServerActionsTestOtherA-302330842-project-member] virtio_sound_filter skipped {{(pid=93578) virtio_sound_filter /opt/stack/nova/nova/scheduler/request_filter.py:460}}
Jul 28 19:12:07.947059 np0000006044 nova-scheduler[93578]: DEBUG nova.scheduler.request_filter [None req-c87d67b8-2844-4c17-ba54-871e98e51483 tempest-ServerActionsTestOtherA-302330842 tempest-ServerActionsTestOtherA-302330842-project-member] tpm_secret_security_filter skipped {{(pid=93578) tpm_secret_security_filter /opt/stack/nova/nova/scheduler/request_filter.py:477}}
Jul 28 19:12:08.279869 np0000006044 nova-scheduler[93556]: INFO nova.utils [None req-76152bbb-0c2d-4378-b120-a65ff8788b47 tempest-DeleteServersTestJSON-350517047 tempest-DeleteServersTestJSON-350517047-project-member] The cell worker thread pool ForkProcess-2.cell_worker is initialized
Jul 28 19:12:08.280240 np0000006044 nova-scheduler[93556]: DEBUG oslo_concurrency.lockutils [None req-76152bbb-0c2d-4378-b120-a65ff8788b47 tempest-DeleteServersTestJSON-350517047 tempest-DeleteServersTestJSON-350517047-project-member] Acquiring lock "35e0016f-3b7e-492b-9e2b-50a4de807872" by "nova.context.set_target_cell..get_or_set_cached_cell_and_set_connections" {{(pid=93556) inner /opt/stack/data/venv/lib/python3.12/site-packages/oslo_concurrency/lockutils.py:512}}
Jul 28 19:12:08.280487 np0000006044 nova-scheduler[93556]: DEBUG oslo_concurrency.lockutils [None req-76152bbb-0c2d-4378-b120-a65ff8788b47 tempest-DeleteServersTestJSON-350517047 tempest-DeleteServersTestJSON-350517047-project-member] Lock "35e0016f-3b7e-492b-9e2b-50a4de807872" acquired by "nova.context.set_target_cell..get_or_set_cached_cell_and_set_connections" :: waited 0.000s {{(pid=93556) inner /opt/stack/data/venv/lib/python3.12/site-packages/oslo_concurrency/lockutils.py:525}}
Jul 28 19:12:08.281800 np0000006044 nova-scheduler[93556]: DEBUG oslo_concurrency.lockutils [None req-76152bbb-0c2d-4378-b120-a65ff8788b47 tempest-DeleteServersTestJSON-350517047 tempest-DeleteServersTestJSON-350517047-project-member] Lock "35e0016f-3b7e-492b-9e2b-50a4de807872" "released" by "nova.context.set_target_cell..get_or_set_cached_cell_and_set_connections" :: held 0.001s {{(pid=93556) inner /opt/stack/data/venv/lib/python3.12/site-packages/oslo_concurrency/lockutils.py:544}}
Jul 28 19:12:08.284192 np0000006044 nova-scheduler[93556]: INFO dbcounter [None req-76152bbb-0c2d-4378-b120-a65ff8788b47 tempest-DeleteServersTestJSON-350517047 tempest-DeleteServersTestJSON-350517047-project-member] Registered counter for database nova_cell1
Jul 28 19:12:08.294572 np0000006044 nova-scheduler[93578]: INFO nova.utils [None req-c87d67b8-2844-4c17-ba54-871e98e51483 tempest-ServerActionsTestOtherA-302330842 tempest-ServerActionsTestOtherA-302330842-project-member] The cell worker thread pool ForkProcess-3.cell_worker is initialized
Jul 28 19:12:08.294880 np0000006044 nova-scheduler[93578]: DEBUG oslo_concurrency.lockutils [None req-c87d67b8-2844-4c17-ba54-871e98e51483 tempest-ServerActionsTestOtherA-302330842 tempest-ServerActionsTestOtherA-302330842-project-member] Acquiring lock "35e0016f-3b7e-492b-9e2b-50a4de807872" by "nova.context.set_target_cell..get_or_set_cached_cell_and_set_connections" {{(pid=93578) inner /opt/stack/data/venv/lib/python3.12/site-packages/oslo_concurrency/lockutils.py:512}}
Jul 28 19:12:08.295046 np0000006044 nova-scheduler[93578]: DEBUG oslo_concurrency.lockutils [None req-c87d67b8-2844-4c17-ba54-871e98e51483 tempest-ServerActionsTestOtherA-302330842 tempest-ServerActionsTestOtherA-302330842-project-member] Lock "35e0016f-3b7e-492b-9e2b-50a4de807872" acquired by "nova.context.set_target_cell..get_or_set_cached_cell_and_set_connections" :: waited 0.000s {{(pid=93578) inner /opt/stack/data/venv/lib/python3.12/site-packages/oslo_concurrency/lockutils.py:525}}
Jul 28 19:12:08.296492 np0000006044 nova-scheduler[93578]: DEBUG oslo_concurrency.lockutils [None req-c87d67b8-2844-4c17-ba54-871e98e51483 tempest-ServerActionsTestOtherA-302330842 tempest-ServerActionsTestOtherA-302330842-project-member] Lock "35e0016f-3b7e-492b-9e2b-50a4de807872" "released" by "nova.context.set_target_cell..get_or_set_cached_cell_and_set_connections" :: held 0.001s {{(pid=93578) inner /opt/stack/data/venv/lib/python3.12/site-packages/oslo_concurrency/lockutils.py:544}}
Jul 28 19:12:08.298662 np0000006044 nova-scheduler[93578]: INFO dbcounter [None req-c87d67b8-2844-4c17-ba54-871e98e51483 tempest-ServerActionsTestOtherA-302330842 tempest-ServerActionsTestOtherA-302330842-project-member] Registered counter for database nova_cell1
Jul 28 19:12:08.319982 np0000006044 nova-scheduler[93556]: DEBUG oslo_db.sqlalchemy.engines [None req-76152bbb-0c2d-4378-b120-a65ff8788b47 tempest-DeleteServersTestJSON-350517047 tempest-DeleteServersTestJSON-350517047-project-member] MySQL server mode set to STRICT_TRANS_TABLES,STRICT_ALL_TABLES,NO_ZERO_IN_DATE,NO_ZERO_DATE,ERROR_FOR_DIVISION_BY_ZERO,TRADITIONAL,NO_ENGINE_SUBSTITUTION {{(pid=93556) _check_effective_sql_mode /opt/stack/data/venv/lib/python3.12/site-packages/oslo_db/sqlalchemy/engines.py:325}}
Jul 28 19:12:08.324722 np0000006044 nova-scheduler[93556]: DEBUG dbcounter [-] [93556] Writer thread running {{(pid=93556) stat_writer /opt/stack/data/venv/lib/python3.12/site-packages/dbcounter.py:102}}
Jul 28 19:12:08.331528 np0000006044 nova-scheduler[93578]: DEBUG oslo_db.sqlalchemy.engines [None req-c87d67b8-2844-4c17-ba54-871e98e51483 tempest-ServerActionsTestOtherA-302330842 tempest-ServerActionsTestOtherA-302330842-project-member] MySQL server mode set to STRICT_TRANS_TABLES,STRICT_ALL_TABLES,NO_ZERO_IN_DATE,NO_ZERO_DATE,ERROR_FOR_DIVISION_BY_ZERO,TRADITIONAL,NO_ENGINE_SUBSTITUTION {{(pid=93578) _check_effective_sql_mode /opt/stack/data/venv/lib/python3.12/site-packages/oslo_db/sqlalchemy/engines.py:325}}
Jul 28 19:12:08.336870 np0000006044 nova-scheduler[93556]: DEBUG oslo_db.sqlalchemy.engines [None req-76152bbb-0c2d-4378-b120-a65ff8788b47 tempest-DeleteServersTestJSON-350517047 tempest-DeleteServersTestJSON-350517047-project-member] Parent process 92346 forked (93556) with an open database connection, which is being discarded and recreated. {{(pid=93556) checkout /opt/stack/data/venv/lib/python3.12/site-packages/oslo_db/sqlalchemy/engines.py:402}}
Jul 28 19:12:08.337780 np0000006044 nova-scheduler[93578]: DEBUG dbcounter [-] [93578] Writer thread running {{(pid=93578) stat_writer /opt/stack/data/venv/lib/python3.12/site-packages/dbcounter.py:102}}
Jul 28 19:12:08.384370 np0000006044 nova-scheduler[93578]: DEBUG dbcounter [-] [93578] Writer thread running {{(pid=93578) stat_writer /opt/stack/data/venv/lib/python3.12/site-packages/dbcounter.py:102}}
Jul 28 19:12:08.387070 np0000006044 nova-scheduler[93556]: DEBUG dbcounter [-] [93556] Writer thread running {{(pid=93556) stat_writer /opt/stack/data/venv/lib/python3.12/site-packages/dbcounter.py:102}}
Jul 28 19:12:08.387174 np0000006044 nova-scheduler[93578]: DEBUG oslo_concurrency.lockutils [None req-c87d67b8-2844-4c17-ba54-871e98e51483 tempest-ServerActionsTestOtherA-302330842 tempest-ServerActionsTestOtherA-302330842-project-member] Acquiring lock "35e0016f-3b7e-492b-9e2b-50a4de807872" by "nova.context.set_target_cell..get_or_set_cached_cell_and_set_connections" {{(pid=93578) inner /opt/stack/data/venv/lib/python3.12/site-packages/oslo_concurrency/lockutils.py:512}}
Jul 28 19:12:08.387174 np0000006044 nova-scheduler[93578]: DEBUG oslo_concurrency.lockutils [None req-c87d67b8-2844-4c17-ba54-871e98e51483 tempest-ServerActionsTestOtherA-302330842 tempest-ServerActionsTestOtherA-302330842-project-member] Lock "35e0016f-3b7e-492b-9e2b-50a4de807872" acquired by "nova.context.set_target_cell..get_or_set_cached_cell_and_set_connections" :: waited 0.000s {{(pid=93578) inner /opt/stack/data/venv/lib/python3.12/site-packages/oslo_concurrency/lockutils.py:525}}
Jul 28 19:12:08.387174 np0000006044 nova-scheduler[93578]: DEBUG oslo_concurrency.lockutils [None req-c87d67b8-2844-4c17-ba54-871e98e51483 tempest-ServerActionsTestOtherA-302330842 tempest-ServerActionsTestOtherA-302330842-project-member] Lock "35e0016f-3b7e-492b-9e2b-50a4de807872" "released" by "nova.context.set_target_cell..get_or_set_cached_cell_and_set_connections" :: held 0.000s {{(pid=93578) inner /opt/stack/data/venv/lib/python3.12/site-packages/oslo_concurrency/lockutils.py:544}}
Jul 28 19:12:08.389808 np0000006044 nova-scheduler[93556]: DEBUG oslo_concurrency.lockutils [None req-76152bbb-0c2d-4378-b120-a65ff8788b47 tempest-DeleteServersTestJSON-350517047 tempest-DeleteServersTestJSON-350517047-project-member] Acquiring lock "35e0016f-3b7e-492b-9e2b-50a4de807872" by "nova.context.set_target_cell..get_or_set_cached_cell_and_set_connections" {{(pid=93556) inner /opt/stack/data/venv/lib/python3.12/site-packages/oslo_concurrency/lockutils.py:512}}
Jul 28 19:12:08.389970 np0000006044 nova-scheduler[93556]: DEBUG oslo_concurrency.lockutils [None req-76152bbb-0c2d-4378-b120-a65ff8788b47 tempest-DeleteServersTestJSON-350517047 tempest-DeleteServersTestJSON-350517047-project-member] Lock "35e0016f-3b7e-492b-9e2b-50a4de807872" acquired by "nova.context.set_target_cell..get_or_set_cached_cell_and_set_connections" :: waited 0.000s {{(pid=93556) inner /opt/stack/data/venv/lib/python3.12/site-packages/oslo_concurrency/lockutils.py:525}}
Jul 28 19:12:08.390082 np0000006044 nova-scheduler[93556]: DEBUG oslo_concurrency.lockutils [None req-76152bbb-0c2d-4378-b120-a65ff8788b47 tempest-DeleteServersTestJSON-350517047 tempest-DeleteServersTestJSON-350517047-project-member] Lock "35e0016f-3b7e-492b-9e2b-50a4de807872" "released" by "nova.context.set_target_cell..get_or_set_cached_cell_and_set_connections" :: held 0.000s {{(pid=93556) inner /opt/stack/data/venv/lib/python3.12/site-packages/oslo_concurrency/lockutils.py:544}}
Jul 28 19:12:08.392644 np0000006044 nova-scheduler[93578]: DEBUG oslo_concurrency.lockutils [None req-c87d67b8-2844-4c17-ba54-871e98e51483 tempest-ServerActionsTestOtherA-302330842 tempest-ServerActionsTestOtherA-302330842-project-member] Acquiring lock "np0000006044-np0000006044" by "nova.scheduler.host_manager.HostState.update.._locked_update" {{(pid=93578) inner /opt/stack/data/venv/lib/python3.12/site-packages/oslo_concurrency/lockutils.py:512}}
Jul 28 19:12:08.392644 np0000006044 nova-scheduler[93578]: DEBUG oslo_concurrency.lockutils [None req-c87d67b8-2844-4c17-ba54-871e98e51483 tempest-ServerActionsTestOtherA-302330842 tempest-ServerActionsTestOtherA-302330842-project-member] Lock "np0000006044-np0000006044" acquired by "nova.scheduler.host_manager.HostState.update.._locked_update" :: waited 0.000s {{(pid=93578) inner /opt/stack/data/venv/lib/python3.12/site-packages/oslo_concurrency/lockutils.py:525}}
Jul 28 19:12:08.392747 np0000006044 nova-scheduler[93556]: DEBUG oslo_concurrency.lockutils [None req-76152bbb-0c2d-4378-b120-a65ff8788b47 tempest-DeleteServersTestJSON-350517047 tempest-DeleteServersTestJSON-350517047-project-member] Acquiring lock "np0000006044-np0000006044" by "nova.scheduler.host_manager.HostState.update.._locked_update" {{(pid=93556) inner /opt/stack/data/venv/lib/python3.12/site-packages/oslo_concurrency/lockutils.py:512}}
Jul 28 19:12:08.392747 np0000006044 nova-scheduler[93556]: DEBUG oslo_concurrency.lockutils [None req-76152bbb-0c2d-4378-b120-a65ff8788b47 tempest-DeleteServersTestJSON-350517047 tempest-DeleteServersTestJSON-350517047-project-member] Lock "np0000006044-np0000006044" acquired by "nova.scheduler.host_manager.HostState.update.._locked_update" :: waited 0.000s {{(pid=93556) inner /opt/stack/data/venv/lib/python3.12/site-packages/oslo_concurrency/lockutils.py:525}}
Jul 28 19:12:08.393135 np0000006044 nova-scheduler[93578]: DEBUG nova.scheduler.host_manager [None req-c87d67b8-2844-4c17-ba54-871e98e51483 tempest-ServerActionsTestOtherA-302330842 tempest-ServerActionsTestOtherA-302330842-project-member] Update host state from compute node: ComputeNode(cpu_allocation_ratio=4.0,cpu_info='{"arch": "x86_64", "model": "EPYC-Milan", "vendor": "AMD", "topology": {"cells": 1, "sockets": 16, "cores": 1, "threads": 1}, "maxphysaddr": {"mode": "emulate", "bits": 40}, "features": ["arch-capabilities", "mmxext", "lahf_lm", "rdpid", "cx8", "gds-no", "invpcid", "sse", "sha-ni", "pschange-mc-no", "misalignsse", "clwb", "fsrm", "no-nested-data-bp", "pfthreshold", "tsc-scale", "ibrs", "tsc-deadline", "fsgsbase", "abm", "wbnoinvd", "tsc", "amd-stibp", "flushbyasid", "apic", "pae", "mca", "xsaveerptr", "xsaveopt", "stibp", "pause-filter", "vgif", "clflush", "pclmuldq", "umip", "rdtscp", "cr8legacy", "avx", "svme-addr-chk", "pcid", "sse4.1", "ssbd", "sse2", "skip-l1dfl-vmentry", "lfence-always-serializing", "xsaves", "avx2", "aes", "xsavec", "rdrand", "nrip-save", "arat", "ssse3", "cmp_legacy", "null-sel-clr-base", "osvw", "syscall", "fma", "f16c", "cx16", "npt", "vmcb-clean", "sep", "msr", "smep", "smap", "fxsr_opt", "rdctl-no", "movbe", "pat", "hypervisor", "mtrr", "ibpb", "sse4.2", "lm", "adx", "stibp-always-on", "vpclmulqdq", "mds-no", "pni", "rdseed", "sse4a", "vaes", "xsave", "amd-psfd", "fxsr", "de", "pse", "3dnowprefetch", "pge", "spec-ctrl", "pku", "bmi2", "virt-ssbd", "pdpe1gb", "popcnt", "topoext", "svm", "fpu", "amd-ssbd", "pse36", "erms", "lbrv", "vme", "mmx", "cmov", "tsc_adjust", "perfctr_core", "v-vmsave-vmload", "mce", "clzero", "bmi1", "clflushopt", "xgetbv1", "nx", "x2apic"]}',created_at=2026-07-28T19:09:57Z,current_workload=0,deleted=False,deleted_at=None,disk_allocation_ratio=1.0,disk_available_least=73,free_disk_gb=95,free_ram_mb=62765,host='np0000006044',host_ip=10.4.3.118,hypervisor_hostname='np0000006044',hypervisor_type='QEMU',hypervisor_version=8002002,id=1,local_gb=95,local_gb_used=0,mapped=1,memory_mb=63277,memory_mb_used=512,metrics='[]',numa_topology='{"nova_object.name": "NUMATopology", "nova_object.namespace": "nova", "nova_object.version": "1.2", "nova_object.data": {"cells": [{"nova_object.name": "NUMACell", "nova_object.namespace": "nova", "nova_object.version": "1.5", "nova_object.data": {"id": 0, "cpuset": [0, 1, 2, 3, 4, 5, 6, 7, 8, 9, 10, 11, 12, 13, 14, 15], "pcpuset": [0, 1, 2, 3, 4, 5, 6, 7, 8, 9, 10, 11, 12, 13, 14, 15], "memory": 63277, "cpu_usage": 0, "memory_usage": 0, "pinned_cpus": [], "siblings": [[6], [12], [2], [15], [5], [11], [8], [14], [4], [1], [7], [10], [0], [13], [3], [9]], "mempages": [{"nova_object.name": "NUMAPagesTopology", "nova_object.namespace": "nova", "nova_object.version": "1.1", "nova_object.data": {"size_kb": 4, "total": 16177929, "used": 0, "reserved": 0}, "nova_object.changes": ["reserved", "used", "total", "size_kb"]}, {"nova_object.name": "NUMAPagesTopology", "nova_object.namespace": "nova", "nova_object.version": "1.1", "nova_object.data": {"size_kb": 2048, "total": 41, "used": 0, "reserved": 0}, "nova_object.changes": ["reserved", "used", "total", "size_kb"]}, {"nova_object.name": "NUMAPagesTopology", "nova_object.namespace": "nova", "nova_object.version": "1.1", "nova_object.data": {"size_kb": 1048576, "total": 0, "used": 0, "reserved": 0}, "nova_object.changes": ["reserved", "used", "total", "size_kb"]}], "network_metadata": {"nova_object.name": "NetworkMetadata", "nova_object.namespace": "nova", "nova_object.version": "1.0", "nova_object.data": {"physnets": [], "tunneled": false}, "nova_object.changes": ["tunneled", "physnets"]}, "socket": null}, "nova_object.changes": ["pinned_cpus", "siblings", "memory", "cpu_usage", "id", "memory_usage", "mempages", "network_metadata", "cpuset", "socket", "pcpuset"]}]}, "nova_object.changes": ["cells"]}',pci_device_pools=PciDevicePoolList,ram_allocation_ratio=1.0,running_vms=0,service_id=2,stats={failed_builds='0',uptime=' 19:11:43 up 14 min, 2 users, load average: 3.57, 1.99, 1.03
Jul 28 19:12:08.393135 np0000006044 nova-scheduler[93578]: '},supported_hv_specs=[HVSpec,HVSpec,HVSpec,HVSpec,HVSpec,HVSpec,HVSpec,HVSpec,HVSpec,HVSpec,HVSpec,HVSpec,HVSpec,HVSpec,HVSpec,HVSpec,HVSpec,HVSpec,HVSpec,HVSpec,HVSpec,HVSpec,HVSpec,HVSpec,HVSpec],updated_at=2026-07-28T19:11:44Z,uuid=ffb9cb71-e532-4727-831e-7d88b6cd08af,vcpus=16,vcpus_used=0) {{(pid=93578) _locked_update /opt/stack/nova/nova/scheduler/host_manager.py:168}}
