Jul 09 09:55:09.187134 np0000004874 devstack@g-api.service[102778]: [pid: 102778|app: 0|req: 29/109] 127.0.0.1 () {44 vars in 1125 bytes} [Thu Jul 9 09:55:08 2026] GET /v2/images/934de9cc-8739-4c22-8936-10a4927fa466/file => generated 54067200 bytes in 891 msecs (HTTP/1.1 200) 4 headers in 191 bytes (827 switches on core 0)
Jul 09 09:55:09.377854 np0000004874 devstack@g-api.service[102779]: DEBUG glance.api.middleware.version_negotiation [None req-9455a6bb-5a76-4f63-b86c-c1700330225b tempest-ServerActionsV293TestJSON-988504218 tempest-ServerActionsV293TestJSON-988504218-project-member] Determining version of request: GET /v2/images/934de9cc-8739-4c22-8936-10a4927fa466 Accept: */* {{(pid=102779) process_request /opt/stack/glance/glance/api/middleware/version_negotiation.py:44}}
Jul 09 09:55:09.378217 np0000004874 devstack@g-api.service[102779]: DEBUG glance.api.middleware.version_negotiation [None req-9455a6bb-5a76-4f63-b86c-c1700330225b tempest-ServerActionsV293TestJSON-988504218 tempest-ServerActionsV293TestJSON-988504218-project-member] Using url versioning {{(pid=102779) process_request /opt/stack/glance/glance/api/middleware/version_negotiation.py:57}}
Jul 09 09:55:09.378217 np0000004874 devstack@g-api.service[102779]: DEBUG glance.api.middleware.version_negotiation [None req-9455a6bb-5a76-4f63-b86c-c1700330225b tempest-ServerActionsV293TestJSON-988504218 tempest-ServerActionsV293TestJSON-988504218-project-member] Matched version: v2 {{(pid=102779) process_request /opt/stack/glance/glance/api/middleware/version_negotiation.py:69}}
Jul 09 09:55:09.378345 np0000004874 devstack@g-api.service[102779]: DEBUG glance.api.middleware.version_negotiation [None req-9455a6bb-5a76-4f63-b86c-c1700330225b tempest-ServerActionsV293TestJSON-988504218 tempest-ServerActionsV293TestJSON-988504218-project-member] new path /v2/images/934de9cc-8739-4c22-8936-10a4927fa466 {{(pid=102779) process_request /opt/stack/glance/glance/api/middleware/version_negotiation.py:70}}
Jul 09 09:55:09.392926 np0000004874 devstack@g-api.service[102779]: [pid: 102779|app: 0|req: 28/110] 127.0.0.1 () {44 vars in 1115 bytes} [Thu Jul 9 09:55:09 2026] GET /v2/images/934de9cc-8739-4c22-8936-10a4927fa466 => generated 1618 bytes in 15 msecs (HTTP/1.1 200) 4 headers in 158 bytes (1 switches on core 0)
Jul 09 09:55:09.428442 np0000004874 devstack@g-api.service[102780]: DEBUG glance.api.middleware.version_negotiation [None req-9455a6bb-5a76-4f63-b86c-c1700330225b tempest-ServerActionsV293TestJSON-988504218 tempest-ServerActionsV293TestJSON-988504218-project-member] Determining version of request: GET /v2/schemas/image Accept: */* {{(pid=102780) process_request /opt/stack/glance/glance/api/middleware/version_negotiation.py:44}}
Jul 09 09:55:09.428848 np0000004874 devstack@g-api.service[102780]: DEBUG glance.api.middleware.version_negotiation [None req-9455a6bb-5a76-4f63-b86c-c1700330225b tempest-ServerActionsV293TestJSON-988504218 tempest-ServerActionsV293TestJSON-988504218-project-member] Using url versioning {{(pid=102780) process_request /opt/stack/glance/glance/api/middleware/version_negotiation.py:57}}
Jul 09 09:55:09.428890 np0000004874 devstack@g-api.service[102780]: DEBUG glance.api.middleware.version_negotiation [None req-9455a6bb-5a76-4f63-b86c-c1700330225b tempest-ServerActionsV293TestJSON-988504218 tempest-ServerActionsV293TestJSON-988504218-project-member] Matched version: v2 {{(pid=102780) process_request /opt/stack/glance/glance/api/middleware/version_negotiation.py:69}}
Jul 09 09:55:09.429017 np0000004874 devstack@g-api.service[102780]: DEBUG glance.api.middleware.version_negotiation [None req-9455a6bb-5a76-4f63-b86c-c1700330225b tempest-ServerActionsV293TestJSON-988504218 tempest-ServerActionsV293TestJSON-988504218-project-member] new path /v2/schemas/image {{(pid=102780) process_request /opt/stack/glance/glance/api/middleware/version_negotiation.py:70}}
Jul 09 09:55:09.432007 np0000004874 devstack@g-api.service[102780]: [pid: 102780|app: 0|req: 27/111] 127.0.0.1 () {44 vars in 1055 bytes} [Thu Jul 9 09:55:09 2026] GET /v2/schemas/image => generated 6083 bytes in 4 msecs (HTTP/1.1 200) 4 headers in 158 bytes (1 switches on core 0)
Jul 09 09:55:10.670438 np0000004874 devstack@g-api.service[102781]: DEBUG glance.api.middleware.version_negotiation [None req-98530afb-77f8-4d1c-9329-660769f4bf7b tempest-AttachVolumeShelveTestJSON-1349113938 tempest-AttachVolumeShelveTestJSON-1349113938-project-member] Determining version of request: GET /v2/images/0adf9a1b-f695-4e1b-ae9d-9ad95977244f Accept: */* {{(pid=102781) process_request /opt/stack/glance/glance/api/middleware/version_negotiation.py:44}}
Jul 09 09:55:10.670930 np0000004874 devstack@g-api.service[102781]: DEBUG glance.api.middleware.version_negotiation [None req-98530afb-77f8-4d1c-9329-660769f4bf7b tempest-AttachVolumeShelveTestJSON-1349113938 tempest-AttachVolumeShelveTestJSON-1349113938-project-member] Using url versioning {{(pid=102781) process_request /opt/stack/glance/glance/api/middleware/version_negotiation.py:57}}
Jul 09 09:55:10.671088 np0000004874 devstack@g-api.service[102781]: DEBUG glance.api.middleware.version_negotiation [None req-98530afb-77f8-4d1c-9329-660769f4bf7b tempest-AttachVolumeShelveTestJSON-1349113938 tempest-AttachVolumeShelveTestJSON-1349113938-project-member] Matched version: v2 {{(pid=102781) process_request /opt/stack/glance/glance/api/middleware/version_negotiation.py:69}}
Jul 09 09:55:10.671267 np0000004874 devstack@g-api.service[102781]: DEBUG glance.api.middleware.version_negotiation [None req-98530afb-77f8-4d1c-9329-660769f4bf7b tempest-AttachVolumeShelveTestJSON-1349113938 tempest-AttachVolumeShelveTestJSON-1349113938-project-member] new path /v2/images/0adf9a1b-f695-4e1b-ae9d-9ad95977244f {{(pid=102781) process_request /opt/stack/glance/glance/api/middleware/version_negotiation.py:70}}
Jul 09 09:55:10.684908 np0000004874 devstack@g-api.service[102781]: [pid: 102781|app: 0|req: 28/112] 127.0.0.1 () {44 vars in 1115 bytes} [Thu Jul 9 09:55:10 2026] GET /v2/images/0adf9a1b-f695-4e1b-ae9d-9ad95977244f => generated 1044 bytes in 15 msecs (HTTP/1.1 200) 4 headers in 158 bytes (1 switches on core 0)
Jul 09 09:55:10.727916 np0000004874 devstack@g-api.service[102778]: DEBUG glance.api.middleware.version_negotiation [None req-98530afb-77f8-4d1c-9329-660769f4bf7b tempest-AttachVolumeShelveTestJSON-1349113938 tempest-AttachVolumeShelveTestJSON-1349113938-project-member] Determining version of request: GET /v2/schemas/image Accept: */* {{(pid=102778) process_request /opt/stack/glance/glance/api/middleware/version_negotiation.py:44}}
Jul 09 09:55:10.728265 np0000004874 devstack@g-api.service[102778]: DEBUG glance.api.middleware.version_negotiation [None req-98530afb-77f8-4d1c-9329-660769f4bf7b tempest-AttachVolumeShelveTestJSON-1349113938 tempest-AttachVolumeShelveTestJSON-1349113938-project-member] Using url versioning {{(pid=102778) process_request /opt/stack/glance/glance/api/middleware/version_negotiation.py:57}}
Jul 09 09:55:10.728265 np0000004874 devstack@g-api.service[102778]: DEBUG glance.api.middleware.version_negotiation [None req-98530afb-77f8-4d1c-9329-660769f4bf7b tempest-AttachVolumeShelveTestJSON-1349113938 tempest-AttachVolumeShelveTestJSON-1349113938-project-member] Matched version: v2 {{(pid=102778) process_request /opt/stack/glance/glance/api/middleware/version_negotiation.py:69}}
Jul 09 09:55:10.728321 np0000004874 devstack@g-api.service[102778]: DEBUG glance.api.middleware.version_negotiation [None req-98530afb-77f8-4d1c-9329-660769f4bf7b tempest-AttachVolumeShelveTestJSON-1349113938 tempest-AttachVolumeShelveTestJSON-1349113938-project-member] new path /v2/schemas/image {{(pid=102778) process_request /opt/stack/glance/glance/api/middleware/version_negotiation.py:70}}
Jul 09 09:55:10.731584 np0000004874 devstack@g-api.service[102778]: [pid: 102778|app: 0|req: 30/113] 127.0.0.1 () {44 vars in 1055 bytes} [Thu Jul 9 09:55:10 2026] GET /v2/schemas/image => generated 6083 bytes in 4 msecs (HTTP/1.1 200) 4 headers in 158 bytes (1 switches on core 0)
Jul 09 09:55:10.784655 np0000004874 devstack@g-api.service[102779]: DEBUG glance.api.middleware.version_negotiation [None req-98530afb-77f8-4d1c-9329-660769f4bf7b tempest-AttachVolumeShelveTestJSON-1349113938 tempest-AttachVolumeShelveTestJSON-1349113938-project-member] Determining version of request: GET /v2/images/0adf9a1b-f695-4e1b-ae9d-9ad95977244f Accept: */* {{(pid=102779) process_request /opt/stack/glance/glance/api/middleware/version_negotiation.py:44}}
Jul 09 09:55:10.785093 np0000004874 devstack@g-api.service[102779]: DEBUG glance.api.middleware.version_negotiation [None req-98530afb-77f8-4d1c-9329-660769f4bf7b tempest-AttachVolumeShelveTestJSON-1349113938 tempest-AttachVolumeShelveTestJSON-1349113938-project-member] Using url versioning {{(pid=102779) process_request /opt/stack/glance/glance/api/middleware/version_negotiation.py:57}}
Jul 09 09:55:10.785093 np0000004874 devstack@g-api.service[102779]: DEBUG glance.api.middleware.version_negotiation [None req-98530afb-77f8-4d1c-9329-660769f4bf7b tempest-AttachVolumeShelveTestJSON-1349113938 tempest-AttachVolumeShelveTestJSON-1349113938-project-member] Matched version: v2 {{(pid=102779) process_request /opt/stack/glance/glance/api/middleware/version_negotiation.py:69}}
Jul 09 09:55:10.785093 np0000004874 devstack@g-api.service[102779]: DEBUG glance.api.middleware.version_negotiation [None req-98530afb-77f8-4d1c-9329-660769f4bf7b tempest-AttachVolumeShelveTestJSON-1349113938 tempest-AttachVolumeShelveTestJSON-1349113938-project-member] new path /v2/images/0adf9a1b-f695-4e1b-ae9d-9ad95977244f {{(pid=102779) process_request /opt/stack/glance/glance/api/middleware/version_negotiation.py:70}}
Jul 09 09:55:10.798981 np0000004874 devstack@g-api.service[102779]: [pid: 102779|app: 0|req: 29/114] 127.0.0.1 () {44 vars in 1115 bytes} [Thu Jul 9 09:55:10 2026] GET /v2/images/0adf9a1b-f695-4e1b-ae9d-9ad95977244f => generated 1044 bytes in 14 msecs (HTTP/1.1 200) 4 headers in 158 bytes (1 switches on core 0)
Jul 09 09:55:10.815341 np0000004874 devstack@g-api.service[102780]: DEBUG glance.api.middleware.version_negotiation [None req-98530afb-77f8-4d1c-9329-660769f4bf7b tempest-AttachVolumeShelveTestJSON-1349113938 tempest-AttachVolumeShelveTestJSON-1349113938-project-member] Determining version of request: GET /v2/schemas/image Accept: */* {{(pid=102780) process_request /opt/stack/glance/glance/api/middleware/version_negotiation.py:44}}
Jul 09 09:55:10.815930 np0000004874 devstack@g-api.service[102780]: DEBUG glance.api.middleware.version_negotiation [None req-98530afb-77f8-4d1c-9329-660769f4bf7b tempest-AttachVolumeShelveTestJSON-1349113938 tempest-AttachVolumeShelveTestJSON-1349113938-project-member] Using url versioning {{(pid=102780) process_request /opt/stack/glance/glance/api/middleware/version_negotiation.py:57}}
Jul 09 09:55:10.815930 np0000004874 devstack@g-api.service[102780]: DEBUG glance.api.middleware.version_negotiation [None req-98530afb-77f8-4d1c-9329-660769f4bf7b tempest-AttachVolumeShelveTestJSON-1349113938 tempest-AttachVolumeShelveTestJSON-1349113938-project-member] Matched version: v2 {{(pid=102780) process_request /opt/stack/glance/glance/api/middleware/version_negotiation.py:69}}
Jul 09 09:55:10.815930 np0000004874 devstack@g-api.service[102780]: DEBUG glance.api.middleware.version_negotiation [None req-98530afb-77f8-4d1c-9329-660769f4bf7b tempest-AttachVolumeShelveTestJSON-1349113938 tempest-AttachVolumeShelveTestJSON-1349113938-project-member] new path /v2/schemas/image {{(pid=102780) process_request /opt/stack/glance/glance/api/middleware/version_negotiation.py:70}}
Jul 09 09:55:10.821793 np0000004874 devstack@g-api.service[102780]: [pid: 102780|app: 0|req: 28/115] 127.0.0.1 () {44 vars in 1055 bytes} [Thu Jul 9 09:55:10 2026] GET /v2/schemas/image => generated 6083 bytes in 7 msecs (HTTP/1.1 200) 4 headers in 158 bytes (1 switches on core 0)
Jul 09 09:55:10.832094 np0000004874 devstack@g-api.service[102781]: DEBUG glance.api.middleware.version_negotiation [None req-9455a6bb-5a76-4f63-b86c-c1700330225b tempest-ServerActionsV293TestJSON-988504218 tempest-ServerActionsV293TestJSON-988504218-project-member] Determining version of request: GET /v2/schemas/image Accept: */* {{(pid=102781) process_request /opt/stack/glance/glance/api/middleware/version_negotiation.py:44}}
Jul 09 09:55:10.832094 np0000004874 devstack@g-api.service[102781]: DEBUG glance.api.middleware.version_negotiation [None req-9455a6bb-5a76-4f63-b86c-c1700330225b tempest-ServerActionsV293TestJSON-988504218 tempest-ServerActionsV293TestJSON-988504218-project-member] Using url versioning {{(pid=102781) process_request /opt/stack/glance/glance/api/middleware/version_negotiation.py:57}}
Jul 09 09:55:10.832280 np0000004874 devstack@g-api.service[102781]: DEBUG glance.api.middleware.version_negotiation [None req-9455a6bb-5a76-4f63-b86c-c1700330225b tempest-ServerActionsV293TestJSON-988504218 tempest-ServerActionsV293TestJSON-988504218-project-member] Matched version: v2 {{(pid=102781) process_request /opt/stack/glance/glance/api/middleware/version_negotiation.py:69}}
Jul 09 09:55:10.832428 np0000004874 devstack@g-api.service[102781]: DEBUG glance.api.middleware.version_negotiation [None req-9455a6bb-5a76-4f63-b86c-c1700330225b tempest-ServerActionsV293TestJSON-988504218 tempest-ServerActionsV293TestJSON-988504218-project-member] new path /v2/schemas/image {{(pid=102781) process_request /opt/stack/glance/glance/api/middleware/version_negotiation.py:70}}
Jul 09 09:55:10.837899 np0000004874 devstack@g-api.service[102781]: [pid: 102781|app: 0|req: 29/116] 127.0.0.1 () {44 vars in 1055 bytes} [Thu Jul 9 09:55:10 2026] GET /v2/schemas/image => generated 6083 bytes in 6 msecs (HTTP/1.1 200) 4 headers in 158 bytes (1 switches on core 0)
Jul 09 09:55:10.890660 np0000004874 devstack@g-api.service[102778]: DEBUG glance.api.middleware.version_negotiation [None req-9455a6bb-5a76-4f63-b86c-c1700330225b tempest-ServerActionsV293TestJSON-988504218 tempest-ServerActionsV293TestJSON-988504218-project-member] Determining version of request: GET /v2/images/0adf9a1b-f695-4e1b-ae9d-9ad95977244f Accept: */* {{(pid=102778) process_request /opt/stack/glance/glance/api/middleware/version_negotiation.py:44}}
Jul 09 09:55:10.890928 np0000004874 devstack@g-api.service[102778]: DEBUG glance.api.middleware.version_negotiation [None req-9455a6bb-5a76-4f63-b86c-c1700330225b tempest-ServerActionsV293TestJSON-988504218 tempest-ServerActionsV293TestJSON-988504218-project-member] Using url versioning {{(pid=102778) process_request /opt/stack/glance/glance/api/middleware/version_negotiation.py:57}}
Jul 09 09:55:10.891088 np0000004874 devstack@g-api.service[102778]: DEBUG glance.api.middleware.version_negotiation [None req-9455a6bb-5a76-4f63-b86c-c1700330225b tempest-ServerActionsV293TestJSON-988504218 tempest-ServerActionsV293TestJSON-988504218-project-member] Matched version: v2 {{(pid=102778) process_request /opt/stack/glance/glance/api/middleware/version_negotiation.py:69}}
Jul 09 09:55:10.891184 np0000004874 devstack@g-api.service[102778]: DEBUG glance.api.middleware.version_negotiation [None req-9455a6bb-5a76-4f63-b86c-c1700330225b tempest-ServerActionsV293TestJSON-988504218 tempest-ServerActionsV293TestJSON-988504218-project-member] new path /v2/images/0adf9a1b-f695-4e1b-ae9d-9ad95977244f {{(pid=102778) process_request /opt/stack/glance/glance/api/middleware/version_negotiation.py:70}}
Jul 09 09:55:10.910618 np0000004874 devstack@g-api.service[102779]: DEBUG glance.api.middleware.version_negotiation [None req-9455a6bb-5a76-4f63-b86c-c1700330225b tempest-ServerActionsV293TestJSON-988504218 tempest-ServerActionsV293TestJSON-988504218-project-member] Determining version of request: DELETE /v2/images/c1c7c684-08f5-4ba5-85c8-5d860d589720 Accept: application/json {{(pid=102779) process_request /opt/stack/glance/glance/api/middleware/version_negotiation.py:44}}
Jul 09 09:55:10.910975 np0000004874 devstack@g-api.service[102779]: DEBUG glance.api.middleware.version_negotiation [None req-9455a6bb-5a76-4f63-b86c-c1700330225b tempest-ServerActionsV293TestJSON-988504218 tempest-ServerActionsV293TestJSON-988504218-project-member] Using url versioning {{(pid=102779) process_request /opt/stack/glance/glance/api/middleware/version_negotiation.py:57}}
Jul 09 09:55:10.911184 np0000004874 devstack@g-api.service[102779]: DEBUG glance.api.middleware.version_negotiation [None req-9455a6bb-5a76-4f63-b86c-c1700330225b tempest-ServerActionsV293TestJSON-988504218 tempest-ServerActionsV293TestJSON-988504218-project-member] Matched version: v2 {{(pid=102779) process_request /opt/stack/glance/glance/api/middleware/version_negotiation.py:69}}
Jul 09 09:55:10.911363 np0000004874 devstack@g-api.service[102779]: DEBUG glance.api.middleware.version_negotiation [None req-9455a6bb-5a76-4f63-b86c-c1700330225b tempest-ServerActionsV293TestJSON-988504218 tempest-ServerActionsV293TestJSON-988504218-project-member] new path /v2/images/c1c7c684-08f5-4ba5-85c8-5d860d589720 {{(pid=102779) process_request /opt/stack/glance/glance/api/middleware/version_negotiation.py:70}}
Jul 09 09:55:10.912124 np0000004874 devstack@g-api.service[102778]: [pid: 102778|app: 0|req: 31/117] 127.0.0.1 () {44 vars in 1115 bytes} [Thu Jul 9 09:55:10 2026] GET /v2/images/0adf9a1b-f695-4e1b-ae9d-9ad95977244f => generated 1044 bytes in 22 msecs (HTTP/1.1 200) 4 headers in 158 bytes (1 switches on core 0)
Jul 09 09:55:10.922424 np0000004874 devstack@g-api.service[102779]: WARNING glance.api.v2.images [None req-cc1a65de-5e38-4ca4-ac17-1b7afb853654 tempest-AttachSCSIVolumeTestJSON-1358937933 tempest-AttachSCSIVolumeTestJSON-1358937933-project-admin] After upload to backend, deletion of staged image data has failed because it cannot be found at /tmp/staging//c1c7c684-08f5-4ba5-85c8-5d860d589720
Jul 09 09:55:10.923458 np0000004874 devstack@g-api.service[102779]: DEBUG glance_store.backend [None req-cc1a65de-5e38-4ca4-ac17-1b7afb853654 tempest-AttachSCSIVolumeTestJSON-1358937933 tempest-AttachSCSIVolumeTestJSON-1358937933-project-admin] Attempting to import store swift {{(pid=102779) _load_store /opt/stack/data/venv/lib/python3.12/site-packages/glance_store/backend.py:215}}
Jul 09 09:55:10.925690 np0000004874 devstack@g-api.service[102780]: DEBUG glance.api.middleware.version_negotiation [None req-9455a6bb-5a76-4f63-b86c-c1700330225b tempest-ServerActionsV293TestJSON-988504218 tempest-ServerActionsV293TestJSON-988504218-project-member] Determining version of request: GET /v2/schemas/image Accept: */* {{(pid=102780) process_request /opt/stack/glance/glance/api/middleware/version_negotiation.py:44}}
Jul 09 09:55:10.925919 np0000004874 devstack@g-api.service[102780]: DEBUG glance.api.middleware.version_negotiation [None req-9455a6bb-5a76-4f63-b86c-c1700330225b tempest-ServerActionsV293TestJSON-988504218 tempest-ServerActionsV293TestJSON-988504218-project-member] Using url versioning {{(pid=102780) process_request /opt/stack/glance/glance/api/middleware/version_negotiation.py:57}}
Jul 09 09:55:10.926102 np0000004874 devstack@g-api.service[102780]: DEBUG glance.api.middleware.version_negotiation [None req-9455a6bb-5a76-4f63-b86c-c1700330225b tempest-ServerActionsV293TestJSON-988504218 tempest-ServerActionsV293TestJSON-988504218-project-member] Matched version: v2 {{(pid=102780) process_request /opt/stack/glance/glance/api/middleware/version_negotiation.py:69}}
Jul 09 09:55:10.926427 np0000004874 devstack@g-api.service[102780]: DEBUG glance.api.middleware.version_negotiation [None req-9455a6bb-5a76-4f63-b86c-c1700330225b tempest-ServerActionsV293TestJSON-988504218 tempest-ServerActionsV293TestJSON-988504218-project-member] new path /v2/schemas/image {{(pid=102780) process_request /opt/stack/glance/glance/api/middleware/version_negotiation.py:70}}
Jul 09 09:55:10.926494 np0000004874 devstack@g-api.service[102779]: DEBUG glance_store.capabilities [None req-cc1a65de-5e38-4ca4-ac17-1b7afb853654 tempest-AttachSCSIVolumeTestJSON-1358937933 tempest-AttachSCSIVolumeTestJSON-1358937933-project-admin] Store glance_store._drivers.swift.store.SingleTenantStore doesn't support updating dynamic storage capabilities. Please overwrite 'update_capabilities' method of the store to implement updating logics if needed. {{(pid=102779) update_capabilities /opt/stack/data/venv/lib/python3.12/site-packages/glance_store/capabilities.py:91}}
Jul 09 09:55:10.926494 np0000004874 devstack@g-api.service[102779]: DEBUG glance_store.driver [None req-cc1a65de-5e38-4ca4-ac17-1b7afb853654 tempest-AttachSCSIVolumeTestJSON-1358937933 tempest-AttachSCSIVolumeTestJSON-1358937933-project-admin] Late loading location class glance_store._drivers.swift.store.StoreLocation {{(pid=102779) get_store_location_class /opt/stack/data/venv/lib/python3.12/site-packages/glance_store/driver.py:134}}
Jul 09 09:55:10.927027 np0000004874 devstack@g-api.service[102779]: DEBUG glance_store.location [None req-cc1a65de-5e38-4ca4-ac17-1b7afb853654 tempest-AttachSCSIVolumeTestJSON-1358937933 tempest-AttachSCSIVolumeTestJSON-1358937933-project-admin] Registering scheme swift+https with {'store': , 'location_class': , 'store_entry': 'swift'} {{(pid=102779) register_scheme_map /opt/stack/data/venv/lib/python3.12/site-packages/glance_store/location.py:146}}
Jul 09 09:55:10.927333 np0000004874 devstack@g-api.service[102779]: DEBUG glance_store.location [None req-cc1a65de-5e38-4ca4-ac17-1b7afb853654 tempest-AttachSCSIVolumeTestJSON-1358937933 tempest-AttachSCSIVolumeTestJSON-1358937933-project-admin] Registering scheme swift+https with {'store': , 'location_class': , 'store_entry': 'swift'} {{(pid=102779) register_scheme_map /opt/stack/data/venv/lib/python3.12/site-packages/glance_store/location.py:146}}
Jul 09 09:55:10.927525 np0000004874 devstack@g-api.service[102779]: DEBUG glance_store.location [None req-cc1a65de-5e38-4ca4-ac17-1b7afb853654 tempest-AttachSCSIVolumeTestJSON-1358937933 tempest-AttachSCSIVolumeTestJSON-1358937933-project-admin] Registering scheme swift with {'store': , 'location_class': , 'store_entry': 'swift'} {{(pid=102779) register_scheme_map /opt/stack/data/venv/lib/python3.12/site-packages/glance_store/location.py:146}}
Jul 09 09:55:10.927707 np0000004874 devstack@g-api.service[102779]: DEBUG glance_store.location [None req-cc1a65de-5e38-4ca4-ac17-1b7afb853654 tempest-AttachSCSIVolumeTestJSON-1358937933 tempest-AttachSCSIVolumeTestJSON-1358937933-project-admin] Registering scheme swift+https with {'store': , 'location_class': , 'store_entry': 'swift'} {{(pid=102779) register_scheme_map /opt/stack/data/venv/lib/python3.12/site-packages/glance_store/location.py:146}}
Jul 09 09:55:10.927826 np0000004874 devstack@g-api.service[102779]: DEBUG glance_store.location [None req-cc1a65de-5e38-4ca4-ac17-1b7afb853654 tempest-AttachSCSIVolumeTestJSON-1358937933 tempest-AttachSCSIVolumeTestJSON-1358937933-project-admin] Registering scheme swift with {'store': , 'location_class': , 'store_entry': 'swift'} {{(pid=102779) register_scheme_map /opt/stack/data/venv/lib/python3.12/site-packages/glance_store/location.py:146}}
Jul 09 09:55:10.928005 np0000004874 devstack@g-api.service[102779]: DEBUG glance_store.location [None req-cc1a65de-5e38-4ca4-ac17-1b7afb853654 tempest-AttachSCSIVolumeTestJSON-1358937933 tempest-AttachSCSIVolumeTestJSON-1358937933-project-admin] Registering scheme swift+http with {'store': , 'location_class': , 'store_entry': 'swift'} {{(pid=102779) register_scheme_map /opt/stack/data/venv/lib/python3.12/site-packages/glance_store/location.py:146}}
Jul 09 09:55:10.928198 np0000004874 devstack@g-api.service[102779]: DEBUG glance_store.location [None req-cc1a65de-5e38-4ca4-ac17-1b7afb853654 tempest-AttachSCSIVolumeTestJSON-1358937933 tempest-AttachSCSIVolumeTestJSON-1358937933-project-admin] Registering scheme swift+https with {'store': , 'location_class': , 'store_entry': 'swift'} {{(pid=102779) register_scheme_map /opt/stack/data/venv/lib/python3.12/site-packages/glance_store/location.py:146}}
Jul 09 09:55:10.928387 np0000004874 devstack@g-api.service[102779]: DEBUG glance_store.location [None req-cc1a65de-5e38-4ca4-ac17-1b7afb853654 tempest-AttachSCSIVolumeTestJSON-1358937933 tempest-AttachSCSIVolumeTestJSON-1358937933-project-admin] Registering scheme swift with {'store': , 'location_class': , 'store_entry': 'swift'} {{(pid=102779) register_scheme_map /opt/stack/data/venv/lib/python3.12/site-packages/glance_store/location.py:146}}
Jul 09 09:55:10.928699 np0000004874 devstack@g-api.service[102779]: DEBUG glance_store.location [None req-cc1a65de-5e38-4ca4-ac17-1b7afb853654 tempest-AttachSCSIVolumeTestJSON-1358937933 tempest-AttachSCSIVolumeTestJSON-1358937933-project-admin] Registering scheme swift+http with {'store': , 'location_class': , 'store_entry': 'swift'} {{(pid=102779) register_scheme_map /opt/stack/data/venv/lib/python3.12/site-packages/glance_store/location.py:146}}
Jul 09 09:55:10.928876 np0000004874 devstack@g-api.service[102779]: DEBUG glance_store.location [None req-cc1a65de-5e38-4ca4-ac17-1b7afb853654 tempest-AttachSCSIVolumeTestJSON-1358937933 tempest-AttachSCSIVolumeTestJSON-1358937933-project-admin] Registering scheme swift+config with {'store': , 'location_class': , 'store_entry': 'swift'} {{(pid=102779) register_scheme_map /opt/stack/data/venv/lib/python3.12/site-packages/glance_store/location.py:146}}
Jul 09 09:55:10.929840 np0000004874 devstack@g-api.service[102779]: DEBUG keystoneclient.auth.identity.v3.base [None req-cc1a65de-5e38-4ca4-ac17-1b7afb853654 tempest-AttachSCSIVolumeTestJSON-1358937933 tempest-AttachSCSIVolumeTestJSON-1358937933-project-admin] Making authentication request to https://10.4.3.239/identity/v3/auth/tokens {{(pid=102779) get_auth_ref /opt/stack/data/venv/lib/python3.12/site-packages/keystoneclient/auth/identity/v3/base.py:185}}
Jul 09 09:55:10.930907 np0000004874 devstack@g-api.service[102780]: [pid: 102780|app: 0|req: 29/118] 127.0.0.1 () {44 vars in 1055 bytes} [Thu Jul 9 09:55:10 2026] GET /v2/schemas/image => generated 6083 bytes in 5 msecs (HTTP/1.1 200) 4 headers in 158 bytes (1 switches on core 0)
Jul 09 09:55:10.945050 np0000004874 devstack@g-api.service[102781]: DEBUG glance.api.middleware.version_negotiation [None req-9455a6bb-5a76-4f63-b86c-c1700330225b tempest-ServerActionsV293TestJSON-988504218 tempest-ServerActionsV293TestJSON-988504218-project-member] Determining version of request: GET /v2/schemas/image Accept: */* {{(pid=102781) process_request /opt/stack/glance/glance/api/middleware/version_negotiation.py:44}}
Jul 09 09:55:10.945050 np0000004874 devstack@g-api.service[102781]: DEBUG glance.api.middleware.version_negotiation [None req-9455a6bb-5a76-4f63-b86c-c1700330225b tempest-ServerActionsV293TestJSON-988504218 tempest-ServerActionsV293TestJSON-988504218-project-member] Using url versioning {{(pid=102781) process_request /opt/stack/glance/glance/api/middleware/version_negotiation.py:57}}
Jul 09 09:55:10.945050 np0000004874 devstack@g-api.service[102781]: DEBUG glance.api.middleware.version_negotiation [None req-9455a6bb-5a76-4f63-b86c-c1700330225b tempest-ServerActionsV293TestJSON-988504218 tempest-ServerActionsV293TestJSON-988504218-project-member] Matched version: v2 {{(pid=102781) process_request /opt/stack/glance/glance/api/middleware/version_negotiation.py:69}}
Jul 09 09:55:10.945050 np0000004874 devstack@g-api.service[102781]: DEBUG glance.api.middleware.version_negotiation [None req-9455a6bb-5a76-4f63-b86c-c1700330225b tempest-ServerActionsV293TestJSON-988504218 tempest-ServerActionsV293TestJSON-988504218-project-member] new path /v2/schemas/image {{(pid=102781) process_request /opt/stack/glance/glance/api/middleware/version_negotiation.py:70}}
Jul 09 09:55:10.948445 np0000004874 devstack@g-api.service[102781]: [pid: 102781|app: 0|req: 30/119] 127.0.0.1 () {44 vars in 1055 bytes} [Thu Jul 9 09:55:10 2026] GET /v2/schemas/image => generated 6083 bytes in 4 msecs (HTTP/1.1 200) 4 headers in 158 bytes (1 switches on core 0)
Jul 09 09:55:11.116724 np0000004874 devstack@g-api.service[102779]: DEBUG keystoneclient.auth.identity.v3.base [None req-cc1a65de-5e38-4ca4-ac17-1b7afb853654 tempest-AttachSCSIVolumeTestJSON-1358937933 tempest-AttachSCSIVolumeTestJSON-1358937933-project-admin] {"token": {"methods": ["password"], "user": {"domain": {"id": "default", "name": "Default"}, "id": "7415f152b7034f6fa1ea7d0faf2bbef5", "name": "glance-swift", "password_expires_at": null}, "audit_ids": ["FZJ2M4YpQbud5PiWdcZSGA"], "expires_at": "2026-07-09T10:55:11.000000Z", "issued_at": "2026-07-09T09:55:11.000000Z", "project": {"domain": {"id": "default", "name": "Default"}, "id": "a7f6365a0efd4af68bdeb3a3dfe3dccf", "name": "service"}, "is_domain": false, "roles": [{"id": "0d0eecd0193c4f8f99ba181e7ee9eb46", "name": "ResellerAdmin"}, {"id": "4a705e53d7dc4686ad25c8561648279b", "name": "service"}], "catalog": [{"endpoints": [{"id": "acafd3f6ed334f3ba21ef01dd0ea1546", "interface": "public", "region_id": "RegionOne", "url": "https://10.4.3.239/volume/v3", "region": "RegionOne"}], "id": "24317ed019a34ed2afef5b5db54663c7", "type": "block-storage", "name": "cinder"}, {"endpoints": [{"id": "e990bd34a460499392bca19ef179a21b", "interface": "public", "region_id": "RegionOne", "url": "https://10.4.3.239/compute/v2.1", "region": "RegionOne"}], "id": "2e9e05d204b740679243b1e141b3c2cc", "type": "compute", "name": "nova"}, {"endpoints": [{"id": "a71c344c92fc4545a353ca34f94f8d06", "interface": "public", "region_id": "RegionOne", "url": "https://10.4.3.239/compute/v2/a7f6365a0efd4af68bdeb3a3dfe3dccf", "region": "RegionOne"}], "id": "3713d19e589643d8945f55c26e7e0e1c", "type": "compute_legacy", "name": "nova_legacy"}, {"endpoints": [{"id": "490488dbf89a43d9aafa1300a5ded84a", "interface": "public", "region_id": "RegionOne", "url": "https://10.4.3.239/placement", "region": "RegionOne"}], "id": "68b4a08f8551472eae76c92cf4a00f50", "type": "placement", "name": "placement"}, {"endpoints": [{"id": "0f30dd3a8f3943aa837bfcfe2a9a946f", "interface": "public", "region_id": "RegionOne", "url": "https://10.4.3.239/image", "region": "RegionOne"}], "id": "77dadf8f1b5b40f39a47742dcd38f5c1", "type": "image", "name": "glance"}, {"endpoints": [{"id": "ce119f1f78dc48c2b98c4ef9cc2e66f0", "interface": "public", "region_id": "RegionOne", "url": "https://10.4.3.239/identity", "region": "RegionOne"}], "id": "d3cba0ee183047f5a1f948430e740204", "type": "identity", "name": "keystone"}, {"endpoints": [{"id": "57416548230a4363a123c502386625ae", "interface": "public", "region_id": "RegionOne", "url": "https://10.4.3.239:8080/v1/AUTH_a7f6365a0efd4af68bdeb3a3dfe3dccf", "region": "RegionOne"}, {"id": "86153fc8c3f14119af6ac3abc556e553", "interface": "admin", "region_id": "RegionOne", "url": "https://10.4.3.239:8080", "region": "RegionOne"}], "id": "e57a1ae03e87463dae87a9b1a56912cf", "type": "object-store", "name": "swift"}, {"endpoints": [{"id": "5b14fe6dcd144ed585c511e884298eaa", "interface": "public", "region_id": "RegionOne", "url": "https://10.4.3.239/networking", "region": "RegionOne"}], "id": "e84e3b93b6d64fa9bb160119ef4cad3b", "type": "network", "name": "neutron"}]}} {{(pid=102779) get_auth_ref /opt/stack/data/venv/lib/python3.12/site-packages/keystoneclient/auth/identity/v3/base.py:190}}
Jul 09 09:55:11.118097 np0000004874 devstack@g-api.service[102779]: DEBUG keystoneclient.httpclient [None req-cc1a65de-5e38-4ca4-ac17-1b7afb853654 tempest-AttachSCSIVolumeTestJSON-1358937933 tempest-AttachSCSIVolumeTestJSON-1358937933-project-admin] Failed to find endpoint for management url admin endpoint for identity service not found {{(pid=102779) _process_management_url /opt/stack/data/venv/lib/python3.12/site-packages/keystoneclient/httpclient.py:670}}
Jul 09 09:55:11.224287 np0000004874 devstack@g-api.service[102778]: DEBUG glance.api.middleware.version_negotiation [None req-9455a6bb-5a76-4f63-b86c-c1700330225b tempest-ServerActionsV293TestJSON-988504218 tempest-ServerActionsV293TestJSON-988504218-project-member] Determining version of request: GET /versions Accept: */* {{(pid=102778) process_request /opt/stack/glance/glance/api/middleware/version_negotiation.py:44}}
Jul 09 09:55:11.225275 np0000004874 devstack@g-api.service[102778]: [pid: 102778|app: 0|req: 32/120] 127.0.0.1 () {44 vars in 1039 bytes} [Thu Jul 9 09:55:11 2026] GET /versions => generated 1515 bytes in 1 msecs (HTTP/1.1 200) 3 headers in 92 bytes (1 switches on core 0)
Jul 09 09:55:11.237435 np0000004874 devstack@g-api.service[102780]: DEBUG glance.api.middleware.version_negotiation [None req-9455a6bb-5a76-4f63-b86c-c1700330225b tempest-ServerActionsV293TestJSON-988504218 tempest-ServerActionsV293TestJSON-988504218-project-member] Determining version of request: GET /v2/images/0adf9a1b-f695-4e1b-ae9d-9ad95977244f/locations Accept: */* {{(pid=102780) process_request /opt/stack/glance/glance/api/middleware/version_negotiation.py:44}}
Jul 09 09:55:11.237435 np0000004874 devstack@g-api.service[102780]: DEBUG glance.api.middleware.version_negotiation [None req-9455a6bb-5a76-4f63-b86c-c1700330225b tempest-ServerActionsV293TestJSON-988504218 tempest-ServerActionsV293TestJSON-988504218-project-member] Using url versioning {{(pid=102780) process_request /opt/stack/glance/glance/api/middleware/version_negotiation.py:57}}
Jul 09 09:55:11.237840 np0000004874 devstack@g-api.service[102780]: DEBUG glance.api.middleware.version_negotiation [None req-9455a6bb-5a76-4f63-b86c-c1700330225b tempest-ServerActionsV293TestJSON-988504218 tempest-ServerActionsV293TestJSON-988504218-project-member] Matched version: v2 {{(pid=102780) process_request /opt/stack/glance/glance/api/middleware/version_negotiation.py:69}}
Jul 09 09:55:11.237840 np0000004874 devstack@g-api.service[102780]: DEBUG glance.api.middleware.version_negotiation [None req-9455a6bb-5a76-4f63-b86c-c1700330225b tempest-ServerActionsV293TestJSON-988504218 tempest-ServerActionsV293TestJSON-988504218-project-member] new path /v2/images/0adf9a1b-f695-4e1b-ae9d-9ad95977244f/locations {{(pid=102780) process_request /opt/stack/glance/glance/api/middleware/version_negotiation.py:70}}
Jul 09 09:55:11.546635 np0000004874 devstack@g-api.service[102780]: [pid: 102780|app: 0|req: 30/121] 127.0.0.1 () {44 vars in 1135 bytes} [Thu Jul 9 09:55:11 2026] GET /v2/images/0adf9a1b-f695-4e1b-ae9d-9ad95977244f/locations => generated 92 bytes in 309 msecs (HTTP/1.1 200) 4 headers in 156 bytes (1 switches on core 0)
Jul 09 09:55:11.558449 np0000004874 devstack@g-api.service[102779]: DEBUG swiftclient [None req-cc1a65de-5e38-4ca4-ac17-1b7afb853654 tempest-AttachSCSIVolumeTestJSON-1358937933 tempest-AttachSCSIVolumeTestJSON-1358937933-project-admin] REQ: curl -i https://10.4.3.239:8080/v1/AUTH_a7f6365a0efd4af68bdeb3a3dfe3dccf/glance/c1c7c684-08f5-4ba5-85c8-5d860d589720 -I -H "X-Auth-Token: gAAAAABqT2__R6JN..." {{(pid=102779) http_log /opt/stack/data/venv/lib/python3.12/site-packages/swiftclient/client.py:160}}
Jul 09 09:55:11.558675 np0000004874 devstack@g-api.service[102779]: DEBUG swiftclient [None req-cc1a65de-5e38-4ca4-ac17-1b7afb853654 tempest-AttachSCSIVolumeTestJSON-1358937933 tempest-AttachSCSIVolumeTestJSON-1358937933-project-admin] RESP STATUS: 200 OK {{(pid=102779) http_log /opt/stack/data/venv/lib/python3.12/site-packages/swiftclient/client.py:161}}
Jul 09 09:55:11.558855 np0000004874 devstack@g-api.service[102779]: DEBUG swiftclient [None req-cc1a65de-5e38-4ca4-ac17-1b7afb853654 tempest-AttachSCSIVolumeTestJSON-1358937933 tempest-AttachSCSIVolumeTestJSON-1358937933-project-admin] RESP HEADERS: {'Date': 'Thu, 09 Jul 2026 09:55:11 GMT', 'Server': 'Apache/2.4.58 (Ubuntu)', 'Content-Type': 'application/octet-stream', 'Content-Length': '21692416', 'X-Object-Manifest': 'glance/c1c7c684-08f5-4ba5-85c8-5d860d589720-', 'Last-Modified': 'Thu, 09 Jul 2026 09:53:39 GMT', 'X-Timestamp': '1783590818.13199', 'Accept-Ranges': 'bytes', 'Etag': '"737c2a37dd3f91e374c48cad70137398"', 'X-Trans-Id': 'tx7aaa17e2489d4419aa56a-006a4f6fff', 'X-Openstack-Request-Id': 'tx7aaa17e2489d4419aa56a-006a4f6fff', 'Connection': 'close'} {{(pid=102779) http_log /opt/stack/data/venv/lib/python3.12/site-packages/swiftclient/client.py:162}}
Jul 09 09:55:11.583046 np0000004874 devstack@g-api.service[102779]: DEBUG swiftclient [None req-cc1a65de-5e38-4ca4-ac17-1b7afb853654 tempest-AttachSCSIVolumeTestJSON-1358937933 tempest-AttachSCSIVolumeTestJSON-1358937933-project-admin] REQ: curl -i https://10.4.3.239:8080/v1/AUTH_a7f6365a0efd4af68bdeb3a3dfe3dccf/glance?format=json&prefix=c1c7c684-08f5-4ba5-85c8-5d860d589720- -X GET -H "X-Auth-Token: gAAAAABqT2__R6JN..." -H "Accept-Encoding: gzip" {{(pid=102779) http_log /opt/stack/data/venv/lib/python3.12/site-packages/swiftclient/client.py:160}}
Jul 09 09:55:11.583173 np0000004874 devstack@g-api.service[102779]: DEBUG swiftclient [None req-cc1a65de-5e38-4ca4-ac17-1b7afb853654 tempest-AttachSCSIVolumeTestJSON-1358937933 tempest-AttachSCSIVolumeTestJSON-1358937933-project-admin] RESP STATUS: 200 OK {{(pid=102779) http_log /opt/stack/data/venv/lib/python3.12/site-packages/swiftclient/client.py:161}}
Jul 09 09:55:11.583389 np0000004874 devstack@g-api.service[102779]: DEBUG swiftclient [None req-cc1a65de-5e38-4ca4-ac17-1b7afb853654 tempest-AttachSCSIVolumeTestJSON-1358937933 tempest-AttachSCSIVolumeTestJSON-1358937933-project-admin] RESP HEADERS: {'Date': 'Thu, 09 Jul 2026 09:55:11 GMT', 'Server': 'Apache/2.4.58 (Ubuntu)', 'Content-Type': 'application/json; charset=utf-8', 'Content-Length': '210', 'X-Container-Object-Count': '7', 'X-Container-Bytes-Used': '140115968', 'X-Timestamp': '1783590688.68688', 'Last-Modified': 'Thu, 09 Jul 2026 09:51:29 GMT', 'Accept-Ranges': 'bytes', 'X-Storage-Policy': 'Policy-0', 'X-Container-Sharding': 'False', 'X-Trans-Id': 'txe679abec8f734c23a1ae7-006a4f6fff', 'X-Openstack-Request-Id': 'txe679abec8f734c23a1ae7-006a4f6fff', 'Connection': 'close'} {{(pid=102779) http_log /opt/stack/data/venv/lib/python3.12/site-packages/swiftclient/client.py:162}}
Jul 09 09:55:11.588058 np0000004874 devstack@g-api.service[102779]: DEBUG swiftclient [None req-cc1a65de-5e38-4ca4-ac17-1b7afb853654 tempest-AttachSCSIVolumeTestJSON-1358937933 tempest-AttachSCSIVolumeTestJSON-1358937933-project-admin] RESP BODY: b'[{"bytes": 21692416, "hash": "87617e24a5e30cb3b87fda8c0764838f", "name": "c1c7c684-08f5-4ba5-85c8-5d860d589720-00001", "content_type": "application/octet-stream", "last_modified": "2026-07-09T09:53:37.875480"}]' {{(pid=102779) http_log /opt/stack/data/venv/lib/python3.12/site-packages/swiftclient/client.py:166}}
Jul 09 09:55:11.612658 np0000004874 devstack@g-api.service[102779]: DEBUG swiftclient [None req-cc1a65de-5e38-4ca4-ac17-1b7afb853654 tempest-AttachSCSIVolumeTestJSON-1358937933 tempest-AttachSCSIVolumeTestJSON-1358937933-project-admin] REQ: curl -i https://10.4.3.239:8080/v1/AUTH_a7f6365a0efd4af68bdeb3a3dfe3dccf/glance/c1c7c684-08f5-4ba5-85c8-5d860d589720-00001 DELETE -H "X-Auth-Token: gAAAAABqT2__R6JN..." {{(pid=102779) http_log /opt/stack/data/venv/lib/python3.12/site-packages/swiftclient/client.py:160}}
Jul 09 09:55:11.612658 np0000004874 devstack@g-api.service[102779]: DEBUG swiftclient [None req-cc1a65de-5e38-4ca4-ac17-1b7afb853654 tempest-AttachSCSIVolumeTestJSON-1358937933 tempest-AttachSCSIVolumeTestJSON-1358937933-project-admin] RESP STATUS: 204 No Content {{(pid=102779) http_log /opt/stack/data/venv/lib/python3.12/site-packages/swiftclient/client.py:161}}
Jul 09 09:55:11.612658 np0000004874 devstack@g-api.service[102779]: DEBUG swiftclient [None req-cc1a65de-5e38-4ca4-ac17-1b7afb853654 tempest-AttachSCSIVolumeTestJSON-1358937933 tempest-AttachSCSIVolumeTestJSON-1358937933-project-admin] RESP HEADERS: {'Date': 'Thu, 09 Jul 2026 09:55:11 GMT', 'Server': 'Apache/2.4.58 (Ubuntu)', 'Content-Type': 'text/html; charset=UTF-8', 'X-Trans-Id': 'txdd52352d25e44dedabb67-006a4f6fff', 'X-Openstack-Request-Id': 'txdd52352d25e44dedabb67-006a4f6fff', 'Connection': 'close'} {{(pid=102779) http_log /opt/stack/data/venv/lib/python3.12/site-packages/swiftclient/client.py:162}}
Jul 09 09:55:11.636919 np0000004874 devstack@g-api.service[102779]: DEBUG swiftclient [None req-cc1a65de-5e38-4ca4-ac17-1b7afb853654 tempest-AttachSCSIVolumeTestJSON-1358937933 tempest-AttachSCSIVolumeTestJSON-1358937933-project-admin] REQ: curl -i https://10.4.3.239:8080/v1/AUTH_a7f6365a0efd4af68bdeb3a3dfe3dccf/glance/c1c7c684-08f5-4ba5-85c8-5d860d589720 DELETE -H "X-Auth-Token: gAAAAABqT2__R6JN..." {{(pid=102779) http_log /opt/stack/data/venv/lib/python3.12/site-packages/swiftclient/client.py:160}}
Jul 09 09:55:11.637019 np0000004874 devstack@g-api.service[102779]: DEBUG swiftclient [None req-cc1a65de-5e38-4ca4-ac17-1b7afb853654 tempest-AttachSCSIVolumeTestJSON-1358937933 tempest-AttachSCSIVolumeTestJSON-1358937933-project-admin] RESP STATUS: 204 No Content {{(pid=102779) http_log /opt/stack/data/venv/lib/python3.12/site-packages/swiftclient/client.py:161}}
Jul 09 09:55:11.637188 np0000004874 devstack@g-api.service[102779]: DEBUG swiftclient [None req-cc1a65de-5e38-4ca4-ac17-1b7afb853654 tempest-AttachSCSIVolumeTestJSON-1358937933 tempest-AttachSCSIVolumeTestJSON-1358937933-project-admin] RESP HEADERS: {'Date': 'Thu, 09 Jul 2026 09:55:11 GMT', 'Server': 'Apache/2.4.58 (Ubuntu)', 'Content-Type': 'text/html; charset=UTF-8', 'X-Trans-Id': 'tx96976582b4be448ba933d-006a4f6fff', 'X-Openstack-Request-Id': 'tx96976582b4be448ba933d-006a4f6fff', 'Connection': 'close'} {{(pid=102779) http_log /opt/stack/data/venv/lib/python3.12/site-packages/swiftclient/client.py:162}}
Jul 09 09:55:11.700073 np0000004874 devstack@g-api.service[102779]: DEBUG glance.api.middleware.cache [None req-cc1a65de-5e38-4ca4-ac17-1b7afb853654 tempest-AttachSCSIVolumeTestJSON-1358937933 tempest-AttachSCSIVolumeTestJSON-1358937933-project-admin] Removing image c1c7c684-08f5-4ba5-85c8-5d860d589720 from cache {{(pid=102779) _process_DELETE_response /opt/stack/glance/glance/api/middleware/cache.py:264}}
Jul 09 09:55:11.700330 np0000004874 devstack@g-api.service[102779]: DEBUG glance.image_cache.drivers.centralized_db [None req-cc1a65de-5e38-4ca4-ac17-1b7afb853654 tempest-AttachSCSIVolumeTestJSON-1358937933 tempest-AttachSCSIVolumeTestJSON-1358937933-project-admin] Deleting image cache file '/opt/stack/data/glance/cache/c1c7c684-08f5-4ba5-85c8-5d860d589720' {{(pid=102779) delete_cached_file /opt/stack/glance/glance/image_cache/drivers/centralized_db.py:400}}
Jul 09 09:55:11.715936 np0000004874 devstack@g-api.service[102779]: [pid: 102779|app: 0|req: 30/122] 127.0.0.1 () {40 vars in 841 bytes} [Thu Jul 9 09:55:10 2026] DELETE /v2/images/c1c7c684-08f5-4ba5-85c8-5d860d589720 => generated 0 bytes in 805 msecs (HTTP/1.1 204) 4 headers in 171 bytes (1 switches on core 0)
Jul 09 09:55:11.724524 np0000004874 devstack@g-api.service[102781]: DEBUG glance.api.middleware.version_negotiation [None req-9455a6bb-5a76-4f63-b86c-c1700330225b tempest-ServerActionsV293TestJSON-988504218 tempest-ServerActionsV293TestJSON-988504218-project-member] Determining version of request: GET /v2/images/c1c7c684-08f5-4ba5-85c8-5d860d589720 Accept: application/json {{(pid=102781) process_request /opt/stack/glance/glance/api/middleware/version_negotiation.py:44}}
Jul 09 09:55:11.725870 np0000004874 devstack@g-api.service[102781]: DEBUG glance.api.middleware.version_negotiation [None req-9455a6bb-5a76-4f63-b86c-c1700330225b tempest-ServerActionsV293TestJSON-988504218 tempest-ServerActionsV293TestJSON-988504218-project-member] Using url versioning {{(pid=102781) process_request /opt/stack/glance/glance/api/middleware/version_negotiation.py:57}}
Jul 09 09:55:11.725870 np0000004874 devstack@g-api.service[102781]: DEBUG glance.api.middleware.version_negotiation [None req-9455a6bb-5a76-4f63-b86c-c1700330225b tempest-ServerActionsV293TestJSON-988504218 tempest-ServerActionsV293TestJSON-988504218-project-member] Matched version: v2 {{(pid=102781) process_request /opt/stack/glance/glance/api/middleware/version_negotiation.py:69}}
Jul 09 09:55:11.725870 np0000004874 devstack@g-api.service[102781]: DEBUG glance.api.middleware.version_negotiation [None req-9455a6bb-5a76-4f63-b86c-c1700330225b tempest-ServerActionsV293TestJSON-988504218 tempest-ServerActionsV293TestJSON-988504218-project-member] new path /v2/images/c1c7c684-08f5-4ba5-85c8-5d860d589720 {{(pid=102781) process_request /opt/stack/glance/glance/api/middleware/version_negotiation.py:70}}
Jul 09 09:55:11.731203 np0000004874 devstack@g-api.service[102781]: DEBUG glance.db.sqlalchemy.api [None req-4ad63d74-ba02-4c57-8e9b-0d67f8720763 tempest-AttachSCSIVolumeTestJSON-1986175007 tempest-AttachSCSIVolumeTestJSON-1986175007-project-reader] No image found with ID c1c7c684-08f5-4ba5-85c8-5d860d589720 {{(pid=102781) _image_get /opt/stack/glance/glance/db/sqlalchemy/api.py:303}}
Jul 09 09:55:11.733097 np0000004874 devstack@g-api.service[102781]: [pid: 102781|app: 0|req: 31/123] 127.0.0.1 () {40 vars in 838 bytes} [Thu Jul 9 09:55:11 2026] GET /v2/images/c1c7c684-08f5-4ba5-85c8-5d860d589720 => generated 139 bytes in 9 msecs (HTTP/1.1 404) 4 headers in 164 bytes (1 switches on core 0)
Jul 09 09:55:14.688703 np0000004874 devstack@g-api.service[102778]: DEBUG glance.api.middleware.version_negotiation [None req-9455a6bb-5a76-4f63-b86c-c1700330225b tempest-ServerActionsV293TestJSON-988504218 tempest-ServerActionsV293TestJSON-988504218-project-member] Determining version of request: GET /v2/images/0adf9a1b-f695-4e1b-ae9d-9ad95977244f Accept: */* {{(pid=102778) process_request /opt/stack/glance/glance/api/middleware/version_negotiation.py:44}}
Jul 09 09:55:14.689148 np0000004874 devstack@g-api.service[102778]: DEBUG glance.api.middleware.version_negotiation [None req-9455a6bb-5a76-4f63-b86c-c1700330225b tempest-ServerActionsV293TestJSON-988504218 tempest-ServerActionsV293TestJSON-988504218-project-member] Using url versioning {{(pid=102778) process_request /opt/stack/glance/glance/api/middleware/version_negotiation.py:57}}
Jul 09 09:55:14.689148 np0000004874 devstack@g-api.service[102778]: DEBUG glance.api.middleware.version_negotiation [None req-9455a6bb-5a76-4f63-b86c-c1700330225b tempest-ServerActionsV293TestJSON-988504218 tempest-ServerActionsV293TestJSON-988504218-project-member] Matched version: v2 {{(pid=102778) process_request /opt/stack/glance/glance/api/middleware/version_negotiation.py:69}}
Jul 09 09:55:14.689258 np0000004874 devstack@g-api.service[102778]: DEBUG glance.api.middleware.version_negotiation [None req-9455a6bb-5a76-4f63-b86c-c1700330225b tempest-ServerActionsV293TestJSON-988504218 tempest-ServerActionsV293TestJSON-988504218-project-member] new path /v2/images/0adf9a1b-f695-4e1b-ae9d-9ad95977244f {{(pid=102778) process_request /opt/stack/glance/glance/api/middleware/version_negotiation.py:70}}
Jul 09 09:55:14.706810 np0000004874 devstack@g-api.service[102778]: [pid: 102778|app: 0|req: 33/124] 127.0.0.1 () {44 vars in 1115 bytes} [Thu Jul 9 09:55:14 2026] GET /v2/images/0adf9a1b-f695-4e1b-ae9d-9ad95977244f => generated 1044 bytes in 18 msecs (HTTP/1.1 200) 4 headers in 158 bytes (1 switches on core 0)
Jul 09 09:55:14.716576 np0000004874 devstack@g-api.service[102780]: DEBUG glance.api.middleware.version_negotiation [None req-9455a6bb-5a76-4f63-b86c-c1700330225b service glance] Determining version of request: GET /v2/schemas/image Accept: */* {{(pid=102780) process_request /opt/stack/glance/glance/api/middleware/version_negotiation.py:44}}
Jul 09 09:55:14.716576 np0000004874 devstack@g-api.service[102780]: DEBUG glance.api.middleware.version_negotiation [None req-9455a6bb-5a76-4f63-b86c-c1700330225b service glance] Using url versioning {{(pid=102780) process_request /opt/stack/glance/glance/api/middleware/version_negotiation.py:57}}
Jul 09 09:55:14.716576 np0000004874 devstack@g-api.service[102780]: DEBUG glance.api.middleware.version_negotiation [None req-9455a6bb-5a76-4f63-b86c-c1700330225b service glance] Matched version: v2 {{(pid=102780) process_request /opt/stack/glance/glance/api/middleware/version_negotiation.py:69}}
Jul 09 09:55:14.716576 np0000004874 devstack@g-api.service[102780]: DEBUG glance.api.middleware.version_negotiation [None req-9455a6bb-5a76-4f63-b86c-c1700330225b service glance] new path /v2/schemas/image {{(pid=102780) process_request /opt/stack/glance/glance/api/middleware/version_negotiation.py:70}}
Jul 09 09:55:14.719667 np0000004874 devstack@g-api.service[102780]: [pid: 102780|app: 0|req: 31/125] 127.0.0.1 () {44 vars in 1055 bytes} [Thu Jul 9 09:55:14 2026] GET /v2/schemas/image => generated 6083 bytes in 3 msecs (HTTP/1.1 200) 4 headers in 158 bytes (1 switches on core 0)
Jul 09 09:55:14.734516 np0000004874 devstack@g-api.service[102779]: DEBUG glance.api.middleware.version_negotiation [None req-cc1a65de-5e38-4ca4-ac17-1b7afb853654 tempest-AttachSCSIVolumeTestJSON-1358937933 tempest-AttachSCSIVolumeTestJSON-1358937933-project-admin] Determining version of request: GET /v2/schemas/image Accept: */* {{(pid=102779) process_request /opt/stack/glance/glance/api/middleware/version_negotiation.py:44}}
Jul 09 09:55:14.734900 np0000004874 devstack@g-api.service[102779]: DEBUG glance.api.middleware.version_negotiation [None req-cc1a65de-5e38-4ca4-ac17-1b7afb853654 tempest-AttachSCSIVolumeTestJSON-1358937933 tempest-AttachSCSIVolumeTestJSON-1358937933-project-admin] Using url versioning {{(pid=102779) process_request /opt/stack/glance/glance/api/middleware/version_negotiation.py:57}}
Jul 09 09:55:14.734900 np0000004874 devstack@g-api.service[102779]: DEBUG glance.api.middleware.version_negotiation [None req-cc1a65de-5e38-4ca4-ac17-1b7afb853654 tempest-AttachSCSIVolumeTestJSON-1358937933 tempest-AttachSCSIVolumeTestJSON-1358937933-project-admin] Matched version: v2 {{(pid=102779) process_request /opt/stack/glance/glance/api/middleware/version_negotiation.py:69}}
