Jul 09 09:51:04.738179 np0000004874 nova-conductor[98870]: DEBUG cotyledon.oslo_config_glue [-] oslo_middleware.http_basic_auth_user_file = /etc/htpasswd {{(pid=98870) log_opt_values /opt/stack/data/venv/lib/python3.12/site-packages/oslo_config/cfg.py:3253}}
Jul 09 09:51:04.738384 np0000004874 nova-conductor[98870]: DEBUG cotyledon.oslo_config_glue [-] profiler.connection_string = messaging:// {{(pid=98870) log_opt_values /opt/stack/data/venv/lib/python3.12/site-packages/oslo_config/cfg.py:3253}}
Jul 09 09:51:04.738384 np0000004874 nova-conductor[98870]: DEBUG cotyledon.oslo_config_glue [-] profiler.enabled = False {{(pid=98870) log_opt_values /opt/stack/data/venv/lib/python3.12/site-packages/oslo_config/cfg.py:3253}}
Jul 09 09:51:04.738384 np0000004874 nova-conductor[98870]: DEBUG cotyledon.oslo_config_glue [-] profiler.es_doc_type = notification {{(pid=98870) log_opt_values /opt/stack/data/venv/lib/python3.12/site-packages/oslo_config/cfg.py:3253}}
Jul 09 09:51:04.738384 np0000004874 nova-conductor[98870]: DEBUG cotyledon.oslo_config_glue [-] profiler.es_scroll_size = 10000 {{(pid=98870) log_opt_values /opt/stack/data/venv/lib/python3.12/site-packages/oslo_config/cfg.py:3253}}
Jul 09 09:51:04.738384 np0000004874 nova-conductor[98870]: DEBUG cotyledon.oslo_config_glue [-] profiler.es_scroll_time = 2m {{(pid=98870) log_opt_values /opt/stack/data/venv/lib/python3.12/site-packages/oslo_config/cfg.py:3253}}
Jul 09 09:51:04.738384 np0000004874 nova-conductor[98870]: DEBUG cotyledon.oslo_config_glue [-] profiler.filter_error_trace = False {{(pid=98870) log_opt_values /opt/stack/data/venv/lib/python3.12/site-packages/oslo_config/cfg.py:3253}}
Jul 09 09:51:04.738384 np0000004874 nova-conductor[98870]: DEBUG cotyledon.oslo_config_glue [-] profiler.hmac_keys = **** {{(pid=98870) log_opt_values /opt/stack/data/venv/lib/python3.12/site-packages/oslo_config/cfg.py:3253}}
Jul 09 09:51:04.738384 np0000004874 nova-conductor[98870]: DEBUG cotyledon.oslo_config_glue [-] profiler.sentinel_service_name = mymaster {{(pid=98870) log_opt_values /opt/stack/data/venv/lib/python3.12/site-packages/oslo_config/cfg.py:3253}}
Jul 09 09:51:04.738384 np0000004874 nova-conductor[98870]: DEBUG cotyledon.oslo_config_glue [-] profiler.socket_timeout = 0.1 {{(pid=98870) log_opt_values /opt/stack/data/venv/lib/python3.12/site-packages/oslo_config/cfg.py:3253}}
Jul 09 09:51:04.738684 np0000004874 nova-conductor[98870]: DEBUG cotyledon.oslo_config_glue [-] profiler.trace_requests = False {{(pid=98870) log_opt_values /opt/stack/data/venv/lib/python3.12/site-packages/oslo_config/cfg.py:3253}}
Jul 09 09:51:04.738684 np0000004874 nova-conductor[98870]: DEBUG cotyledon.oslo_config_glue [-] profiler.trace_sqlalchemy = False {{(pid=98870) log_opt_values /opt/stack/data/venv/lib/python3.12/site-packages/oslo_config/cfg.py:3253}}
Jul 09 09:51:04.738684 np0000004874 nova-conductor[98870]: DEBUG cotyledon.oslo_config_glue [-] profiler_jaeger.process_tags = {} {{(pid=98870) log_opt_values /opt/stack/data/venv/lib/python3.12/site-packages/oslo_config/cfg.py:3253}}
Jul 09 09:51:04.738684 np0000004874 nova-conductor[98870]: DEBUG cotyledon.oslo_config_glue [-] profiler_jaeger.service_name_prefix = None {{(pid=98870) log_opt_values /opt/stack/data/venv/lib/python3.12/site-packages/oslo_config/cfg.py:3253}}
Jul 09 09:51:04.738684 np0000004874 nova-conductor[98870]: DEBUG cotyledon.oslo_config_glue [-] profiler_otlp.service_name_prefix = None {{(pid=98870) log_opt_values /opt/stack/data/venv/lib/python3.12/site-packages/oslo_config/cfg.py:3253}}
Jul 09 09:51:04.738684 np0000004874 nova-conductor[98870]: DEBUG cotyledon.oslo_config_glue [-] oslo_messaging_rabbit.amqp_auto_delete = False {{(pid=98870) log_opt_values /opt/stack/data/venv/lib/python3.12/site-packages/oslo_config/cfg.py:3253}}
Jul 09 09:51:04.738684 np0000004874 nova-conductor[98870]: DEBUG cotyledon.oslo_config_glue [-] oslo_messaging_rabbit.amqp_durable_queues = False {{(pid=98870) log_opt_values /opt/stack/data/venv/lib/python3.12/site-packages/oslo_config/cfg.py:3253}}
Jul 09 09:51:04.738684 np0000004874 nova-conductor[98870]: DEBUG cotyledon.oslo_config_glue [-] oslo_messaging_rabbit.conn_pool_min_size = 2 {{(pid=98870) log_opt_values /opt/stack/data/venv/lib/python3.12/site-packages/oslo_config/cfg.py:3253}}
Jul 09 09:51:04.738684 np0000004874 nova-conductor[98870]: DEBUG cotyledon.oslo_config_glue [-] oslo_messaging_rabbit.conn_pool_ttl = 1200 {{(pid=98870) log_opt_values /opt/stack/data/venv/lib/python3.12/site-packages/oslo_config/cfg.py:3253}}
Jul 09 09:51:04.738853 np0000004874 nova-conductor[98870]: DEBUG cotyledon.oslo_config_glue [-] oslo_messaging_rabbit.direct_mandatory_flag = True {{(pid=98870) log_opt_values /opt/stack/data/venv/lib/python3.12/site-packages/oslo_config/cfg.py:3253}}
Jul 09 09:51:04.738853 np0000004874 nova-conductor[98870]: DEBUG cotyledon.oslo_config_glue [-] oslo_messaging_rabbit.enable_cancel_on_failover = False {{(pid=98870) log_opt_values /opt/stack/data/venv/lib/python3.12/site-packages/oslo_config/cfg.py:3253}}
Jul 09 09:51:04.738853 np0000004874 nova-conductor[98870]: DEBUG cotyledon.oslo_config_glue [-] oslo_messaging_rabbit.heartbeat_rate = 3 {{(pid=98870) log_opt_values /opt/stack/data/venv/lib/python3.12/site-packages/oslo_config/cfg.py:3253}}
Jul 09 09:51:04.738853 np0000004874 nova-conductor[98870]: DEBUG cotyledon.oslo_config_glue [-] oslo_messaging_rabbit.heartbeat_timeout_threshold = 60 {{(pid=98870) log_opt_values /opt/stack/data/venv/lib/python3.12/site-packages/oslo_config/cfg.py:3253}}
Jul 09 09:51:04.738853 np0000004874 nova-conductor[98870]: DEBUG cotyledon.oslo_config_glue [-] oslo_messaging_rabbit.hostname = np0000004874 {{(pid=98870) log_opt_values /opt/stack/data/venv/lib/python3.12/site-packages/oslo_config/cfg.py:3253}}
Jul 09 09:51:04.738853 np0000004874 nova-conductor[98870]: DEBUG cotyledon.oslo_config_glue [-] oslo_messaging_rabbit.kombu_compression = None {{(pid=98870) log_opt_values /opt/stack/data/venv/lib/python3.12/site-packages/oslo_config/cfg.py:3253}}
Jul 09 09:51:04.738853 np0000004874 nova-conductor[98870]: DEBUG cotyledon.oslo_config_glue [-] oslo_messaging_rabbit.kombu_failover_strategy = round-robin {{(pid=98870) log_opt_values /opt/stack/data/venv/lib/python3.12/site-packages/oslo_config/cfg.py:3253}}
Jul 09 09:51:04.738853 np0000004874 nova-conductor[98870]: DEBUG cotyledon.oslo_config_glue [-] oslo_messaging_rabbit.kombu_missing_consumer_retry_timeout = 60 {{(pid=98870) log_opt_values /opt/stack/data/venv/lib/python3.12/site-packages/oslo_config/cfg.py:3253}}
Jul 09 09:51:04.738853 np0000004874 nova-conductor[98870]: DEBUG cotyledon.oslo_config_glue [-] oslo_messaging_rabbit.kombu_reconnect_delay = 1.0 {{(pid=98870) log_opt_values /opt/stack/data/venv/lib/python3.12/site-packages/oslo_config/cfg.py:3253}}
Jul 09 09:51:04.739012 np0000004874 nova-conductor[98870]: DEBUG cotyledon.oslo_config_glue [-] oslo_messaging_rabbit.kombu_reconnect_splay = 0.0 {{(pid=98870) log_opt_values /opt/stack/data/venv/lib/python3.12/site-packages/oslo_config/cfg.py:3253}}
Jul 09 09:51:04.739012 np0000004874 nova-conductor[98870]: DEBUG cotyledon.oslo_config_glue [-] oslo_messaging_rabbit.processname = nova-conductor {{(pid=98870) log_opt_values /opt/stack/data/venv/lib/python3.12/site-packages/oslo_config/cfg.py:3253}}
Jul 09 09:51:04.739012 np0000004874 nova-conductor[98870]: DEBUG cotyledon.oslo_config_glue [-] oslo_messaging_rabbit.rabbit_ha_queues = False {{(pid=98870) log_opt_values /opt/stack/data/venv/lib/python3.12/site-packages/oslo_config/cfg.py:3253}}
Jul 09 09:51:04.739012 np0000004874 nova-conductor[98870]: DEBUG cotyledon.oslo_config_glue [-] oslo_messaging_rabbit.rabbit_interval_max = 30 {{(pid=98870) log_opt_values /opt/stack/data/venv/lib/python3.12/site-packages/oslo_config/cfg.py:3253}}
Jul 09 09:51:04.739084 np0000004874 nova-conductor[98854]: DEBUG oslo_db.sqlalchemy.engines [None req-8e43e190-2f9c-426c-b36e-d402797ce430 None None] MySQL server mode set to STRICT_TRANS_TABLES,STRICT_ALL_TABLES,NO_ZERO_IN_DATE,NO_ZERO_DATE,ERROR_FOR_DIVISION_BY_ZERO,TRADITIONAL,NO_ENGINE_SUBSTITUTION {{(pid=98854) _check_effective_sql_mode /opt/stack/data/venv/lib/python3.12/site-packages/oslo_db/sqlalchemy/engines.py:325}}
Jul 09 09:51:04.739113 np0000004874 nova-conductor[98870]: DEBUG cotyledon.oslo_config_glue [-] oslo_messaging_rabbit.rabbit_login_method = AMQPLAIN {{(pid=98870) log_opt_values /opt/stack/data/venv/lib/python3.12/site-packages/oslo_config/cfg.py:3253}}
Jul 09 09:51:04.739113 np0000004874 nova-conductor[98870]: DEBUG cotyledon.oslo_config_glue [-] oslo_messaging_rabbit.rabbit_qos_prefetch_count = 0 {{(pid=98870) log_opt_values /opt/stack/data/venv/lib/python3.12/site-packages/oslo_config/cfg.py:3253}}
Jul 09 09:51:04.739113 np0000004874 nova-conductor[98870]: DEBUG cotyledon.oslo_config_glue [-] oslo_messaging_rabbit.rabbit_quorum_delivery_limit = 0 {{(pid=98870) log_opt_values /opt/stack/data/venv/lib/python3.12/site-packages/oslo_config/cfg.py:3253}}
Jul 09 09:51:04.739113 np0000004874 nova-conductor[98870]: DEBUG cotyledon.oslo_config_glue [-] oslo_messaging_rabbit.rabbit_quorum_max_memory_bytes = 0 {{(pid=98870) log_opt_values /opt/stack/data/venv/lib/python3.12/site-packages/oslo_config/cfg.py:3253}}
Jul 09 09:51:04.739113 np0000004874 nova-conductor[98870]: DEBUG cotyledon.oslo_config_glue [-] oslo_messaging_rabbit.rabbit_quorum_max_memory_length = 0 {{(pid=98870) log_opt_values /opt/stack/data/venv/lib/python3.12/site-packages/oslo_config/cfg.py:3253}}
Jul 09 09:51:04.739113 np0000004874 nova-conductor[98870]: DEBUG cotyledon.oslo_config_glue [-] oslo_messaging_rabbit.rabbit_quorum_queue = False {{(pid=98870) log_opt_values /opt/stack/data/venv/lib/python3.12/site-packages/oslo_config/cfg.py:3253}}
Jul 09 09:51:04.739113 np0000004874 nova-conductor[98870]: DEBUG cotyledon.oslo_config_glue [-] oslo_messaging_rabbit.rabbit_retry_backoff = 2 {{(pid=98870) log_opt_values /opt/stack/data/venv/lib/python3.12/site-packages/oslo_config/cfg.py:3253}}
Jul 09 09:51:04.739113 np0000004874 nova-conductor[98870]: DEBUG cotyledon.oslo_config_glue [-] oslo_messaging_rabbit.rabbit_retry_interval = 1 {{(pid=98870) log_opt_values /opt/stack/data/venv/lib/python3.12/site-packages/oslo_config/cfg.py:3253}}
Jul 09 09:51:04.739113 np0000004874 nova-conductor[98870]: DEBUG cotyledon.oslo_config_glue [-] oslo_messaging_rabbit.rabbit_stream_fanout = False {{(pid=98870) log_opt_values /opt/stack/data/venv/lib/python3.12/site-packages/oslo_config/cfg.py:3253}}
Jul 09 09:51:04.739280 np0000004874 nova-conductor[98870]: DEBUG cotyledon.oslo_config_glue [-] oslo_messaging_rabbit.rabbit_transient_queues_ttl = 1800 {{(pid=98870) log_opt_values /opt/stack/data/venv/lib/python3.12/site-packages/oslo_config/cfg.py:3253}}
Jul 09 09:51:04.739280 np0000004874 nova-conductor[98870]: DEBUG cotyledon.oslo_config_glue [-] oslo_messaging_rabbit.rabbit_transient_quorum_queue = False {{(pid=98870) log_opt_values /opt/stack/data/venv/lib/python3.12/site-packages/oslo_config/cfg.py:3253}}
Jul 09 09:51:04.739280 np0000004874 nova-conductor[98870]: DEBUG cotyledon.oslo_config_glue [-] oslo_messaging_rabbit.rpc_conn_pool_size = 30 {{(pid=98870) log_opt_values /opt/stack/data/venv/lib/python3.12/site-packages/oslo_config/cfg.py:3253}}
Jul 09 09:51:04.739280 np0000004874 nova-conductor[98870]: DEBUG cotyledon.oslo_config_glue [-] oslo_messaging_rabbit.ssl = False {{(pid=98870) log_opt_values /opt/stack/data/venv/lib/python3.12/site-packages/oslo_config/cfg.py:3253}}
Jul 09 09:51:04.739280 np0000004874 nova-conductor[98870]: DEBUG cotyledon.oslo_config_glue [-] oslo_messaging_rabbit.ssl_ca_file = {{(pid=98870) log_opt_values /opt/stack/data/venv/lib/python3.12/site-packages/oslo_config/cfg.py:3253}}
Jul 09 09:51:04.739280 np0000004874 nova-conductor[98870]: DEBUG cotyledon.oslo_config_glue [-] oslo_messaging_rabbit.ssl_cert_file = {{(pid=98870) log_opt_values /opt/stack/data/venv/lib/python3.12/site-packages/oslo_config/cfg.py:3253}}
Jul 09 09:51:04.739280 np0000004874 nova-conductor[98870]: DEBUG cotyledon.oslo_config_glue [-] oslo_messaging_rabbit.ssl_enforce_fips_mode = False {{(pid=98870) log_opt_values /opt/stack/data/venv/lib/python3.12/site-packages/oslo_config/cfg.py:3253}}
Jul 09 09:51:04.739280 np0000004874 nova-conductor[98870]: DEBUG cotyledon.oslo_config_glue [-] oslo_messaging_rabbit.ssl_enforce_hostname_verification = True {{(pid=98870) log_opt_values /opt/stack/data/venv/lib/python3.12/site-packages/oslo_config/cfg.py:3253}}
Jul 09 09:51:04.739280 np0000004874 nova-conductor[98870]: DEBUG cotyledon.oslo_config_glue [-] oslo_messaging_rabbit.ssl_key_file = {{(pid=98870) log_opt_values /opt/stack/data/venv/lib/python3.12/site-packages/oslo_config/cfg.py:3253}}
Jul 09 09:51:04.739494 np0000004874 nova-conductor[98870]: DEBUG cotyledon.oslo_config_glue [-] oslo_messaging_rabbit.ssl_version = {{(pid=98870) log_opt_values /opt/stack/data/venv/lib/python3.12/site-packages/oslo_config/cfg.py:3253}}
Jul 09 09:51:04.739494 np0000004874 nova-conductor[98870]: DEBUG cotyledon.oslo_config_glue [-] oslo_messaging_rabbit.use_queue_manager = False {{(pid=98870) log_opt_values /opt/stack/data/venv/lib/python3.12/site-packages/oslo_config/cfg.py:3253}}
Jul 09 09:51:04.739494 np0000004874 nova-conductor[98870]: DEBUG cotyledon.oslo_config_glue [-] oslo_messaging_notifications.driver = ['messagingv2'] {{(pid=98870) log_opt_values /opt/stack/data/venv/lib/python3.12/site-packages/oslo_config/cfg.py:3253}}
Jul 09 09:51:04.739494 np0000004874 nova-conductor[98870]: DEBUG cotyledon.oslo_config_glue [-] oslo_messaging_notifications.retry = -1 {{(pid=98870) log_opt_values /opt/stack/data/venv/lib/python3.12/site-packages/oslo_config/cfg.py:3253}}
Jul 09 09:51:04.739494 np0000004874 nova-conductor[98870]: DEBUG cotyledon.oslo_config_glue [-] oslo_messaging_notifications.topics = ['notifications'] {{(pid=98870) log_opt_values /opt/stack/data/venv/lib/python3.12/site-packages/oslo_config/cfg.py:3253}}
Jul 09 09:51:04.739494 np0000004874 nova-conductor[98870]: DEBUG cotyledon.oslo_config_glue [-] oslo_messaging_notifications.transport_url = **** {{(pid=98870) log_opt_values /opt/stack/data/venv/lib/python3.12/site-packages/oslo_config/cfg.py:3253}}
Jul 09 09:51:04.739494 np0000004874 nova-conductor[98870]: DEBUG cotyledon.oslo_config_glue [-] oslo_limit.auth_section = None {{(pid=98870) log_opt_values /opt/stack/data/venv/lib/python3.12/site-packages/oslo_config/cfg.py:3253}}
Jul 09 09:51:04.739494 np0000004874 nova-conductor[98870]: DEBUG cotyledon.oslo_config_glue [-] oslo_limit.auth_type = None {{(pid=98870) log_opt_values /opt/stack/data/venv/lib/python3.12/site-packages/oslo_config/cfg.py:3253}}
Jul 09 09:51:04.739494 np0000004874 nova-conductor[98870]: DEBUG cotyledon.oslo_config_glue [-] oslo_limit.cafile = None {{(pid=98870) log_opt_values /opt/stack/data/venv/lib/python3.12/site-packages/oslo_config/cfg.py:3253}}
Jul 09 09:51:04.739709 np0000004874 nova-conductor[98870]: DEBUG cotyledon.oslo_config_glue [-] oslo_limit.certfile = None {{(pid=98870) log_opt_values /opt/stack/data/venv/lib/python3.12/site-packages/oslo_config/cfg.py:3253}}
Jul 09 09:51:04.739709 np0000004874 nova-conductor[98870]: DEBUG cotyledon.oslo_config_glue [-] oslo_limit.collect_timing = False {{(pid=98870) log_opt_values /opt/stack/data/venv/lib/python3.12/site-packages/oslo_config/cfg.py:3253}}
Jul 09 09:51:04.739709 np0000004874 nova-conductor[98870]: DEBUG cotyledon.oslo_config_glue [-] oslo_limit.connect_retries = None {{(pid=98870) log_opt_values /opt/stack/data/venv/lib/python3.12/site-packages/oslo_config/cfg.py:3253}}
Jul 09 09:51:04.739709 np0000004874 nova-conductor[98870]: DEBUG cotyledon.oslo_config_glue [-] oslo_limit.connect_retry_delay = None {{(pid=98870) log_opt_values /opt/stack/data/venv/lib/python3.12/site-packages/oslo_config/cfg.py:3253}}
Jul 09 09:51:04.739709 np0000004874 nova-conductor[98870]: DEBUG cotyledon.oslo_config_glue [-] oslo_limit.endpoint_id = None {{(pid=98870) log_opt_values /opt/stack/data/venv/lib/python3.12/site-packages/oslo_config/cfg.py:3253}}
Jul 09 09:51:04.739709 np0000004874 nova-conductor[98870]: DEBUG cotyledon.oslo_config_glue [-] oslo_limit.endpoint_interface = public {{(pid=98870) log_opt_values /opt/stack/data/venv/lib/python3.12/site-packages/oslo_config/cfg.py:3253}}
Jul 09 09:51:04.739709 np0000004874 nova-conductor[98870]: DEBUG cotyledon.oslo_config_glue [-] oslo_limit.endpoint_override = None {{(pid=98870) log_opt_values /opt/stack/data/venv/lib/python3.12/site-packages/oslo_config/cfg.py:3253}}
Jul 09 09:51:04.739709 np0000004874 nova-conductor[98870]: DEBUG cotyledon.oslo_config_glue [-] oslo_limit.endpoint_region_name = None {{(pid=98870) log_opt_values /opt/stack/data/venv/lib/python3.12/site-packages/oslo_config/cfg.py:3253}}
Jul 09 09:51:04.739709 np0000004874 nova-conductor[98870]: DEBUG cotyledon.oslo_config_glue [-] oslo_limit.endpoint_service_name = None {{(pid=98870) log_opt_values /opt/stack/data/venv/lib/python3.12/site-packages/oslo_config/cfg.py:3253}}
Jul 09 09:51:04.739878 np0000004874 nova-conductor[98870]: DEBUG cotyledon.oslo_config_glue [-] oslo_limit.endpoint_service_type = None {{(pid=98870) log_opt_values /opt/stack/data/venv/lib/python3.12/site-packages/oslo_config/cfg.py:3253}}
Jul 09 09:51:04.739878 np0000004874 nova-conductor[98870]: DEBUG cotyledon.oslo_config_glue [-] oslo_limit.insecure = False {{(pid=98870) log_opt_values /opt/stack/data/venv/lib/python3.12/site-packages/oslo_config/cfg.py:3253}}
Jul 09 09:51:04.739878 np0000004874 nova-conductor[98870]: DEBUG cotyledon.oslo_config_glue [-] oslo_limit.keyfile = None {{(pid=98870) log_opt_values /opt/stack/data/venv/lib/python3.12/site-packages/oslo_config/cfg.py:3253}}
Jul 09 09:51:04.739878 np0000004874 nova-conductor[98870]: DEBUG cotyledon.oslo_config_glue [-] oslo_limit.max_version = None {{(pid=98870) log_opt_values /opt/stack/data/venv/lib/python3.12/site-packages/oslo_config/cfg.py:3253}}
Jul 09 09:51:04.739878 np0000004874 nova-conductor[98870]: DEBUG cotyledon.oslo_config_glue [-] oslo_limit.min_version = None {{(pid=98870) log_opt_values /opt/stack/data/venv/lib/python3.12/site-packages/oslo_config/cfg.py:3253}}
Jul 09 09:51:04.739878 np0000004874 nova-conductor[98870]: DEBUG cotyledon.oslo_config_glue [-] oslo_limit.region_name = None {{(pid=98870) log_opt_values /opt/stack/data/venv/lib/python3.12/site-packages/oslo_config/cfg.py:3253}}
Jul 09 09:51:04.739878 np0000004874 nova-conductor[98870]: DEBUG cotyledon.oslo_config_glue [-] oslo_limit.retriable_status_codes = None {{(pid=98870) log_opt_values /opt/stack/data/venv/lib/python3.12/site-packages/oslo_config/cfg.py:3253}}
Jul 09 09:51:04.739878 np0000004874 nova-conductor[98870]: DEBUG cotyledon.oslo_config_glue [-] oslo_limit.service_name = None {{(pid=98870) log_opt_values /opt/stack/data/venv/lib/python3.12/site-packages/oslo_config/cfg.py:3253}}
Jul 09 09:51:04.739878 np0000004874 nova-conductor[98870]: DEBUG cotyledon.oslo_config_glue [-] oslo_limit.service_type = None {{(pid=98870) log_opt_values /opt/stack/data/venv/lib/python3.12/site-packages/oslo_config/cfg.py:3253}}
Jul 09 09:51:04.740045 np0000004874 nova-conductor[98870]: DEBUG cotyledon.oslo_config_glue [-] oslo_limit.split_loggers = False {{(pid=98870) log_opt_values /opt/stack/data/venv/lib/python3.12/site-packages/oslo_config/cfg.py:3253}}
Jul 09 09:51:04.740045 np0000004874 nova-conductor[98870]: DEBUG cotyledon.oslo_config_glue [-] oslo_limit.status_code_retries = None {{(pid=98870) log_opt_values /opt/stack/data/venv/lib/python3.12/site-packages/oslo_config/cfg.py:3253}}
Jul 09 09:51:04.740045 np0000004874 nova-conductor[98870]: DEBUG cotyledon.oslo_config_glue [-] oslo_limit.status_code_retry_delay = None {{(pid=98870) log_opt_values /opt/stack/data/venv/lib/python3.12/site-packages/oslo_config/cfg.py:3253}}
Jul 09 09:51:04.740045 np0000004874 nova-conductor[98870]: DEBUG cotyledon.oslo_config_glue [-] oslo_limit.timeout = None {{(pid=98870) log_opt_values /opt/stack/data/venv/lib/python3.12/site-packages/oslo_config/cfg.py:3253}}
Jul 09 09:51:04.740045 np0000004874 nova-conductor[98870]: DEBUG cotyledon.oslo_config_glue [-] oslo_limit.valid_interfaces = None {{(pid=98870) log_opt_values /opt/stack/data/venv/lib/python3.12/site-packages/oslo_config/cfg.py:3253}}
Jul 09 09:51:04.740045 np0000004874 nova-conductor[98870]: DEBUG cotyledon.oslo_config_glue [-] oslo_limit.version = None {{(pid=98870) log_opt_values /opt/stack/data/venv/lib/python3.12/site-packages/oslo_config/cfg.py:3253}}
Jul 09 09:51:04.740045 np0000004874 nova-conductor[98870]: DEBUG cotyledon.oslo_config_glue [-] oslo_reports.file_event_handler = None {{(pid=98870) log_opt_values /opt/stack/data/venv/lib/python3.12/site-packages/oslo_config/cfg.py:3253}}
Jul 09 09:51:04.740045 np0000004874 nova-conductor[98870]: DEBUG cotyledon.oslo_config_glue [-] oslo_reports.file_event_handler_interval = 1 {{(pid=98870) log_opt_values /opt/stack/data/venv/lib/python3.12/site-packages/oslo_config/cfg.py:3253}}
Jul 09 09:51:04.740045 np0000004874 nova-conductor[98870]: DEBUG cotyledon.oslo_config_glue [-] oslo_reports.log_dir = None {{(pid=98870) log_opt_values /opt/stack/data/venv/lib/python3.12/site-packages/oslo_config/cfg.py:3253}}
Jul 09 09:51:04.740224 np0000004874 nova-conductor[98870]: DEBUG cotyledon.oslo_config_glue [-] ******************************************************************************** {{(pid=98870) log_opt_values /opt/stack/data/venv/lib/python3.12/site-packages/oslo_config/cfg.py:3260}}
Jul 09 09:51:04.740224 np0000004874 nova-conductor[98870]: DEBUG cotyledon._service_worker [-] Run service ServiceWrapper(3) [98870] {{(pid=98870) wait_forever /opt/stack/data/venv/lib/python3.12/site-packages/cotyledon/_service_worker.py:218}}
Jul 09 09:51:04.740224 np0000004874 nova-conductor[98870]: INFO nova.service [-] Starting conductor node (version 33.1.0)
Jul 09 09:51:04.740283 np0000004874 nova-conductor[98860]: DEBUG oslo_db.sqlalchemy.engines [None req-0e0161fc-33d9-41f5-b69a-d87136b75457 None None] MySQL server mode set to STRICT_TRANS_TABLES,STRICT_ALL_TABLES,NO_ZERO_IN_DATE,NO_ZERO_DATE,ERROR_FOR_DIVISION_BY_ZERO,TRADITIONAL,NO_ENGINE_SUBSTITUTION {{(pid=98860) _check_effective_sql_mode /opt/stack/data/venv/lib/python3.12/site-packages/oslo_db/sqlalchemy/engines.py:325}}
Jul 09 09:51:04.740314 np0000004874 nova-conductor[98870]: INFO dbcounter [None req-3c7cb984-a8a5-4e3d-a126-0676e29ab7b9 None None] Registered counter for database nova_cell0
Jul 09 09:51:04.740335 np0000004874 nova-conductor[98854]: DEBUG dbcounter [-] [98854] Writer thread running {{(pid=98854) stat_writer /opt/stack/data/venv/lib/python3.12/site-packages/dbcounter.py:102}}
Jul 09 09:51:04.740361 np0000004874 nova-conductor[98860]: DEBUG dbcounter [-] [98860] Writer thread running {{(pid=98860) stat_writer /opt/stack/data/venv/lib/python3.12/site-packages/dbcounter.py:102}}
Jul 09 09:51:04.740402 np0000004874 nova-conductor[98854]: DEBUG nova.service [None req-8e43e190-2f9c-426c-b36e-d402797ce430 None None] Creating RPC server for service: nova-conductor on topic: conductor {{(pid=98854) start /opt/stack/nova/nova/service.py:196}}
Jul 09 09:51:04.740442 np0000004874 nova-conductor[98860]: DEBUG nova.service [None req-0e0161fc-33d9-41f5-b69a-d87136b75457 None None] Creating RPC server for service: nova-conductor on topic: conductor {{(pid=98860) start /opt/stack/nova/nova/service.py:196}}
Jul 09 09:51:04.742521 np0000004874 nova-conductor[98866]: DEBUG oslo_db.sqlalchemy.engines [None req-805cf6c4-c6d7-4858-917b-970bdee5c9b0 None None] MySQL server mode set to STRICT_TRANS_TABLES,STRICT_ALL_TABLES,NO_ZERO_IN_DATE,NO_ZERO_DATE,ERROR_FOR_DIVISION_BY_ZERO,TRADITIONAL,NO_ENGINE_SUBSTITUTION {{(pid=98866) _check_effective_sql_mode /opt/stack/data/venv/lib/python3.12/site-packages/oslo_db/sqlalchemy/engines.py:325}}
Jul 09 09:51:04.755172 np0000004874 nova-conductor[98866]: DEBUG dbcounter [-] [98866] Writer thread running {{(pid=98866) stat_writer /opt/stack/data/venv/lib/python3.12/site-packages/dbcounter.py:102}}
Jul 09 09:51:04.758330 np0000004874 nova-conductor[98866]: DEBUG nova.service [None req-805cf6c4-c6d7-4858-917b-970bdee5c9b0 None None] Creating RPC server for service: nova-conductor on topic: conductor {{(pid=98866) start /opt/stack/nova/nova/service.py:196}}
Jul 09 09:51:04.767977 np0000004874 nova-conductor[98860]: DEBUG nova.service [None req-0e0161fc-33d9-41f5-b69a-d87136b75457 None None] Join ServiceGroup membership for this service conductor {{(pid=98860) start /opt/stack/nova/nova/service.py:222}}
Jul 09 09:51:04.767977 np0000004874 nova-conductor[98860]: DEBUG nova.servicegroup.drivers.db [None req-0e0161fc-33d9-41f5-b69a-d87136b75457 None None] DB_Driver: join new ServiceGroup member np0000004874 to the conductor group, service = {{(pid=98860) join /opt/stack/nova/nova/servicegroup/drivers/db.py:44}}
Jul 09 09:51:04.768949 np0000004874 nova-conductor[98870]: DEBUG oslo_db.sqlalchemy.engines [None req-3c7cb984-a8a5-4e3d-a126-0676e29ab7b9 None None] MySQL server mode set to STRICT_TRANS_TABLES,STRICT_ALL_TABLES,NO_ZERO_IN_DATE,NO_ZERO_DATE,ERROR_FOR_DIVISION_BY_ZERO,TRADITIONAL,NO_ENGINE_SUBSTITUTION {{(pid=98870) _check_effective_sql_mode /opt/stack/data/venv/lib/python3.12/site-packages/oslo_db/sqlalchemy/engines.py:325}}
Jul 09 09:51:04.771654 np0000004874 nova-conductor[98854]: DEBUG nova.service [None req-8e43e190-2f9c-426c-b36e-d402797ce430 None None] Join ServiceGroup membership for this service conductor {{(pid=98854) start /opt/stack/nova/nova/service.py:222}}
Jul 09 09:51:04.771830 np0000004874 nova-conductor[98854]: DEBUG nova.servicegroup.drivers.db [None req-8e43e190-2f9c-426c-b36e-d402797ce430 None None] DB_Driver: join new ServiceGroup member np0000004874 to the conductor group, service = {{(pid=98854) join /opt/stack/nova/nova/servicegroup/drivers/db.py:44}}
Jul 09 09:51:04.776682 np0000004874 nova-conductor[98866]: DEBUG nova.service [None req-805cf6c4-c6d7-4858-917b-970bdee5c9b0 None None] Join ServiceGroup membership for this service conductor {{(pid=98866) start /opt/stack/nova/nova/service.py:222}}
Jul 09 09:51:04.776946 np0000004874 nova-conductor[98866]: DEBUG nova.servicegroup.drivers.db [None req-805cf6c4-c6d7-4858-917b-970bdee5c9b0 None None] DB_Driver: join new ServiceGroup member np0000004874 to the conductor group, service = {{(pid=98866) join /opt/stack/nova/nova/servicegroup/drivers/db.py:44}}
Jul 09 09:51:04.778688 np0000004874 nova-conductor[98870]: DEBUG dbcounter [-] [98870] Writer thread running {{(pid=98870) stat_writer /opt/stack/data/venv/lib/python3.12/site-packages/dbcounter.py:102}}
Jul 09 09:51:04.781331 np0000004874 nova-conductor[98870]: DEBUG nova.service [None req-3c7cb984-a8a5-4e3d-a126-0676e29ab7b9 None None] Creating RPC server for service: nova-conductor on topic: conductor {{(pid=98870) start /opt/stack/nova/nova/service.py:196}}
Jul 09 09:51:04.799237 np0000004874 nova-conductor[98870]: DEBUG nova.service [None req-3c7cb984-a8a5-4e3d-a126-0676e29ab7b9 None None] Join ServiceGroup membership for this service conductor {{(pid=98870) start /opt/stack/nova/nova/service.py:222}}
Jul 09 09:51:04.799438 np0000004874 nova-conductor[98870]: DEBUG nova.servicegroup.drivers.db [None req-3c7cb984-a8a5-4e3d-a126-0676e29ab7b9 None None] DB_Driver: join new ServiceGroup member np0000004874 to the conductor group, service = {{(pid=98870) join /opt/stack/nova/nova/servicegroup/drivers/db.py:44}}
Jul 09 09:51:06.774196 np0000004874 nova-conductor[98854]: DEBUG oslo.service.backend._threading.loopingcall [None req-bcf5a46a-72de-4093-a484-2ee47ae99e3e None None] Dynamic interval looping call 'nova.service.Service.periodic_tasks' sleeping for 60.00 seconds {{(pid=98854) _run_loop /opt/stack/data/venv/lib/python3.12/site-packages/oslo_service/backend/_threading/loopingcall.py:125}}
Jul 09 09:51:09.784882 np0000004874 nova-conductor[98854]: DEBUG oslo.service.backend._threading.loopingcall [-] Fixed interval looping call 'nova.servicegroup.drivers.db.DbDriver._report_state' sleeping for 119.99 seconds {{(pid=98854) _run_loop /opt/stack/data/venv/lib/python3.12/site-packages/oslo_service/backend/_threading/loopingcall.py:125}}
Jul 09 09:51:09.790237 np0000004874 nova-conductor[98866]: DEBUG oslo.service.backend._threading.loopingcall [-] Fixed interval looping call 'nova.servicegroup.drivers.db.DbDriver._report_state' sleeping for 119.99 seconds {{(pid=98866) _run_loop /opt/stack/data/venv/lib/python3.12/site-packages/oslo_service/backend/_threading/loopingcall.py:125}}
Jul 09 09:51:09.791440 np0000004874 nova-conductor[98860]: DEBUG oslo.service.backend._threading.loopingcall [-] Fixed interval looping call 'nova.servicegroup.drivers.db.DbDriver._report_state' sleeping for 119.98 seconds {{(pid=98860) _run_loop /opt/stack/data/venv/lib/python3.12/site-packages/oslo_service/backend/_threading/loopingcall.py:125}}
Jul 09 09:51:09.816038 np0000004874 nova-conductor[98870]: DEBUG oslo.service.backend._threading.loopingcall [-] Fixed interval looping call 'nova.servicegroup.drivers.db.DbDriver._report_state' sleeping for 119.99 seconds {{(pid=98870) _run_loop /opt/stack/data/venv/lib/python3.12/site-packages/oslo_service/backend/_threading/loopingcall.py:125}}
Jul 09 09:51:13.354311 np0000004874 nova-conductor[97359]: DEBUG dbcounter [-] [97359] Writing DB stats nova_api:SELECT=1 {{(pid=97359) stat_writer /opt/stack/data/venv/lib/python3.12/site-packages/dbcounter.py:115}}
Jul 09 09:51:13.484685 np0000004874 nova-conductor[97359]: DEBUG dbcounter [-] [97359] Writing DB stats nova_cell0:SELECT=1 {{(pid=97359) stat_writer /opt/stack/data/venv/lib/python3.12/site-packages/dbcounter.py:115}}
Jul 09 09:51:13.489446 np0000004874 nova-conductor[97359]: DEBUG dbcounter [-] [97359] Writing DB stats nova_cell1:SELECT=1 {{(pid=97359) stat_writer /opt/stack/data/venv/lib/python3.12/site-packages/dbcounter.py:115}}
Jul 09 09:51:18.770221 np0000004874 nova-conductor[98860]: DEBUG oslo.service.backend._threading.loopingcall [None req-57ee024a-4530-45ed-a32a-b055ea08e22b None None] Dynamic interval looping call 'nova.service.Service.periodic_tasks' sleeping for 60.00 seconds {{(pid=98860) _run_loop /opt/stack/data/venv/lib/python3.12/site-packages/oslo_service/backend/_threading/loopingcall.py:125}}
Jul 09 09:51:19.778960 np0000004874 nova-conductor[98866]: DEBUG oslo.service.backend._threading.loopingcall [None req-c18c4cae-dcb4-4332-a2e0-a6cae2fc7fee None None] Dynamic interval looping call 'nova.service.Service.periodic_tasks' sleeping for 60.00 seconds {{(pid=98866) _run_loop /opt/stack/data/venv/lib/python3.12/site-packages/oslo_service/backend/_threading/loopingcall.py:125}}
Jul 09 09:51:19.780887 np0000004874 nova-conductor[98854]: DEBUG dbcounter [-] [98854] Writing DB stats nova_cell0:SELECT=4,nova_cell0:INSERT=1,nova_cell0:UPDATE=1 {{(pid=98854) stat_writer /opt/stack/data/venv/lib/python3.12/site-packages/dbcounter.py:115}}
Jul 09 09:51:19.787338 np0000004874 nova-conductor[98866]: DEBUG dbcounter [-] [98866] Writing DB stats nova_cell0:SELECT=3 {{(pid=98866) stat_writer /opt/stack/data/venv/lib/python3.12/site-packages/dbcounter.py:115}}
Jul 09 09:51:19.787914 np0000004874 nova-conductor[98860]: DEBUG dbcounter [-] [98860] Writing DB stats nova_cell0:SELECT=5,nova_cell0:INSERT=1,nova_cell0:UPDATE=1 {{(pid=98860) stat_writer /opt/stack/data/venv/lib/python3.12/site-packages/dbcounter.py:115}}
Jul 09 09:51:19.812169 np0000004874 nova-conductor[98870]: DEBUG dbcounter [-] [98870] Writing DB stats nova_cell0:SELECT=3 {{(pid=98870) stat_writer /opt/stack/data/venv/lib/python3.12/site-packages/dbcounter.py:115}}
Jul 09 09:52:02.801913 np0000004874 nova-conductor[98870]: DEBUG oslo.service.backend._threading.loopingcall [None req-fcf8b34d-0ef5-4884-aa6f-9a340ab60900 None None] Dynamic interval looping call 'nova.service.Service.periodic_tasks' sleeping for 60.00 seconds {{(pid=98870) _run_loop /opt/stack/data/venv/lib/python3.12/site-packages/oslo_service/backend/_threading/loopingcall.py:125}}
Jul 09 09:52:06.774683 np0000004874 nova-conductor[98854]: DEBUG oslo.service.backend._threading.loopingcall [None req-bcf5a46a-72de-4093-a484-2ee47ae99e3e None None] Dynamic interval looping call 'nova.service.Service.periodic_tasks' sleeping for 60.00 seconds {{(pid=98854) _run_loop /opt/stack/data/venv/lib/python3.12/site-packages/oslo_service/backend/_threading/loopingcall.py:125}}
Jul 09 09:52:18.770906 np0000004874 nova-conductor[98860]: DEBUG oslo.service.backend._threading.loopingcall [None req-57ee024a-4530-45ed-a32a-b055ea08e22b None None] Dynamic interval looping call 'nova.service.Service.periodic_tasks' sleeping for 60.00 seconds {{(pid=98860) _run_loop /opt/stack/data/venv/lib/python3.12/site-packages/oslo_service/backend/_threading/loopingcall.py:125}}
Jul 09 09:52:19.779588 np0000004874 nova-conductor[98866]: DEBUG oslo.service.backend._threading.loopingcall [None req-c18c4cae-dcb4-4332-a2e0-a6cae2fc7fee None None] Dynamic interval looping call 'nova.service.Service.periodic_tasks' sleeping for 60.00 seconds {{(pid=98866) _run_loop /opt/stack/data/venv/lib/python3.12/site-packages/oslo_service/backend/_threading/loopingcall.py:125}}
Jul 09 09:53:02.802420 np0000004874 nova-conductor[98870]: DEBUG oslo.service.backend._threading.loopingcall [None req-fcf8b34d-0ef5-4884-aa6f-9a340ab60900 None None] Dynamic interval looping call 'nova.service.Service.periodic_tasks' sleeping for 60.00 seconds {{(pid=98870) _run_loop /opt/stack/data/venv/lib/python3.12/site-packages/oslo_service/backend/_threading/loopingcall.py:125}}
Jul 09 09:53:06.775097 np0000004874 nova-conductor[98854]: DEBUG oslo.service.backend._threading.loopingcall [None req-bcf5a46a-72de-4093-a484-2ee47ae99e3e None None] Dynamic interval looping call 'nova.service.Service.periodic_tasks' sleeping for 60.00 seconds {{(pid=98854) _run_loop /opt/stack/data/venv/lib/python3.12/site-packages/oslo_service/backend/_threading/loopingcall.py:125}}
Jul 09 09:53:09.780802 np0000004874 nova-conductor[98860]: DEBUG oslo.service.backend._threading.loopingcall [-] Fixed interval looping call 'nova.servicegroup.drivers.db.DbDriver._report_state' sleeping for 119.99 seconds {{(pid=98860) _run_loop /opt/stack/data/venv/lib/python3.12/site-packages/oslo_service/backend/_threading/loopingcall.py:125}}
Jul 09 09:53:09.781302 np0000004874 nova-conductor[98854]: DEBUG oslo.service.backend._threading.loopingcall [-] Fixed interval looping call 'nova.servicegroup.drivers.db.DbDriver._report_state' sleeping for 119.99 seconds {{(pid=98854) _run_loop /opt/stack/data/venv/lib/python3.12/site-packages/oslo_service/backend/_threading/loopingcall.py:125}}
Jul 09 09:53:09.785715 np0000004874 nova-conductor[98866]: DEBUG oslo.service.backend._threading.loopingcall [-] Fixed interval looping call 'nova.servicegroup.drivers.db.DbDriver._report_state' sleeping for 119.99 seconds {{(pid=98866) _run_loop /opt/stack/data/venv/lib/python3.12/site-packages/oslo_service/backend/_threading/loopingcall.py:125}}
Jul 09 09:53:09.810062 np0000004874 nova-conductor[98870]: DEBUG oslo.service.backend._threading.loopingcall [-] Fixed interval looping call 'nova.servicegroup.drivers.db.DbDriver._report_state' sleeping for 120.00 seconds {{(pid=98870) _run_loop /opt/stack/data/venv/lib/python3.12/site-packages/oslo_service/backend/_threading/loopingcall.py:125}}
Jul 09 09:53:18.771418 np0000004874 nova-conductor[98860]: DEBUG oslo.service.backend._threading.loopingcall [None req-57ee024a-4530-45ed-a32a-b055ea08e22b None None] Dynamic interval looping call 'nova.service.Service.periodic_tasks' sleeping for 60.00 seconds {{(pid=98860) _run_loop /opt/stack/data/venv/lib/python3.12/site-packages/oslo_service/backend/_threading/loopingcall.py:125}}
Jul 09 09:53:19.776378 np0000004874 nova-conductor[98860]: DEBUG dbcounter [-] [98860] Writing DB stats nova_cell0:SELECT=1,nova_cell0:UPDATE=1 {{(pid=98860) stat_writer /opt/stack/data/venv/lib/python3.12/site-packages/dbcounter.py:115}}
Jul 09 09:53:19.778830 np0000004874 nova-conductor[98854]: DEBUG dbcounter [-] [98854] Writing DB stats nova_cell0:SELECT=1,nova_cell0:UPDATE=1 {{(pid=98854) stat_writer /opt/stack/data/venv/lib/python3.12/site-packages/dbcounter.py:115}}
Jul 09 09:53:19.779953 np0000004874 nova-conductor[98866]: DEBUG oslo.service.backend._threading.loopingcall [None req-c18c4cae-dcb4-4332-a2e0-a6cae2fc7fee None None] Dynamic interval looping call 'nova.service.Service.periodic_tasks' sleeping for 60.00 seconds {{(pid=98866) _run_loop /opt/stack/data/venv/lib/python3.12/site-packages/oslo_service/backend/_threading/loopingcall.py:125}}
Jul 09 09:53:19.782408 np0000004874 nova-conductor[98866]: DEBUG dbcounter [-] [98866] Writing DB stats nova_cell0:SELECT=1 {{(pid=98866) stat_writer /opt/stack/data/venv/lib/python3.12/site-packages/dbcounter.py:115}}
Jul 09 09:53:19.808016 np0000004874 nova-conductor[98870]: DEBUG dbcounter [-] [98870] Writing DB stats nova_cell0:SELECT=1 {{(pid=98870) stat_writer /opt/stack/data/venv/lib/python3.12/site-packages/dbcounter.py:115}}
Jul 09 09:53:26.301421 np0000004874 nova-conductor[98860]: DEBUG oslo_db.sqlalchemy.engines [None req-3afc1470-0887-44f1-b925-f1f5d9606e8e tempest-DeleteServersTestJSON-216049109 tempest-DeleteServersTestJSON-216049109-project-member] Parent process 97359 forked (98860) with an open database connection, which is being discarded and recreated. {{(pid=98860) checkout /opt/stack/data/venv/lib/python3.12/site-packages/oslo_db/sqlalchemy/engines.py:402}}
Jul 09 09:53:26.357356 np0000004874 nova-conductor[98860]: DEBUG dbcounter [-] [98860] Writer thread running {{(pid=98860) stat_writer /opt/stack/data/venv/lib/python3.12/site-packages/dbcounter.py:102}}
Jul 09 09:53:27.881874 np0000004874 nova-conductor[98860]: DEBUG nova.conductor.manager [None req-3afc1470-0887-44f1-b925-f1f5d9606e8e tempest-DeleteServersTestJSON-216049109 tempest-DeleteServersTestJSON-216049109-project-member] Took 1.52 seconds to select destinations for 1 instance(s). {{(pid=98860) _schedule_instances /opt/stack/nova/nova/conductor/manager.py:968}}
Jul 09 09:53:27.918160 np0000004874 nova-conductor[98860]: DEBUG oslo_concurrency.lockutils [None req-3afc1470-0887-44f1-b925-f1f5d9606e8e tempest-DeleteServersTestJSON-216049109 tempest-DeleteServersTestJSON-216049109-project-member] Acquiring lock "bf683876-4ad6-47cc-a430-a998d0e41c85" by "nova.context.set_target_cell..get_or_set_cached_cell_and_set_connections" {{(pid=98860) inner /opt/stack/data/venv/lib/python3.12/site-packages/oslo_concurrency/lockutils.py:511}}
Jul 09 09:53:27.918160 np0000004874 nova-conductor[98860]: DEBUG oslo_concurrency.lockutils [None req-3afc1470-0887-44f1-b925-f1f5d9606e8e tempest-DeleteServersTestJSON-216049109 tempest-DeleteServersTestJSON-216049109-project-member] Lock "bf683876-4ad6-47cc-a430-a998d0e41c85" acquired by "nova.context.set_target_cell..get_or_set_cached_cell_and_set_connections" :: waited 0.000s {{(pid=98860) inner /opt/stack/data/venv/lib/python3.12/site-packages/oslo_concurrency/lockutils.py:524}}
Jul 09 09:53:27.919709 np0000004874 nova-conductor[98860]: DEBUG oslo_concurrency.lockutils [None req-3afc1470-0887-44f1-b925-f1f5d9606e8e tempest-DeleteServersTestJSON-216049109 tempest-DeleteServersTestJSON-216049109-project-member] Lock "bf683876-4ad6-47cc-a430-a998d0e41c85" "released" by "nova.context.set_target_cell..get_or_set_cached_cell_and_set_connections" :: held 0.002s {{(pid=98860) inner /opt/stack/data/venv/lib/python3.12/site-packages/oslo_concurrency/lockutils.py:543}}
Jul 09 09:53:27.922288 np0000004874 nova-conductor[98860]: INFO dbcounter [None req-3afc1470-0887-44f1-b925-f1f5d9606e8e tempest-DeleteServersTestJSON-216049109 tempest-DeleteServersTestJSON-216049109-project-member] Registered counter for database nova_cell1
Jul 09 09:53:27.975218 np0000004874 nova-conductor[98860]: DEBUG oslo_db.sqlalchemy.engines [None req-3afc1470-0887-44f1-b925-f1f5d9606e8e tempest-DeleteServersTestJSON-216049109 tempest-DeleteServersTestJSON-216049109-project-member] MySQL server mode set to STRICT_TRANS_TABLES,STRICT_ALL_TABLES,NO_ZERO_IN_DATE,NO_ZERO_DATE,ERROR_FOR_DIVISION_BY_ZERO,TRADITIONAL,NO_ENGINE_SUBSTITUTION {{(pid=98860) _check_effective_sql_mode /opt/stack/data/venv/lib/python3.12/site-packages/oslo_db/sqlalchemy/engines.py:325}}
Jul 09 09:53:27.984297 np0000004874 nova-conductor[98860]: DEBUG dbcounter [-] [98860] Writer thread running {{(pid=98860) stat_writer /opt/stack/data/venv/lib/python3.12/site-packages/dbcounter.py:102}}
Jul 09 09:53:28.068857 np0000004874 nova-conductor[98860]: INFO nova.utils [None req-3afc1470-0887-44f1-b925-f1f5d9606e8e tempest-DeleteServersTestJSON-216049109 tempest-DeleteServersTestJSON-216049109-project-member] The cell worker thread pool ForkProcess-2.cell_worker is initialized
Jul 09 09:53:28.069195 np0000004874 nova-conductor[98860]: DEBUG oslo_concurrency.lockutils [None req-3afc1470-0887-44f1-b925-f1f5d9606e8e tempest-DeleteServersTestJSON-216049109 tempest-DeleteServersTestJSON-216049109-project-member] Acquiring lock "00000000-0000-0000-0000-000000000000" by "nova.context.set_target_cell..get_or_set_cached_cell_and_set_connections" {{(pid=98860) inner /opt/stack/data/venv/lib/python3.12/site-packages/oslo_concurrency/lockutils.py:511}}
Jul 09 09:53:28.069430 np0000004874 nova-conductor[98860]: DEBUG oslo_concurrency.lockutils [None req-3afc1470-0887-44f1-b925-f1f5d9606e8e tempest-DeleteServersTestJSON-216049109 tempest-DeleteServersTestJSON-216049109-project-member] Lock "00000000-0000-0000-0000-000000000000" acquired by "nova.context.set_target_cell..get_or_set_cached_cell_and_set_connections" :: waited 0.000s {{(pid=98860) inner /opt/stack/data/venv/lib/python3.12/site-packages/oslo_concurrency/lockutils.py:524}}
Jul 09 09:53:28.070244 np0000004874 nova-conductor[98860]: DEBUG oslo_concurrency.lockutils [None req-3afc1470-0887-44f1-b925-f1f5d9606e8e tempest-DeleteServersTestJSON-216049109 tempest-DeleteServersTestJSON-216049109-project-member] Lock "00000000-0000-0000-0000-000000000000" "released" by "nova.context.set_target_cell..get_or_set_cached_cell_and_set_connections" :: held 0.001s {{(pid=98860) inner /opt/stack/data/venv/lib/python3.12/site-packages/oslo_concurrency/lockutils.py:543}}
Jul 09 09:53:28.070867 np0000004874 nova-conductor[98860]: DEBUG oslo_concurrency.lockutils [None req-3afc1470-0887-44f1-b925-f1f5d9606e8e tempest-DeleteServersTestJSON-216049109 tempest-DeleteServersTestJSON-216049109-project-member] Acquiring lock "bf683876-4ad6-47cc-a430-a998d0e41c85" by "nova.context.set_target_cell..get_or_set_cached_cell_and_set_connections" {{(pid=98860) inner /opt/stack/data/venv/lib/python3.12/site-packages/oslo_concurrency/lockutils.py:511}}
Jul 09 09:53:28.071016 np0000004874 nova-conductor[98860]: DEBUG oslo_concurrency.lockutils [None req-3afc1470-0887-44f1-b925-f1f5d9606e8e tempest-DeleteServersTestJSON-216049109 tempest-DeleteServersTestJSON-216049109-project-member] Lock "bf683876-4ad6-47cc-a430-a998d0e41c85" acquired by "nova.context.set_target_cell..get_or_set_cached_cell_and_set_connections" :: waited 0.000s {{(pid=98860) inner /opt/stack/data/venv/lib/python3.12/site-packages/oslo_concurrency/lockutils.py:524}}
Jul 09 09:53:28.071178 np0000004874 nova-conductor[98860]: DEBUG oslo_concurrency.lockutils [None req-3afc1470-0887-44f1-b925-f1f5d9606e8e tempest-DeleteServersTestJSON-216049109 tempest-DeleteServersTestJSON-216049109-project-member] Lock "bf683876-4ad6-47cc-a430-a998d0e41c85" "released" by "nova.context.set_target_cell..get_or_set_cached_cell_and_set_connections" :: held 0.000s {{(pid=98860) inner /opt/stack/data/venv/lib/python3.12/site-packages/oslo_concurrency/lockutils.py:543}}
Jul 09 09:53:28.072705 np0000004874 nova-conductor[98860]: INFO dbcounter [None req-3afc1470-0887-44f1-b925-f1f5d9606e8e tempest-DeleteServersTestJSON-216049109 tempest-DeleteServersTestJSON-216049109-project-member] Registered counter for database nova_cell0
Jul 09 09:53:28.126971 np0000004874 nova-conductor[98860]: DEBUG oslo_db.sqlalchemy.engines [None req-3afc1470-0887-44f1-b925-f1f5d9606e8e tempest-DeleteServersTestJSON-216049109 tempest-DeleteServersTestJSON-216049109-project-member] MySQL server mode set to STRICT_TRANS_TABLES,STRICT_ALL_TABLES,NO_ZERO_IN_DATE,NO_ZERO_DATE,ERROR_FOR_DIVISION_BY_ZERO,TRADITIONAL,NO_ENGINE_SUBSTITUTION {{(pid=98860) _check_effective_sql_mode /opt/stack/data/venv/lib/python3.12/site-packages/oslo_db/sqlalchemy/engines.py:325}}
Jul 09 09:53:28.135046 np0000004874 nova-conductor[98860]: DEBUG dbcounter [-] [98860] Writer thread running {{(pid=98860) stat_writer /opt/stack/data/venv/lib/python3.12/site-packages/dbcounter.py:102}}
Jul 09 09:53:28.154835 np0000004874 nova-conductor[98860]: DEBUG nova.quota [None req-3afc1470-0887-44f1-b925-f1f5d9606e8e tempest-DeleteServersTestJSON-216049109 tempest-DeleteServersTestJSON-216049109-project-member] Getting quotas for project 82d7e4f8abbc4adfb16c3f447e44eee0. Resources: {'ram', 'instances', 'cores'} {{(pid=98860) _get_quotas /opt/stack/nova/nova/quota.py:389}}
Jul 09 09:53:28.161884 np0000004874 nova-conductor[98860]: DEBUG nova.quota [None req-3afc1470-0887-44f1-b925-f1f5d9606e8e tempest-DeleteServersTestJSON-216049109 tempest-DeleteServersTestJSON-216049109-project-member] Getting quotas for user 0d17a5eb47cf4c57b496f0f5cf3c4579 and project 82d7e4f8abbc4adfb16c3f447e44eee0. Resources: {'ram', 'instances', 'cores'} {{(pid=98860) _get_quotas /opt/stack/nova/nova/quota.py:379}}
Jul 09 09:53:28.174497 np0000004874 nova-conductor[98860]: DEBUG nova.conductor.manager [None req-3afc1470-0887-44f1-b925-f1f5d9606e8e tempest-DeleteServersTestJSON-216049109 tempest-DeleteServersTestJSON-216049109-project-member] [instance: af174294-08b5-4ac4-8ce1-f1f9426cb154] Selected host: np0000004874; Selected node: np0000004874; Alternates: [] {{(pid=98860) schedule_and_build_instances /opt/stack/nova/nova/conductor/manager.py:1784}}
Jul 09 09:53:28.174660 np0000004874 nova-conductor[98860]: DEBUG oslo_concurrency.lockutils [None req-3afc1470-0887-44f1-b925-f1f5d9606e8e tempest-DeleteServersTestJSON-216049109 tempest-DeleteServersTestJSON-216049109-project-member] Acquiring lock "bf683876-4ad6-47cc-a430-a998d0e41c85" by "nova.context.set_target_cell..get_or_set_cached_cell_and_set_connections" {{(pid=98860) inner /opt/stack/data/venv/lib/python3.12/site-packages/oslo_concurrency/lockutils.py:511}}
Jul 09 09:53:28.174872 np0000004874 nova-conductor[98860]: DEBUG oslo_concurrency.lockutils [None req-3afc1470-0887-44f1-b925-f1f5d9606e8e tempest-DeleteServersTestJSON-216049109 tempest-DeleteServersTestJSON-216049109-project-member] Lock "bf683876-4ad6-47cc-a430-a998d0e41c85" acquired by "nova.context.set_target_cell..get_or_set_cached_cell_and_set_connections" :: waited 0.000s {{(pid=98860) inner /opt/stack/data/venv/lib/python3.12/site-packages/oslo_concurrency/lockutils.py:524}}
Jul 09 09:53:28.175014 np0000004874 nova-conductor[98860]: DEBUG oslo_concurrency.lockutils [None req-3afc1470-0887-44f1-b925-f1f5d9606e8e tempest-DeleteServersTestJSON-216049109 tempest-DeleteServersTestJSON-216049109-project-member] Lock "bf683876-4ad6-47cc-a430-a998d0e41c85" "released" by "nova.context.set_target_cell..get_or_set_cached_cell_and_set_connections" :: held 0.000s {{(pid=98860) inner /opt/stack/data/venv/lib/python3.12/site-packages/oslo_concurrency/lockutils.py:543}}
Jul 09 09:53:28.192418 np0000004874 nova-conductor[98860]: DEBUG nova.conductor.manager [None req-3afc1470-0887-44f1-b925-f1f5d9606e8e tempest-DeleteServersTestJSON-216049109 tempest-DeleteServersTestJSON-216049109-project-member] [instance: af174294-08b5-4ac4-8ce1-f1f9426cb154] block_device_mapping [BlockDeviceMapping(attachment_id=,boot_index=0,connection_info=None,created_at=,delete_on_termination=True,deleted=,deleted_at=,destination_type='local',device_name=None,device_type='disk',disk_bus=None,encrypted=False,encryption_format=None,encryption_options=None,encryption_secret_uuid=None,guest_format=None,id=,image_id='c81a0c1a-92b8-497e-862b-653c3b3ad146',instance=,instance_uuid=,no_device=False,snapshot_id=None,source_type='image',tag=None,updated_at=,uuid=,volume_id=None,volume_size=None,volume_type=None)] {{(pid=98860) _create_block_device_mapping /opt/stack/nova/nova/conductor/manager.py:1529}}
Jul 09 09:53:28.194059 np0000004874 nova-conductor[98860]: DEBUG oslo_concurrency.lockutils [None req-3afc1470-0887-44f1-b925-f1f5d9606e8e tempest-DeleteServersTestJSON-216049109 tempest-DeleteServersTestJSON-216049109-project-member] Acquiring lock "bf683876-4ad6-47cc-a430-a998d0e41c85" by "nova.context.set_target_cell..get_or_set_cached_cell_and_set_connections" {{(pid=98860) inner /opt/stack/data/venv/lib/python3.12/site-packages/oslo_concurrency/lockutils.py:511}}
Jul 09 09:53:28.194285 np0000004874 nova-conductor[98860]: DEBUG oslo_concurrency.lockutils [None req-3afc1470-0887-44f1-b925-f1f5d9606e8e tempest-DeleteServersTestJSON-216049109 tempest-DeleteServersTestJSON-216049109-project-member] Lock "bf683876-4ad6-47cc-a430-a998d0e41c85" acquired by "nova.context.set_target_cell..get_or_set_cached_cell_and_set_connections" :: waited 0.000s {{(pid=98860) inner /opt/stack/data/venv/lib/python3.12/site-packages/oslo_concurrency/lockutils.py:524}}
Jul 09 09:53:28.194411 np0000004874 nova-conductor[98860]: DEBUG oslo_concurrency.lockutils [None req-3afc1470-0887-44f1-b925-f1f5d9606e8e tempest-DeleteServersTestJSON-216049109 tempest-DeleteServersTestJSON-216049109-project-member] Lock "bf683876-4ad6-47cc-a430-a998d0e41c85" "released" by "nova.context.set_target_cell..get_or_set_cached_cell_and_set_connections" :: held 0.000s {{(pid=98860) inner /opt/stack/data/venv/lib/python3.12/site-packages/oslo_concurrency/lockutils.py:543}}
